[INFO] fetching crate cargo-sync-rdme 0.8.1...
[INFO] checking cargo-sync-rdme-0.8.1 against 3154cc1a3e6424e44f438a95007d043ed5ceaaf6+rustflags=-Znext-solver=coherence for pr-133502-30
[INFO] extracting crate cargo-sync-rdme 0.8.1 into /workspace/builds/worker-1-tc1/source
[INFO] removed /workspace/builds/worker-1-tc1/source/.cargo/config.toml
[INFO] removed /workspace/builds/worker-1-tc1/source/rust-toolchain.toml
[INFO] started tweaking crates.io crate cargo-sync-rdme 0.8.1
[INFO] removed 0 missing tests
[INFO] finished tweaking crates.io crate cargo-sync-rdme 0.8.1
[INFO] tweaked toml for crates.io crate cargo-sync-rdme 0.8.1 written to /workspace/builds/worker-1-tc1/source/Cargo.toml
[INFO] validating manifest of crates.io crate cargo-sync-rdme 0.8.1 on toolchain 3154cc1a3e6424e44f438a95007d043ed5ceaaf6
[INFO] running `Command { std: CARGO_HOME="/workspace/cargo-home" RUSTUP_HOME="/workspace/rustup-home" "/workspace/cargo-home/bin/cargo" "+3154cc1a3e6424e44f438a95007d043ed5ceaaf6" "metadata" "--manifest-path" "Cargo.toml" "--no-deps", kill_on_drop: false }`
[INFO] crate crates.io crate cargo-sync-rdme 0.8.1 already has a lockfile, it will not be regenerated
[INFO] running `Command { std: CARGO_HOME="/workspace/cargo-home" RUSTUP_HOME="/workspace/rustup-home" "/workspace/cargo-home/bin/cargo" "+3154cc1a3e6424e44f438a95007d043ed5ceaaf6" "fetch" "--manifest-path" "Cargo.toml", kill_on_drop: false }`
[INFO] [stderr]     Updating crates.io index
[INFO] [stderr]  Downloading crates ...
[INFO] [stderr]   Downloaded gix-zlib v0.1.0
[INFO] [stderr]   Downloaded snafu v0.9.2
[INFO] [stderr]   Downloaded snafu-derive v0.9.2
[INFO] [stderr]   Downloaded vcs-modify-guard v0.1.1
[INFO] [stderr]   Downloaded gix-hashtable v0.16.0
[INFO] [stderr]   Downloaded gix-bitmap v0.4.0
[INFO] [stderr]   Downloaded gix-quote v0.8.0
[INFO] [stderr]   Downloaded gix-macros v0.1.6
[INFO] [stderr]   Downloaded anstyle-lossy v1.1.5
[INFO] [stderr]   Downloaded gix-chunk v0.8.0
[INFO] [stderr]   Downloaded gix-lock v24.0.0
[INFO] [stderr]   Downloaded gix-ignore v0.22.1
[INFO] [stderr]   Downloaded gix-note v0.1.1
[INFO] [stderr]   Downloaded similar-asserts v2.0.0
[INFO] [stderr]   Downloaded gix-actor v0.42.0
[INFO] [stderr]   Downloaded snapbox-macros v1.1.0
[INFO] [stderr]   Downloaded gix-config-value v0.19.1
[INFO] [stderr]   Downloaded gix-sec v0.14.2
[INFO] [stderr]   Downloaded gix-date v0.16.0
[INFO] [stderr]   Downloaded gix-error v0.3.2
[INFO] [stderr]   Downloaded gix-command v0.10.1
[INFO] [stderr]   Downloaded gix-commitgraph v0.39.0
[INFO] [stderr]   Downloaded gix-glob v0.27.1
[INFO] [stderr]   Downloaded gix-shallow v0.13.0
[INFO] [stderr]   Downloaded gix-worktree-stream v0.36.1
[INFO] [stderr]   Downloaded gix-traverse v0.61.0
[INFO] [stderr]   Downloaded gix-revwalk v0.35.0
[INFO] [stderr]   Downloaded gix-hash v0.26.2
[INFO] [stderr]   Downloaded gix-features v0.49.1
[INFO] [stderr]   Downloaded content_inspector v0.2.4
[INFO] [stderr]   Downloaded anstyle-svg v1.1.1
[INFO] [stderr]   Downloaded gix-fs v0.22.1
[INFO] [stderr]   Downloaded gix-worktree v0.56.0
[INFO] [stderr]   Downloaded gix-discover v0.55.0
[INFO] [stderr]   Downloaded clap-cargo v0.19.0
[INFO] [stderr]   Downloaded gix-attributes v0.35.0
[INFO] [stderr]   Downloaded gix-packetline v0.22.2
[INFO] [stderr]   Downloaded gix-submodule v0.34.0
[INFO] [stderr]   Downloaded gix-refspec v0.45.1
[INFO] [stderr]   Downloaded gix-pathspec v0.20.0
[INFO] [stderr]   Downloaded gix-url v0.38.0
[INFO] [stderr]   Downloaded gix-tempfile v24.0.0
[INFO] [stderr]   Downloaded gix-filter v0.34.0
[INFO] [stderr]   Downloaded rustdoc-types v0.61.0
[INFO] [stderr]   Downloaded gix-path v0.12.6
[INFO] [stderr]   Downloaded gix-revision v0.49.1
[INFO] [stderr]   Downloaded gix-dir v0.29.1
[INFO] [stderr]   Downloaded gix-imara-diff v0.2.5
[INFO] [stderr]   Downloaded clap_complete_nushell v4.6.2
[INFO] [stderr]   Downloaded gix-status v0.34.1
[INFO] [stderr]   Downloaded gix-diff v0.67.1
[INFO] [stderr]   Downloaded gix-protocol v0.65.1
[INFO] [stderr]   Downloaded snapbox v1.2.2
[INFO] [stderr]   Downloaded rstest v0.27.0
[INFO] [stderr]   Downloaded pulldown-cmark-to-cmark v22.0.3
[INFO] [stderr]   Downloaded gix-index v0.55.0
[INFO] [stderr]   Downloaded gix-object v0.64.1
[INFO] [stderr]   Downloaded gix-odb v0.84.0
[INFO] [stderr]   Downloaded rstest_macros v0.27.0
[INFO] [stderr]   Downloaded textwrap v0.16.4
[INFO] [stderr]   Downloaded gix-ref v0.67.1
[INFO] [stderr]   Downloaded gix-transport v0.59.2
[INFO] [stderr]   Downloaded gix-config v0.60.0
[INFO] [stderr]   Downloaded gix-pack v0.74.2
[INFO] [stderr]   Downloaded gix v0.87.1
[INFO] running `Command { std: "docker" "create" "-v" "/var/lib/crater-agent-workspace/builds/worker-1-tc1/source:/opt/rustwide/workdir:ro,Z" "-v" "/var/lib/crater-agent-workspace/builds/worker-1-tc1/target:/opt/rustwide/target:rw,Z" "-v" "/var/lib/crater-agent-workspace/cargo-home:/opt/rustwide/cargo-home:ro,Z" "-v" "/var/lib/crater-agent-workspace/rustup-home:/opt/rustwide/rustup-home:ro,Z" "-m" "1610612736" "--network" "none" "ghcr.io/rust-lang/crates-build-env/linux@sha256:77db811e55d90add9212f6832c23229e3de5f1c1f9905e8cb07319ea15df73ac" "sleep" "infinity", kill_on_drop: false }`
[INFO] [stdout] 5c5bcbd81995c0bd3ec2175b27f834cc00a200443e998fa8fdbbc64fa88fdfe8
[INFO] running `Command { std: "docker" "start" "5c5bcbd81995c0bd3ec2175b27f834cc00a200443e998fa8fdbbc64fa88fdfe8", kill_on_drop: false }`
[INFO] running `Command { std: "docker" "inspect" "5c5bcbd81995c0bd3ec2175b27f834cc00a200443e998fa8fdbbc64fa88fdfe8", kill_on_drop: false }`
[INFO] running `Command { std: "docker" "exec" "-e" "SOURCE_DIR=/opt/rustwide/workdir" "-e" "CARGO_HOME=/opt/rustwide/cargo-home" "-e" "RUSTUP_HOME=/opt/rustwide/rustup-home" "-e" "CARGO_TARGET_DIR=/opt/rustwide/target" "-w" "/opt/rustwide/workdir" "--user" "0:0" "5c5bcbd81995c0bd3ec2175b27f834cc00a200443e998fa8fdbbc64fa88fdfe8" "/opt/rustwide/cargo-home/bin/cargo" "+3154cc1a3e6424e44f438a95007d043ed5ceaaf6" "metadata" "--no-deps" "--format-version=1", kill_on_drop: false }`
[INFO] running `Command { std: "docker" "inspect" "5c5bcbd81995c0bd3ec2175b27f834cc00a200443e998fa8fdbbc64fa88fdfe8", kill_on_drop: false }`
[INFO] running `Command { std: "docker" "exec" "-e" "SOURCE_DIR=/opt/rustwide/workdir" "-e" "CARGO_HOME=/opt/rustwide/cargo-home" "-e" "RUSTUP_HOME=/opt/rustwide/rustup-home" "-e" "CARGO_TARGET_DIR=/opt/rustwide/target" "-e" "CARGO_INCREMENTAL=0" "-e" "RUST_BACKTRACE=full" "-e" "RUSTFLAGS=--cap-lints=forbid -Znext-solver=coherence" "-e" "RUSTDOCFLAGS=--cap-lints=forbid" "-w" "/opt/rustwide/workdir" "--user" "0:0" "5c5bcbd81995c0bd3ec2175b27f834cc00a200443e998fa8fdbbc64fa88fdfe8" "/opt/rustwide/cargo-home/bin/cargo" "+3154cc1a3e6424e44f438a95007d043ed5ceaaf6" "check" "--frozen" "--all" "--all-targets" "--message-format=json", kill_on_drop: false }`
[INFO] [stderr]     Checking stable_deref_trait v1.2.1
[INFO] [stderr]     Checking smallvec v1.16.2
[INFO] [stderr]     Checking gix-trace v0.1.21
[INFO] [stderr]     Checking tinyvec v1.13.3
[INFO] [stderr]     Checking regex-automata v0.4.18
[INFO] [stderr]    Compiling crc32fast v1.5.2
[INFO] [stderr]     Checking byteorder v1.5.0
[INFO] [stderr]     Checking getrandom v0.4.3
[INFO] [stderr]    Compiling heapless v0.8.0
[INFO] [stderr]    Compiling rustix v1.1.5
[INFO] [stderr]    Compiling faster-hex v0.10.1
[INFO] [stderr]     Checking crypto-common v0.1.7
[INFO] [stderr]    Compiling syn v2.0.119
[INFO] [stderr]     Checking jiff v0.2.37
[INFO] [stderr]     Checking zerofrom v0.1.8
[INFO] [stderr]    Compiling yoke-derive v0.8.3
[INFO] [stderr]     Checking nonempty v0.12.0
[INFO] [stderr]     Checking writeable v0.6.4
[INFO] [stderr]     Checking digest v0.10.7
[INFO] [stderr]     Checking unicode-bom v2.0.3
[INFO] [stderr]     Checking litemap v0.8.3
[INFO] [stderr]     Checking gix-sec v0.14.2
[INFO] [stderr]     Checking filetime v0.2.29
[INFO] [stderr]    Compiling encoding_rs v0.8.42
[INFO] [stderr]     Checking core_detect v1.0.0
[INFO] [stderr]    Compiling icu_locale_fallback_data v2.3.0
[INFO] [stderr]     Checking simdutf8 v0.1.5
[INFO] [stderr]     Checking sha1 v0.10.7
[INFO] [stderr]     Checking zlib-rs v0.6.8
[INFO] [stderr]     Checking hash32 v0.3.1
[INFO] [stderr]     Checking parking_lot_core v0.9.12
[INFO] [stderr]    Compiling icu_segmenter_data v2.3.0
[INFO] [stderr]     Checking clru v0.6.3
[INFO] [stderr]    Compiling serde_json v1.0.151
[INFO] [stderr]    Compiling aho-corasick v1.1.5
[INFO] [stderr]     Checking unicode-normalization v0.1.25
[INFO] [stderr]     Checking sha1-checked v0.10.0
[INFO] [stderr]     Checking serde v1.0.229
[INFO] [stderr]     Checking parking_lot v0.12.5
[INFO] [stderr]     Checking dashmap v6.2.1
[INFO] [stderr]     Checking object v0.37.3
[INFO] [stderr]     Checking arc-swap v1.9.2
[INFO] [stderr]     Checking prodash v31.0.0
[INFO] [stderr]    Compiling pulldown-cmark v0.13.4
[INFO] [stderr]    Compiling camino v1.2.6
[INFO] [stderr]    Compiling toml_edit v0.25.15+spec-1.1.0
[INFO] [stderr]     Checking similar v3.2.0
[INFO] [stderr]    Compiling rstest_macros v0.27.0
[INFO] [stderr]     Checking is_ci v1.2.0
[INFO] [stderr]    Compiling vcs-modify-guard v0.1.1
[INFO] [stderr]     Checking toml_parser v1.1.3+spec-1.1.0
[INFO] [stderr]     Checking supports-color v3.0.2
[INFO] [stderr]     Checking yoke v0.8.3
[INFO] [stderr]     Checking clap_complete v4.6.11
[INFO] [stderr]     Checking zerovec v0.11.8
[INFO] [stderr]     Checking zerotrie v0.2.5
[INFO] [stderr]     Checking console v0.16.6
[INFO] [stderr]     Checking anstyle-lossy v1.1.5
[INFO] [stderr]     Checking semver v1.0.28
[INFO] [stderr]     Checking cargo-platform v0.3.3
[INFO] [stderr]     Checking serde_spanned v1.1.1
[INFO] [stderr]    Compiling proc-macro-crate v3.5.0
[INFO] [stderr]     Checking toml_datetime v1.1.1+spec-1.1.0
[INFO] [stderr]     Checking thread_local v1.1.10
[INFO] [stderr]     Checking html-escape v0.2.15
[INFO] [stderr]     Checking unsafe-libyaml v0.2.11
[INFO] [stderr]     Checking toml_writer v1.1.2+spec-1.1.0
[INFO] [stderr]     Checking gix-zlib v0.1.0
[INFO] [stderr]     Checking supports-hyperlinks v3.2.0
[INFO] [stderr]     Checking futures-core v0.3.34
[INFO] [stderr]    Compiling relative-path v1.9.3
[INFO] [stderr]     Checking tempfile v3.27.0
[INFO] [stderr]     Checking terminal_size v0.4.4
[INFO] [stderr]     Checking supports-unicode v3.0.0
[INFO] [stderr]     Checking futures-task v0.3.34
[INFO] [stderr]     Checking roff v1.1.1
[INFO] [stderr]     Checking owo-colors v4.4.0
[INFO] [stderr]     Checking futures-util v0.3.34
[INFO] [stderr]     Checking toml v1.1.6+spec-1.1.0
[INFO] [stderr]     Checking anstyle-svg v1.1.1
[INFO] [stderr]     Checking pulldown-cmark-to-cmark v22.0.3
[INFO] [stderr]     Checking clap_mangen v0.3.3
[INFO] [stderr]     Checking clap_complete_nushell v4.6.2
[INFO] [stderr]     Checking rustdoc-types v0.61.0
[INFO] [stderr]     Checking clap-verbosity-flag v3.0.4
[INFO] [stderr]     Checking bstr v1.13.1
[INFO] [stderr]     Checking matchers v0.2.0
[INFO] [stderr]     Checking clap-cargo v0.19.0
[INFO] [stderr]     Checking snapbox-macros v1.1.0
[INFO] [stderr]     Checking content_inspector v0.2.4
[INFO] [stderr]     Checking shlex v2.0.1
[INFO] [stderr]     Checking void v1.0.2
[INFO] [stderr]     Checking self_cell v1.3.0
[INFO] [stderr]     Checking futures-timer v3.0.4
[INFO] [stderr]     Checking similar-asserts v2.0.0
[INFO] [stderr]     Checking snapbox v1.2.2
[INFO] [stderr]     Checking serde_yaml v0.9.34+deprecated
[INFO] [stderr]     Checking tinystr v0.8.4
[INFO] [stderr]     Checking potential_utf v0.1.6
[INFO] [stderr]     Checking icu_collections v2.3.0
[INFO] [stderr]     Checking icu_locale_core v2.3.0
[INFO] [stderr]     Checking gix-validate v0.11.4
[INFO] [stderr]     Checking gix-utils v0.3.6
[INFO] [stderr]     Checking gix-error v0.3.2
[INFO] [stderr]     Checking gix-packetline v0.22.2
[INFO] [stderr]     Checking gix-imara-diff v0.2.5
[INFO] [stderr]     Checking gix-path v0.12.6
[INFO] [stderr]     Checking gix-features v0.49.1
[INFO] [stderr]     Checking gix-config-value v0.19.1
[INFO] [stderr]     Checking gix-url v0.38.0
[INFO] [stderr]     Checking gix-quote v0.8.0
[INFO] [stderr]     Checking gix-date v0.16.0
[INFO] [stderr]     Checking gix-chunk v0.8.0
[INFO] [stderr]     Checking gix-bitmap v0.4.0
[INFO] [stderr]     Checking gix-hash v0.26.2
[INFO] [stderr]     Checking gix-fs v0.22.1
[INFO] [stderr]     Checking gix-glob v0.27.1
[INFO] [stderr]     Checking gix-command v0.10.1
[INFO] [stderr]     Checking gix-actor v0.42.0
[INFO] [stderr]     Checking gix-attributes v0.35.0
[INFO] [stderr]     Checking gix-ignore v0.22.1
[INFO] [stderr]     Checking gix-hashtable v0.16.0
[INFO] [stderr]     Checking gix-commitgraph v0.39.0
[INFO] [stderr]     Checking gix-refspec v0.45.1
[INFO] [stderr]     Checking gix-transport v0.59.2
[INFO] [stderr]     Checking gix-tempfile v24.0.0
[INFO] [stderr]     Checking gix-object v0.64.1
[INFO] [stderr]     Checking gix-lock v24.0.0
[INFO] [stderr]     Checking icu_provider v2.3.1
[INFO] [stderr]     Checking gix-shallow v0.13.0
[INFO] [stderr]     Checking gix-pathspec v0.20.0
[INFO] [stderr]     Checking icu_normalizer v2.3.0
[INFO] [stderr]     Checking icu_properties v2.3.0
[INFO] [stderr]     Checking icu_locale_fallback v2.3.0
[INFO] [stderr]     Checking icu_segmenter v2.3.0
[INFO] [stderr]     Checking textwrap v0.16.4
[INFO] [stderr]    Compiling regex v1.13.1
[INFO] [stderr]     Checking backtrace v0.3.76
[INFO] [stderr]     Checking gix-revwalk v0.35.0
[INFO] [stderr]     Checking gix-ref v0.67.1
[INFO] [stderr]     Checking gix-filter v0.34.0
[INFO] [stderr]     Checking gix-pack v0.74.2
[INFO] [stderr]     Checking gix-traverse v0.61.0
[INFO] [stderr]     Checking gix-revision v0.49.1
[INFO] [stderr]     Checking backtrace-ext v0.2.1
[INFO] [stderr]     Checking idna_adapter v1.2.2
[INFO] [stderr]     Checking idna v1.1.0
[INFO] [stderr]     Checking gix-index v0.55.0
[INFO] [stderr]     Checking url v2.5.8
[INFO] [stderr]    Compiling darling_core v0.20.11
[INFO] [stderr]     Checking gix-discover v0.55.0
[INFO] [stderr]     Checking gix-config v0.60.0
[INFO] [stderr]     Checking gix-odb v0.84.0
[INFO] [stderr]    Compiling gix-macros v0.1.6
[INFO] [stderr]    Compiling tracing-attributes v0.1.31
[INFO] [stderr]    Compiling snafu-derive v0.9.2
[INFO] [stderr]    Compiling miette-derive v7.6.0
[INFO] [stderr]    Compiling strum_macros v0.28.0
[INFO] [stderr]     Checking gix-worktree v0.56.0
[INFO] [stderr]     Checking gix-dir v0.29.1
[INFO] [stderr]     Checking gix-diff v0.67.1
[INFO] [stderr]     Checking gix-submodule v0.34.0
[INFO] [stderr]     Checking gix-protocol v0.65.1
[INFO] [stderr]     Checking tracing v0.1.44
[INFO] [stderr]     Checking miette v7.6.0
[INFO] [stderr]     Checking gix-status v0.34.1
[INFO] [stderr]     Checking snafu v0.9.2
[INFO] [stderr]    Compiling darling_macro v0.20.11
[INFO] [stderr]     Checking tracing-subscriber v0.3.23
[INFO] [stderr]    Compiling darling v0.20.11
[INFO] [stderr]     Checking gix v0.87.1
[INFO] [stderr]    Compiling derive_builder_core v0.20.2
[INFO] [stderr]     Checking strum v0.28.0
[INFO] [stderr]     Checking rstest v0.27.0
[INFO] [stderr]    Compiling derive_builder_macro v0.20.2
[INFO] [stderr]     Checking derive_builder v0.20.2
[INFO] [stderr]     Checking cargo_metadata v0.23.1
[INFO] [stderr]     Checking cargo-sync-rdme v0.8.1 (/opt/rustwide/workdir)
[INFO] [stdout] error[E0432]: unresolved import `test_helper`
[INFO] [stdout]  --> tests/crate_type.rs:4:5
[INFO] [stdout]   |
[INFO] [stdout] 4 | use test_helper::{self as helper, Workspace};
[INFO] [stdout]   |     ^^^^^^^^^^^ use of unresolved module or unlinked crate `test_helper`
[INFO] [stdout]   |
[INFO] [stdout]   = help: if you wanted to use a crate named `test_helper`, use `cargo add test_helper` to add it to your `Cargo.toml`
[INFO] [stdout] 
[INFO] [stdout] 
[INFO] [stdout] error[E0432]: unresolved import `test_helper`
[INFO] [stdout]  --> tests/rustdoc_args.rs:5:5
[INFO] [stdout]   |
[INFO] [stdout] 5 | use test_helper::{self as helper, Workspace};
[INFO] [stdout]   |     ^^^^^^^^^^^ use of unresolved module or unlinked crate `test_helper`
[INFO] [stdout]   |
[INFO] [stdout]   = help: if you wanted to use a crate named `test_helper`, use `cargo add test_helper` to add it to your `Cargo.toml`
[INFO] [stdout] 
[INFO] [stdout] 
[INFO] [stdout] error[E0432]: unresolved import `test_helper`
[INFO] [stdout]  --> tests/idempotency.rs:5:5
[INFO] [stdout]   |
[INFO] [stdout] 5 | use test_helper::{self as helper, SPAN_END_MARKER, SPAN_START_MARKER, Workspace};
[INFO] [stdout]   |     ^^^^^^^^^^^ use of unresolved module or unlinked crate `test_helper`
[INFO] [stdout]   |
[INFO] [stdout]   = help: if you wanted to use a crate named `test_helper`, use `cargo add test_helper` to add it to your `Cargo.toml`
[INFO] [stdout] 
[INFO] [stdout] 
[INFO] [stdout] For more information about this error, try `rustc --explain E0432`.
[INFO] [stdout] 
[INFO] [stdout] error[E0432]: unresolved import `test_helper`
[INFO] [stdout]  --> tests/ui.rs:7:5
[INFO] [stdout]   |
[INFO] [stdout] 7 | use test_helper::{self as helper, CargoSyncRdme, Workspace};
[INFO] [stdout]   |     ^^^^^^^^^^^ use of unresolved module or unlinked crate `test_helper`
[INFO] [stdout]   |
[INFO] [stdout]   = help: if you wanted to use a crate named `test_helper`, use `cargo add test_helper` to add it to your `Cargo.toml`
[INFO] [stdout] 
[INFO] [stdout] 
[INFO] [stdout] error[E0432]: unresolved import `test_helper`
[INFO] [stdout]  --> tests/select_features.rs:5:5
[INFO] [stdout]   |
[INFO] [stdout] 5 | use test_helper::{self as helper, Workspace};
[INFO] [stdout]   |     ^^^^^^^^^^^ use of unresolved module or unlinked crate `test_helper`
[INFO] [stdout]   |
[INFO] [stdout]   = help: if you wanted to use a crate named `test_helper`, use `cargo add test_helper` to add it to your `Cargo.toml`
[INFO] [stdout] 
[INFO] [stdout] 
[INFO] [stdout] For more information about this error, try `rustc --explain E0432`.
[INFO] [stdout] 
[INFO] [stdout] error[E0432]: unresolved import `test_helper`
[INFO] [stdout]  --> tests/select_packages.rs:5:5
[INFO] [stdout]   |
[INFO] [stdout] 5 | use test_helper::{self as helper, Workspace};
[INFO] [stdout]   |     ^^^^^^^^^^^ use of unresolved module or unlinked crate `test_helper`
[INFO] [stdout]   |
[INFO] [stdout]   = help: if you wanted to use a crate named `test_helper`, use `cargo add test_helper` to add it to your `Cargo.toml`
[INFO] [stdout] 
[INFO] [stdout] 
[INFO] [stdout] For more information about this error, try `rustc --explain E0432`.
[INFO] [stdout] 
[INFO] [stderr] error: could not compile `cargo-sync-rdme` (test "crate_type") due to 1 previous error
[INFO] [stderr] warning: build failed, waiting for other jobs to finish...
[INFO] [stderr] error: could not compile `cargo-sync-rdme` (test "idempotency") due to 1 previous error
[INFO] [stdout] error[E0432]: unresolved import `test_helper`
[INFO] [stdout]  --> tests/workspace_metadata.rs:7:5
[INFO] [stdout]   |
[INFO] [stdout] 7 | use test_helper::{self as helper, Workspace};
[INFO] [stdout]   |     ^^^^^^^^^^^ use of unresolved module or unlinked crate `test_helper`
[INFO] [stdout]   |
[INFO] [stdout]   = help: if you wanted to use a crate named `test_helper`, use `cargo add test_helper` to add it to your `Cargo.toml`
[INFO] [stdout] 
[INFO] [stdout] 
[INFO] [stderr] error: could not compile `cargo-sync-rdme` (test "rustdoc_args") due to 1 previous error
[INFO] [stdout] error[E0432]: unresolved import `test_helper`
[INFO] [stdout]  --> tests/intra_link.rs:5:5
[INFO] [stdout]   |
[INFO] [stdout] 5 | use test_helper::{self as helper, SPAN_END_MARKER, SPAN_START_MARKER, Workspace};
[INFO] [stdout]   |     ^^^^^^^^^^^ use of unresolved module or unlinked crate `test_helper`
[INFO] [stdout]   |
[INFO] [stdout]   = help: if you wanted to use a crate named `test_helper`, use `cargo add test_helper` to add it to your `Cargo.toml`
[INFO] [stdout] 
[INFO] [stdout] 
[INFO] [stdout] For more information about this error, try `rustc --explain E0432`.
[INFO] [stdout] 
[INFO] [stdout] For more information about this error, try `rustc --explain E0432`.
[INFO] [stdout] 
[INFO] [stderr] error: could not compile `cargo-sync-rdme` (test "select_features") due to 1 previous error
[INFO] [stdout] For more information about this error, try `rustc --explain E0432`.
[INFO] [stdout] 
[INFO] [stderr] error: could not compile `cargo-sync-rdme` (test "ui") due to 1 previous error
[INFO] [stderr] error: could not compile `cargo-sync-rdme` (test "workspace_metadata") due to 1 previous error
[INFO] [stdout] error[E0432]: unresolved import `test_helper`
[INFO] [stdout]  --> tests/toolchain_version.rs:8:5
[INFO] [stdout]   |
[INFO] [stdout] 8 | use test_helper::{
[INFO] [stdout]   |     ^^^^^^^^^^^ use of unresolved module or unlinked crate `test_helper`
[INFO] [stdout]   |
[INFO] [stdout]   = help: if you wanted to use a crate named `test_helper`, use `cargo add test_helper` to add it to your `Cargo.toml`
[INFO] [stdout] 
[INFO] [stdout] 
[INFO] [stdout] For more information about this error, try `rustc --explain E0432`.
[INFO] [stdout] 
[INFO] [stderr] error: could not compile `cargo-sync-rdme` (test "select_packages") due to 1 previous error
[INFO] [stdout] For more information about this error, try `rustc --explain E0432`.
[INFO] [stdout] 
[INFO] [stderr] error: could not compile `cargo-sync-rdme` (test "intra_link") due to 1 previous error
[INFO] [stdout] For more information about this error, try `rustc --explain E0432`.
[INFO] [stdout] 
[INFO] [stderr] error: could not compile `cargo-sync-rdme` (test "toolchain_version") due to 1 previous error
[INFO] running `Command { std: "docker" "inspect" "5c5bcbd81995c0bd3ec2175b27f834cc00a200443e998fa8fdbbc64fa88fdfe8", kill_on_drop: false }`
[INFO] running `Command { std: "docker" "rm" "-f" "5c5bcbd81995c0bd3ec2175b27f834cc00a200443e998fa8fdbbc64fa88fdfe8", kill_on_drop: false }`
[INFO] [stdout] 5c5bcbd81995c0bd3ec2175b27f834cc00a200443e998fa8fdbbc64fa88fdfe8
