[INFO] fetching crate cargo-minco 1.12.0...
[INFO] checking cargo-minco-1.12.0 against 3154cc1a3e6424e44f438a95007d043ed5ceaaf6+rustflags=-Znext-solver=coherence for pr-133502-30
[INFO] extracting crate cargo-minco 1.12.0 into /workspace/builds/worker-4-tc1/source
[INFO] started tweaking crates.io crate cargo-minco 1.12.0
[INFO] removed 0 missing tests
[INFO] finished tweaking crates.io crate cargo-minco 1.12.0
[INFO] tweaked toml for crates.io crate cargo-minco 1.12.0 written to /workspace/builds/worker-4-tc1/source/Cargo.toml
[INFO] validating manifest of crates.io crate cargo-minco 1.12.0 on toolchain 3154cc1a3e6424e44f438a95007d043ed5ceaaf6
[INFO] running `Command { std: CARGO_HOME="/workspace/cargo-home" RUSTUP_HOME="/workspace/rustup-home" "/workspace/cargo-home/bin/cargo" "+3154cc1a3e6424e44f438a95007d043ed5ceaaf6" "metadata" "--manifest-path" "Cargo.toml" "--no-deps", kill_on_drop: false }`
[INFO] crate crates.io crate cargo-minco 1.12.0 already has a lockfile, it will not be regenerated
[INFO] running `Command { std: CARGO_HOME="/workspace/cargo-home" RUSTUP_HOME="/workspace/rustup-home" "/workspace/cargo-home/bin/cargo" "+3154cc1a3e6424e44f438a95007d043ed5ceaaf6" "fetch" "--manifest-path" "Cargo.toml", kill_on_drop: false }`
[INFO] [stderr] warning: `package.homepage` is redundant with `package.repository`
[INFO] [stderr]    --> Cargo.toml:186:12
[INFO] [stderr]     |
[INFO] [stderr] 186 | homepage = "https://github.com/xicv/minco"
[INFO] [stderr]     |            ^^^^^^^^^^^^^^^^^^^^^^^^^^^^^^^
[INFO] [stderr] ...
[INFO] [stderr] 193 | repository = "https://github.com/xicv/minco"
[INFO] [stderr]     |              -------------------------------
[INFO] [stderr]     |
[INFO] [stderr]     = note: `cargo::redundant_homepage` is set to `warn` by default
[INFO] [stderr] help: consider removing `package.homepage`
[INFO] [stderr] warning: `cargo-minco` (manifest) generated 1 warning
[INFO] [stderr]     Updating crates.io index
[INFO] [stderr]  Downloading crates ...
[INFO] [stderr]   Downloaded minco-workbench v1.12.0
[INFO] [stderr]   Downloaded minco-core v1.12.0
[INFO] [stderr]   Downloaded minco-project-view v1.12.0
[INFO] [stderr]   Downloaded minco-plan v1.12.0
[INFO] [stderr]   Downloaded minco-contract v1.12.0
[INFO] [stderr]   Downloaded minco-plugin-sessions v1.12.0
[INFO] [stderr]   Downloaded minco-plugin-health v1.12.0
[INFO] [stderr]   Downloaded minco-plugin-events v1.12.0
[INFO] [stderr]   Downloaded minco-plugin-idempotency v1.12.0
[INFO] [stderr]   Downloaded minco-release v1.12.0
[INFO] [stderr]   Downloaded rmcp-macros v3.1.3
[INFO] [stderr]   Downloaded minco-plugin-observability v1.12.0
[INFO] [stderr]   Downloaded minco-plugin-audit v1.12.0
[INFO] [stderr]   Downloaded minco-plugin-identity v1.12.0
[INFO] [stderr]   Downloaded minco-interaction v1.12.0
[INFO] [stderr]   Downloaded minco-mcp v1.12.0
[INFO] [stderr]   Downloaded minco-plugin-static-site v1.12.0
[INFO] [stderr]   Downloaded minco-plugin-realtime v1.12.0
[INFO] [stderr]   Downloaded minco-db v1.12.0
[INFO] [stderr]   Downloaded minco-dev v1.12.0
[INFO] [stderr]   Downloaded minco-config v1.12.0
[INFO] [stderr]   Downloaded minco-test v1.12.0
[INFO] [stderr]   Downloaded minco-plugin-notifications v1.12.0
[INFO] [stderr]   Downloaded aws-types v1.5.0
[INFO] [stderr]   Downloaded minco v1.12.0
[INFO] [stderr]   Downloaded minco-sqlx-sqlite v1.12.0
[INFO] [stderr]   Downloaded minco-plugin-jobs v1.12.0
[INFO] [stderr]   Downloaded minco-sqlx-postgres v1.12.0
[INFO] [stderr]   Downloaded minco-plugin-object-storage v1.12.0
[INFO] [stderr]   Downloaded minco-http v1.12.0
[INFO] [stderr]   Downloaded minco-plugin-ticketing v1.12.0
[INFO] [stderr]   Downloaded minco-plugin-payments-waffo v1.12.0
[INFO] [stderr]   Downloaded minco-deploy-aws v1.12.0
[INFO] [stderr]   Downloaded minco-plugin-feedback v1.12.0
[INFO] [stderr]   Downloaded aws-smithy-runtime-api v1.14.0
[INFO] [stderr]   Downloaded aws-smithy-http-client v1.3.0
[INFO] [stderr]   Downloaded aws-runtime v1.9.1
[INFO] [stderr]   Downloaded minco-aws-adapters v1.12.0
[INFO] [stderr]   Downloaded aws-smithy-types v1.6.2
[INFO] [stderr]   Downloaded aws-smithy-runtime v1.13.1
[INFO] [stderr]   Downloaded aws-config v1.10.1
[INFO] [stderr]   Downloaded apollo-parser v0.8.6
[INFO] [stderr]   Downloaded aws-sdk-sts v1.111.0
[INFO] [stderr]   Downloaded rmcp v3.1.3
[INFO] [stderr]   Downloaded aws-sdk-cloudfront v1.127.0
[INFO] [stderr]   Downloaded aws-sdk-s3 v1.142.0
[INFO] running `Command { std: "docker" "create" "-v" "/var/lib/crater-agent-workspace/builds/worker-4-tc1/source:/opt/rustwide/workdir:ro,Z" "-v" "/var/lib/crater-agent-workspace/builds/worker-4-tc1/target:/opt/rustwide/target:rw,Z" "-v" "/var/lib/crater-agent-workspace/cargo-home:/opt/rustwide/cargo-home:ro,Z" "-v" "/var/lib/crater-agent-workspace/rustup-home:/opt/rustwide/rustup-home:ro,Z" "-m" "1610612736" "--network" "none" "ghcr.io/rust-lang/crates-build-env/linux@sha256:77db811e55d90add9212f6832c23229e3de5f1c1f9905e8cb07319ea15df73ac" "sleep" "infinity", kill_on_drop: false }`
[INFO] [stdout] f54b0b9b7e79f8df1a438fb25431f284e7390bc7263228b6aecd16b76426d540
[INFO] running `Command { std: "docker" "start" "f54b0b9b7e79f8df1a438fb25431f284e7390bc7263228b6aecd16b76426d540", kill_on_drop: false }`
[INFO] running `Command { std: "docker" "inspect" "f54b0b9b7e79f8df1a438fb25431f284e7390bc7263228b6aecd16b76426d540", kill_on_drop: false }`
[INFO] running `Command { std: "docker" "exec" "-e" "SOURCE_DIR=/opt/rustwide/workdir" "-e" "CARGO_HOME=/opt/rustwide/cargo-home" "-e" "RUSTUP_HOME=/opt/rustwide/rustup-home" "-e" "CARGO_TARGET_DIR=/opt/rustwide/target" "-w" "/opt/rustwide/workdir" "--user" "0:0" "f54b0b9b7e79f8df1a438fb25431f284e7390bc7263228b6aecd16b76426d540" "/opt/rustwide/cargo-home/bin/cargo" "+3154cc1a3e6424e44f438a95007d043ed5ceaaf6" "metadata" "--no-deps" "--format-version=1", kill_on_drop: false }`
[INFO] running `Command { std: "docker" "inspect" "f54b0b9b7e79f8df1a438fb25431f284e7390bc7263228b6aecd16b76426d540", kill_on_drop: false }`
[INFO] running `Command { std: "docker" "exec" "-e" "SOURCE_DIR=/opt/rustwide/workdir" "-e" "CARGO_HOME=/opt/rustwide/cargo-home" "-e" "RUSTUP_HOME=/opt/rustwide/rustup-home" "-e" "CARGO_TARGET_DIR=/opt/rustwide/target" "-e" "CARGO_INCREMENTAL=0" "-e" "RUST_BACKTRACE=full" "-e" "RUSTFLAGS=--cap-lints=forbid -Znext-solver=coherence" "-e" "RUSTDOCFLAGS=--cap-lints=forbid" "-w" "/opt/rustwide/workdir" "--user" "0:0" "f54b0b9b7e79f8df1a438fb25431f284e7390bc7263228b6aecd16b76426d540" "/opt/rustwide/cargo-home/bin/cargo" "+3154cc1a3e6424e44f438a95007d043ed5ceaaf6" "check" "--frozen" "--all" "--all-targets" "--message-format=json", kill_on_drop: false }`
[INFO] [stderr] warning: `package.homepage` is redundant with `package.repository`
[INFO] [stderr]    --> Cargo.toml:186:12
[INFO] [stderr]     |
[INFO] [stderr] 186 | homepage = "https://github.com/xicv/minco"
[INFO] [stderr]     |            ^^^^^^^^^^^^^^^^^^^^^^^^^^^^^^^
[INFO] [stderr] ...
[INFO] [stderr] 193 | repository = "https://github.com/xicv/minco"
[INFO] [stderr]     |              -------------------------------
[INFO] [stderr]     |
[INFO] [stderr]     = note: `cargo::redundant_homepage` is set to `warn` by default
[INFO] [stderr] help: consider removing `package.homepage`
[INFO] [stderr] warning: `cargo-minco` (manifest) generated 1 warning
[INFO] [stderr]    Compiling futures-macro v0.3.34
[INFO] [stderr]    Compiling cc v1.4.3
[INFO] [stderr]    Compiling zerovec-derive v0.11.5
[INFO] [stderr]     Checking serde_json v1.0.151
[INFO] [stderr]     Checking digest v0.11.3
[INFO] [stderr]     Checking tokio v1.53.1
[INFO] [stderr]     Checking tracing v0.1.44
[INFO] [stderr]     Checking indexmap v2.14.0
[INFO] [stderr]     Checking getrandom v0.4.3
[INFO] [stderr]     Checking smallvec v1.15.2
[INFO] [stderr]     Checking chrono v0.4.45
[INFO] [stderr]     Checking semver v1.0.28
[INFO] [stderr]    Compiling aws-lc-rs v1.18.0
[INFO] [stderr]    Compiling rustls v0.23.43
[INFO] [stderr]     Checking ipnet v2.12.1
[INFO] [stderr]     Checking http v0.2.12
[INFO] [stderr]     Checking sha2 v0.11.0
[INFO] [stderr]     Checking uuid v1.24.1
[INFO] [stderr]     Checking bytes-utils v0.1.4
[INFO] [stderr]    Compiling aws-smithy-runtime-api-macros v1.1.0
[INFO] [stderr]     Checking rustls-native-certs v0.8.4
[INFO] [stderr]     Checking hmac v0.13.0
[INFO] [stderr]     Checking generic-array v0.14.9
[INFO] [stderr]     Checking winnow v1.0.4
[INFO] [stderr]    Compiling hybrid-array v0.4.14
[INFO] [stderr]     Checking serde_spanned v1.1.1
[INFO] [stderr]     Checking toml_datetime v1.1.1+spec-1.1.0
[INFO] [stderr]    Compiling multer v3.1.0
[INFO] [stderr]    Compiling cmov v0.5.4
[INFO] [stderr]    Compiling cmake v0.1.58
[INFO] [stderr]     Checking toml_parser v1.1.3+spec-1.1.0
[INFO] [stderr]    Compiling ctutils v0.4.2
[INFO] [stderr]     Checking axum-core v0.5.6
[INFO] [stderr]     Checking futures-util v0.3.34
[INFO] [stderr]    Compiling getrandom v0.2.17
[INFO] [stderr]     Checking http-body v0.4.6
[INFO] [stderr]     Checking compression-core v0.4.32
[INFO] [stderr]    Compiling crypto-common v0.1.6
[INFO] [stderr]     Checking compression-codecs v0.4.38
[INFO] [stderr]    Compiling crypto-common v0.2.2
[INFO] [stderr]    Compiling block-buffer v0.12.1
[INFO] [stderr]    Compiling block-buffer v0.10.4
[INFO] [stderr]    Compiling parking_lot_core v0.9.12
[INFO] [stderr]    Compiling rand_core v0.10.1
[INFO] [stderr]    Compiling digest v0.10.7
[INFO] [stderr]    Compiling sha2 v0.10.9
[INFO] [stderr]    Compiling aws-types v1.5.0
[INFO] [stderr]     Checking minco-core v1.12.0
[INFO] [stderr]     Checking toml v1.1.4+spec-1.1.0
[INFO] [stderr]     Checking serde_yaml_ng v0.10.0
[INFO] [stderr]     Checking zerovec v0.11.7
[INFO] [stderr]    Compiling ring v0.17.14
[INFO] [stderr]    Compiling aws-lc-sys v0.44.0
[INFO] [stderr]    Compiling parking_lot v0.12.5
[INFO] [stderr]    Compiling libsqlite3-sys v0.37.0
[INFO] [stderr]    Compiling futures-intrusive v0.5.0
[INFO] [stderr]    Compiling chacha20 v0.10.1
[INFO] [stderr]    Compiling tinystr v0.8.4
[INFO] [stderr]     Checking potential_utf v0.1.6
[INFO] [stderr]    Compiling icu_locale_core v2.3.0
[INFO] [stderr]     Checking icu_collections v2.3.0
[INFO] [stderr]     Checking md-5 v0.11.0
[INFO] [stderr]     Checking xmlparser v0.13.6
[INFO] [stderr]     Checking minco-contract v1.12.0
[INFO] [stderr]    Compiling rand v0.10.2
[INFO] [stderr]    Compiling hkdf v0.13.0
[INFO] [stderr]    Compiling whoami v2.1.3
[INFO] [stderr]     Checking icu_provider v2.3.0
[INFO] [stderr]    Compiling darling_core v0.24.0
[INFO] [stderr]     Checking minco-db v1.12.0
[INFO] [stderr]    Compiling rustix v1.1.4
[INFO] [stderr]     Checking regex-lite v0.1.9
[INFO] [stderr]     Checking regex-syntax v0.8.11
[INFO] [stderr]    Compiling ref-cast v1.0.27
[INFO] [stderr]     Checking icu_properties v2.3.0
[INFO] [stderr]     Checking icu_normalizer v2.3.0
[INFO] [stderr]    Compiling ref-cast-impl v1.0.27
[INFO] [stderr]    Compiling serde_derive_internals v0.30.0
[INFO] [stderr]     Checking spin v0.10.1
[INFO] [stderr]     Checking text-size v1.1.1
[INFO] [stderr]     Checking hashbrown v0.14.5
[INFO] [stderr]     Checking linux-raw-sys v0.12.1
[INFO] [stderr]     Checking countme v3.0.1
[INFO] [stderr]     Checking futures-executor v0.3.34
[INFO] [stderr]     Checking crc-fast v1.10.0
[INFO] [stderr]     Checking futures v0.3.34
[INFO] [stderr]     Checking minco-plan v1.12.0
[INFO] [stderr]     Checking minco-plugin-static-site v1.12.0
[INFO] [stderr]     Checking sha1 v0.11.0
[INFO] [stderr]    Compiling schemars_derive v1.2.2
[INFO] [stderr]     Checking regex-automata v0.4.18
[INFO] [stderr]     Checking tracing-serde v0.2.0
[INFO] [stderr]     Checking idna_adapter v1.2.2
[INFO] [stderr]     Checking idna v1.1.0
[INFO] [stderr]     Checking urlencoding v2.1.3
[INFO] [stderr]    Compiling rmcp v3.1.3
[INFO] [stderr]     Checking tokio-util v0.7.19
[INFO] [stderr]     Checking tower v0.5.3
[INFO] [stderr]     Checking aws-smithy-async v1.3.0
[INFO] [stderr]     Checking url v2.5.8
[INFO] [stderr]     Checking async-compression v0.4.43
[INFO] [stderr]     Checking tokio-stream v0.1.19
[INFO] [stderr]     Checking minco-plugin-audit v1.12.0
[INFO] [stderr]     Checking minco-plugin-events v1.12.0
[INFO] [stderr]     Checking tower-http v0.6.11
[INFO] [stderr]     Checking minco-plugin-idempotency v1.12.0
[INFO] [stderr]     Checking h2 v0.4.16
[INFO] [stderr]     Checking aws-smithy-types v1.6.2
[INFO] [stderr]     Checking tower-http v0.7.0
[INFO] [stderr]     Checking minco-plugin-notifications v1.12.0
[INFO] [stderr]     Checking rowan v0.16.1
[INFO] [stderr]     Checking aws-smithy-runtime-api v1.14.0
[INFO] [stderr] error: could not compile `darling_core` (lib)
[INFO] [stderr] 
[INFO] [stderr] Caused by:
[INFO] [stderr]   process didn't exit successfully: `/opt/rustwide/rustup-home/toolchains/3154cc1a3e6424e44f438a95007d043ed5ceaaf6/bin/rustc --crate-name darling_core --edition=2021 /opt/rustwide/cargo-home/registry/src/index.crates.io-1949cf8c6b5b557f/darling_core-0.24.0/src/lib.rs --error-format=json --json=diagnostic-rendered-ansi,artifacts,future-incompat,unused-externs-silent --crate-type lib --emit=dep-info,metadata,link -Z embed-metadata=no -C embed-bitcode=no --cfg 'feature="strsim"' --cfg 'feature="suggestions"' --check-cfg 'cfg(docsrs,test)' --check-cfg 'cfg(feature, values("diagnostics", "serde", "strsim", "suggestions"))' -C metadata=4252919c5f206bfc -C extra-filename=-9a9153a02cebb7f9 --out-dir /opt/rustwide/target/debug/build/darling_core/9a9153a02cebb7f9/out -L dependency=/opt/rustwide/target/debug/build/proc-macro2/f4d3bcf2bcadb40f/out -L dependency=/opt/rustwide/target/debug/build/quote/9cbd74bd0e362d9e/out -L dependency=/opt/rustwide/target/debug/build/unicode-ident/69fd460968039056/out --extern ident_case=/opt/rustwide/target/debug/build/ident_case/a7dafeefe153dedb/out/libident_case-a7dafeefe153dedb.rmeta --extern proc_macro2=/opt/rustwide/target/debug/build/proc-macro2/f4d3bcf2bcadb40f/out/libproc_macro2-f4d3bcf2bcadb40f.rmeta --extern quote=/opt/rustwide/target/debug/build/quote/9cbd74bd0e362d9e/out/libquote-9cbd74bd0e362d9e.rmeta --extern strsim=/opt/rustwide/target/debug/build/strsim/f879aee942add13a/out/libstrsim-f879aee942add13a.rmeta --extern syn=/opt/rustwide/target/debug/build/syn/5d194456bb6b3cd6/out/libsyn-5d194456bb6b3cd6.rmeta --cap-lints allow --cap-lints=forbid -Znext-solver=coherence --force-warn=unused_crate_dependencies` (signal: 9, SIGKILL: kill)
[INFO] [stderr] warning: build failed, waiting for other jobs to finish...
[INFO] [stderr] warning: libsqlite3-sys@0.37.0: cc: fatal error: Killed signal terminated program cc1
[INFO] [stderr] warning: libsqlite3-sys@0.37.0: compilation terminated.
[INFO] [stderr] error: failed to run custom build command for `libsqlite3-sys v0.37.0`
[INFO] [stderr] note: To improve backtraces for build dependencies, set the CARGO_PROFILE_DEV_BUILD_OVERRIDE_DEBUG=true environment variable to enable debug information generation.
[INFO] [stderr] 
[INFO] [stderr] Caused by:
[INFO] [stderr]   process didn't exit successfully: `/opt/rustwide/target/debug/build/libsqlite3-sys/71dc32f956ca82eb/out/build_script_build` (exit status: 1)
[INFO] [stderr]   --- stdout
[INFO] [stderr]   cargo:rerun-if-env-changed=LIBSQLITE3_SYS_USE_PKG_CONFIG
[INFO] [stderr]   cargo:include=/opt/rustwide/cargo-home/registry/src/index.crates.io-1949cf8c6b5b557f/libsqlite3-sys-0.37.0/sqlite3
[INFO] [stderr]   cargo:rerun-if-changed=sqlite3/sqlite3.c
[INFO] [stderr]   cargo:rerun-if-changed=sqlite3/wasm32-wasi-vfs.c
[INFO] [stderr]   cargo:rerun-if-env-changed=SQLITE_MAX_VARIABLE_NUMBER
[INFO] [stderr]   cargo:rerun-if-env-changed=SQLITE_MAX_EXPR_DEPTH
[INFO] [stderr]   cargo:rerun-if-env-changed=SQLITE_MAX_COLUMN
[INFO] [stderr]   cargo:rerun-if-env-changed=LIBSQLITE3_FLAGS
[INFO] [stderr]   cargo:rerun-if-env-changed=CC_FORCE_DISABLE
[INFO] [stderr]   CC_FORCE_DISABLE = None
[INFO] [stderr]   cargo:rerun-if-env-changed=CC_x86_64-unknown-linux-gnu
[INFO] [stderr]   CC_x86_64-unknown-linux-gnu = None
[INFO] [stderr]   cargo:rerun-if-env-changed=CC_x86_64_unknown_linux_gnu
[INFO] [stderr]   CC_x86_64_unknown_linux_gnu = None
[INFO] [stderr]   cargo:rerun-if-env-changed=HOST_CC
[INFO] [stderr]   HOST_CC = None
[INFO] [stderr]   cargo:rerun-if-env-changed=CC
[INFO] [stderr]   CC = None
[INFO] [stderr]   cargo:rerun-if-env-changed=CC_ENABLE_DEBUG_OUTPUT
[INFO] [stderr]   cargo:rerun-if-env-changed=CRATE_CC_NO_DEFAULTS
[INFO] [stderr]   CRATE_CC_NO_DEFAULTS = None
[INFO] [stderr]   cargo:rerun-if-env-changed=CFLAGS
[INFO] [stderr]   CFLAGS = None
[INFO] [stderr]   cargo:rerun-if-env-changed=HOST_CFLAGS
[INFO] [stderr]   HOST_CFLAGS = None
[INFO] [stderr]   cargo:rerun-if-env-changed=CFLAGS_x86_64_unknown_linux_gnu
[INFO] [stderr]   CFLAGS_x86_64_unknown_linux_gnu = None
[INFO] [stderr]   cargo:rerun-if-env-changed=CFLAGS_x86_64-unknown-linux-gnu
[INFO] [stderr]   CFLAGS_x86_64-unknown-linux-gnu = None
[INFO] [stderr]   cargo:warning=cc: fatal error: Killed signal terminated program cc1
[INFO] [stderr]   cargo:warning=compilation terminated.
[INFO] [stderr] 
[INFO] [stderr]   --- stderr
[INFO] [stderr] 
[INFO] [stderr] 
[INFO] [stderr]   error occurred in cc-rs: command did not execute successfully (status code exit status: 1): LC_ALL="C" "cc" "-O0" "-ffunction-sections" "-fdata-sections" "-fPIC" "-m64" "-w" "-DSQLITE_CORE" "-DSQLITE_DEFAULT_FOREIGN_KEYS=1" "-DSQLITE_ENABLE_API_ARMOR" "-DSQLITE_ENABLE_COLUMN_METADATA" "-DSQLITE_ENABLE_DBSTAT_VTAB" "-DSQLITE_ENABLE_FTS3" "-DSQLITE_ENABLE_FTS3_PARENTHESIS" "-DSQLITE_ENABLE_FTS5" "-DSQLITE_ENABLE_JSON1" "-DSQLITE_ENABLE_LOAD_EXTENSION=1" "-DSQLITE_ENABLE_MEMORY_MANAGEMENT" "-DSQLITE_ENABLE_RTREE" "-DSQLITE_ENABLE_STAT4" "-DSQLITE_SOUNDEX" "-DSQLITE_THREADSAFE=1" "-DSQLITE_USE_URI" "-DHAVE_USLEEP=1" "-DHAVE_ISNAN" "-D_POSIX_THREAD_SAFE_FUNCTIONS" "-DHAVE_LOCALTIME_R" "-o" "/opt/rustwide/target/debug/build/libsqlite3-sys/7b78b0b91f4b5333/out/c877a2978823c39d-sqlite3.o" "-c" "sqlite3/sqlite3.c"
[INFO] [stderr] 
[INFO] [stderr] 
[INFO] [stderr] warning: libsqlite3-sys@0.37.0: cc: fatal error: Killed signal terminated program cc1
[INFO] [stderr] warning: libsqlite3-sys@0.37.0: compilation terminated.
[INFO] [stderr] error: failed to run custom build command for `libsqlite3-sys v0.37.0`
[INFO] [stderr] note: To improve backtraces for build dependencies, set the CARGO_PROFILE_DEV_BUILD_OVERRIDE_DEBUG=true environment variable to enable debug information generation.
[INFO] [stderr] 
[INFO] [stderr] Caused by:
[INFO] [stderr]   process didn't exit successfully: `/opt/rustwide/target/debug/build/libsqlite3-sys/f7770e18af7b695e/out/build_script_build` (exit status: 1)
[INFO] [stderr]   --- stdout
[INFO] [stderr]   cargo:rerun-if-env-changed=LIBSQLITE3_SYS_USE_PKG_CONFIG
[INFO] [stderr]   cargo:include=/opt/rustwide/cargo-home/registry/src/index.crates.io-1949cf8c6b5b557f/libsqlite3-sys-0.37.0/sqlite3
[INFO] [stderr]   cargo:rerun-if-changed=sqlite3/sqlite3.c
[INFO] [stderr]   cargo:rerun-if-changed=sqlite3/wasm32-wasi-vfs.c
[INFO] [stderr]   cargo:rerun-if-env-changed=SQLITE_MAX_VARIABLE_NUMBER
[INFO] [stderr]   cargo:rerun-if-env-changed=SQLITE_MAX_EXPR_DEPTH
[INFO] [stderr]   cargo:rerun-if-env-changed=SQLITE_MAX_COLUMN
[INFO] [stderr]   cargo:rerun-if-env-changed=LIBSQLITE3_FLAGS
[INFO] [stderr]   cargo:rerun-if-env-changed=CC_FORCE_DISABLE
[INFO] [stderr]   CC_FORCE_DISABLE = None
[INFO] [stderr]   cargo:rerun-if-env-changed=CC_x86_64-unknown-linux-gnu
[INFO] [stderr]   CC_x86_64-unknown-linux-gnu = None
[INFO] [stderr]   cargo:rerun-if-env-changed=CC_x86_64_unknown_linux_gnu
[INFO] [stderr]   CC_x86_64_unknown_linux_gnu = None
[INFO] [stderr]   cargo:rerun-if-env-changed=HOST_CC
[INFO] [stderr]   HOST_CC = None
[INFO] [stderr]   cargo:rerun-if-env-changed=CC
[INFO] [stderr]   CC = None
[INFO] [stderr]   cargo:rerun-if-env-changed=CC_ENABLE_DEBUG_OUTPUT
[INFO] [stderr]   cargo:rerun-if-env-changed=CRATE_CC_NO_DEFAULTS
[INFO] [stderr]   CRATE_CC_NO_DEFAULTS = None
[INFO] [stderr]   cargo:rerun-if-env-changed=CC_ENABLE_DEBUG_OUTPUT
[INFO] [stderr]   cargo:rerun-if-env-changed=CRATE_CC_NO_DEFAULTS
[INFO] [stderr]   CRATE_CC_NO_DEFAULTS = None
[INFO] [stderr]   cargo:rerun-if-env-changed=CFLAGS
[INFO] [stderr]   CFLAGS = None
[INFO] [stderr]   cargo:rerun-if-env-changed=HOST_CFLAGS
[INFO] [stderr]   HOST_CFLAGS = None
[INFO] [stderr]   cargo:rerun-if-env-changed=CFLAGS_x86_64_unknown_linux_gnu
[INFO] [stderr]   CFLAGS_x86_64_unknown_linux_gnu = None
[INFO] [stderr]   cargo:rerun-if-env-changed=CFLAGS_x86_64-unknown-linux-gnu
[INFO] [stderr]   CFLAGS_x86_64-unknown-linux-gnu = None
[INFO] [stderr]   cargo:rerun-if-env-changed=CFLAGS
[INFO] [stderr]   CFLAGS = None
[INFO] [stderr]   cargo:rerun-if-env-changed=HOST_CFLAGS
[INFO] [stderr]   HOST_CFLAGS = None
[INFO] [stderr]   cargo:rerun-if-env-changed=CFLAGS_x86_64_unknown_linux_gnu
[INFO] [stderr]   CFLAGS_x86_64_unknown_linux_gnu = None
[INFO] [stderr]   cargo:rerun-if-env-changed=CFLAGS_x86_64-unknown-linux-gnu
[INFO] [stderr]   CFLAGS_x86_64-unknown-linux-gnu = None
[INFO] [stderr]   cargo:warning=cc: fatal error: Killed signal terminated program cc1
[INFO] [stderr]   cargo:warning=compilation terminated.
[INFO] [stderr] 
[INFO] [stderr]   --- stderr
[INFO] [stderr] 
[INFO] [stderr] 
[INFO] [stderr]   error occurred in cc-rs: command did not execute successfully (status code exit status: 1): LC_ALL="C" "cc" "-O0" "-ffunction-sections" "-fdata-sections" "-fPIC" "-g" "-gdwarf-4" "-fno-omit-frame-pointer" "-mno-omit-leaf-frame-pointer" "-m64" "-w" "-DSQLITE_CORE" "-DSQLITE_DEFAULT_FOREIGN_KEYS=1" "-DSQLITE_ENABLE_API_ARMOR" "-DSQLITE_ENABLE_COLUMN_METADATA" "-DSQLITE_ENABLE_DBSTAT_VTAB" "-DSQLITE_ENABLE_FTS3" "-DSQLITE_ENABLE_FTS3_PARENTHESIS" "-DSQLITE_ENABLE_FTS5" "-DSQLITE_ENABLE_JSON1" "-DSQLITE_ENABLE_LOAD_EXTENSION=1" "-DSQLITE_ENABLE_MEMORY_MANAGEMENT" "-DSQLITE_ENABLE_RTREE" "-DSQLITE_ENABLE_STAT4" "-DSQLITE_SOUNDEX" "-DSQLITE_THREADSAFE=1" "-DSQLITE_USE_URI" "-DHAVE_USLEEP=1" "-DHAVE_ISNAN" "-D_POSIX_THREAD_SAFE_FUNCTIONS" "-DHAVE_LOCALTIME_R" "-DSQLITE_ENABLE_UNLOCK_NOTIFY" "-o" "/opt/rustwide/target/debug/build/libsqlite3-sys/9d135477f2c1da0d/out/c877a2978823c39d-sqlite3.o" "-c" "sqlite3/sqlite3.c"
[INFO] [stderr] 
[INFO] [stderr] 
[INFO] running `Command { std: "docker" "inspect" "f54b0b9b7e79f8df1a438fb25431f284e7390bc7263228b6aecd16b76426d540", kill_on_drop: false }`
[INFO] running `Command { std: "docker" "rm" "-f" "f54b0b9b7e79f8df1a438fb25431f284e7390bc7263228b6aecd16b76426d540", kill_on_drop: false }`
[INFO] [stdout] f54b0b9b7e79f8df1a438fb25431f284e7390bc7263228b6aecd16b76426d540
