[INFO] fetching crate cargo-bdd 0.6.0...
[INFO] checking cargo-bdd-0.6.0 against 3154cc1a3e6424e44f438a95007d043ed5ceaaf6+rustflags=-Znext-solver=coherence for pr-133502-30
[INFO] extracting crate cargo-bdd 0.6.0 into /workspace/builds/worker-3-tc1/source
[INFO] started tweaking crates.io crate cargo-bdd 0.6.0
[INFO] removed 0 missing tests
[INFO] finished tweaking crates.io crate cargo-bdd 0.6.0
[INFO] tweaked toml for crates.io crate cargo-bdd 0.6.0 written to /workspace/builds/worker-3-tc1/source/Cargo.toml
[INFO] validating manifest of crates.io crate cargo-bdd 0.6.0 on toolchain 3154cc1a3e6424e44f438a95007d043ed5ceaaf6
[INFO] running `Command { std: CARGO_HOME="/workspace/cargo-home" RUSTUP_HOME="/workspace/rustup-home" "/workspace/cargo-home/bin/cargo" "+3154cc1a3e6424e44f438a95007d043ed5ceaaf6" "metadata" "--manifest-path" "Cargo.toml" "--no-deps", kill_on_drop: false }`
[INFO] crate crates.io crate cargo-bdd 0.6.0 already has a lockfile, it will not be regenerated
[INFO] running `Command { std: CARGO_HOME="/workspace/cargo-home" RUSTUP_HOME="/workspace/rustup-home" "/workspace/cargo-home/bin/cargo" "+3154cc1a3e6424e44f438a95007d043ed5ceaaf6" "fetch" "--manifest-path" "Cargo.toml", kill_on_drop: false }`
[INFO] [stderr] warning: `package.homepage` is redundant with `package.repository`
[INFO] [stderr]    --> Cargo.toml:107:12
[INFO] [stderr]     |
[INFO] [stderr] 107 | homepage = "https://github.com/leynos/rstest-bdd"
[INFO] [stderr]     |            ^^^^^^^^^^^^^^^^^^^^^^^^^^^^^^^^^^^^^^
[INFO] [stderr] ...
[INFO] [stderr] 112 | repository = "https://github.com/leynos/rstest-bdd"
[INFO] [stderr]     |              --------------------------------------
[INFO] [stderr]     |
[INFO] [stderr]     = note: `cargo::redundant_homepage` is set to `warn` by default
[INFO] [stderr] help: consider removing `package.homepage`
[INFO] [stderr] warning: `cargo-bdd` (manifest) generated 1 warning
[INFO] [stderr]     Updating crates.io index
[INFO] [stderr]  Downloading crates ...
[INFO] [stderr]   Downloaded gherkin v0.16.0
[INFO] [stderr]   Downloaded rstest-bdd-policy v0.6.0
[INFO] [stderr]   Downloaded rstest-bdd-patterns v0.6.0
[INFO] [stderr]   Downloaded rstest-bdd-harness v0.6.0
[INFO] [stderr]   Downloaded typed-builder v0.23.2
[INFO] [stderr]   Downloaded typed-builder-macro v0.23.2
[INFO] [stderr]   Downloaded rstest-bdd v0.6.0
[INFO] running `Command { std: "docker" "create" "-v" "/var/lib/crater-agent-workspace/builds/worker-3-tc1/source:/opt/rustwide/workdir:ro,Z" "-v" "/var/lib/crater-agent-workspace/builds/worker-3-tc1/target:/opt/rustwide/target:rw,Z" "-v" "/var/lib/crater-agent-workspace/cargo-home:/opt/rustwide/cargo-home:ro,Z" "-v" "/var/lib/crater-agent-workspace/rustup-home:/opt/rustwide/rustup-home:ro,Z" "-m" "1610612736" "--network" "none" "ghcr.io/rust-lang/crates-build-env/linux@sha256:77db811e55d90add9212f6832c23229e3de5f1c1f9905e8cb07319ea15df73ac" "sleep" "infinity", kill_on_drop: false }`
[INFO] [stdout] ddf3bc37c8e49b6984d818566f2e398f75713d0d3aa708ee5ad78a8e32fc7170
[INFO] running `Command { std: "docker" "start" "ddf3bc37c8e49b6984d818566f2e398f75713d0d3aa708ee5ad78a8e32fc7170", kill_on_drop: false }`
[INFO] running `Command { std: "docker" "inspect" "ddf3bc37c8e49b6984d818566f2e398f75713d0d3aa708ee5ad78a8e32fc7170", kill_on_drop: false }`
[INFO] running `Command { std: "docker" "exec" "-e" "SOURCE_DIR=/opt/rustwide/workdir" "-e" "CARGO_HOME=/opt/rustwide/cargo-home" "-e" "RUSTUP_HOME=/opt/rustwide/rustup-home" "-e" "CARGO_TARGET_DIR=/opt/rustwide/target" "-w" "/opt/rustwide/workdir" "--user" "0:0" "ddf3bc37c8e49b6984d818566f2e398f75713d0d3aa708ee5ad78a8e32fc7170" "/opt/rustwide/cargo-home/bin/cargo" "+3154cc1a3e6424e44f438a95007d043ed5ceaaf6" "metadata" "--no-deps" "--format-version=1", kill_on_drop: false }`
[INFO] running `Command { std: "docker" "inspect" "ddf3bc37c8e49b6984d818566f2e398f75713d0d3aa708ee5ad78a8e32fc7170", kill_on_drop: false }`
[INFO] running `Command { std: "docker" "exec" "-e" "SOURCE_DIR=/opt/rustwide/workdir" "-e" "CARGO_HOME=/opt/rustwide/cargo-home" "-e" "RUSTUP_HOME=/opt/rustwide/rustup-home" "-e" "CARGO_TARGET_DIR=/opt/rustwide/target" "-e" "CARGO_INCREMENTAL=0" "-e" "RUST_BACKTRACE=full" "-e" "RUSTFLAGS=--cap-lints=forbid -Znext-solver=coherence" "-e" "RUSTDOCFLAGS=--cap-lints=forbid" "-w" "/opt/rustwide/workdir" "--user" "0:0" "ddf3bc37c8e49b6984d818566f2e398f75713d0d3aa708ee5ad78a8e32fc7170" "/opt/rustwide/cargo-home/bin/cargo" "+3154cc1a3e6424e44f438a95007d043ed5ceaaf6" "check" "--frozen" "--all" "--all-targets" "--message-format=json", kill_on_drop: false }`
[INFO] [stderr] warning: `package.homepage` is redundant with `package.repository`
[INFO] [stderr]    --> Cargo.toml:107:12
[INFO] [stderr]     |
[INFO] [stderr] 107 | homepage = "https://github.com/leynos/rstest-bdd"
[INFO] [stderr]     |            ^^^^^^^^^^^^^^^^^^^^^^^^^^^^^^^^^^^^^^
[INFO] [stderr] ...
[INFO] [stderr] 112 | repository = "https://github.com/leynos/rstest-bdd"
[INFO] [stderr]     |              --------------------------------------
[INFO] [stderr]     |
[INFO] [stderr]     = note: `cargo::redundant_homepage` is set to `warn` by default
[INFO] [stderr] help: consider removing `package.homepage`
[INFO] [stderr] warning: `cargo-bdd` (manifest) generated 1 warning
[INFO] [stderr]    Compiling serde_core v1.0.229
[INFO] [stderr]     Checking smallvec v1.15.2
[INFO] [stderr]    Compiling syn v3.0.4
[INFO] [stderr]    Compiling syn v2.0.119
[INFO] [stderr]     Checking regex-automata v0.4.18
[INFO] [stderr]    Compiling mime_guess v2.0.5
[INFO] [stderr]     Checking type-map v0.5.1
[INFO] [stderr]    Compiling peg-runtime v0.6.3
[INFO] [stderr]    Compiling serde_json v1.0.151
[INFO] [stderr]    Compiling sha2 v0.11.0
[INFO] [stderr]     Checking smawk v0.3.3
[INFO] [stderr]    Compiling camino v1.2.5
[INFO] [stderr]    Compiling aho-corasick v1.1.5
[INFO] [stderr]    Compiling eyre v0.6.14
[INFO] [stderr]     Checking textwrap v0.16.2
[INFO] [stderr]    Compiling linktime-proc-macro v0.2.3
[INFO] [stderr]     Checking link-section v0.19.3
[INFO] [stderr]     Checking hashbrown v0.17.1
[INFO] [stderr]     Checking ppv-lite86 v0.2.21
[INFO] [stderr]     Checking parking_lot_core v0.9.12
[INFO] [stderr]    Compiling peg-macros v0.6.3
[INFO] [stderr]     Checking inventory v0.3.24
[INFO] [stderr]     Checking rstest-bdd-policy v0.6.0
[INFO] [stderr]     Checking parking_lot v0.12.5
[INFO] [stderr]     Checking indenter v0.3.4
[INFO] [stderr]    Compiling assert_cmd v2.2.2
[INFO] [stderr]     Checking predicates v3.1.4
[INFO] [stderr]     Checking console v0.16.4
[INFO] [stderr]     Checking similar v2.7.0
[INFO] [stderr]     Checking rand_chacha v0.9.0
[INFO] [stderr]     Checking ctor v1.0.13
[INFO] [stderr]     Checking proptest v1.11.0
[INFO] [stderr]     Checking rust-embed-utils v8.12.0
[INFO] [stderr]     Checking insta v1.48.0
[INFO] [stderr]     Checking peg v0.6.3
[INFO] [stderr]     Checking regex v1.13.1
[INFO] [stderr]     Checking bstr v1.13.1
[INFO] [stderr]     Checking semver v1.0.28
[INFO] [stderr]     Checking cargo-platform v0.3.3
[INFO] [stderr]    Compiling serde_derive v1.0.229
[INFO] [stderr]    Compiling displaydoc v0.2.7
[INFO] [stderr]    Compiling thiserror-impl v2.0.20
[INFO] [stderr]    Compiling futures-macro v0.3.34
[INFO] [stderr]    Compiling tokio-macros v2.7.2
[INFO] [stderr]    Compiling clap_derive v4.6.4
[INFO] [stderr]    Compiling serial_test_derive v4.0.1
[INFO] [stderr]     Checking futures-util v0.3.34
[INFO] [stderr]     Checking tokio v1.53.1
[INFO] [stderr]    Compiling tinystr v0.8.4
[INFO] [stderr]     Checking unic-langid-impl v0.9.6
[INFO] [stderr]     Checking thiserror v2.0.20
[INFO] [stderr]     Checking fluent-syntax v0.12.0
[INFO] [stderr]    Compiling thiserror-impl v1.0.69
[INFO] [stderr]    Compiling typed-builder-macro v0.23.2
[INFO] [stderr]    Compiling tracing-attributes v0.1.31
[INFO] [stderr]    Compiling rust-embed-impl v8.12.0
[INFO] [stderr]    Compiling derive_more-impl v2.1.1
[INFO] [stderr]     Checking rust-embed v8.12.0
[INFO] [stderr]     Checking clap v4.6.6
[INFO] [stderr]    Compiling rstest_macros v0.26.1
[INFO] [stderr]     Checking tracing v0.1.44
[INFO] [stderr]    Compiling thiserror v1.0.69
[INFO] [stderr]     Checking derive_more v2.1.1
[INFO] [stderr]     Checking typed-builder v0.23.2
[INFO] [stderr]     Checking futures-executor v0.3.34
[INFO] [stderr]     Checking serial_test v4.0.1
[INFO] [stderr]    Compiling serde v1.0.229
[INFO] [stderr]    Compiling basic-toml v0.1.10
[INFO] [stderr]    Compiling toml v0.5.11
[INFO] [stderr]    Compiling gherkin v0.16.0
[INFO] [stderr]    Compiling unic-langid v0.9.6
[INFO] [stderr]     Checking cargo_metadata v0.23.1
[INFO] [stderr]    Compiling unic-langid-macros-impl v0.9.6
[INFO] [stderr]     Checking unic-langid-macros v0.9.6
[INFO] [stderr]     Checking intl_pluralrules v7.0.2
[INFO] [stderr]     Checking fluent-langneg v0.13.1
[INFO] [stderr]     Checking intl-memoizer v0.5.3
[INFO] [stderr]    Compiling i18n-config v0.4.8
[INFO] [stderr]     Checking fluent-bundle v0.16.0
[INFO] [stderr]     Checking rstest v0.26.1
[INFO] [stderr]    Compiling find-crate v0.6.3
[INFO] [stderr]     Checking fluent v0.17.0
[INFO] [stderr]    Compiling i18n-embed-impl v0.8.4
[INFO] [stderr]     Checking rstest-bdd-patterns v0.6.0
[INFO] [stderr]     Checking i18n-embed v0.16.0
[INFO] [stderr]     Checking rstest-bdd-harness v0.6.0
[INFO] [stderr]     Checking rstest-bdd v0.6.0
[INFO] [stderr]     Checking cargo-bdd v0.6.0 (/opt/rustwide/workdir)
[INFO] [stdout] error[E0433]: cannot find module or crate `rstest_bdd_test_macros` in this scope
[INFO] [stdout]   --> src/output/tests.rs:61:3
[INFO] [stdout]    |
[INFO] [stdout] 61 | #[rstest_bdd_test_macros::allow_fixture_expansion_lints]
[INFO] [stdout]    |   ^^^^^^^^^^^^^^^^^^^^^^ use of unresolved module or unlinked crate `rstest_bdd_test_macros`
[INFO] [stdout] 
[INFO] [stdout] 
[INFO] [stdout] error[E0433]: cannot find module or crate `rstest_bdd_test_macros` in this scope
[INFO] [stdout]   --> src/output/tests.rs:47:3
[INFO] [stdout]    |
[INFO] [stdout] 47 | #[rstest_bdd_test_macros::allow_fixture_expansion_lints]
[INFO] [stdout]    |   ^^^^^^^^^^^^^^^^^^^^^^ use of unresolved module or unlinked crate `rstest_bdd_test_macros`
[INFO] [stdout] 
[INFO] [stdout] 
[INFO] [stdout] error[E0433]: cannot find module or crate `rstest_bdd_test_macros` in this scope
[INFO] [stdout]  --> src/output/tests.rs:9:3
[INFO] [stdout]   |
[INFO] [stdout] 9 | #[rstest_bdd_test_macros::allow_fixture_expansion_lints]
[INFO] [stdout]   |   ^^^^^^^^^^^^^^^^^^^^^^ use of unresolved module or unlinked crate `rstest_bdd_test_macros`
[INFO] [stdout] 
[INFO] [stdout] 
[INFO] [stdout] For more information about this error, try `rustc --explain E0433`.
[INFO] [stdout] 
[INFO] [stderr] error: could not compile `cargo-bdd` (bin "cargo-bdd" test) due to 3 previous errors
[INFO] [stderr] warning: unused dependency `rstest-bdd`
[INFO] [stderr]   --> Cargo.toml:15:15
[INFO] [stderr]    |
[INFO] [stderr] 15 | [dependencies.rstest-bdd]
[INFO] [stderr]    |               ^^^^^^^^^^^
[INFO] [stderr]    |
[INFO] [stderr]    = note: `cargo::unused_dependencies` is set to `warn` by default
[INFO] [stderr] help: consider removing the dependency on `rstest-bdd`
[INFO] [stderr] warning: `cargo-bdd` (manifest) generated 1 warning
[INFO] running `Command { std: "docker" "inspect" "ddf3bc37c8e49b6984d818566f2e398f75713d0d3aa708ee5ad78a8e32fc7170", kill_on_drop: false }`
[INFO] running `Command { std: "docker" "rm" "-f" "ddf3bc37c8e49b6984d818566f2e398f75713d0d3aa708ee5ad78a8e32fc7170", kill_on_drop: false }`
[INFO] [stdout] ddf3bc37c8e49b6984d818566f2e398f75713d0d3aa708ee5ad78a8e32fc7170
