[INFO] fetching crate better-auth-api 1.0.0-alpha.3...
[INFO] checking better-auth-api-1.0.0-alpha.3 against 3154cc1a3e6424e44f438a95007d043ed5ceaaf6+rustflags=-Znext-solver=coherence for pr-133502-30
[INFO] extracting crate better-auth-api 1.0.0-alpha.3 into /workspace/builds/worker-5-tc1/source
[INFO] started tweaking crates.io crate better-auth-api 1.0.0-alpha.3
[INFO] removed 0 missing tests
[INFO] finished tweaking crates.io crate better-auth-api 1.0.0-alpha.3
[INFO] tweaked toml for crates.io crate better-auth-api 1.0.0-alpha.3 written to /workspace/builds/worker-5-tc1/source/Cargo.toml
[INFO] validating manifest of crates.io crate better-auth-api 1.0.0-alpha.3 on toolchain 3154cc1a3e6424e44f438a95007d043ed5ceaaf6
[INFO] running `Command { std: CARGO_HOME="/workspace/cargo-home" RUSTUP_HOME="/workspace/rustup-home" "/workspace/cargo-home/bin/cargo" "+3154cc1a3e6424e44f438a95007d043ed5ceaaf6" "metadata" "--manifest-path" "Cargo.toml" "--no-deps", kill_on_drop: false }`
[INFO] crate crates.io crate better-auth-api 1.0.0-alpha.3 already has a lockfile, it will not be regenerated
[INFO] running `Command { std: CARGO_HOME="/workspace/cargo-home" RUSTUP_HOME="/workspace/rustup-home" "/workspace/cargo-home/bin/cargo" "+3154cc1a3e6424e44f438a95007d043ed5ceaaf6" "fetch" "--manifest-path" "Cargo.toml", kill_on_drop: false }`
[INFO] [stderr]     Updating crates.io index
[INFO] [stderr]  Downloading crates ...
[INFO] [stderr]   Downloaded num-conv v0.2.0
[INFO] [stderr]   Downloaded oid-registry v0.7.1
[INFO] [stderr]   Downloaded webauthn-rs-core v0.5.4
[INFO] [stderr]   Downloaded asn1-rs-derive v0.5.1
[INFO] [stderr]   Downloaded wasm-bindgen-shared v0.2.113
[INFO] [stderr]   Downloaded proc-macro-error-attr3 v3.1.1
[INFO] [stderr]   Downloaded webauthn-attestation-ca v0.5.4
[INFO] [stderr]   Downloaded base64urlsafedata v0.5.4
[INFO] [stderr]   Downloaded base32 v0.5.1
[INFO] [stderr]   Downloaded wasm-bindgen-macro v0.2.113
[INFO] [stderr]   Downloaded webauthn-rs v0.5.4
[INFO] [stderr]   Downloaded data-encoding v2.10.0
[INFO] [stderr]   Downloaded webauthn-rs-proto v0.5.4
[INFO] [stderr]   Downloaded constant_time_eq v0.3.1
[INFO] [stderr]   Downloaded proc-macro-error3 v3.1.1
[INFO] [stderr]   Downloaded totp-rs v5.7.0
[INFO] [stderr]   Downloaded wasm-bindgen-macro-support v0.2.113
[INFO] [stderr]   Downloaded der-parser v9.0.0
[INFO] [stderr]   Downloaded serde_cbor_2 v0.13.0
[INFO] [stderr]   Downloaded x509-parser v0.16.0
[INFO] [stderr]   Downloaded wasm-bindgen v0.2.113
[INFO] [stderr]   Downloaded js-sys v0.3.90
[INFO] [stderr]   Downloaded serde_with_macros v3.18.0
[INFO] [stderr]   Downloaded asn1-rs v0.6.2
[INFO] [stderr]   Downloaded indexmap v1.9.3
[INFO] [stderr]   Downloaded schemars v0.9.0
[INFO] [stderr]   Downloaded serde_with v3.18.0
[INFO] [stderr]   Downloaded wasm-bindgen-futures v0.4.63
[INFO] [stderr]   Downloaded web-sys v0.3.90
[INFO] [stderr]   Downloaded tempfile v3.26.0
[INFO] [stderr]   Downloaded nonzero_ext v0.3.0
[INFO] [stderr]   Downloaded jsonwebtoken v11.1.0
[INFO] [stderr]   Downloaded ed25519-dalek v2.2.0
[INFO] [stderr]   Downloaded ed25519 v2.2.3
[INFO] [stderr]   Downloaded blake2 v0.10.6
[INFO] [stderr]   Downloaded bon v3.9.0
[INFO] [stderr]   Downloaded better-auth-macros v1.0.0-alpha.3
[INFO] [stderr]   Downloaded better-auth-core v1.0.0-alpha.3
[INFO] [stderr]   Downloaded password-hash v0.5.0
[INFO] [stderr]   Downloaded argon2 v0.5.3
[INFO] [stderr]   Downloaded bon-macros v3.9.0
[INFO] running `Command { std: "docker" "create" "-v" "/var/lib/crater-agent-workspace/builds/worker-5-tc1/source:/opt/rustwide/workdir:ro,Z" "-v" "/var/lib/crater-agent-workspace/builds/worker-5-tc1/target:/opt/rustwide/target:rw,Z" "-v" "/var/lib/crater-agent-workspace/cargo-home:/opt/rustwide/cargo-home:ro,Z" "-v" "/var/lib/crater-agent-workspace/rustup-home:/opt/rustwide/rustup-home:ro,Z" "-m" "1610612736" "--network" "none" "ghcr.io/rust-lang/crates-build-env/linux@sha256:77db811e55d90add9212f6832c23229e3de5f1c1f9905e8cb07319ea15df73ac" "sleep" "infinity", kill_on_drop: false }`
[INFO] [stdout] f6866213a847978a59e8a61142ca0bef5e1a5cc472d68568a416c26a3310e85a
[INFO] running `Command { std: "docker" "start" "f6866213a847978a59e8a61142ca0bef5e1a5cc472d68568a416c26a3310e85a", kill_on_drop: false }`
[INFO] running `Command { std: "docker" "inspect" "f6866213a847978a59e8a61142ca0bef5e1a5cc472d68568a416c26a3310e85a", kill_on_drop: false }`
[INFO] running `Command { std: "docker" "exec" "-e" "SOURCE_DIR=/opt/rustwide/workdir" "-e" "CARGO_HOME=/opt/rustwide/cargo-home" "-e" "RUSTUP_HOME=/opt/rustwide/rustup-home" "-e" "CARGO_TARGET_DIR=/opt/rustwide/target" "-w" "/opt/rustwide/workdir" "--user" "0:0" "f6866213a847978a59e8a61142ca0bef5e1a5cc472d68568a416c26a3310e85a" "/opt/rustwide/cargo-home/bin/cargo" "+3154cc1a3e6424e44f438a95007d043ed5ceaaf6" "metadata" "--no-deps" "--format-version=1", kill_on_drop: false }`
[INFO] running `Command { std: "docker" "inspect" "f6866213a847978a59e8a61142ca0bef5e1a5cc472d68568a416c26a3310e85a", kill_on_drop: false }`
[INFO] running `Command { std: "docker" "exec" "-e" "SOURCE_DIR=/opt/rustwide/workdir" "-e" "CARGO_HOME=/opt/rustwide/cargo-home" "-e" "RUSTUP_HOME=/opt/rustwide/rustup-home" "-e" "CARGO_TARGET_DIR=/opt/rustwide/target" "-e" "CARGO_INCREMENTAL=0" "-e" "RUST_BACKTRACE=full" "-e" "RUSTFLAGS=--cap-lints=forbid -Znext-solver=coherence" "-e" "RUSTDOCFLAGS=--cap-lints=forbid" "-w" "/opt/rustwide/workdir" "--user" "0:0" "f6866213a847978a59e8a61142ca0bef5e1a5cc472d68568a416c26a3310e85a" "/opt/rustwide/cargo-home/bin/cargo" "+3154cc1a3e6424e44f438a95007d043ed5ceaaf6" "check" "--frozen" "--all" "--all-targets" "--message-format=json", kill_on_drop: false }`
[INFO] [stderr]    Compiling quote v1.0.44
[INFO] [stderr]    Compiling libc v0.2.182
[INFO] [stderr]    Compiling typenum v1.19.0
[INFO] [stderr]     Checking subtle v2.6.1
[INFO] [stderr]    Compiling generic-array v0.14.7
[INFO] [stderr]     Checking const-oid v0.9.6
[INFO] [stderr]     Checking itoa v1.0.17
[INFO] [stderr]    Compiling serde_core v1.0.228
[INFO] [stderr]     Checking base64ct v1.8.3
[INFO] [stderr]    Compiling libm v0.2.16
[INFO] [stderr]    Compiling num-traits v0.2.19
[INFO] [stderr]    Compiling zerocopy v0.8.39
[INFO] [stderr]    Compiling serde v1.0.228
[INFO] [stderr]     Checking pem-rfc7468 v0.7.0
[INFO] [stderr]    Compiling cc v1.2.56
[INFO] [stderr]    Compiling syn v2.0.117
[INFO] [stderr]     Checking pin-project-lite v0.2.16
[INFO] [stderr]    Compiling pkg-config v0.3.32
[INFO] [stderr]     Checking litemap v0.8.1
[INFO] [stderr]     Checking writeable v0.6.2
[INFO] [stderr]     Checking memchr v2.8.0
[INFO] [stderr]    Compiling icu_normalizer_data v2.1.1
[INFO] [stderr]    Compiling icu_properties_data v2.1.2
[INFO] [stderr]     Checking once_cell v1.21.3
[INFO] [stderr]    Compiling num-conv v0.2.0
[INFO] [stderr]    Compiling time-core v0.1.8
[INFO] [stderr]     Checking powerfmt v0.2.0
[INFO] [stderr]    Compiling time-macros v0.2.27
[INFO] [stderr]     Checking deranged v0.5.8
[INFO] [stderr]     Checking getrandom v0.2.17
[INFO] [stderr]     Checking parking_lot_core v0.9.12
[INFO] [stderr]     Checking rand_core v0.6.4
[INFO] [stderr]     Checking errno v0.3.14
[INFO] [stderr]     Checking parking_lot v0.12.5
[INFO] [stderr]     Checking signal-hook-registry v1.4.8
[INFO] [stderr]     Checking mio v1.1.1
[INFO] [stderr]     Checking socket2 v0.6.2
[INFO] [stderr]    Compiling openssl v0.10.75
[INFO] [stderr]    Compiling openssl-sys v0.9.111
[INFO] [stderr]    Compiling serde_json v1.0.149
[INFO] [stderr]     Checking num-integer v0.1.46
[INFO] [stderr]     Checking bitflags v2.11.0
[INFO] [stderr]     Checking foreign-types-shared v0.1.1
[INFO] [stderr]     Checking foreign-types v0.3.2
[INFO] [stderr]     Checking ff v0.13.1
[INFO] [stderr]     Checking tracing-core v0.1.36
[INFO] [stderr]     Checking base16ct v0.2.0
[INFO] [stderr]     Checking spin v0.9.8
[INFO] [stderr]     Checking time v0.3.47
[INFO] [stderr]     Checking nom v7.1.3
[INFO] [stderr]     Checking group v0.13.0
[INFO] [stderr]     Checking lazy_static v1.5.0
[INFO] [stderr]     Checking http v1.4.0
[INFO] [stderr]    Compiling semver v1.0.27
[INFO] [stderr]    Compiling getrandom v0.4.1
[INFO] [stderr]     Checking getrandom v0.3.4
[INFO] [stderr]     Checking futures-task v0.3.32
[INFO] [stderr]    Compiling rustc_version v0.4.1
[INFO] [stderr]     Checking slab v0.4.12
[INFO] [stderr]     Checking futures-util v0.3.32
[INFO] [stderr]    Compiling curve25519-dalek v4.1.3
[INFO] [stderr]     Checking rand_core v0.9.5
[INFO] [stderr]    Compiling oid-registry v0.7.1
[INFO] [stderr]     Checking http-body v1.0.1
[INFO] [stderr]    Compiling num-bigint-dig v0.8.6
[INFO] [stderr]     Checking base64 v0.21.7
[INFO] [stderr]     Checking try-lock v0.2.5
[INFO] [stderr]    Compiling native-tls v0.2.18
[INFO] [stderr]     Checking tower-service v0.3.3
[INFO] [stderr]     Checking want v0.3.1
[INFO] [stderr]     Checking uuid v1.21.0
[INFO] [stderr]     Checking num-iter v0.1.45
[INFO] [stderr]     Checking num-bigint v0.4.6
[INFO] [stderr]     Checking futures-channel v0.3.32
[INFO] [stderr]    Compiling proc-macro-error-attr3 v3.1.1
[INFO] [stderr]    Compiling syn v3.0.6
[INFO] [stderr]     Checking regex-syntax v0.8.10
[INFO] [stderr]     Checking pin-utils v0.1.0
[INFO] [stderr]     Checking openssl-probe v0.2.1
[INFO] [stderr]     Checking log v0.4.29
[INFO] [stderr]     Checking atomic-waker v1.1.2
[INFO] [stderr]    Compiling webauthn-attestation-ca v0.5.4
[INFO] [stderr]    Compiling prettyplease v0.2.37
[INFO] [stderr]     Checking sync_wrapper v1.0.2
[INFO] [stderr]    Compiling cookie v0.18.1
[INFO] [stderr]     Checking opaque-debug v0.3.1
[INFO] [stderr]     Checking ipnet v2.11.0
[INFO] [stderr]     Checking rusticata-macros v4.1.0
[INFO] [stderr]    Compiling proc-macro-error3 v3.1.1
[INFO] [stderr]     Checking tower-layer v0.3.3
[INFO] [stderr]    Compiling webauthn-rs-core v0.5.4
[INFO] [stderr]     Checking data-encoding v2.10.0
[INFO] [stderr]     Checking http-body-util v0.1.5
[INFO] [stderr]     Checking password-hash v0.5.0
[INFO] [stderr]     Checking hex v0.4.3
[INFO] [stderr]    Compiling synstructure v0.13.2
[INFO] [stderr]    Compiling darling_core v0.23.0
[INFO] [stderr]     Checking iana-time-zone v0.1.65
[INFO] [stderr]     Checking iri-string v0.7.10
[INFO] [stderr]     Checking base32 v0.5.1
[INFO] [stderr]     Checking constant_time_eq v0.3.1
[INFO] [stderr]     Checking urlencoding v2.1.3
[INFO] [stderr]     Checking regex-automata v0.4.14
[INFO] [stderr]     Checking glob-match v0.2.1
[INFO] [stderr]     Checking nonzero_ext v0.3.0
[INFO] [stderr]    Compiling zeroize_derive v1.5.0
[INFO] [stderr]    Compiling displaydoc v0.2.5
[INFO] [stderr]    Compiling zerofrom-derive v0.1.6
[INFO] [stderr]    Compiling yoke-derive v0.8.1
[INFO] [stderr]    Compiling zerovec-derive v0.11.2
[INFO] [stderr]    Compiling zerocopy-derive v0.8.39
[INFO] [stderr]     Checking zeroize v1.8.2
[INFO] [stderr]    Compiling serde_derive v1.0.228
[INFO] [stderr]     Checking crypto-common v0.1.7
[INFO] [stderr]     Checking block-buffer v0.10.4
[INFO] [stderr]     Checking digest v0.10.7
[INFO] [stderr]     Checking der v0.7.10
[INFO] [stderr]    Compiling tokio-macros v2.6.0
[INFO] [stderr]     Checking hmac v0.12.1
[INFO] [stderr]     Checking signature v2.2.0
[INFO] [stderr]    Compiling openssl-macros v0.1.1
[INFO] [stderr]    Compiling tracing-attributes v0.1.31
[INFO] [stderr]     Checking zerofrom v0.1.6
[INFO] [stderr]     Checking yoke v0.8.1
[INFO] [stderr]     Checking tokio v1.49.0
[INFO] [stderr]     Checking zerovec v0.11.5
[INFO] [stderr]     Checking spki v0.7.3
[INFO] [stderr]     Checking zerotrie v0.2.3
[INFO] [stderr]     Checking tinystr v0.8.2
[INFO] [stderr]     Checking icu_locale_core v2.1.1
[INFO] [stderr]     Checking potential_utf v0.1.4
[INFO] [stderr]     Checking pkcs8 v0.10.2
[INFO] [stderr]     Checking sec1 v0.7.3
[INFO] [stderr]     Checking icu_collections v2.1.1
[INFO] [stderr]     Checking tracing v0.1.44
[INFO] [stderr]     Checking hkdf v0.12.4
[INFO] [stderr]     Checking crypto-bigint v0.5.5
[INFO] [stderr]    Compiling darling_macro v0.23.0
[INFO] [stderr]    Compiling thiserror-impl v1.0.69
[INFO] [stderr]    Compiling darling v0.23.0
[INFO] [stderr]     Checking sha2 v0.10.9
[INFO] [stderr]     Checking icu_provider v2.1.1
[INFO] [stderr]    Compiling asn1-rs-impl v0.2.0
[INFO] [stderr]     Checking icu_properties v2.1.2
[INFO] [stderr]     Checking icu_normalizer v2.1.1
[INFO] [stderr]    Compiling asn1-rs-derive v0.5.1
[INFO] [stderr]     Checking thiserror v1.0.69
[INFO] [stderr]     Checking rfc6979 v0.4.0
[INFO] [stderr]     Checking inout v0.1.4
[INFO] [stderr]    Compiling curve25519-dalek-derive v0.1.1
[INFO] [stderr]     Checking elliptic-curve v0.13.8
[INFO] [stderr]     Checking asn1-rs v0.6.2
[INFO] [stderr]     Checking ecdsa v0.16.9
[INFO] [stderr]     Checking idna_adapter v1.2.1
[INFO] [stderr]     Checking idna v1.1.0
[INFO] [stderr]     Checking primeorder v0.13.6
[INFO] [stderr]     Checking cipher v0.4.4
[INFO] [stderr]     Checking ed25519 v2.2.3
[INFO] [stderr]     Checking pkcs1 v0.7.5
[INFO] [stderr]     Checking url v2.5.8
[INFO] [stderr]     Checking base64urlsafedata v0.5.4
[INFO] [stderr]     Checking universal-hash v0.5.1
[INFO] [stderr]     Checking polyval v0.6.2
[INFO] [stderr]     Checking p384 v0.13.1
[INFO] [stderr]     Checking p256 v0.13.2
[INFO] [stderr]    Compiling validator_derive v0.20.1
[INFO] [stderr]     Checking regex v1.12.3
[INFO] [stderr]     Checking der-parser v9.0.0
[INFO] [stderr]     Checking webauthn-rs-proto v0.5.4
[INFO] [stderr]     Checking blake2 v0.10.6
[INFO] [stderr]    Compiling thiserror-impl v2.0.18
[INFO] [stderr]     Checking x509-parser v0.16.0
[INFO] [stderr]     Checking argon2 v0.5.3
[INFO] [stderr]     Checking ed25519-dalek v2.2.0
[INFO] [stderr]     Checking ghash v0.5.1
[INFO] [stderr]     Checking aes v0.8.4
[INFO] [stderr]     Checking ctr v0.9.2
[INFO] [stderr]     Checking ppv-lite86 v0.2.21
[INFO] [stderr]     Checking hyper v1.8.1
[INFO] [stderr]     Checking half v2.7.1
[INFO] [stderr]     Checking tower v0.5.3
[INFO] [stderr]     Checking tokio-native-tls v0.3.1
[INFO] [stderr]     Checking validator v0.21.0
[INFO] [stderr]     Checking chrono v0.4.44
[INFO] [stderr]     Checking rand_chacha v0.3.1
[INFO] [stderr]     Checking rand_chacha v0.9.0
[INFO] [stderr]     Checking rand v0.8.5
[INFO] [stderr]     Checking serde_cbor_2 v0.13.0
[INFO] [stderr]     Checking serde_urlencoded v0.7.1
[INFO] [stderr]     Checking tower-http v0.6.8
[INFO] [stderr]     Checking hyper-util v0.1.20
[INFO] [stderr]     Checking rand v0.9.2
[INFO] [stderr]     Checking thiserror v2.0.18
[INFO] [stderr]    Compiling bon-macros v3.9.0
[INFO] [stderr]    Compiling serde_with_macros v3.18.0
[INFO] [stderr]     Checking sha1 v0.10.6
[INFO] [stderr]     Checking aead v0.5.2
[INFO] [stderr]     Checking rustls-pki-types v1.14.0
[INFO] [stderr]    Compiling async-trait v0.1.89
[INFO] [stderr]    Compiling better-auth-macros v1.0.0-alpha.3
[INFO] [stderr]     Checking totp-rs v5.7.0
[INFO] [stderr]     Checking aes-gcm v0.10.3
[INFO] [stderr]     Checking serde_with v3.18.0
[INFO] [stderr]     Checking hyper-tls v0.6.0
[INFO] [stderr]     Checking reqwest v0.12.28
[INFO] [stderr]     Checking rsa v0.9.10
[INFO] [stderr]     Checking jsonwebtoken v11.1.0
[INFO] [stderr]     Checking webauthn-rs v0.5.4
[INFO] [stderr]     Checking better-auth-core v1.0.0-alpha.3
[INFO] [stderr]     Checking bon v3.9.0
[INFO] [stderr]     Checking better-auth-api v1.0.0-alpha.3 (/opt/rustwide/workdir)
[INFO] [stdout] error[E0433]: cannot find module or crate `better_auth_seaorm` in this scope
[INFO] [stdout]   --> src/plugins/mod.rs:31:9
[INFO] [stdout]    |
[INFO] [stdout] 31 |     use better_auth_seaorm::store::__private_test_support::bundled_schema::BundledSchema;
[INFO] [stdout]    |         ^^^^^^^^^^^^^^^^^^ use of unresolved module or unlinked crate `better_auth_seaorm`
[INFO] [stdout]    |
[INFO] [stdout] help: there is a crate or module with a similar name
[INFO] [stdout]    |
[INFO] [stdout] 31 -     use better_auth_seaorm::store::__private_test_support::bundled_schema::BundledSchema;
[INFO] [stdout] 31 +     use better_auth_core::store::__private_test_support::bundled_schema::BundledSchema;
[INFO] [stdout]    |
[INFO] [stdout] 
[INFO] [stdout] 
[INFO] [stdout] error[E0432]: unresolved import `better_auth_seaorm`
[INFO] [stdout]   --> src/plugins/mod.rs:32:9
[INFO] [stdout]    |
[INFO] [stdout] 32 |     use better_auth_seaorm::{Database, SeaOrmStore};
[INFO] [stdout]    |         ^^^^^^^^^^^^^^^^^^ use of unresolved module or unlinked crate `better_auth_seaorm`
[INFO] [stdout]    |
[INFO] [stdout] help: there is a crate or module with a similar name
[INFO] [stdout]    |
[INFO] [stdout] 32 -     use better_auth_seaorm::{Database, SeaOrmStore};
[INFO] [stdout] 32 +     use better_auth_core::{Database, SeaOrmStore};
[INFO] [stdout]    |
[INFO] [stdout] 
[INFO] [stdout] 
[INFO] [stdout] error[E0433]: cannot find module or crate `better_auth_seaorm` in this scope
[INFO] [stdout]   --> src/plugins/admin/tests.rs:11:19
[INFO] [stdout]    |
[INFO] [stdout] 11 | type TestSchema = better_auth_seaorm::store::__private_test_support::bundled_schema::BundledSchema;
[INFO] [stdout]    |                   ^^^^^^^^^^^^^^^^^^ use of unresolved module or unlinked crate `better_auth_seaorm`
[INFO] [stdout]    |
[INFO] [stdout] help: there is a crate or module with a similar name
[INFO] [stdout]    |
[INFO] [stdout] 11 - type TestSchema = better_auth_seaorm::store::__private_test_support::bundled_schema::BundledSchema;
[INFO] [stdout] 11 + type TestSchema = better_auth_core::store::__private_test_support::bundled_schema::BundledSchema;
[INFO] [stdout]    |
[INFO] [stdout] 
[INFO] [stdout] 
[INFO] [stdout] error[E0433]: cannot find module or crate `better_auth_seaorm` in this scope
[INFO] [stdout]   --> src/plugins/api_key/tests.rs:10:19
[INFO] [stdout]    |
[INFO] [stdout] 10 | type TestSchema = better_auth_seaorm::store::__private_test_support::bundled_schema::BundledSchema;
[INFO] [stdout]    |                   ^^^^^^^^^^^^^^^^^^ use of unresolved module or unlinked crate `better_auth_seaorm`
[INFO] [stdout]    |
[INFO] [stdout] help: there is a crate or module with a similar name
[INFO] [stdout]    |
[INFO] [stdout] 10 - type TestSchema = better_auth_seaorm::store::__private_test_support::bundled_schema::BundledSchema;
[INFO] [stdout] 10 + type TestSchema = better_auth_core::store::__private_test_support::bundled_schema::BundledSchema;
[INFO] [stdout]    |
[INFO] [stdout] 
[INFO] [stdout] 
[INFO] [stdout] error[E0433]: cannot find module or crate `better_auth_seaorm` in this scope
[INFO] [stdout]   --> src/plugins/device_authorization/tests.rs:16:19
[INFO] [stdout]    |
[INFO] [stdout] 16 | type TestSchema = better_auth_seaorm::store::__private_test_support::bundled_schema::BundledSchema;
[INFO] [stdout]    |                   ^^^^^^^^^^^^^^^^^^ use of unresolved module or unlinked crate `better_auth_seaorm`
[INFO] [stdout]    |
[INFO] [stdout] help: there is a crate or module with a similar name
[INFO] [stdout]    |
[INFO] [stdout] 16 - type TestSchema = better_auth_seaorm::store::__private_test_support::bundled_schema::BundledSchema;
[INFO] [stdout] 16 + type TestSchema = better_auth_core::store::__private_test_support::bundled_schema::BundledSchema;
[INFO] [stdout]    |
[INFO] [stdout] 
[INFO] [stdout] 
[INFO] [stdout] error[E0433]: cannot find module or crate `better_auth_seaorm` in this scope
[INFO] [stdout]    --> src/plugins/email_password.rs:875:9
[INFO] [stdout]     |
[INFO] [stdout] 875 |         better_auth_seaorm::store::__private_test_support::bundled_schema::BundledSchema;
[INFO] [stdout]     |         ^^^^^^^^^^^^^^^^^^ use of unresolved module or unlinked crate `better_auth_seaorm`
[INFO] [stdout]     |
[INFO] [stdout] help: there is a crate or module with a similar name
[INFO] [stdout]     |
[INFO] [stdout] 875 -         better_auth_seaorm::store::__private_test_support::bundled_schema::BundledSchema;
[INFO] [stdout] 875 +         better_auth_core::store::__private_test_support::bundled_schema::BundledSchema;
[INFO] [stdout]     |
[INFO] [stdout] 
[INFO] [stdout] 
[INFO] [stdout] error[E0433]: cannot find module or crate `better_auth_seaorm` in this scope
[INFO] [stdout]    --> src/plugins/email_verification/tests.rs:270:13
[INFO] [stdout]     |
[INFO] [stdout] 270 |             better_auth_seaorm::store::__private_test_support::bundled_schema::BundledSchema,
[INFO] [stdout]     |             ^^^^^^^^^^^^^^^^^^ use of unresolved module or unlinked crate `better_auth_seaorm`
[INFO] [stdout]     |
[INFO] [stdout] help: there is a crate or module with a similar name
[INFO] [stdout]     |
[INFO] [stdout] 270 -             better_auth_seaorm::store::__private_test_support::bundled_schema::BundledSchema,
[INFO] [stdout] 270 +             better_auth_core::store::__private_test_support::bundled_schema::BundledSchema,
[INFO] [stdout]     |
[INFO] [stdout] 
[INFO] [stdout] 
[INFO] [stdout] error[E0433]: cannot find module or crate `better_auth_seaorm` in this scope
[INFO] [stdout]    --> src/plugins/email_verification/tests.rs:281:9
[INFO] [stdout]     |
[INFO] [stdout] 281 |         better_auth_seaorm::store::__private_test_support::bundled_schema::BundledSchema,
[INFO] [stdout]     |         ^^^^^^^^^^^^^^^^^^ use of unresolved module or unlinked crate `better_auth_seaorm`
[INFO] [stdout]     |
[INFO] [stdout] help: there is a crate or module with a similar name
[INFO] [stdout]     |
[INFO] [stdout] 281 -         better_auth_seaorm::store::__private_test_support::bundled_schema::BundledSchema,
[INFO] [stdout] 281 +         better_auth_core::store::__private_test_support::bundled_schema::BundledSchema,
[INFO] [stdout]     |
[INFO] [stdout] 
[INFO] [stdout] 
[INFO] [stdout] error[E0433]: cannot find module or crate `better_auth_seaorm` in this scope
[INFO] [stdout]   --> src/plugins/password_management/tests.rs:11:19
[INFO] [stdout]    |
[INFO] [stdout] 11 | type TestSchema = better_auth_seaorm::store::__private_test_support::bundled_schema::BundledSchema;
[INFO] [stdout]    |                   ^^^^^^^^^^^^^^^^^^ use of unresolved module or unlinked crate `better_auth_seaorm`
[INFO] [stdout]    |
[INFO] [stdout] help: there is a crate or module with a similar name
[INFO] [stdout]    |
[INFO] [stdout] 11 - type TestSchema = better_auth_seaorm::store::__private_test_support::bundled_schema::BundledSchema;
[INFO] [stdout] 11 + type TestSchema = better_auth_core::store::__private_test_support::bundled_schema::BundledSchema;
[INFO] [stdout]    |
[INFO] [stdout] 
[INFO] [stdout] 
[INFO] [stdout] error[E0433]: cannot find module or crate `better_auth_seaorm` in this scope
[INFO] [stdout]    --> src/plugins/password_management/tests.rs:755:9
[INFO] [stdout]     |
[INFO] [stdout] 755 |         better_auth_seaorm::store::__private_test_support::bundled_schema::BundledSchema,
[INFO] [stdout]     |         ^^^^^^^^^^^^^^^^^^ use of unresolved module or unlinked crate `better_auth_seaorm`
[INFO] [stdout]     |
[INFO] [stdout] help: there is a crate or module with a similar name
[INFO] [stdout]     |
[INFO] [stdout] 755 -         better_auth_seaorm::store::__private_test_support::bundled_schema::BundledSchema,
[INFO] [stdout] 755 +         better_auth_core::store::__private_test_support::bundled_schema::BundledSchema,
[INFO] [stdout]     |
[INFO] [stdout] 
[INFO] [stdout] 
[INFO] [stdout] error[E0433]: cannot find module or crate `better_auth_seaorm` in this scope
[INFO] [stdout]    --> src/plugins/session_management.rs:671:13
[INFO] [stdout]     |
[INFO] [stdout] 671 |             better_auth_seaorm::store::__private_test_support::bundled_schema::BundledSchema,
[INFO] [stdout]     |             ^^^^^^^^^^^^^^^^^^ use of unresolved module or unlinked crate `better_auth_seaorm`
[INFO] [stdout]     |
[INFO] [stdout] help: there is a crate or module with a similar name
[INFO] [stdout]     |
[INFO] [stdout] 671 -             better_auth_seaorm::store::__private_test_support::bundled_schema::BundledSchema,
[INFO] [stdout] 671 +             better_auth_core::store::__private_test_support::bundled_schema::BundledSchema,
[INFO] [stdout]     |
[INFO] [stdout] 
[INFO] [stdout] 
[INFO] [stdout] error[E0433]: cannot find module or crate `better_auth_seaorm` in this scope
[INFO] [stdout]  --> src/plugins/two_factor/tests.rs:9:19
[INFO] [stdout]   |
[INFO] [stdout] 9 | type TestSchema = better_auth_seaorm::store::__private_test_support::bundled_schema::BundledSchema;
[INFO] [stdout]   |                   ^^^^^^^^^^^^^^^^^^ use of unresolved module or unlinked crate `better_auth_seaorm`
[INFO] [stdout]   |
[INFO] [stdout] help: there is a crate or module with a similar name
[INFO] [stdout]   |
[INFO] [stdout] 9 - type TestSchema = better_auth_seaorm::store::__private_test_support::bundled_schema::BundledSchema;
[INFO] [stdout] 9 + type TestSchema = better_auth_core::store::__private_test_support::bundled_schema::BundledSchema;
[INFO] [stdout]   |
[INFO] [stdout] 
[INFO] [stdout] 
[INFO] [stdout] error[E0433]: cannot find module or crate `better_auth_seaorm` in this scope
[INFO] [stdout]  --> src/plugins/user_management/tests.rs:9:19
[INFO] [stdout]   |
[INFO] [stdout] 9 | type TestSchema = better_auth_seaorm::store::__private_test_support::bundled_schema::BundledSchema;
[INFO] [stdout]   |                   ^^^^^^^^^^^^^^^^^^ use of unresolved module or unlinked crate `better_auth_seaorm`
[INFO] [stdout]   |
[INFO] [stdout] help: there is a crate or module with a similar name
[INFO] [stdout]   |
[INFO] [stdout] 9 - type TestSchema = better_auth_seaorm::store::__private_test_support::bundled_schema::BundledSchema;
[INFO] [stdout] 9 + type TestSchema = better_auth_core::store::__private_test_support::bundled_schema::BundledSchema;
[INFO] [stdout]   |
[INFO] [stdout] 
[INFO] [stdout] 
[INFO] [stdout] error[E0433]: cannot find module or crate `better_auth_seaorm` in this scope
[INFO] [stdout]   --> src/plugins/mod.rs:45:9
[INFO] [stdout]    |
[INFO] [stdout] 45 |         better_auth_seaorm::store::__private_test_support::migrator::run_migrations(&database)
[INFO] [stdout]    |         ^^^^^^^^^^^^^^^^^^ use of unresolved module or unlinked crate `better_auth_seaorm`
[INFO] [stdout]    |
[INFO] [stdout] help: there is a crate or module with a similar name
[INFO] [stdout]    |
[INFO] [stdout] 45 -         better_auth_seaorm::store::__private_test_support::migrator::run_migrations(&database)
[INFO] [stdout] 45 +         better_auth_core::store::__private_test_support::migrator::run_migrations(&database)
[INFO] [stdout]    |
[INFO] [stdout] 
[INFO] [stdout] 
[INFO] [stdout] error[E0433]: cannot find module or crate `better_auth_seaorm` in this scope
[INFO] [stdout]   --> tests/account_oauth_tests.rs:21:5
[INFO] [stdout]    |
[INFO] [stdout] 21 | use better_auth_seaorm::store::__private_test_support::bundled_schema::BundledSchema as TestSchema;
[INFO] [stdout]    |     ^^^^^^^^^^^^^^^^^^ use of unresolved module or unlinked crate `better_auth_seaorm`
[INFO] [stdout]    |
[INFO] [stdout] help: there is a crate or module with a similar name
[INFO] [stdout]    |
[INFO] [stdout] 21 - use better_auth_seaorm::store::__private_test_support::bundled_schema::BundledSchema as TestSchema;
[INFO] [stdout] 21 + use better_auth_core::store::__private_test_support::bundled_schema::BundledSchema as TestSchema;
[INFO] [stdout]    |
[INFO] [stdout] 
[INFO] [stdout] 
[INFO] [stdout] error[E0432]: unresolved import `better_auth_seaorm`
[INFO] [stdout]   --> tests/account_oauth_tests.rs:22:5
[INFO] [stdout]    |
[INFO] [stdout] 22 | use better_auth_seaorm::{Database, SeaOrmStore};
[INFO] [stdout]    |     ^^^^^^^^^^^^^^^^^^ use of unresolved module or unlinked crate `better_auth_seaorm`
[INFO] [stdout]    |
[INFO] [stdout] help: there is a crate or module with a similar name
[INFO] [stdout]    |
[INFO] [stdout] 22 - use better_auth_seaorm::{Database, SeaOrmStore};
[INFO] [stdout] 22 + use better_auth_core::{Database, SeaOrmStore};
[INFO] [stdout]    |
[INFO] [stdout] 
[INFO] [stdout] 
[INFO] [stdout] error[E0433]: cannot find module or crate `better_auth_seaorm` in this scope
[INFO] [stdout]    --> tests/account_oauth_tests.rs:162:5
[INFO] [stdout]     |
[INFO] [stdout] 162 |     better_auth_seaorm::store::__private_test_support::migrator::run_migrations(&database)
[INFO] [stdout]     |     ^^^^^^^^^^^^^^^^^^ use of unresolved module or unlinked crate `better_auth_seaorm`
[INFO] [stdout]     |
[INFO] [stdout] help: there is a crate or module with a similar name
[INFO] [stdout]     |
[INFO] [stdout] 162 -     better_auth_seaorm::store::__private_test_support::migrator::run_migrations(&database)
[INFO] [stdout] 162 +     better_auth_core::store::__private_test_support::migrator::run_migrations(&database)
[INFO] [stdout]     |
[INFO] [stdout] 
[INFO] [stdout] 
[INFO] [stdout] Some errors have detailed explanations: E0432, E0433.
[INFO] [stdout] 
[INFO] [stdout] For more information about an error, try `rustc --explain E0432`.
[INFO] [stdout] 
[INFO] [stderr] error: could not compile `better-auth-api` (test "account_oauth_tests") due to 3 previous errors
[INFO] [stderr] warning: build failed, waiting for other jobs to finish...
[INFO] [stdout] Some errors have detailed explanations: E0432, E0433.
[INFO] [stdout] 
[INFO] [stdout] For more information about an error, try `rustc --explain E0432`.
[INFO] [stdout] 
[INFO] [stderr] error: could not compile `better-auth-api` (lib test) due to 14 previous errors
[INFO] [stderr] warning: unused dependency `nonzero_ext`
[INFO] [stderr]   --> Cargo.toml:41:15
[INFO] [stderr]    |
[INFO] [stderr] 41 | [dependencies.nonzero_ext]
[INFO] [stderr]    |               ^^^^^^^^^^^^
[INFO] [stderr]    |
[INFO] [stderr]    = note: `cargo::unused_dependencies` is set to `warn` by default
[INFO] [stderr] help: consider removing the dependency on `nonzero_ext`
[INFO] [stderr] warning: `better-auth-api` (manifest) generated 1 warning
[INFO] running `Command { std: "docker" "inspect" "f6866213a847978a59e8a61142ca0bef5e1a5cc472d68568a416c26a3310e85a", kill_on_drop: false }`
[INFO] running `Command { std: "docker" "rm" "-f" "f6866213a847978a59e8a61142ca0bef5e1a5cc472d68568a416c26a3310e85a", kill_on_drop: false }`
[INFO] [stdout] f6866213a847978a59e8a61142ca0bef5e1a5cc472d68568a416c26a3310e85a
