[INFO] fetching crate benostreamdb 0.11.1...
[INFO] checking benostreamdb-0.11.1 against 3154cc1a3e6424e44f438a95007d043ed5ceaaf6+rustflags=-Znext-solver=coherence for pr-133502-30
[INFO] extracting crate benostreamdb 0.11.1 into /workspace/builds/worker-1-tc1/source
[INFO] removed /workspace/builds/worker-1-tc1/source/rust-toolchain.toml
[INFO] started tweaking crates.io crate benostreamdb 0.11.1
[INFO] removed 0 missing tests
[INFO] finished tweaking crates.io crate benostreamdb 0.11.1
[INFO] tweaked toml for crates.io crate benostreamdb 0.11.1 written to /workspace/builds/worker-1-tc1/source/Cargo.toml
[INFO] validating manifest of crates.io crate benostreamdb 0.11.1 on toolchain 3154cc1a3e6424e44f438a95007d043ed5ceaaf6
[INFO] running `Command { std: CARGO_HOME="/workspace/cargo-home" RUSTUP_HOME="/workspace/rustup-home" "/workspace/cargo-home/bin/cargo" "+3154cc1a3e6424e44f438a95007d043ed5ceaaf6" "metadata" "--manifest-path" "Cargo.toml" "--no-deps", kill_on_drop: false }`
[INFO] crate crates.io crate benostreamdb 0.11.1 already has a lockfile, it will not be regenerated
[INFO] running `Command { std: CARGO_HOME="/workspace/cargo-home" RUSTUP_HOME="/workspace/rustup-home" "/workspace/cargo-home/bin/cargo" "+3154cc1a3e6424e44f438a95007d043ed5ceaaf6" "fetch" "--manifest-path" "Cargo.toml", kill_on_drop: false }`
[INFO] [stderr] warning: `package.homepage` is redundant with `package.repository`
[INFO] [stderr]    --> Cargo.toml:390:12
[INFO] [stderr]     |
[INFO] [stderr] 390 | homepage = "https://github.com/benolabsai/benostreamdb"
[INFO] [stderr]     |            ^^^^^^^^^^^^^^^^^^^^^^^^^^^^^^^^^^^^^^^^^^^^
[INFO] [stderr] ...
[INFO] [stderr] 395 | repository = "https://github.com/benolabsai/benostreamdb"
[INFO] [stderr]     |              --------------------------------------------
[INFO] [stderr]     |
[INFO] [stderr]     = note: `cargo::redundant_homepage` is set to `warn` by default
[INFO] [stderr] help: consider removing `package.homepage`
[INFO] [stderr] warning: `benostreamdb` (manifest) generated 1 warning
[INFO] [stderr]     Updating crates.io index
[INFO] [stderr]  Downloading crates ...
[INFO] [stderr]   Downloaded volo v0.10.7
[INFO] [stderr]   Downloaded mur3 v0.1.0
[INFO] [stderr]   Downloaded motore v0.4.1
[INFO] [stderr]   Downloaded d3d12 v0.20.0
[INFO] [stderr]   Downloaded volo-thrift v0.10.8
[INFO] [stderr]   Downloaded rend v0.5.3
[INFO] [stderr]   Downloaded ptr_meta_derive v0.3.1
[INFO] [stderr]   Downloaded munge_macro v0.4.7
[INFO] [stderr]   Downloaded ptr_meta v0.3.1
[INFO] [stderr]   Downloaded rancor v0.1.1
[INFO] [stderr]   Downloaded motore-macros v0.4.3
[INFO] [stderr]   Downloaded munge v0.4.7
[INFO] [stderr]   Downloaded pilota v0.11.10
[INFO] [stderr]   Downloaded sonic-simd v0.1.4
[INFO] [stderr]   Downloaded integer-encoding v4.1.0
[INFO] [stderr]   Downloaded rkyv_derive v0.8.18
[INFO] [stderr]   Downloaded tikv-jemallocator v0.7.0
[INFO] [stderr]   Downloaded sonic-number v0.1.2
[INFO] [stderr]   Downloaded tikv-jemalloc-ctl v0.7.0
[INFO] [stderr]   Downloaded sonic-rs v0.3.17
[INFO] [stderr]   Downloaded rkyv v0.8.18
[INFO] [stderr]   Downloaded fd-lock v4.0.4
[INFO] [stderr]   Downloaded metainfo v0.7.14
[INFO] [stderr]   Downloaded faststr v0.2.34
[INFO] [stderr]   Downloaded linkedbytes v0.1.16
[INFO] [stderr]   Downloaded rustyline v17.0.2
[INFO] [stderr]   Downloaded skiplist v1.2.0
[INFO] [stderr]   Downloaded tikv-jemalloc-sys v0.7.1+5.3.1-0-g81034ce1f1373e37dc865038e1bc8eeecf559ce8
[INFO] [stderr]   Downloaded pythonize v0.26.0
[INFO] [stderr]   Downloaded pyo3-macros v0.26.0
[INFO] [stderr]   Downloaded pyo3-macros-backend v0.26.0
[INFO] [stderr]   Downloaded pyo3-build-config v0.26.0
[INFO] [stderr]   Downloaded pyo3-ffi v0.26.0
[INFO] [stderr]   Downloaded thrift v0.17.0
[INFO] [stderr]   Downloaded pyo3 v0.26.0
[INFO] [stderr]   Downloaded parquet v57.3.1
[INFO] [stderr]   Downloaded numpy v0.26.0
[INFO] [stderr]   Downloaded metrics v0.23.1
[INFO] [stderr]   Downloaded hive_metastore v0.2.0
[INFO] [stderr]   Downloaded datafusion-expr-common v52.5.0
[INFO] [stderr]   Downloaded datafusion-common v52.5.0
[INFO] [stderr]   Downloaded datafusion-functions-aggregate-common v52.5.0
[INFO] [stderr]   Downloaded datafusion-physical-expr-common v52.5.0
[INFO] [stderr]   Downloaded arrow-pyarrow v57.3.1
[INFO] [stderr]   Downloaded datafusion-functions-window-common v52.5.0
[INFO] [stderr]   Downloaded datafusion-expr v52.5.0
[INFO] [stderr]   Downloaded datafusion-doc v52.5.0
[INFO] [stderr]   Downloaded datafusion-functions-aggregate v52.5.0
[INFO] [stderr]   Downloaded datafusion-execution v52.5.0
[INFO] [stderr]   Downloaded datafusion-physical-expr v52.5.0
[INFO] [stderr]   Downloaded datafusion-macros v52.5.0
[INFO] [stderr]   Downloaded datafusion-pruning v52.5.0
[INFO] [stderr]   Downloaded liblzma v0.4.6
[INFO] [stderr]   Downloaded datafusion-physical-optimizer v52.5.0
[INFO] [stderr]   Downloaded datafusion-functions v52.5.0
[INFO] [stderr]   Downloaded datafusion v52.5.0
[INFO] [stderr]   Downloaded datafusion-sql v52.5.0
[INFO] [stderr]   Downloaded datafusion-common-runtime v52.5.0
[INFO] [stderr]   Downloaded datafusion-datasource v52.5.0
[INFO] [stderr]   Downloaded datafusion-physical-expr-adapter v52.5.0
[INFO] [stderr]   Downloaded datafusion-functions-window v52.5.0
[INFO] [stderr]   Downloaded datafusion-functions-table v52.5.0
[INFO] [stderr]   Downloaded datafusion-functions-nested v52.5.0
[INFO] [stderr]   Downloaded datafusion-datasource-csv v52.5.0
[INFO] [stderr]   Downloaded datafusion-catalog v52.5.0
[INFO] [stderr]   Downloaded datafusion-session v52.5.0
[INFO] [stderr]   Downloaded datafusion-datasource-parquet v52.5.0
[INFO] [stderr]   Downloaded datafusion-physical-plan v52.5.0
[INFO] [stderr]   Downloaded datafusion-datasource-json v52.5.0
[INFO] [stderr]   Downloaded datafusion-optimizer v52.5.0
[INFO] [stderr]   Downloaded datafusion-datasource-arrow v52.5.0
[INFO] [stderr]   Downloaded datafusion-catalog-listing v52.5.0
[INFO] [stderr]   Downloaded liblzma-sys v0.4.6
[INFO] [stderr]   Downloaded cpu-time v1.0.0
[INFO] [stderr]   Downloaded cudarc v0.13.9
[INFO] [stderr]   Downloaded benostream-gpu-ann v0.1.0
[INFO] [stderr]   Downloaded aws-types v1.3.16
[INFO] [stderr]   Downloaded aws-smithy-types v1.5.0
[INFO] [stderr]   Downloaded time-macros v0.2.30
[INFO] [stderr]   Downloaded aws-smithy-schema v0.1.0
[INFO] [stderr]   Downloaded aws-smithy-runtime-api v1.12.3
[INFO] [stderr]   Downloaded aws-smithy-runtime v1.11.3
[INFO] [stderr]   Downloaded aws-smithy-http-client v1.1.13
[INFO] [stderr]   Downloaded aws-sdk-glue v1.152.0
[INFO] [stderr]   Downloaded aws-runtime v1.7.5
[INFO] [stderr]   Downloaded aws-smithy-json v0.62.7
[INFO] [stderr]   Downloaded aws-sigv4 v1.4.5
[INFO] [stderr]   Downloaded aws-config v1.8.18
[INFO] [stderr]   Downloaded aws-sdk-ssooidc v1.104.0
[INFO] [stderr]   Downloaded typed-builder v0.19.1
[INFO] [stderr]   Downloaded typed-builder-macro v0.19.1
[INFO] [stderr]   Downloaded aws-sdk-sts v1.107.0
[INFO] [stderr]   Downloaded aws-sdk-sso v1.102.0
[INFO] [stderr]   Downloaded apache-avro v0.17.0
[INFO] [stderr]   Downloaded libflate v2.3.0
[INFO] running `Command { std: "docker" "create" "-v" "/var/lib/crater-agent-workspace/builds/worker-1-tc1/source:/opt/rustwide/workdir:ro,Z" "-v" "/var/lib/crater-agent-workspace/builds/worker-1-tc1/target:/opt/rustwide/target:rw,Z" "-v" "/var/lib/crater-agent-workspace/cargo-home:/opt/rustwide/cargo-home:ro,Z" "-v" "/var/lib/crater-agent-workspace/rustup-home:/opt/rustwide/rustup-home:ro,Z" "-m" "1610612736" "--network" "none" "ghcr.io/rust-lang/crates-build-env/linux@sha256:77db811e55d90add9212f6832c23229e3de5f1c1f9905e8cb07319ea15df73ac" "sleep" "infinity", kill_on_drop: false }`
[INFO] [stdout] 8a69c39184c607db76a376b32e76450be01232ee675a79c152b7a3b618caf962
[INFO] running `Command { std: "docker" "start" "8a69c39184c607db76a376b32e76450be01232ee675a79c152b7a3b618caf962", kill_on_drop: false }`
[INFO] running `Command { std: "docker" "inspect" "8a69c39184c607db76a376b32e76450be01232ee675a79c152b7a3b618caf962", kill_on_drop: false }`
[INFO] running `Command { std: "docker" "exec" "-e" "SOURCE_DIR=/opt/rustwide/workdir" "-e" "CARGO_HOME=/opt/rustwide/cargo-home" "-e" "RUSTUP_HOME=/opt/rustwide/rustup-home" "-e" "CARGO_TARGET_DIR=/opt/rustwide/target" "-w" "/opt/rustwide/workdir" "--user" "0:0" "8a69c39184c607db76a376b32e76450be01232ee675a79c152b7a3b618caf962" "/opt/rustwide/cargo-home/bin/cargo" "+3154cc1a3e6424e44f438a95007d043ed5ceaaf6" "metadata" "--no-deps" "--format-version=1", kill_on_drop: false }`
[INFO] running `Command { std: "docker" "inspect" "8a69c39184c607db76a376b32e76450be01232ee675a79c152b7a3b618caf962", kill_on_drop: false }`
[INFO] running `Command { std: "docker" "exec" "-e" "SOURCE_DIR=/opt/rustwide/workdir" "-e" "CARGO_HOME=/opt/rustwide/cargo-home" "-e" "RUSTUP_HOME=/opt/rustwide/rustup-home" "-e" "CARGO_TARGET_DIR=/opt/rustwide/target" "-e" "CARGO_INCREMENTAL=0" "-e" "RUST_BACKTRACE=full" "-e" "RUSTFLAGS=--cap-lints=forbid -Znext-solver=coherence" "-e" "RUSTDOCFLAGS=--cap-lints=forbid" "-w" "/opt/rustwide/workdir" "--user" "0:0" "8a69c39184c607db76a376b32e76450be01232ee675a79c152b7a3b618caf962" "/opt/rustwide/cargo-home/bin/cargo" "+3154cc1a3e6424e44f438a95007d043ed5ceaaf6" "check" "--frozen" "--all" "--all-targets" "--message-format=json", kill_on_drop: false }`
[INFO] [stderr] warning: `package.homepage` is redundant with `package.repository`
[INFO] [stderr]    --> Cargo.toml:390:12
[INFO] [stderr]     |
[INFO] [stderr] 390 | homepage = "https://github.com/benolabsai/benostreamdb"
[INFO] [stderr]     |            ^^^^^^^^^^^^^^^^^^^^^^^^^^^^^^^^^^^^^^^^^^^^
[INFO] [stderr] ...
[INFO] [stderr] 395 | repository = "https://github.com/benolabsai/benostreamdb"
[INFO] [stderr]     |              --------------------------------------------
[INFO] [stderr]     |
[INFO] [stderr]     = note: `cargo::redundant_homepage` is set to `warn` by default
[INFO] [stderr] help: consider removing `package.homepage`
[INFO] [stderr] warning: `benostreamdb` (manifest) generated 1 warning
[INFO] [stderr]    Compiling proc-macro2 v1.0.106
[INFO] [stderr]    Compiling unicode-ident v1.0.24
[INFO] [stderr]    Compiling quote v1.0.46
[INFO] [stderr]    Compiling libc v0.2.186
[INFO] [stderr]     Checking cfg-if v1.0.4
[INFO] [stderr]    Compiling serde v1.0.228
[INFO] [stderr]    Compiling serde_core v1.0.228
[INFO] [stderr]    Compiling autocfg v1.5.1
[INFO] [stderr]     Checking memchr v2.8.2
[INFO] [stderr]    Compiling find-msvc-tools v0.1.9
[INFO] [stderr]    Compiling shlex v2.0.1
[INFO] [stderr]     Checking pin-project-lite v0.2.17
[INFO] [stderr]     Checking once_cell v1.21.4
[INFO] [stderr]     Checking smallvec v1.15.2
[INFO] [stderr]    Compiling parking_lot_core v0.9.12
[INFO] [stderr]     Checking itoa v1.0.18
[INFO] [stderr]     Checking scopeguard v1.2.0
[INFO] [stderr]     Checking futures-core v0.3.34
[INFO] [stderr]    Compiling libm v0.2.16
[INFO] [stderr]    Compiling num-traits v0.2.19
[INFO] [stderr]     Checking lock_api v0.4.14
[INFO] [stderr]     Checking futures-sink v0.3.34
[INFO] [stderr]     Checking log v0.4.33
[INFO] [stderr]     Checking slab v0.4.12
[INFO] [stderr]     Checking futures-channel v0.3.34
[INFO] [stderr]    Compiling version_check v0.9.5
[INFO] [stderr]     Checking futures-io v0.3.34
[INFO] [stderr]     Checking futures-task v0.3.34
[INFO] [stderr]    Compiling syn v2.0.118
[INFO] [stderr]    Compiling syn v3.0.5
[INFO] [stderr]     Checking equivalent v1.0.2
[INFO] [stderr]     Checking tracing-core v0.1.36
[INFO] [stderr]    Compiling pkg-config v0.3.33
[INFO] [stderr]    Compiling zerocopy v0.8.52
[INFO] [stderr]    Compiling jobserver v0.1.34
[INFO] [stderr]     Checking fnv v1.0.7
[INFO] [stderr]    Compiling zmij v1.0.21
[INFO] [stderr]    Compiling serde_json v1.0.150
[INFO] [stderr]    Compiling cc v1.2.65
[INFO] [stderr]     Checking zeroize v1.9.0
[INFO] [stderr]     Checking hashbrown v0.17.1
[INFO] [stderr]     Checking ryu v1.0.23
[INFO] [stderr]     Checking bitflags v2.13.0
[INFO] [stderr]     Checking errno v0.3.14
[INFO] [stderr]     Checking signal-hook-registry v1.4.8
[INFO] [stderr]     Checking parking_lot v0.12.5
[INFO] [stderr]     Checking socket2 v0.6.4
[INFO] [stderr]     Checking mio v1.2.1
[INFO] [stderr]     Checking getrandom v0.2.17
[INFO] [stderr]     Checking num-integer v0.1.46
[INFO] [stderr]     Checking indexmap v2.14.0
[INFO] [stderr]    Compiling getrandom v0.3.4
[INFO] [stderr]     Checking tower-service v0.3.3
[INFO] [stderr]     Checking percent-encoding v2.3.2
[INFO] [stderr]     Checking typenum v1.20.1
[INFO] [stderr]     Checking allocator-api2 v0.2.21
[INFO] [stderr]    Compiling generic-array v0.14.7
[INFO] [stderr]     Checking tower-layer v0.3.3
[INFO] [stderr]     Checking subtle v2.6.1
[INFO] [stderr]    Compiling cmake v0.1.58
[INFO] [stderr]    Compiling dunce v1.0.5
[INFO] [stderr]     Checking untrusted v0.9.0
[INFO] [stderr]    Compiling httparse v1.10.1
[INFO] [stderr]    Compiling fs_extra v1.3.0
[INFO] [stderr]    Compiling ahash v0.8.12
[INFO] [stderr]    Compiling icu_properties_data v2.2.0
[INFO] [stderr]     Checking try-lock v0.2.5
[INFO] [stderr]    Compiling ring v0.17.14
[INFO] [stderr]    Compiling icu_normalizer_data v2.2.0
[INFO] [stderr]     Checking want v0.3.1
[INFO] [stderr]    Compiling aws-lc-sys v0.45.0
[INFO] [stderr]     Checking rustls-pki-types v1.14.1
[INFO] [stderr]     Checking httpdate v1.0.3
[INFO] [stderr]     Checking iana-time-zone v0.1.65
[INFO] [stderr]    Compiling aws-lc-rs v1.18.1
[INFO] [stderr]     Checking stable_deref_trait v1.2.1
[INFO] [stderr]     Checking base64 v0.22.1
[INFO] [stderr]    Compiling semver v1.0.28
[INFO] [stderr]    Compiling rustc_version v0.4.1
[INFO] [stderr]     Checking sync_wrapper v1.0.2
[INFO] [stderr]    Compiling rustls v0.23.45
[INFO] [stderr]     Checking form_urlencoded v1.2.2
[INFO] [stderr]    Compiling crossbeam-utils v0.8.21
[INFO] [stderr]    Compiling thiserror v2.0.18
[INFO] [stderr]     Checking foldhash v0.2.0
[INFO] [stderr]     Checking webpki-roots v1.0.8
[INFO] [stderr]     Checking hashbrown v0.16.1
[INFO] [stderr]     Checking siphasher v1.0.3
[INFO] [stderr]     Checking atomic-waker v1.1.2
[INFO] [stderr]     Checking phf_shared v0.12.1
[INFO] [stderr]     Checking litemap v0.8.2
[INFO] [stderr]    Compiling chrono-tz v0.10.4
[INFO] [stderr]     Checking writeable v0.6.3
[INFO] [stderr]     Checking block-buffer v0.10.4
[INFO] [stderr]     Checking crypto-common v0.1.7
[INFO] [stderr]     Checking phf v0.12.1
[INFO] [stderr]     Checking arrow-schema v57.3.1
[INFO] [stderr]    Compiling synstructure v0.13.2
[INFO] [stderr]     Checking ipnet v2.12.0
[INFO] [stderr]     Checking utf8_iter v1.0.4
[INFO] [stderr]     Checking digest v0.10.7
[INFO] [stderr]    Compiling futures-macro v0.3.34
[INFO] [stderr]     Checking num-complex v0.4.6
[INFO] [stderr]     Checking openssl-probe v0.2.1
[INFO] [stderr]    Compiling target-lexicon v0.13.5
[INFO] [stderr]     Checking rustls-native-certs v0.8.4
[INFO] [stderr]     Checking simdutf8 v0.1.5
[INFO] [stderr]     Checking regex-syntax v0.8.11
[INFO] [stderr]    Compiling zstd-sys v2.0.16+zstd.1.5.7
[INFO] [stderr]     Checking aho-corasick v1.1.4
[INFO] [stderr]     Checking futures-util v0.3.34
[INFO] [stderr]     Checking lexical-util v1.0.7
[INFO] [stderr]    Compiling pyo3-build-config v0.26.0
[INFO] [stderr]    Compiling serde_derive v1.0.228
[INFO] [stderr]    Compiling tokio-macros v2.7.0
[INFO] [stderr]    Compiling tracing-attributes v0.1.31
[INFO] [stderr]    Compiling zerocopy-derive v0.8.52
[INFO] [stderr]    Compiling zerofrom-derive v0.1.7
[INFO] [stderr]    Compiling yoke-derive v0.8.2
[INFO] [stderr]     Checking tracing v0.1.44
[INFO] [stderr]    Compiling zerovec-derive v0.11.3
[INFO] [stderr]    Compiling displaydoc v0.2.6
[INFO] [stderr]     Checking zerofrom v0.1.8
[INFO] [stderr]     Checking yoke v0.8.3
[INFO] [stderr]    Compiling thiserror-impl v2.0.18
[INFO] [stderr]     Checking futures-executor v0.3.34
[INFO] [stderr]    Compiling async-trait v0.1.89
[INFO] [stderr]     Checking zerovec v0.11.6
[INFO] [stderr]     Checking zerotrie v0.2.4
[INFO] [stderr]     Checking regex-automata v0.4.14
[INFO] [stderr]     Checking rand_core v0.9.5
[INFO] [stderr]    Compiling memoffset v0.9.1
[INFO] [stderr]     Checking tinystr v0.8.3
[INFO] [stderr]     Checking potential_utf v0.1.5
[INFO] [stderr]    Compiling object v0.37.3
[INFO] [stderr]     Checking icu_collections v2.2.0
[INFO] [stderr]     Checking icu_locale_core v2.2.0
[INFO] [stderr]     Checking rand_core v0.10.1
[INFO] [stderr]    Compiling paste v1.0.15
[INFO] [stderr]    Compiling getrandom v0.4.3
[INFO] [stderr]     Checking futures v0.3.34
[INFO] [stderr]    Compiling crc32fast v1.5.0
[INFO] [stderr]     Checking icu_provider v2.2.0
[INFO] [stderr]    Compiling zstd-safe v7.2.4
[INFO] [stderr]     Checking bytes v1.12.0
[INFO] [stderr]     Checking either v1.16.0
[INFO] [stderr]     Checking chrono v0.4.45
[INFO] [stderr]     Checking num-bigint v0.4.6
[INFO] [stderr]     Checking tokio v1.53.1
[INFO] [stderr]     Checking http v1.4.2
[INFO] [stderr]     Checking icu_properties v2.2.0
[INFO] [stderr]     Checking icu_normalizer v2.2.0
[INFO] [stderr]     Checking http-body v1.0.1
[INFO] [stderr]     Checking http-body-util v0.1.3
[INFO] [stderr]     Checking ppv-lite86 v0.2.21
[INFO] [stderr]     Checking half v2.7.1
[INFO] [stderr]     Checking idna_adapter v1.2.2
[INFO] [stderr]     Checking rand_chacha v0.9.0
[INFO] [stderr]     Checking idna v1.1.0
[INFO] [stderr]     Checking lexical-write-integer v1.0.6
[INFO] [stderr]     Checking arrow-buffer v57.3.1
[INFO] [stderr]     Checking url v2.5.8
[INFO] [stderr]     Checking lexical-parse-integer v1.0.6
[INFO] [stderr]     Checking arrow-data v57.3.1
[INFO] [stderr]     Checking atoi v2.0.0
[INFO] [stderr]     Checking unicode-segmentation v1.13.3
[INFO] [stderr]     Checking unicode-width v0.2.2
[INFO] [stderr]     Checking adler2 v2.0.1
[INFO] [stderr]     Checking simd-adler32 v0.3.9
[INFO] [stderr]     Checking lexical-parse-float v1.0.6
[INFO] [stderr]     Checking miniz_oxide v0.8.9
[INFO] [stderr]     Checking lexical-write-float v1.0.6
[INFO] [stderr]     Checking rand v0.9.4
[INFO] [stderr]    Compiling pyo3-ffi v0.26.0
[INFO] [stderr]     Checking serde_urlencoded v0.7.1
[INFO] [stderr]     Checking cpufeatures v0.3.0
[INFO] [stderr]     Checking lexical-core v1.0.6
[INFO] [stderr]     Checking comfy-table v7.2.2
[INFO] [stderr]     Checking regex v1.12.4
[INFO] [stderr]    Compiling flatbuffers v25.12.19
[INFO] [stderr]    Compiling pyo3 v0.26.0
[INFO] [stderr]    Compiling stacker v0.1.24
[INFO] [stderr]     Checking twox-hash v2.1.2
[INFO] [stderr]     Checking byteorder v1.5.0
[INFO] [stderr]     Checking same-file v1.0.6
[INFO] [stderr]     Checking alloc-no-stdlib v2.0.4
[INFO] [stderr]     Checking tokio-util v0.7.18
[INFO] [stderr]     Checking tower v0.5.3
[INFO] [stderr]     Checking zlib-rs v0.6.4
[INFO] [stderr]     Checking alloc-stdlib v0.2.4
[INFO] [stderr]     Checking walkdir v2.5.0
[INFO] [stderr]     Checking tower-http v0.6.11
[INFO] [stderr]     Checking lz4_flex v0.12.2
[INFO] [stderr]     Checking h2 v0.4.19
[INFO] [stderr]    Compiling ar_archive_writer v0.5.2
[INFO] [stderr]     Checking csv-core v0.1.13
[INFO] [stderr]     Checking humantime v2.3.0
[INFO] [stderr]    Compiling snap v1.1.1
[INFO] [stderr]     Checking csv v1.4.0
[INFO] [stderr]     Checking flate2 v1.1.9
[INFO] [stderr]     Checking brotli-decompressor v5.0.3
[INFO] [stderr]     Checking chacha20 v0.10.2
[INFO] [stderr]    Compiling psm v0.1.31
[INFO] [stderr]     Checking itertools v0.14.0
[INFO] [stderr]     Checking quick-xml v0.38.4
[INFO] [stderr]    Compiling recursive-proc-macro-impl v0.1.1
[INFO] [stderr]     Checking md-5 v0.10.6
[INFO] [stderr]     Checking rustls-pemfile v2.2.0
[INFO] [stderr]     Checking ordered-float v2.10.1
[INFO] [stderr]     Checking integer-encoding v3.0.4
[INFO] [stderr]     Checking recursive v0.1.1
[INFO] [stderr]     Checking brotli v8.0.4
[INFO] [stderr]     Checking thrift v0.17.0
[INFO] [stderr]     Checking arrow-array v57.3.1
[INFO] [stderr]     Checking rand v0.10.1
[INFO] [stderr]    Compiling sqlparser_derive v0.3.0
[INFO] [stderr]    Compiling seq-macro v0.3.6
[INFO] [stderr]     Checking http v0.2.12
[INFO] [stderr]     Checking sqlparser v0.59.0
[INFO] [stderr]     Checking hyper v1.10.1
[INFO] [stderr]     Checking fastrand v2.4.1
[INFO] [stderr]     Checking uuid v1.23.3
[INFO] [stderr]     Checking foldhash v0.1.5
[INFO] [stderr]     Checking http-body v0.4.6
[INFO] [stderr]    Compiling rustix v1.1.4
[INFO] [stderr]     Checking arrow-select v57.3.1
[INFO] [stderr]     Checking arrow-arith v57.3.1
[INFO] [stderr]     Checking arrow-row v57.3.1
[INFO] [stderr]     Checking hyper-util v0.1.20
[INFO] [stderr]     Checking arrow-pyarrow v57.3.1
[INFO] [stderr]     Checking hashbrown v0.15.5
[INFO] [stderr]    Compiling rustversion v1.0.22
[INFO] [stderr]     Checking arrow-ord v57.3.1
[INFO] [stderr]     Checking arrow-string v57.3.1
[INFO] [stderr]     Checking cpufeatures v0.2.17
[INFO] [stderr]     Checking linux-raw-sys v0.12.1
[INFO] [stderr]     Checking zstd v0.13.3
[INFO] [stderr]     Checking hex v0.4.3
[INFO] [stderr]     Checking arrow-ipc v57.3.1
[INFO] [stderr]     Checking datafusion-doc v52.5.0
[INFO] [stderr]     Checking arrow-cast v57.3.1
[INFO] [stderr]     Checking hashbrown v0.14.5
[INFO] [stderr]     Checking sha2 v0.10.9
[INFO] [stderr]     Checking fixedbitset v0.5.7
[INFO] [stderr]     Checking dashmap v6.2.1
[INFO] [stderr]     Checking deranged v0.5.8
[INFO] [stderr]     Checking petgraph v0.8.3
[INFO] [stderr]     Checking arrow-json v57.3.1
[INFO] [stderr]     Checking arrow-csv v57.3.1
[INFO] [stderr]     Checking vsimd v0.8.0
[INFO] [stderr]     Checking num-conv v0.2.2
[INFO] [stderr]     Checking powerfmt v0.2.0
[INFO] [stderr]     Checking arrow v57.3.1
[INFO] [stderr]     Checking time-core v0.1.9
[INFO] [stderr]     Checking outref v0.5.2
[INFO] [stderr]    Compiling datafusion-macros v52.5.0
[INFO] [stderr]     Checking bytes-utils v0.1.4
[INFO] [stderr]     Checking base64-simd v0.8.0
[INFO] [stderr]     Checking time v0.3.51
[INFO] [stderr]     Checking tempfile v3.27.0
[INFO] [stderr]    Compiling blake3 v1.8.5
[INFO] [stderr]     Checking socket2 v0.5.10
[INFO] [stderr]     Checking arrayvec v0.7.7
[INFO] [stderr]     Checking pin-utils v0.1.0
[INFO] [stderr]     Checking rand_core v0.6.4
[INFO] [stderr]     Checking constant_time_eq v0.4.2
[INFO] [stderr]     Checking arrayref v0.3.9
[INFO] [stderr]     Checking rand_chacha v0.3.1
[INFO] [stderr]     Checking aws-smithy-async v1.2.14
[INFO] [stderr]    Compiling aws-smithy-runtime-api-macros v1.0.0
[INFO] [stderr]     Checking blake2 v0.10.6
[INFO] [stderr]    Compiling liblzma-sys v0.4.6
[INFO] [stderr]     Checking rand v0.8.6
[INFO] [stderr]     Checking h2 v0.3.27
[INFO] [stderr]     Checking glob v0.3.3
[INFO] [stderr]     Checking libbz2-rs-sys v0.2.5
[INFO] [stderr]     Checking aws-smithy-types v1.5.0
[INFO] [stderr]     Checking datafusion-common-runtime v52.5.0
[INFO] [stderr]     Checking compression-core v0.4.32
[INFO] [stderr]     Checking hybrid-array v0.4.12
[INFO] [stderr]     Checking aws-smithy-runtime-api v1.12.3
[INFO] [stderr]     Checking bzip2 v0.6.1
[INFO] [stderr]    Compiling anyhow v1.0.102
[INFO] [stderr]    Compiling thiserror v1.0.69
[INFO] [stderr]    Compiling rustls v0.21.12
[INFO] [stderr]     Checking tokio-stream v0.1.18
[INFO] [stderr]     Checking rustls-webpki v0.101.7
[INFO] [stderr]     Checking sct v0.7.1
[INFO] [stderr]    Compiling thiserror-impl v1.0.69
[INFO] [stderr]     Checking concurrent-queue v2.5.0
[INFO] [stderr]     Checking cmov v0.5.4
[INFO] [stderr]     Checking parking v2.2.1
[INFO] [stderr]     Checking event-listener v5.4.1
[INFO] [stderr]     Checking ctutils v0.4.2
[INFO] [stderr]     Checking hyper v0.14.32
[INFO] [stderr]     Checking crypto-common v0.2.2
[INFO] [stderr]     Checking block-buffer v0.12.1
[INFO] [stderr]    Compiling pin-project-internal v1.1.13
[INFO] [stderr]     Checking const-oid v0.10.2
[INFO] [stderr]    Compiling cfg_aliases v0.2.1
[INFO] [stderr]     Checking digest v0.11.3
[INFO] [stderr]     Checking pin-project v1.1.13
[INFO] [stderr]     Checking aws-smithy-schema v0.1.0
[INFO] [stderr]    Compiling vcpkg v0.2.15
[INFO] [stderr]     Checking tokio-rustls v0.24.1
[INFO] [stderr]    Compiling libsqlite3-sys v0.30.1
[INFO] [stderr]     Checking aws-credential-types v1.2.14
[INFO] [stderr]     Checking aws-smithy-http v0.63.6
[INFO] [stderr]    Compiling aws-types v1.3.16
[INFO] [stderr]     Checking urlencoding v2.1.3
[INFO] [stderr]    Compiling heck v0.5.0
[INFO] [stderr]    Compiling crossbeam-epoch v0.9.21
[INFO] [stderr]     Checking lazy_static v1.5.0
[INFO] [stderr]     Checking sha2 v0.11.0
[INFO] [stderr]     Checking liblzma v0.4.6
[INFO] [stderr]     Checking compression-codecs v0.4.38
[INFO] [stderr]     Checking hmac v0.13.0
[INFO] [stderr]     Checking aws-smithy-observability v0.2.6
[INFO] [stderr]     Checking async-compression v0.4.42
[INFO] [stderr]     Checking faststr v0.2.34
[INFO] [stderr]     Checking ordered-float v4.6.0
[INFO] [stderr]    Compiling indexmap v1.9.3
[INFO] [stderr]    Compiling winnow v1.0.3
[INFO] [stderr]     Checking hyper-rustls v0.24.2
[INFO] [stderr]     Checking mime v0.3.17
[INFO] [stderr]     Checking aws-sigv4 v1.4.5
[INFO] [stderr]    Compiling toml_parser v1.1.2+spec-1.1.0
[INFO] [stderr]    Compiling rustls-webpki v0.103.15
[INFO] [stderr]     Checking event-listener-strategy v0.5.4
[INFO] [stderr]    Compiling axum-core v0.3.4
[INFO] [stderr]     Checking regex-lite v0.1.9
[INFO] [stderr]     Checking utf8parse v0.2.2
[INFO] [stderr]    Compiling toml_datetime v1.1.1+spec-1.1.0
[INFO] [stderr]    Compiling crc-catalog v2.5.0
[INFO] [stderr]     Checking hashbrown v0.12.3
[INFO] [stderr]    Compiling toml_edit v0.25.12+spec-1.1.0
[INFO] [stderr]    Compiling crc v3.4.0
[INFO] [stderr]    Compiling webpki-roots v0.26.11
[INFO] [stderr]    Compiling hashlink v0.10.0
[INFO] [stderr]    Compiling futures-intrusive v0.5.0
[INFO] [stderr]    Compiling crossbeam-queue v0.3.12
[INFO] [stderr]     Checking aws-smithy-json v0.62.7
[INFO] [stderr]    Compiling spin v0.9.9
[INFO] [stderr]    Compiling nix v0.29.0
[INFO] [stderr]    Compiling itertools v0.12.1
[INFO] [stderr]    Compiling axum v0.6.20
[INFO] [stderr]     Checking arc-swap v1.9.1
[INFO] [stderr]     Checking crossbeam-channel v0.5.15
[INFO] [stderr]    Compiling bigdecimal v0.4.10
[INFO] [stderr]     Checking matchit v0.7.3
[INFO] [stderr]    Compiling ref-cast v1.0.25
[INFO] [stderr]    Compiling rayon-core v1.13.0
[INFO] [stderr]    Compiling flume v0.11.1
[INFO] [stderr]    Compiling proc-macro-crate v3.5.0
[INFO] [stderr]     Checking tower v0.4.13
[INFO] [stderr]     Checking anstyle-parse v1.0.0
[INFO] [stderr]     Checking crossbeam-deque v0.8.6
[INFO] [stderr]     Checking opentelemetry v0.22.0
[INFO] [stderr]    Compiling prost-derive v0.12.6
[INFO] [stderr]    Compiling sqlx-core v0.8.6
[INFO] [stderr]     Checking rustc-hash v2.1.2
[INFO] [stderr]     Checking tokio-io-timeout v1.2.1
[INFO] [stderr]    Compiling motore-macros v0.4.3
[INFO] [stderr]    Compiling ref-cast-impl v1.0.25
[INFO] [stderr]    Compiling async-stream-impl v0.3.6
[INFO] [stderr]    Compiling tikv-jemalloc-sys v0.7.1+5.3.1-0-g81034ce1f1373e37dc865038e1bc8eeecf559ce8
[INFO] [stderr]     Checking colorchoice v1.0.5
[INFO] [stderr]     Checking bitflags v1.3.2
[INFO] [stderr]     Checking sync_wrapper v0.1.2
[INFO] [stderr]     Checking is_terminal_polyfill v1.70.2
[INFO] [stderr]     Checking anstyle v1.0.14
[INFO] [stderr]     Checking anstyle-query v1.1.5
[INFO] [stderr]     Checking anstream v1.0.0
[INFO] [stderr]     Checking prost v0.12.6
[INFO] [stderr]     Checking async-stream v0.3.6
[INFO] [stderr]     Checking motore v0.4.1
[INFO] [stderr]     Checking hyper-timeout v0.4.1
[INFO] [stderr]     Checking metainfo v0.7.14
[INFO] [stderr]     Checking opentelemetry_sdk v0.22.1
[INFO] [stderr]    Compiling num_enum_derive v0.7.6
[INFO] [stderr]     Checking async-broadcast v0.7.2
[INFO] [stderr]     Checking linkedbytes v0.1.16
[INFO] [stderr]    Compiling nix v0.30.1
[INFO] [stderr]     Checking integer-encoding v4.1.0
[INFO] [stderr]    Compiling sqlx-sqlite v0.8.6
[INFO] [stderr]    Compiling bytemuck_derive v1.10.2
[INFO] [stderr]    Compiling async-recursion v1.1.1
[INFO] [stderr]    Compiling curve25519-dalek v4.1.3
[INFO] [stderr]    Compiling bzip2-sys v0.1.13+1.0.8
[INFO] [stderr]     Checking no_std_io2 v0.9.4
[INFO] [stderr]     Checking sonic-simd v0.1.4
[INFO] [stderr]     Checking sonic-number v0.1.2
[INFO] [stderr]     Checking strsim v0.11.1
[INFO] [stderr]    Compiling portable-atomic v1.13.1
[INFO] [stderr]    Compiling protobuf v2.28.0
[INFO] [stderr]    Compiling dotenvy v0.15.7
[INFO] [stderr]     Checking base64 v0.21.7
[INFO] [stderr]     Checking mur3 v0.1.0
[INFO] [stderr]     Checking rle-decode-fast v1.0.3
[INFO] [stderr]     Checking bumpalo v3.20.3
[INFO] [stderr]     Checking gimli v0.32.3
[INFO] [stderr]     Checking xmlparser v0.13.6
[INFO] [stderr]     Checking clap_lex v1.1.0
[INFO] [stderr]     Checking clap_builder v4.6.0
[INFO] [stderr]     Checking sonic-rs v0.3.17
[INFO] [stderr]     Checking aws-smithy-xml v0.60.15
[INFO] [stderr]     Checking libflate_lz77 v2.3.0
[INFO] [stderr]     Checking volo v0.10.7
[INFO] [stderr]     Checking tonic v0.11.0
[INFO] [stderr]    Compiling sqlx-macros-core v0.8.6
[INFO] [stderr]     Checking bytemuck v1.25.0
[INFO] [stderr]     Checking pilota v0.11.10
[INFO] [stderr]     Checking num_enum v0.7.6
[INFO] [stderr]     Checking rayon v1.12.0
[INFO] [stderr]     Checking addr2line v0.25.1
[INFO] [stderr]     Checking sharded-slab v0.1.7
[INFO] [stderr]    Compiling clap_derive v4.6.1
[INFO] [stderr]     Checking aws-smithy-query v0.60.15
[INFO] [stderr]     Checking matchers v0.2.0
[INFO] [stderr]     Checking serde_spanned v0.6.9
[INFO] [stderr]     Checking tracing-serde v0.2.0
[INFO] [stderr]     Checking toml_datetime v0.6.11
[INFO] [stderr]    Compiling curve25519-dalek-derive v0.1.1
[INFO] [stderr]    Compiling typed-builder-macro v0.19.1
[INFO] [stderr]     Checking is-terminal v0.4.17
[INFO] [stderr]     Checking tracing-log v0.2.0
[INFO] [stderr]     Checking nibble_vec v0.1.0
[INFO] [stderr]     Checking thread_local v1.1.9
[INFO] [stderr]     Checking winnow v0.7.15
[INFO] [stderr]     Checking dary_heap v0.3.9
[INFO] [stderr]    Compiling prometheus v0.13.4
[INFO] [stderr]    Compiling virtue v0.0.18
[INFO] [stderr]     Checking signature v2.2.0
[INFO] [stderr]     Checking toml_write v0.1.2
[INFO] [stderr]     Checking option-ext v0.2.0
[INFO] [stderr]     Checking endian-type v0.1.2
[INFO] [stderr]     Checking linked-hash-map v0.5.6
[INFO] [stderr]     Checking rustc-demangle v0.1.28
[INFO] [stderr]     Checking nu-ansi-term v0.50.3
[INFO] [stderr]     Checking adler32 v1.2.0
[INFO] [stderr]     Checking libflate v2.3.0
[INFO] [stderr]     Checking typed-builder v0.19.1
[INFO] [stderr]    Compiling bincode_derive v2.0.1
[INFO] [stderr]     Checking volo-thrift v0.10.8
[INFO] [stderr]     Checking tracing-subscriber v0.3.23
[INFO] [stderr]     Checking clap v4.6.1
[INFO] [stderr]     Checking radix_trie v0.2.1
[INFO] [stderr]     Checking toml_edit v0.22.27
[INFO] [stderr]     Checking dirs-sys v0.4.1
[INFO] [stderr]     Checking ed25519 v2.2.3
[INFO] [stderr]    Compiling sqlx-macros v0.8.6
[INFO] [stderr]     Checking backtrace v0.3.76
[INFO] [stderr]     Checking opentelemetry-proto v0.5.0
[INFO] [stderr]     Checking roaring v0.10.12
[INFO] [stderr]     Checking async-lock v3.4.2
[INFO] [stderr]     Checking axum-core v0.4.5
[INFO] [stderr]    Compiling strum_macros v0.26.4
[INFO] [stderr]     Checking fd-lock v4.0.4
[INFO] [stderr]     Checking sha1 v0.10.6
[INFO] [stderr]     Checking serde_bytes v0.11.19
[INFO] [stderr]     Checking serde_path_to_error v0.1.20
[INFO] [stderr]     Checking num_cpus v1.17.0
[INFO] [stderr]     Checking unty v0.0.4
[INFO] [stderr]     Checking thousands v0.2.0
[INFO] [stderr]     Checking strum v0.26.3
[INFO] [stderr]    Compiling benostreamdb v0.11.1 (/opt/rustwide/workdir)
[INFO] [stderr]     Checking tagptr v0.2.0
[INFO] [stderr]     Checking home v0.5.12
[INFO] [stderr]     Checking rustc-hash v1.1.0
[INFO] [stderr]     Checking opentelemetry-semantic-conventions v0.14.0
[INFO] [stderr]     Checking termcolor v1.4.1
[INFO] [stderr]     Checking mintex v0.1.4
[INFO] [stderr]     Checking dhat v0.3.3
[INFO] [stderr]     Checking env_logger v0.10.2
[INFO] [stderr]     Checking rustyline v17.0.2
[INFO] [stderr]     Checking opentelemetry-otlp v0.15.0
[INFO] [stderr]     Checking moka v0.12.15
[INFO] [stderr]     Checking bincode v2.0.1
[INFO] [stderr]     Checking axum v0.7.9
[INFO] [stderr]     Checking apache-avro v0.17.0
[INFO] [stderr]     Checking benostream-gpu-ann v0.1.0
[INFO] [stderr]     Checking toml v0.8.23
[INFO] [stderr]     Checking ed25519-dalek v2.2.0
[INFO] [stderr]     Checking bzip2 v0.4.4
[INFO] [stderr]     Checking tracing-opentelemetry v0.23.0
[INFO] [stderr]     Checking hive_metastore v0.2.0
[INFO] [stderr]     Checking dirs v5.0.1
[INFO] [stderr]     Checking metrics v0.23.1
[INFO] [stderr]     Checking tower-http v0.5.2
[INFO] [stderr]     Checking quick-xml v0.31.0
[INFO] [stderr]     Checking memmap2 v0.9.11
[INFO] [stderr]     Checking cpu-time v1.0.0
[INFO] [stderr]     Checking murmur3 v0.5.2
[INFO] [stderr]     Checking ciborium-io v0.2.2
[INFO] [stderr]     Checking plotters-backend v0.3.7
[INFO] [stderr]     Checking ciborium-ll v0.2.2
[INFO] [stderr]     Checking plotters-svg v0.3.7
[INFO] [stderr]     Checking itertools v0.10.5
[INFO] [stderr]     Checking wait-timeout v0.2.1
[INFO] [stderr]     Checking quick-error v1.2.3
[INFO] [stderr]     Checking bit-vec v0.8.0
[INFO] [stderr]     Checking cast v0.3.0
[INFO] [stderr]     Checking rusty-fork v0.3.1
[INFO] [stderr]     Checking bit-set v0.8.0
[INFO] [stderr]     Checking plotters v0.3.7
[INFO] [stderr]     Checking ciborium v0.2.2
[INFO] [stderr]     Checking tinytemplate v1.2.1
[INFO] [stderr]     Checking rand_xorshift v0.4.0
[INFO] [stderr]     Checking unarray v0.1.4
[INFO] [stderr]     Checking anes v0.1.6
[INFO] [stderr]     Checking oorandom v11.1.5
[INFO] [stderr]     Checking proptest v1.11.0
[INFO] [stderr]     Checking rand_distr v0.4.3
[INFO] [stderr]     Checking criterion-plot v0.5.0
[INFO] [stderr]     Checking skiplist v1.2.0
[INFO] [stderr]     Checking criterion v0.5.1
[INFO] [stderr] error: failed to run custom build command for `tikv-jemalloc-sys v0.7.1+5.3.1-0-g81034ce1f1373e37dc865038e1bc8eeecf559ce8`
[INFO] [stderr] note: To improve backtraces for build dependencies, set the CARGO_PROFILE_DEV_BUILD_OVERRIDE_DEBUG=true environment variable to enable debug information generation.
[INFO] [stderr] 
[INFO] [stderr] Caused by:
[INFO] [stderr]   process didn't exit successfully: `/opt/rustwide/target/debug/build/tikv-jemalloc-sys/0c9fd7a2c0b853bd/out/build_script_build` (exit status: 101)
[INFO] [stderr]   --- stdout
[INFO] [stderr]   TARGET=x86_64-unknown-linux-gnu
[INFO] [stderr]   HOST=x86_64-unknown-linux-gnu
[INFO] [stderr]   NUM_JOBS=8
[INFO] [stderr]   OUT_DIR="/opt/rustwide/target/debug/build/tikv-jemalloc-sys/49c7a69c9f836428/out"
[INFO] [stderr]   BUILD_DIR="/opt/rustwide/target/debug/build/tikv-jemalloc-sys/49c7a69c9f836428/out/build"
[INFO] [stderr]   SRC_DIR="/opt/rustwide/cargo-home/registry/src/index.crates.io-1949cf8c6b5b557f/tikv-jemalloc-sys-0.7.1+5.3.1-0-g81034ce1f1373e37dc865038e1bc8eeecf559ce8"
[INFO] [stderr]   cargo:rustc-cfg=prefixed
[INFO] [stderr]   cargo:rerun-if-env-changed=X86_64_UNKNOWN_LINUX_GNU_JEMALLOC_OVERRIDE
[INFO] [stderr]   cargo:rerun-if-env-changed=JEMALLOC_OVERRIDE
[INFO] [stderr]   cargo:rerun-if-env-changed=CC_x86_64-unknown-linux-gnu
[INFO] [stderr]   CC_x86_64-unknown-linux-gnu = None
[INFO] [stderr]   cargo:rerun-if-env-changed=CC_x86_64_unknown_linux_gnu
[INFO] [stderr]   CC_x86_64_unknown_linux_gnu = None
[INFO] [stderr]   cargo:rerun-if-env-changed=HOST_CC
[INFO] [stderr]   HOST_CC = None
[INFO] [stderr]   cargo:rerun-if-env-changed=CC
[INFO] [stderr]   CC = None
[INFO] [stderr]   cargo:rerun-if-env-changed=CC_ENABLE_DEBUG_OUTPUT
[INFO] [stderr]   cargo:rerun-if-env-changed=CRATE_CC_NO_DEFAULTS
[INFO] [stderr]   CRATE_CC_NO_DEFAULTS = None
[INFO] [stderr]   cargo:rerun-if-env-changed=CFLAGS
[INFO] [stderr]   CFLAGS = None
[INFO] [stderr]   cargo:rerun-if-env-changed=HOST_CFLAGS
[INFO] [stderr]   HOST_CFLAGS = None
[INFO] [stderr]   cargo:rerun-if-env-changed=CFLAGS_x86_64_unknown_linux_gnu
[INFO] [stderr]   CFLAGS_x86_64_unknown_linux_gnu = None
[INFO] [stderr]   cargo:rerun-if-env-changed=CFLAGS_x86_64-unknown-linux-gnu
[INFO] [stderr]   CFLAGS_x86_64-unknown-linux-gnu = None
[INFO] [stderr]   cargo:rerun-if-env-changed=X86_64_UNKNOWN_LINUX_GNU_LDFLAGS
[INFO] [stderr]   cargo:rerun-if-env-changed=LDFLAGS
[INFO] [stderr]   cargo:rerun-if-env-changed=X86_64_UNKNOWN_LINUX_GNU_CPPFLAGS
[INFO] [stderr]   cargo:rerun-if-env-changed=CPPFLAGS
[INFO] [stderr]   CC="cc"
[INFO] [stderr]   CFLAGS="-O0 -ffunction-sections -fdata-sections -fPIC -m64 -Wall"
[INFO] [stderr]   LDFLAGS=""
[INFO] [stderr]   CPPFLAGS=""
[INFO] [stderr]   JEMALLOC_REPO_DIR="jemalloc"
[INFO] [stderr]   cargo:rerun-if-env-changed=X86_64_UNKNOWN_LINUX_GNU_JEMALLOC_SYS_WITH_MALLOC_CONF
[INFO] [stderr]   cargo:rerun-if-env-changed=JEMALLOC_SYS_WITH_MALLOC_CONF
[INFO] [stderr]   --with-malloc-conf=background_thread:true
[INFO] [stderr]   cargo:rerun-if-env-changed=X86_64_UNKNOWN_LINUX_GNU_JEMALLOC_SYS_WITH_LG_PAGE
[INFO] [stderr]   cargo:rerun-if-env-changed=JEMALLOC_SYS_WITH_LG_PAGE
[INFO] [stderr]   cargo:rerun-if-env-changed=X86_64_UNKNOWN_LINUX_GNU_JEMALLOC_SYS_WITH_LG_HUGEPAGE
[INFO] [stderr]   cargo:rerun-if-env-changed=JEMALLOC_SYS_WITH_LG_HUGEPAGE
[INFO] [stderr]   cargo:rerun-if-env-changed=X86_64_UNKNOWN_LINUX_GNU_JEMALLOC_SYS_WITH_LG_QUANTUM
[INFO] [stderr]   cargo:rerun-if-env-changed=JEMALLOC_SYS_WITH_LG_QUANTUM
[INFO] [stderr]   cargo:rerun-if-env-changed=X86_64_UNKNOWN_LINUX_GNU_JEMALLOC_SYS_WITH_LG_VADDR
[INFO] [stderr]   cargo:rerun-if-env-changed=JEMALLOC_SYS_WITH_LG_VADDR
[INFO] [stderr]   --with-jemalloc-prefix=_rjem_
[INFO] [stderr]   CARGO_FEATURE_STATS not set
[INFO] [stderr]   CARGO_FEATURE_DISABLE_INITIAL_EXEC_TLS set
[INFO] [stderr]   running: cd "/opt/rustwide/target/debug/build/tikv-jemalloc-sys/49c7a69c9f836428/out/build" && CC="cc" CFLAGS="-O0 -ffunction-sections -fdata-sections -fPIC -m64 -Wall" CPPFLAGS="" LDFLAGS="" "sh" "/opt/rustwide/target/debug/build/tikv-jemalloc-sys/49c7a69c9f836428/out/build/configure" "--with-version=5.3.1-0-g81034ce1f1373e37dc865038e1bc8eeecf559ce8" "--disable-cxx" "--enable-doc=no" "--enable-shared=no" "--with-malloc-conf=background_thread:true" "--with-jemalloc-prefix=_rjem_" "--with-private-namespace=_rjem_" "--disable-stats" "--disable-initial-exec-tls" "--host=x86_64-unknown-linux-gnu" "--build=x86_64-unknown-linux-gnu" "--prefix=/opt/rustwide/target/debug/build/tikv-jemalloc-sys/49c7a69c9f836428/out"
[INFO] [stderr]   checking for xsltproc... false
[INFO] [stderr]   checking for x86_64-unknown-linux-gnu-gcc... cc
[INFO] [stderr]   checking whether the C compiler works... yes
[INFO] [stderr]   checking for C compiler default output file name... a.out
[INFO] [stderr]   checking for suffix of executables... 
[INFO] [stderr]   checking whether we are cross compiling... no
[INFO] [stderr]   checking for suffix of object files... o
[INFO] [stderr]   checking whether the compiler supports GNU C... yes
[INFO] [stderr]   checking whether cc accepts -g... yes
[INFO] [stderr]   checking for cc option to enable C11 features... none needed
[INFO] [stderr]   checking whether compiler is cray... no
[INFO] [stderr]   checking whether compiler supports -std=gnu11... yes
[INFO] [stderr]   checking whether compiler supports -Werror=unknown-warning-option... no
[INFO] [stderr]   checking whether compiler supports -Wall... yes
[INFO] [stderr]   checking whether compiler supports -Wextra... yes
[INFO] [stderr]   checking whether compiler supports -Wshorten-64-to-32... no
[INFO] [stderr]   checking whether compiler supports -Wsign-compare... yes
[INFO] [stderr]   checking whether compiler supports -Wundef... yes
[INFO] [stderr]   checking whether compiler supports -Wno-format-zero-length... yes
[INFO] [stderr]   checking whether compiler supports -Wpointer-arith... yes
[INFO] [stderr]   checking whether compiler supports -Wno-missing-braces... yes
[INFO] [stderr]   checking whether compiler supports -Wno-missing-field-initializers... yes
[INFO] [stderr]   checking whether compiler supports -Wno-missing-attributes... yes
[INFO] [stderr]   checking whether compiler supports -pipe... yes
[INFO] [stderr]   checking whether compiler supports -g3... yes
[INFO] [stderr]   checking how to run the C preprocessor... cc -E
[INFO] [stderr]   checking for stdio.h... yes
[INFO] [stderr]   checking for stdlib.h... yes
[INFO] [stderr]   checking for string.h... yes
[INFO] [stderr]   checking for inttypes.h... yes
[INFO] [stderr]   checking for stdint.h... yes
[INFO] [stderr]   checking for strings.h... yes
[INFO] [stderr]   checking for sys/stat.h... yes
[INFO] [stderr]   checking for sys/types.h... yes
[INFO] [stderr]   checking for unistd.h... yes
[INFO] [stderr]   checking whether byte ordering is bigendian... no
[INFO] [stderr]   checking size of void *... 8
[INFO] [stderr]   checking size of int... 4
[INFO] [stderr]   checking size of long... 8
[INFO] [stderr]   checking size of long long... 8
[INFO] [stderr]   checking size of intmax_t... 8
[INFO] [stderr]   checking build system type... x86_64-unknown-linux-gnu
[INFO] [stderr]   checking host system type... x86_64-unknown-linux-gnu
[INFO] [stderr]   checking whether pause instruction is compilable... yes
[INFO] [stderr]   checking number of significant virtual address bits... 48
[INFO] [stderr]   checking rdtscp support... yes
[INFO] [stderr]   checking asm volatile support... yes
[INFO] [stderr]   checking __int128 support... yes
[INFO] [stderr]   checking for x86_64-unknown-linux-gnu-ar... no
[INFO] [stderr]   checking for ar... ar
[INFO] [stderr]   checking for x86_64-unknown-linux-gnu-nm... no
[INFO] [stderr]   checking for nm... nm
[INFO] [stderr]   checking for gawk... no
[INFO] [stderr]   checking for mawk... mawk
[INFO] [stderr]   checking for malloc.h... yes
[INFO] [stderr]   checking whether malloc_usable_size definition can use const argument... no
[INFO] [stderr]   checking for library containing log... -lm
[INFO] [stderr]   checking whether __attribute__ syntax is compilable... yes
[INFO] [stderr]   checking whether compiler supports -fvisibility=hidden... yes
[INFO] [stderr]   checking whether compiler supports -fvisibility=hidden... no
[INFO] [stderr]   checking whether compiler supports -Werror... yes
[INFO] [stderr]   checking whether compiler supports -herror_on_warning... no
[INFO] [stderr]   checking whether tls_model attribute is compilable... yes
[INFO] [stderr]   checking whether compiler supports -Werror... yes
[INFO] [stderr]   checking whether compiler supports -herror_on_warning... no
[INFO] [stderr]   checking whether alloc_size attribute is compilable... yes
[INFO] [stderr]   checking whether compiler supports -Werror... yes
[INFO] [stderr]   checking whether compiler supports -herror_on_warning... no
[INFO] [stderr]   checking whether format(gnu_printf, ...) attribute is compilable... yes
[INFO] [stderr]   checking whether compiler supports -Werror... yes
[INFO] [stderr]   checking whether compiler supports -herror_on_warning... no
[INFO] [stderr]   checking whether format(printf, ...) attribute is compilable... yes
[INFO] [stderr]   checking whether compiler supports -Werror... yes
[INFO] [stderr]   checking whether compiler supports -herror_on_warning... no
[INFO] [stderr]   checking whether format(printf, ...) attribute is compilable... yes
[INFO] [stderr]   checking whether compiler supports -Wimplicit-fallthrough... yes
[INFO] [stderr]   checking whether fallthrough attribute is compilable... yes
[INFO] [stderr]   checking whether compiler supports -Wimplicit-fallthrough... yes
[INFO] [stderr]   checking whether compiler supports -Wimplicit-fallthrough... no
[INFO] [stderr]   checking whether compiler supports -Werror... yes
[INFO] [stderr]   checking whether compiler supports -herror_on_warning... no
[INFO] [stderr]   checking whether cold attribute is compilable... yes
[INFO] [stderr]   checking whether compiler supports -Wdeprecated-declarations... yes
[INFO] [stderr]   checking whether deprecated attribute is compilable... yes
[INFO] [stderr]   checking whether compiler supports -Wdeprecated-declarations... yes
[INFO] [stderr]   checking whether compiler supports -Wdeprecated-declarations... no
[INFO] [stderr]   checking whether vm_make_tag is compilable... no
[INFO] [stderr]   checking for a BSD-compatible install... /usr/bin/install -c
[INFO] [stderr]   checking for x86_64-unknown-linux-gnu-ranlib... no
[INFO] [stderr]   checking for ranlib... ranlib
[INFO] [stderr]   checking for ld... /usr/bin/ld
[INFO] [stderr]   checking for autoconf... /usr/bin/autoconf
[INFO] [stderr]   checking for memalign... yes
[INFO] [stderr]   checking for valloc... yes
[INFO] [stderr]   checking for pvalloc... yes
[INFO] [stderr]   checking for malloc_size... no
[INFO] [stderr]   checking whether compiler supports -O3... yes
[INFO] [stderr]   checking whether compiler supports -O3... no
[INFO] [stderr]   checking whether compiler supports -funroll-loops... yes
[INFO] [stderr]   checking configured backtracing method... N/A
[INFO] [stderr]   checking for sbrk... yes
[INFO] [stderr]   checking whether utrace(2) is compilable... no
[INFO] [stderr]   checking whether utrace(2) with label is compilable... no
[INFO] [stderr]   checking whether a program using __builtin_unreachable is compilable... yes
[INFO] [stderr]   checking whether a program using __builtin_ffsl is compilable... yes
[INFO] [stderr]   checking whether a program using __builtin_popcountl is compilable... yes
[INFO] [stderr]   checking LG_PAGE... 12
[INFO] [stderr]   checking for pthread.h... yes
[INFO] [stderr]   checking for pthread_create in -lpthread... yes
[INFO] [stderr]   checking for dlfcn.h... yes
[INFO] [stderr]   checking for dlsym... yes
[INFO] [stderr]   checking whether pthread_atfork(3) is compilable... yes
[INFO] [stderr]   checking whether pthread_setname_np(3) is compilable... yes
[INFO] [stderr]   checking whether pthread_getname_np(3) is compilable... yes
[INFO] [stderr]   checking whether pthread_set_name_np(3) is compilable... no
[INFO] [stderr]   checking whether pthread_get_name_np(3) is compilable... no
[INFO] [stderr]   checking for library containing clock_gettime... none required
[INFO] [stderr]   checking whether clock_gettime(CLOCK_MONOTONIC_COARSE, ...) is compilable... yes
[INFO] [stderr]   checking whether clock_gettime(CLOCK_MONOTONIC, ...) is compilable... yes
[INFO] [stderr]   checking whether mach_absolute_time() is compilable... no
[INFO] [stderr]   checking whether clock_gettime(CLOCK_REALTIME, ...) is compilable... yes
[INFO] [stderr]   checking whether clock_gettime_nsec_np() is compilable... no
[INFO] [stderr]   checking whether compiler supports -Werror... yes
[INFO] [stderr]   checking whether syscall(2) is compilable... yes
[INFO] [stderr]   checking for secure_getenv... yes
[INFO] [stderr]   checking for sched_getcpu... yes
[INFO] [stderr]   checking for sched_setaffinity... yes
[INFO] [stderr]   checking for pthread_setaffinity_np... yes
[INFO] [stderr]   checking for issetugid... no
[INFO] [stderr]   checking for _malloc_thread_cleanup... no
[INFO] [stderr]   checking for _pthread_mutex_init_calloc_cb... no
[INFO] [stderr]   checking for memcntl... no
[INFO] [stderr]   checking for prctl... yes
[INFO] [stderr]   checking for TLS... yes
[INFO] [stderr]   checking whether C11 atomics is compilable... yes
[INFO] [stderr]   checking whether GCC __atomic atomics is compilable... yes
[INFO] [stderr]   checking whether GCC 8-bit __atomic atomics is compilable... yes
[INFO] [stderr]   checking whether GCC __sync atomics is compilable... yes
[INFO] [stderr]   checking whether GCC 8-bit __sync atomics is compilable... yes
[INFO] [stderr]   checking whether Darwin OSAtomic*() is compilable... no
[INFO] [stderr]   checking whether madvise(2) is compilable... yes
[INFO] [stderr]   checking whether madvise(..., MADV_FREE) is compilable... yes
[INFO] [stderr]   checking whether madvise(..., MADV_DONTNEED) is compilable... yes
[INFO] [stderr]   checking whether madvise(..., MADV_DO[NT]DUMP) is compilable... yes
[INFO] [stderr]   checking whether madvise(..., MADV_[NO]HUGEPAGE) is compilable... yes
[INFO] [stderr]   checking whether madvise(..., MADV_[NO]CORE) is compilable... no
[INFO] [stderr]   checking whether madvise(..., MADV_COLLAPSE) is compilable... yes
[INFO] [stderr]   checking whether process_madvise(2) is compilable... yes
[INFO] [stderr]   checking whether mprotect(2) is compilable... yes
[INFO] [stderr]   checking for __builtin_clz... yes
[INFO] [stderr]   checking whether Darwin os_unfair_lock_*() is compilable... no
[INFO] [stderr]   checking whether glibc malloc hook is compilable... no
[INFO] [stderr]   checking whether glibc memalign hook is compilable... no
[INFO] [stderr]   checking whether pthreads adaptive mutexes is compilable... yes
[INFO] [stderr]   checking whether gettid is compilable... yes
[INFO] [stderr]   checking whether compiler supports -D_GNU_SOURCE... yes
[INFO] [stderr]   checking whether compiler supports -Werror... yes
[INFO] [stderr]   checking whether compiler supports -herror_on_warning... no
[INFO] [stderr]   checking whether strerror_r returns char with gnu source is compilable... yes
[INFO] [stderr]   checking for _Bool... yes
[INFO] [stderr]   checking for stdbool.h that conforms to C99... yes
[INFO] [stderr]   configure: creating ./config.status
[INFO] [stderr]   config.status: creating Makefile
[INFO] [stderr]   config.status: creating jemalloc.pc
[INFO] [stderr]   config.status: creating doc/html.xsl
[INFO] [stderr]   config.status: creating doc/manpages.xsl
[INFO] [stderr]   config.status: creating doc/jemalloc.xml
[INFO] [stderr]   config.status: creating include/jemalloc/jemalloc_macros.h
[INFO] [stderr]   config.status: creating include/jemalloc/jemalloc_protos.h
[INFO] [stderr]   config.status: creating include/jemalloc/jemalloc_typedefs.h
[INFO] [stderr]   config.status: creating include/jemalloc/internal/jemalloc_preamble.h
[INFO] [stderr]   config.status: creating test/test.sh
[INFO] [stderr]   config.status: creating test/include/test/jemalloc_test.h
[INFO] [stderr]   config.status: creating config.stamp
[INFO] [stderr]   config.status: creating bin/jemalloc-config
[INFO] [stderr]   config.status: creating bin/jemalloc.sh
[INFO] [stderr]   config.status: creating bin/jeprof
[INFO] [stderr]   config.status: creating include/jemalloc/jemalloc_defs.h
[INFO] [stderr]   config.status: creating include/jemalloc/internal/jemalloc_internal_defs.h
[INFO] [stderr]   config.status: creating test/include/test/jemalloc_test_defs.h
[INFO] [stderr]   config.status: executing include/jemalloc/internal/public_symbols.txt commands
[INFO] [stderr]   config.status: executing include/jemalloc/internal/private_symbols.awk commands
[INFO] [stderr]   config.status: executing include/jemalloc/internal/private_symbols_jet.awk commands
[INFO] [stderr]   config.status: executing include/jemalloc/internal/public_namespace.h commands
[INFO] [stderr]   config.status: executing include/jemalloc/internal/public_unnamespace.h commands
[INFO] [stderr]   config.status: executing include/jemalloc/jemalloc_protos_jet.h commands
[INFO] [stderr]   config.status: executing include/jemalloc/jemalloc_rename.h commands
[INFO] [stderr]   config.status: executing include/jemalloc/jemalloc_mangle.h commands
[INFO] [stderr]   config.status: executing include/jemalloc/jemalloc_mangle_jet.h commands
[INFO] [stderr]   config.status: executing include/jemalloc/jemalloc.h commands
[INFO] [stderr]   ===============================================================================
[INFO] [stderr]   jemalloc version   : 5.3.1-0-g81034ce1f1373e37dc865038e1bc8eeecf559ce8
[INFO] [stderr]   library revision   : 2
[INFO] [stderr] 
[INFO] [stderr]   CONFIG             : --with-version=5.3.1-0-g81034ce1f1373e37dc865038e1bc8eeecf559ce8 --disable-cxx --enable-doc=no --enable-shared=no --with-malloc-conf=background_thread:true --with-jemalloc-prefix=_rjem_ --with-private-namespace=_rjem_ --disable-stats --disable-initial-exec-tls --host=x86_64-unknown-linux-gnu --build=x86_64-unknown-linux-gnu --prefix=/opt/rustwide/target/debug/build/tikv-jemalloc-sys/49c7a69c9f836428/out build_alias=x86_64-unknown-linux-gnu host_alias=x86_64-unknown-linux-gnu CC=cc 'CFLAGS=-O0 -ffunction-sections -fdata-sections -fPIC -m64 -Wall' LDFLAGS= CPPFLAGS=
[INFO] [stderr]   CC                 : cc
[INFO] [stderr]   CONFIGURE_CFLAGS   : -std=gnu11 -Wall -Wextra -Wsign-compare -Wundef -Wno-format-zero-length -Wpointer-arith -Wno-missing-braces -Wno-missing-field-initializers -Wno-missing-attributes -pipe -g3 -fvisibility=hidden -Wimplicit-fallthrough -Wdeprecated-declarations -O3 -funroll-loops
[INFO] [stderr]   SPECIFIED_CFLAGS   : -O0 -ffunction-sections -fdata-sections -fPIC -m64 -Wall
[INFO] [stderr]   EXTRA_CFLAGS       : 
[INFO] [stderr]   CPPFLAGS           : -D_GNU_SOURCE -D_REENTRANT
[INFO] [stderr]   CXX                : 
[INFO] [stderr]   CONFIGURE_CXXFLAGS : 
[INFO] [stderr]   SPECIFIED_CXXFLAGS : 
[INFO] [stderr]   EXTRA_CXXFLAGS     : 
[INFO] [stderr]   CONFIGURE_LDFLAGS  : 
[INFO] [stderr]   SPECIFIED_LDFLAGS  : 
[INFO] [stderr]   EXTRA_LDFLAGS      : 
[INFO] [stderr]   DSO_LDFLAGS        : -shared -Wl,-soname,$(@F)
[INFO] [stderr]   LIBS               : -lm  -pthread
[INFO] [stderr]   RPATH_EXTRA        : 
[INFO] [stderr] 
[INFO] [stderr]   XSLTPROC           : false
[INFO] [stderr]   XSLROOT            : 
[INFO] [stderr] 
[INFO] [stderr]   PREFIX             : /opt/rustwide/target/debug/build/tikv-jemalloc-sys/49c7a69c9f836428/out
[INFO] [stderr]   BINDIR             : /opt/rustwide/target/debug/build/tikv-jemalloc-sys/49c7a69c9f836428/out/bin
[INFO] [stderr]   DATADIR            : /opt/rustwide/target/debug/build/tikv-jemalloc-sys/49c7a69c9f836428/out/share
[INFO] [stderr]   INCLUDEDIR         : /opt/rustwide/target/debug/build/tikv-jemalloc-sys/49c7a69c9f836428/out/include
[INFO] [stderr]   LIBDIR             : /opt/rustwide/target/debug/build/tikv-jemalloc-sys/49c7a69c9f836428/out/lib
[INFO] [stderr]   MANDIR             : /opt/rustwide/target/debug/build/tikv-jemalloc-sys/49c7a69c9f836428/out/share/man
[INFO] [stderr] 
[INFO] [stderr]   LG_PAGE            : 12
[INFO] [stderr] 
[INFO] [stderr]   srcroot            : 
[INFO] [stderr]   abs_srcroot        : /opt/rustwide/target/debug/build/tikv-jemalloc-sys/49c7a69c9f836428/out/build/
[INFO] [stderr]   objroot            : 
[INFO] [stderr]   abs_objroot        : /opt/rustwide/target/debug/build/tikv-jemalloc-sys/49c7a69c9f836428/out/build/
[INFO] [stderr] 
[INFO] [stderr]   JEMALLOC_PREFIX    : _rjem_
[INFO] [stderr]   JEMALLOC_PRIVATE_NAMESPACE
[INFO] [stderr]                      : _rjem_je_
[INFO] [stderr]   install_suffix     : 
[INFO] [stderr]   malloc_conf        : background_thread:true
[INFO] [stderr]   documentation      : 0
[INFO] [stderr]   shared libs        : 0
[INFO] [stderr]   static libs        : 1
[INFO] [stderr]   autogen            : 0
[INFO] [stderr]   debug              : 0
[INFO] [stderr]   stats              : 0
[INFO] [stderr]   user_config        : 1
[INFO] [stderr]   experimental_smallocx : 0
[INFO] [stderr]   prof               : 0
[INFO] [stderr]   prof-libunwind     : 0
[INFO] [stderr]   prof-frameptr      : 0
[INFO] [stderr]   prof-libgcc        : 0
[INFO] [stderr]   prof-gcc           : 0
[INFO] [stderr]   fill               : 1
[INFO] [stderr]   utrace             : 0
[INFO] [stderr]   xmalloc            : 0
[INFO] [stderr]   log                : 0
[INFO] [stderr]   lazy_lock          : 0
[INFO] [stderr]   cache-oblivious    : 1
[INFO] [stderr]   pageid             : 0
[INFO] [stderr]   cxx                : 0
[INFO] [stderr]   dss                : 1
[INFO] [stderr]   tsan               : 0
[INFO] [stderr]   ubsan              : 0
[INFO] [stderr]   ===============================================================================
[INFO] [stderr]   running: cd "/opt/rustwide/target/debug/build/tikv-jemalloc-sys/49c7a69c9f836428/out/build" && MAKEFLAGS="-j --jobserver-fds=4,5 --jobserver-auth=4,5" "make"
[INFO] [stderr]   cc -std=gnu11 -Wall -Wextra -Wsign-compare -Wundef -Wno-format-zero-length -Wpointer-arith -Wno-missing-braces -Wno-missing-field-initializers -Wno-missing-attributes -pipe -g3 -fvisibility=hidden -Wimplicit-fallthrough -Wdeprecated-declarations -O3 -funroll-loops -O0 -ffunction-sections -fdata-sections -fPIC -m64 -Wall -c -D_GNU_SOURCE -D_REENTRANT -Iinclude -Iinclude -DJEMALLOC_NO_PRIVATE_NAMESPACE -o src/jemalloc.sym.o src/jemalloc.c
[INFO] [stderr]   cc -std=gnu11 -Wall -Wextra -Wsign-compare -Wundef -Wno-format-zero-length -Wpointer-arith -Wno-missing-braces -Wno-missing-field-initializers -Wno-missing-attributes -pipe -g3 -fvisibility=hidden -Wimplicit-fallthrough -Wdeprecated-declarations -O3 -funroll-loops -O0 -ffunction-sections -fdata-sections -fPIC -m64 -Wall -c -D_GNU_SOURCE -D_REENTRANT -Iinclude -Iinclude -DJEMALLOC_NO_PRIVATE_NAMESPACE -o src/arena.sym.o src/arena.c
[INFO] [stderr]   cc -std=gnu11 -Wall -Wextra -Wsign-compare -Wundef -Wno-format-zero-length -Wpointer-arith -Wno-missing-braces -Wno-missing-field-initializers -Wno-missing-attributes -pipe -g3 -fvisibility=hidden -Wimplicit-fallthrough -Wdeprecated-declarations -O3 -funroll-loops -O0 -ffunction-sections -fdata-sections -fPIC -m64 -Wall -c -D_GNU_SOURCE -D_REENTRANT -Iinclude -Iinclude -DJEMALLOC_NO_PRIVATE_NAMESPACE -o src/background_thread.sym.o src/background_thread.c
[INFO] [stderr] 
[INFO] [stderr]   --- stderr
[INFO] [stderr]   Assembler messages:
[INFO] [stderr]   {standard input}:42025: Warning: end of file not at end of a line; newline inserted
[INFO] [stderr]   {standard input}:42789: Error: unknown .loc sub-directive `discri'
[INFO] [stderr]   {standard input}: Error: open CFI at the end of file; missing .cfi_endproc directive
[INFO] [stderr]   cc: fatal error: Killed signal terminated program cc1
[INFO] [stderr]   compilation terminated.
[INFO] [stderr]   make: *** [Makefile:509: src/jemalloc.sym.o] Error 1
[INFO] [stderr]   make: *** Waiting for unfinished jobs....
[INFO] [stderr] 
[INFO] [stderr]   thread 'main' (5795) panicked at /opt/rustwide/cargo-home/registry/src/index.crates.io-1949cf8c6b5b557f/tikv-jemalloc-sys-0.7.1+5.3.1-0-g81034ce1f1373e37dc865038e1bc8eeecf559ce8/build.rs:441:9:
[INFO] [stderr]   command did not execute successfully: cd "/opt/rustwide/target/debug/build/tikv-jemalloc-sys/49c7a69c9f836428/out/build" && MAKEFLAGS="-j --jobserver-fds=4,5 --jobserver-auth=4,5" "make"
[INFO] [stderr]   expected success, got: exit status: 2
[INFO] [stderr]   stack backtrace:
[INFO] [stderr]      0:     0x652c31eea571 - <<std[3164a59e47d3bde]::sys::backtrace::BacktraceLock>::print::DisplayBacktrace as core[934024a1e6126fb4]::fmt::Display>::fmt
[INFO] [stderr]      1:     0x652c31f001aa - core[934024a1e6126fb4]::fmt::write
[INFO] [stderr]      2:     0x652c31ef0c2c - <std[3164a59e47d3bde]::sys::stdio::unix::Stderr as core[934024a1e6126fb4]::io::write::Write>::write_fmt
[INFO] [stderr]      3:     0x652c31ec3306 - std[3164a59e47d3bde]::panicking::default_hook::{closure#0}
[INFO] [stderr]      4:     0x652c31ee14e1 - std[3164a59e47d3bde]::panicking::default_hook
[INFO] [stderr]      5:     0x652c31ee169b - std[3164a59e47d3bde]::panicking::panic_with_hook
[INFO] [stderr]      6:     0x652c31ec33b2 - std[3164a59e47d3bde]::panicking::panic_handler::{closure#0}
[INFO] [stderr]      7:     0x652c31ebbe99 - std[3164a59e47d3bde]::sys::backtrace::__rust_end_short_backtrace::<std[3164a59e47d3bde]::panicking::panic_handler::{closure#0}, !>
[INFO] [stderr]      8:     0x652c31ec409d - __rustc[2e7b49d4226056d3]::rust_begin_unwind
[INFO] [stderr]      9:     0x652c31f0099c - core[934024a1e6126fb4]::panicking::panic_fmt
[INFO] [stderr]     10:     0x652c31e1c61f - build_script_build[7124cb13bf6155b2]::execute::<build_script_build[7124cb13bf6155b2]::run::{closure#0}>
[INFO] [stderr]     11:     0x652c31e1ed9e - build_script_build[7124cb13bf6155b2]::run
[INFO] [stderr]     12:     0x652c31e22832 - build_script_build[7124cb13bf6155b2]::main
[INFO] [stderr]     13:     0x652c31e25253 - <fn() as core[934024a1e6126fb4]::ops::function::FnOnce<()>>::call_once
[INFO] [stderr]     14:     0x652c31e1d6ee - std[3164a59e47d3bde]::sys::backtrace::__rust_begin_short_backtrace::<fn(), ()>
[INFO] [stderr]     15:     0x652c31e1d9c9 - std[3164a59e47d3bde]::rt::lang_start::<()>::{closure#0}
[INFO] [stderr]     16:     0x652c31ee07e8 - std[3164a59e47d3bde]::rt::lang_start_internal
[INFO] [stderr]     17:     0x652c31e1d6e1 - std[3164a59e47d3bde]::rt::lang_start::<()>
[INFO] [stderr]     18:     0x652c31e252d5 - main
[INFO] [stderr]     19:     0x7f79caa7a601 - <unknown>
[INFO] [stderr]     20:     0x7f79caa7a718 - __libc_start_main
[INFO] [stderr]     21:     0x652c31e1b725 - _start
[INFO] [stderr]     22:                0x0 - <unknown>
[INFO] [stderr] warning: build failed, waiting for other jobs to finish...
[INFO] [stderr] error: could not compile `hive_metastore` (lib)
[INFO] [stderr] 
[INFO] [stderr] Caused by:
[INFO] [stderr]   process didn't exit successfully: `/opt/rustwide/rustup-home/toolchains/3154cc1a3e6424e44f438a95007d043ed5ceaaf6/bin/rustc --crate-name hive_metastore --edition=2024 /opt/rustwide/cargo-home/registry/src/index.crates.io-1949cf8c6b5b557f/hive_metastore-0.2.0/src/lib.rs --error-format=json --json=diagnostic-rendered-ansi,artifacts,future-incompat,unused-externs-silent --crate-type lib --emit=dep-info,metadata -C embed-bitcode=no --check-cfg 'cfg(docsrs,test)' --check-cfg 'cfg(feature, values())' -C metadata=d9f8034cd7b159c6 -C extra-filename=-b0ec5ff9ce0c08de --out-dir /opt/rustwide/target/debug/build/hive_metastore/b0ec5ff9ce0c08de/out -C strip=debuginfo -L dependency=/opt/rustwide/target/debug/build/ahash/6f0a2fe8a3b1b253/out -L dependency=/opt/rustwide/target/debug/build/allocator-api2/729e101463a88e58/out -L dependency=/opt/rustwide/target/debug/build/anyhow/43a9e677488b6705/out -L dependency=/opt/rustwide/target/debug/build/async-broadcast/1347c9b2e472f0e2/out -L dependency=/opt/rustwide/target/debug/build/async-recursion/b233560b1e3b391b/out -L dependency=/opt/rustwide/target/debug/build/async-trait/a9bf83ebb67e0372/out -L dependency=/opt/rustwide/target/debug/build/bitflags/57387a9466b9f9a0/out -L dependency=/opt/rustwide/target/debug/build/bumpalo/403eeab264ce7401/out -L dependency=/opt/rustwide/target/debug/build/bytes/990c034b9cd5f59a/out -L dependency=/opt/rustwide/target/debug/build/cfg-if/6bef592bf052a9a1/out -L dependency=/opt/rustwide/target/debug/build/chrono/140711e985de285e/out -L dependency=/opt/rustwide/target/debug/build/concurrent-queue/7c8490b5da8ef7db/out -L dependency=/opt/rustwide/target/debug/build/crossbeam-utils/d455a81a6f67102f/out -L dependency=/opt/rustwide/target/debug/build/dashmap/37b681dc44d4b7e3/out -L dependency=/opt/rustwide/target/debug/build/errno/eb188f1ef0bffd5f/out -L dependency=/opt/rustwide/target/debug/build/event-listener-strategy/b7a1021076aa6851/out -L dependency=/opt/rustwide/target/debug/build/event-listener/f2c996942cb796a2/out -L dependency=/opt/rustwide/target/debug/build/faststr/54e137b2487cc0f5/out -L dependency=/opt/rustwide/target/debug/build/futures-channel/0a443517650bf956/out -L dependency=/opt/rustwide/target/debug/build/futures-core/37b50ac4103d4f89/out -L dependency=/opt/rustwide/target/debug/build/futures-executor/9bf4795213b87d22/out -L dependency=/opt/rustwide/target/debug/build/futures-io/87c7e657223da685/out -L dependency=/opt/rustwide/target/debug/build/futures-macro/d7b512d5e1b32dd7/out -L dependency=/opt/rustwide/target/debug/build/futures-sink/aa728e7d5378fdcb/out -L dependency=/opt/rustwide/target/debug/build/futures-task/088987435a83f915/out -L dependency=/opt/rustwide/target/debug/build/futures-util/565f9e18255cf0dd/out -L dependency=/opt/rustwide/target/debug/build/futures/92ec488c3ecb562d/out -L dependency=/opt/rustwide/target/debug/build/getrandom/07326ed674bfa35d/out -L dependency=/opt/rustwide/target/debug/build/getrandom/7c98cb582f391674/out -L dependency=/opt/rustwide/target/debug/build/hashbrown/85047e2c669b37a0/out -L dependency=/opt/rustwide/target/debug/build/iana-time-zone/893c20f4154ed467/out -L dependency=/opt/rustwide/target/debug/build/integer-encoding/9ca45a98f32a4752/out -L dependency=/opt/rustwide/target/debug/build/itoa/8a38105c9a160224/out -L dependency=/opt/rustwide/target/debug/build/lazy_static/dfd976102ed1f705/out -L dependency=/opt/rustwide/target/debug/build/libc/f2e318c3e5ca41e2/out -L dependency=/opt/rustwide/target/debug/build/libm/b03b913aa9019395/out -L dependency=/opt/rustwide/target/debug/build/linked-hash-map/d9340203fba067c2/out -L dependency=/opt/rustwide/target/debug/build/linkedbytes/d59e87600b135d23/out -L dependency=/opt/rustwide/target/debug/build/lock_api/8a24b8738f4bb949/out -L dependency=/opt/rustwide/target/debug/build/log/e1fb7946fa8ea91a/out -L dependency=/opt/rustwide/target/debug/build/memchr/905ed26c18f116c7/out -L dependency=/opt/rustwide/target/debug/build/memoffset/e12e262107777322/out -L dependency=/opt/rustwide/target/debug/build/metainfo/3be0ab403eeeab3b/out -L dependency=/opt/rustwide/target/debug/build/mio/a5d92d310f9be9d0/out -L dependency=/opt/rustwide/target/debug/build/motore-macros/c3b36939d2d8166a/out -L dependency=/opt/rustwide/target/debug/build/motore/50af7503c2197515/out -L dependency=/opt/rustwide/target/debug/build/mur3/e15a66f13c7cb1f0/out -L dependency=/opt/rustwide/target/debug/build/nix/569f30141b41b53c/out -L dependency=/opt/rustwide/target/debug/build/num-traits/5018b4d1ff3814a4/out -L dependency=/opt/rustwide/target/debug/build/num_enum/6310892778c10ef7/out -L dependency=/opt/rustwide/target/debug/build/num_enum_derive/b1d72f3d78940525/out -L dependency=/opt/rustwide/target/debug/build/once_cell/7304a8652c1d719c/out -L dependency=/opt/rustwide/target/debug/build/ordered-float/10a2f4ba1a4fb088/out -L dependency=/opt/rustwide/target/debug/build/parking/41e340529d0a92d4/out -L dependency=/opt/rustwide/target/debug/build/parking_lot/106b81a6f29b7dec/out -L dependency=/opt/rustwide/target/debug/build/parking_lot_core/f3c967f9f0752474/out -L dependency=/opt/rustwide/target/debug/build/paste/a403115ca1440fc1/out -L dependency=/opt/rustwide/target/debug/build/pilota/ddfa7a2999413f01/out -L dependency=/opt/rustwide/target/debug/build/pin-project-internal/11d49cb0c9aed886/out -L dependency=/opt/rustwide/target/debug/build/pin-project-lite/b24c4a733b818317/out -L dependency=/opt/rustwide/target/debug/build/pin-project/89e57500f03f112f/out -L dependency=/opt/rustwide/target/debug/build/ppv-lite86/4fee775c41a884e4/out -L dependency=/opt/rustwide/target/debug/build/rand/52c1be915f6b3af2/out -L dependency=/opt/rustwide/target/debug/build/rand/d4e757e712ef2e0e/out -L dependency=/opt/rustwide/target/debug/build/rand_chacha/77b16ce0a2ee9053/out -L dependency=/opt/rustwide/target/debug/build/rand_chacha/e8c22c8f3e3ec389/out -L dependency=/opt/rustwide/target/debug/build/rand_core/26467636c4fba8eb/out -L dependency=/opt/rustwide/target/debug/build/rand_core/2be69a9b05224c0e/out -L dependency=/opt/rustwide/target/debug/build/ref-cast-impl/3c4b19ee831cc3dc/out -L dependency=/opt/rustwide/target/debug/build/ref-cast/ade27e7b854595c6/out -L dependency=/opt/rustwide/target/debug/build/rustc-hash/b6826b5c5de94bbf/out -L dependency=/opt/rustwide/target/debug/build/rustversion/1b70ca04437262bb/out -L dependency=/opt/rustwide/target/debug/build/ryu/cee0d08b5d2f76df/out -L dependency=/opt/rustwide/target/debug/build/scopeguard/b972c8cc688d8015/out -L dependency=/opt/rustwide/target/debug/build/serde/011ef3be09c17192/out -L dependency=/opt/rustwide/target/debug/build/serde_core/fc80c7faa9e7ebc5/out -L dependency=/opt/rustwide/target/debug/build/serde_derive/6fcc94eb1c2b7d39/out -L dependency=/opt/rustwide/target/debug/build/signal-hook-registry/1c97f2566ebb911c/out -L dependency=/opt/rustwide/target/debug/build/simdutf8/21998d676d72d736/out -L dependency=/opt/rustwide/target/debug/build/slab/ee620776280567ec/out -L dependency=/opt/rustwide/target/debug/build/smallvec/73330e00b42592ab/out -L dependency=/opt/rustwide/target/debug/build/socket2/680bf0a23f1329c1/out -L dependency=/opt/rustwide/target/debug/build/socket2/7779fc69f659e6b6/out -L dependency=/opt/rustwide/target/debug/build/sonic-number/388449a1b3a87185/out -L dependency=/opt/rustwide/target/debug/build/sonic-rs/6be9ef60a066195f/out -L dependency=/opt/rustwide/target/debug/build/sonic-simd/66ba1b51d692bf25/out -L dependency=/opt/rustwide/target/debug/build/sync_wrapper/875fa190c88df538/out -L dependency=/opt/rustwide/target/debug/build/thiserror-impl/414bb3785b736155/out -L dependency=/opt/rustwide/target/debug/build/thiserror-impl/cdf1806c5c6d5ceb/out -L dependency=/opt/rustwide/target/debug/build/thiserror/765adc0d2bbb4c4d/out -L dependency=/opt/rustwide/target/debug/build/thiserror/8e75f9cf21523cb7/out -L dependency=/opt/rustwide/target/debug/build/tokio-macros/b8ead5d74ed01431/out -L dependency=/opt/rustwide/target/debug/build/tokio-stream/b412f9d81b0b030d/out -L dependency=/opt/rustwide/target/debug/build/tokio/48e827cd0e026f27/out -L dependency=/opt/rustwide/target/debug/build/tower-layer/8cdea50370f008b8/out -L dependency=/opt/rustwide/target/debug/build/tower-service/3b3d64d063ec1e99/out -L dependency=/opt/rustwide/target/debug/build/tower/c8c3d8ad91ed51dc/out -L dependency=/opt/rustwide/target/debug/build/tracing-attributes/34108bc747ba9e96/out -L dependency=/opt/rustwide/target/debug/build/tracing-core/c51a9ee03f4df6ad/out -L dependency=/opt/rustwide/target/debug/build/tracing/f27001d1d442254e/out -L dependency=/opt/rustwide/target/debug/build/volo/52acaa4414130796/out -L dependency=/opt/rustwide/target/debug/build/zerocopy-derive/d3c7b6a79ebf278f/out -L dependency=/opt/rustwide/target/debug/build/zerocopy/74b81c82fa252e4b/out --extern anyhow=/opt/rustwide/target/debug/build/anyhow/43a9e677488b6705/out/libanyhow-43a9e677488b6705.rmeta --extern pilota=/opt/rustwide/target/debug/build/pilota/ddfa7a2999413f01/out/libpilota-ddfa7a2999413f01.rmeta --extern volo=/opt/rustwide/target/debug/build/volo/52acaa4414130796/out/libvolo-52acaa4414130796.rmeta --extern volo_thrift=/opt/rustwide/target/debug/build/volo-thrift/3e08e979f360acb2/out/libvolo_thrift-3e08e979f360acb2.rmeta --cap-lints allow --cap-lints=forbid -Znext-solver=coherence --force-warn=unused_crate_dependencies` (signal: 9, SIGKILL: kill)
[INFO] running `Command { std: "docker" "inspect" "8a69c39184c607db76a376b32e76450be01232ee675a79c152b7a3b618caf962", kill_on_drop: false }`
[INFO] running `Command { std: "docker" "rm" "-f" "8a69c39184c607db76a376b32e76450be01232ee675a79c152b7a3b618caf962", kill_on_drop: false }`
[INFO] [stdout] 8a69c39184c607db76a376b32e76450be01232ee675a79c152b7a3b618caf962
