[INFO] fetching crate beez 0.1.0...
[INFO] checking beez-0.1.0 against 3154cc1a3e6424e44f438a95007d043ed5ceaaf6+rustflags=-Znext-solver=coherence for pr-133502-30
[INFO] extracting crate beez 0.1.0 into /workspace/builds/worker-7-tc1/source
[INFO] started tweaking crates.io crate beez 0.1.0
[INFO] removed 0 missing tests
[INFO] finished tweaking crates.io crate beez 0.1.0
[INFO] tweaked toml for crates.io crate beez 0.1.0 written to /workspace/builds/worker-7-tc1/source/Cargo.toml
[INFO] validating manifest of crates.io crate beez 0.1.0 on toolchain 3154cc1a3e6424e44f438a95007d043ed5ceaaf6
[INFO] running `Command { std: CARGO_HOME="/workspace/cargo-home" RUSTUP_HOME="/workspace/rustup-home" "/workspace/cargo-home/bin/cargo" "+3154cc1a3e6424e44f438a95007d043ed5ceaaf6" "metadata" "--manifest-path" "Cargo.toml" "--no-deps", kill_on_drop: false }`
[INFO] crate crates.io crate beez 0.1.0 already has a lockfile, it will not be regenerated
[INFO] running `Command { std: CARGO_HOME="/workspace/cargo-home" RUSTUP_HOME="/workspace/rustup-home" "/workspace/cargo-home/bin/cargo" "+3154cc1a3e6424e44f438a95007d043ed5ceaaf6" "fetch" "--manifest-path" "Cargo.toml", kill_on_drop: false }`
[INFO] [stderr]     Updating crates.io index
[INFO] [stderr]  Downloading crates ...
[INFO] [stderr]   Downloaded beez-policy v0.1.0
[INFO] [stderr]   Downloaded cron v0.17.0
[INFO] [stderr]   Downloaded landlock v0.4.7
[INFO] [stderr]   Downloaded beez-schedule v0.1.0
[INFO] [stderr]   Downloaded beez-manifest v0.1.0
[INFO] [stderr]   Downloaded serde_ignored v0.1.14
[INFO] [stderr]   Downloaded beez-runner v0.1.0
[INFO] [stderr]   Downloaded beez-core v0.1.0
[INFO] [stderr]   Downloaded beez-process v0.1.0
[INFO] [stderr]   Downloaded beez-record v0.1.0
[INFO] [stderr]   Downloaded beez-sandbox v0.1.0
[INFO] [stderr]   Downloaded beez-daemon v0.1.0
[INFO] [stderr]   Downloaded noyalib v0.0.28
[INFO] running `Command { std: "docker" "create" "-v" "/var/lib/crater-agent-workspace/builds/worker-7-tc1/source:/opt/rustwide/workdir:ro,Z" "-v" "/var/lib/crater-agent-workspace/builds/worker-7-tc1/target:/opt/rustwide/target:rw,Z" "-v" "/var/lib/crater-agent-workspace/cargo-home:/opt/rustwide/cargo-home:ro,Z" "-v" "/var/lib/crater-agent-workspace/rustup-home:/opt/rustwide/rustup-home:ro,Z" "-m" "1610612736" "--network" "none" "ghcr.io/rust-lang/crates-build-env/linux@sha256:77db811e55d90add9212f6832c23229e3de5f1c1f9905e8cb07319ea15df73ac" "sleep" "infinity", kill_on_drop: false }`
[INFO] [stdout] 6f93d9e4a1cc8bc072259f7eef0e9b308ee0f9e480db47797ae8ace3bd6b2a7c
[INFO] running `Command { std: "docker" "start" "6f93d9e4a1cc8bc072259f7eef0e9b308ee0f9e480db47797ae8ace3bd6b2a7c", kill_on_drop: false }`
[INFO] running `Command { std: "docker" "inspect" "6f93d9e4a1cc8bc072259f7eef0e9b308ee0f9e480db47797ae8ace3bd6b2a7c", kill_on_drop: false }`
[INFO] running `Command { std: "docker" "exec" "-e" "SOURCE_DIR=/opt/rustwide/workdir" "-e" "CARGO_HOME=/opt/rustwide/cargo-home" "-e" "RUSTUP_HOME=/opt/rustwide/rustup-home" "-e" "CARGO_TARGET_DIR=/opt/rustwide/target" "-w" "/opt/rustwide/workdir" "--user" "0:0" "6f93d9e4a1cc8bc072259f7eef0e9b308ee0f9e480db47797ae8ace3bd6b2a7c" "/opt/rustwide/cargo-home/bin/cargo" "+3154cc1a3e6424e44f438a95007d043ed5ceaaf6" "metadata" "--no-deps" "--format-version=1", kill_on_drop: false }`
[INFO] running `Command { std: "docker" "inspect" "6f93d9e4a1cc8bc072259f7eef0e9b308ee0f9e480db47797ae8ace3bd6b2a7c", kill_on_drop: false }`
[INFO] running `Command { std: "docker" "exec" "-e" "SOURCE_DIR=/opt/rustwide/workdir" "-e" "CARGO_HOME=/opt/rustwide/cargo-home" "-e" "RUSTUP_HOME=/opt/rustwide/rustup-home" "-e" "CARGO_TARGET_DIR=/opt/rustwide/target" "-e" "CARGO_INCREMENTAL=0" "-e" "RUST_BACKTRACE=full" "-e" "RUSTFLAGS=--cap-lints=forbid -Znext-solver=coherence" "-e" "RUSTDOCFLAGS=--cap-lints=forbid" "-w" "/opt/rustwide/workdir" "--user" "0:0" "6f93d9e4a1cc8bc072259f7eef0e9b308ee0f9e480db47797ae8ace3bd6b2a7c" "/opt/rustwide/cargo-home/bin/cargo" "+3154cc1a3e6424e44f438a95007d043ed5ceaaf6" "check" "--frozen" "--all" "--all-targets" "--message-format=json", kill_on_drop: false }`
[INFO] [stderr]    Compiling syn v2.0.119
[INFO] [stderr]    Compiling rand_core v0.6.4
[INFO] [stderr]     Checking beez-policy v0.1.0
[INFO] [stderr]     Checking siphasher v1.0.3
[INFO] [stderr]     Checking colorchoice v1.0.5
[INFO] [stderr]     Checking anstyle v1.0.14
[INFO] [stderr]    Compiling phf_shared v0.11.3
[INFO] [stderr]    Compiling thiserror-impl v2.0.20
[INFO] [stderr]     Checking anstyle-parse v1.0.0
[INFO] [stderr]     Checking anstyle-query v1.1.5
[INFO] [stderr]     Checking is_terminal_polyfill v1.70.2
[INFO] [stderr]    Compiling libm v0.2.16
[INFO] [stderr]    Compiling serde_derive v1.0.229
[INFO] [stderr]    Compiling noyalib v0.0.28
[INFO] [stderr]     Checking winnow v0.7.15
[INFO] [stderr]     Checking indexmap v2.14.0
[INFO] [stderr]     Checking serde_json v1.0.151
[INFO] [stderr]     Checking serde_ignored v0.1.14
[INFO] [stderr]    Compiling portable-atomic v1.15.0
[INFO] [stderr]    Compiling rand v0.8.8
[INFO] [stderr]     Checking rustc-hash v2.1.3
[INFO] [stderr]    Compiling signal-hook v0.4.4
[INFO] [stderr]     Checking smallvec v1.15.2
[INFO] [stderr]     Checking clap_lex v1.1.0
[INFO] [stderr]     Checking anstream v1.0.0
[INFO] [stderr]    Compiling clap_derive v4.6.4
[INFO] [stderr]     Checking console v0.16.4
[INFO] [stderr]     Checking beez-core v0.1.0
[INFO] [stderr]     Checking unit-prefix v0.5.2
[INFO] [stderr]     Checking clap_builder v4.6.6
[INFO] [stderr]     Checking thiserror v2.0.20
[INFO] [stderr]    Compiling phf_generator v0.11.3
[INFO] [stderr]     Checking indicatif v0.18.6
[INFO] [stderr]     Checking clap v4.6.6
[INFO] [stderr]     Checking serde v1.0.229
[INFO] [stderr]    Compiling enumflags2_derive v0.7.12
[INFO] [stderr]    Compiling phf_macros v0.11.3
[INFO] [stderr]     Checking enumflags2 v0.7.12
[INFO] [stderr]     Checking landlock v0.4.7
[INFO] [stderr]     Checking phf v0.11.3
[INFO] [stderr]     Checking cron v0.17.0
[INFO] [stderr]     Checking beez-sandbox v0.1.0
[INFO] [stderr]     Checking beez-process v0.1.0
[INFO] [stderr]     Checking beez-runner v0.1.0
[INFO] [stderr]     Checking beez-schedule v0.1.0
[INFO] [stderr]     Checking beez-record v0.1.0
[INFO] [stderr]     Checking beez-manifest v0.1.0
[INFO] [stderr]     Checking beez-daemon v0.1.0
[INFO] [stderr]     Checking beez v0.1.0 (/opt/rustwide/workdir)
[INFO] [stdout] error[E0432]: unresolved import `beez_test_support`
[INFO] [stdout]  --> tests/headless.rs:9:5
[INFO] [stdout]   |
[INFO] [stdout] 9 | use beez_test_support::{TemporaryDirectory, extended_path, fake_harness};
[INFO] [stdout]   |     ^^^^^^^^^^^^^^^^^ use of unresolved module or unlinked crate `beez_test_support`
[INFO] [stdout]   |
[INFO] [stdout]   = help: if you wanted to use a crate named `beez_test_support`, use `cargo add beez_test_support` to add it to your `Cargo.toml`
[INFO] [stdout] 
[INFO] [stdout] 
[INFO] [stdout] error[E0432]: unresolved import `beez_test_support`
[INFO] [stdout]   --> tests/logs.rs:10:5
[INFO] [stdout]    |
[INFO] [stdout] 10 | use beez_test_support::TemporaryDirectory;
[INFO] [stdout]    |     ^^^^^^^^^^^^^^^^^ use of unresolved module or unlinked crate `beez_test_support`
[INFO] [stdout]    |
[INFO] [stdout]    = help: if you wanted to use a crate named `beez_test_support`, use `cargo add beez_test_support` to add it to your `Cargo.toml`
[INFO] [stdout] 
[INFO] [stdout] 
[INFO] [stdout] error[E0432]: unresolved import `beez_test_support`
[INFO] [stdout]   --> tests/daemon.rs:12:5
[INFO] [stdout]    |
[INFO] [stdout] 12 | use beez_test_support::TemporaryDirectory;
[INFO] [stdout]    |     ^^^^^^^^^^^^^^^^^ use of unresolved module or unlinked crate `beez_test_support`
[INFO] [stdout]    |
[INFO] [stdout]    = help: if you wanted to use a crate named `beez_test_support`, use `cargo add beez_test_support` to add it to your `Cargo.toml`
[INFO] [stdout] 
[INFO] [stdout] 
[INFO] [stdout] error[E0433]: cannot find module or crate `beez_test_support` in this scope
[INFO] [stdout]    --> tests/logs.rs:293:5
[INFO] [stdout]     |
[INFO] [stdout] 293 |     beez_test_support::fake_harness(&directory, "pi", 0).unwrap();
[INFO] [stdout]     |     ^^^^^^^^^^^^^^^^^ use of unresolved module or unlinked crate `beez_test_support`
[INFO] [stdout]     |
[INFO] [stdout]     = help: if you wanted to use a crate named `beez_test_support`, use `cargo add beez_test_support` to add it to your `Cargo.toml`
[INFO] [stdout] 
[INFO] [stdout] 
[INFO] [stdout] error[E0433]: cannot find module or crate `beez_test_support` in this scope
[INFO] [stdout]    --> tests/logs.rs:297:22
[INFO] [stdout]     |
[INFO] [stdout] 297 |         .env("PATH", beez_test_support::extended_path(directory.path()))
[INFO] [stdout]     |                      ^^^^^^^^^^^^^^^^^ use of unresolved module or unlinked crate `beez_test_support`
[INFO] [stdout]     |
[INFO] [stdout]     = help: if you wanted to use a crate named `beez_test_support`, use `cargo add beez_test_support` to add it to your `Cargo.toml`
[INFO] [stdout] 
[INFO] [stdout] 
[INFO] [stdout] error[E0432]: unresolved import `beez_test_support`
[INFO] [stdout]   --> tests/sandbox.rs:16:5
[INFO] [stdout]    |
[INFO] [stdout] 16 | use beez_test_support::{
[INFO] [stdout]    |     ^^^^^^^^^^^^^^^^^ use of unresolved module or unlinked crate `beez_test_support`
[INFO] [stdout]    |
[INFO] [stdout]    = help: if you wanted to use a crate named `beez_test_support`, use `cargo add beez_test_support` to add it to your `Cargo.toml`
[INFO] [stdout] 
[INFO] [stdout] 
[INFO] [stdout] Some errors have detailed explanations: E0432, E0433.
[INFO] [stdout] 
[INFO] [stdout] For more information about an error, try `rustc --explain E0432`.
[INFO] [stdout] 
[INFO] [stdout] For more information about this error, try `rustc --explain E0432`.
[INFO] [stdout] 
[INFO] [stderr] error: could not compile `beez` (test "logs") due to 3 previous errors
[INFO] [stderr] warning: build failed, waiting for other jobs to finish...
[INFO] [stderr] error: could not compile `beez` (test "daemon") due to 1 previous error
[INFO] [stdout] For more information about this error, try `rustc --explain E0432`.
[INFO] [stdout] 
[INFO] [stderr] error: could not compile `beez` (test "headless") due to 1 previous error
[INFO] [stdout] For more information about this error, try `rustc --explain E0432`.
[INFO] [stdout] 
[INFO] [stderr] error: could not compile `beez` (test "sandbox") due to 1 previous error
[INFO] running `Command { std: "docker" "inspect" "6f93d9e4a1cc8bc072259f7eef0e9b308ee0f9e480db47797ae8ace3bd6b2a7c", kill_on_drop: false }`
[INFO] running `Command { std: "docker" "rm" "-f" "6f93d9e4a1cc8bc072259f7eef0e9b308ee0f9e480db47797ae8ace3bd6b2a7c", kill_on_drop: false }`
[INFO] [stdout] 6f93d9e4a1cc8bc072259f7eef0e9b308ee0f9e480db47797ae8ace3bd6b2a7c
