[INFO] fetching crate beez-sandbox 0.1.0...
[INFO] checking beez-sandbox-0.1.0 against 3154cc1a3e6424e44f438a95007d043ed5ceaaf6+rustflags=-Znext-solver=coherence for pr-133502-30
[INFO] extracting crate beez-sandbox 0.1.0 into /workspace/builds/worker-3-tc1/source
[INFO] started tweaking crates.io crate beez-sandbox 0.1.0
[INFO] removed 0 missing tests
[INFO] finished tweaking crates.io crate beez-sandbox 0.1.0
[INFO] tweaked toml for crates.io crate beez-sandbox 0.1.0 written to /workspace/builds/worker-3-tc1/source/Cargo.toml
[INFO] validating manifest of crates.io crate beez-sandbox 0.1.0 on toolchain 3154cc1a3e6424e44f438a95007d043ed5ceaaf6
[INFO] running `Command { std: CARGO_HOME="/workspace/cargo-home" RUSTUP_HOME="/workspace/rustup-home" "/workspace/cargo-home/bin/cargo" "+3154cc1a3e6424e44f438a95007d043ed5ceaaf6" "metadata" "--manifest-path" "Cargo.toml" "--no-deps", kill_on_drop: false }`
[INFO] crate crates.io crate beez-sandbox 0.1.0 already has a lockfile, it will not be regenerated
[INFO] running `Command { std: CARGO_HOME="/workspace/cargo-home" RUSTUP_HOME="/workspace/rustup-home" "/workspace/cargo-home/bin/cargo" "+3154cc1a3e6424e44f438a95007d043ed5ceaaf6" "fetch" "--manifest-path" "Cargo.toml", kill_on_drop: false }`
[INFO] [stderr]     Updating crates.io index
[INFO] [stderr]  Downloading crates ...
[INFO] [stderr]   Downloaded beez-policy v0.1.0
[INFO] running `Command { std: "docker" "create" "-v" "/var/lib/crater-agent-workspace/builds/worker-3-tc1/source:/opt/rustwide/workdir:ro,Z" "-v" "/var/lib/crater-agent-workspace/builds/worker-3-tc1/target:/opt/rustwide/target:rw,Z" "-v" "/var/lib/crater-agent-workspace/cargo-home:/opt/rustwide/cargo-home:ro,Z" "-v" "/var/lib/crater-agent-workspace/rustup-home:/opt/rustwide/rustup-home:ro,Z" "-m" "1610612736" "--network" "none" "ghcr.io/rust-lang/crates-build-env/linux@sha256:77db811e55d90add9212f6832c23229e3de5f1c1f9905e8cb07319ea15df73ac" "sleep" "infinity", kill_on_drop: false }`
[INFO] [stdout] 5248fb85d8c46ca1efa43a59d478871b0e767900b4be6795f68136051cfbbd63
[INFO] running `Command { std: "docker" "start" "5248fb85d8c46ca1efa43a59d478871b0e767900b4be6795f68136051cfbbd63", kill_on_drop: false }`
[INFO] running `Command { std: "docker" "inspect" "5248fb85d8c46ca1efa43a59d478871b0e767900b4be6795f68136051cfbbd63", kill_on_drop: false }`
[INFO] running `Command { std: "docker" "exec" "-e" "SOURCE_DIR=/opt/rustwide/workdir" "-e" "CARGO_HOME=/opt/rustwide/cargo-home" "-e" "RUSTUP_HOME=/opt/rustwide/rustup-home" "-e" "CARGO_TARGET_DIR=/opt/rustwide/target" "-w" "/opt/rustwide/workdir" "--user" "0:0" "5248fb85d8c46ca1efa43a59d478871b0e767900b4be6795f68136051cfbbd63" "/opt/rustwide/cargo-home/bin/cargo" "+3154cc1a3e6424e44f438a95007d043ed5ceaaf6" "metadata" "--no-deps" "--format-version=1", kill_on_drop: false }`
[INFO] running `Command { std: "docker" "inspect" "5248fb85d8c46ca1efa43a59d478871b0e767900b4be6795f68136051cfbbd63", kill_on_drop: false }`
[INFO] running `Command { std: "docker" "exec" "-e" "SOURCE_DIR=/opt/rustwide/workdir" "-e" "CARGO_HOME=/opt/rustwide/cargo-home" "-e" "RUSTUP_HOME=/opt/rustwide/rustup-home" "-e" "CARGO_TARGET_DIR=/opt/rustwide/target" "-e" "CARGO_INCREMENTAL=0" "-e" "RUST_BACKTRACE=full" "-e" "RUSTFLAGS=--cap-lints=forbid -Znext-solver=coherence" "-e" "RUSTDOCFLAGS=--cap-lints=forbid" "-w" "/opt/rustwide/workdir" "--user" "0:0" "5248fb85d8c46ca1efa43a59d478871b0e767900b4be6795f68136051cfbbd63" "/opt/rustwide/cargo-home/bin/cargo" "+3154cc1a3e6424e44f438a95007d043ed5ceaaf6" "check" "--frozen" "--all" "--all-targets" "--message-format=json", kill_on_drop: false }`
[INFO] [stderr]     Checking beez-policy v0.1.0
[INFO] [stderr]    Compiling syn v2.0.119
[INFO] [stderr]    Compiling thiserror-impl v2.0.20
[INFO] [stderr]     Checking thiserror v2.0.20
[INFO] [stderr]    Compiling enumflags2_derive v0.7.12
[INFO] [stderr]     Checking enumflags2 v0.7.12
[INFO] [stderr]     Checking landlock v0.4.7
[INFO] [stderr]     Checking beez-sandbox v0.1.0 (/opt/rustwide/workdir)
[INFO] [stdout] error[E0432]: unresolved import `beez_test_support`
[INFO] [stdout]    --> src/bubblewrap.rs:373:9
[INFO] [stdout]     |
[INFO] [stdout] 373 |     use beez_test_support::{TemporaryDirectory, text};
[INFO] [stdout]     |         ^^^^^^^^^^^^^^^^^ use of unresolved module or unlinked crate `beez_test_support`
[INFO] [stdout]     |
[INFO] [stdout]     = help: if you wanted to use a crate named `beez_test_support`, use `cargo add beez_test_support` to add it to your `Cargo.toml`
[INFO] [stdout] 
[INFO] [stdout] 
[INFO] [stdout] error[E0432]: unresolved import `beez_test_support`
[INFO] [stdout]    --> src/init.rs:161:9
[INFO] [stdout]     |
[INFO] [stdout] 161 |     use beez_test_support::TemporaryDirectory;
[INFO] [stdout]     |         ^^^^^^^^^^^^^^^^^ use of unresolved module or unlinked crate `beez_test_support`
[INFO] [stdout]     |
[INFO] [stdout]     = help: if you wanted to use a crate named `beez_test_support`, use `cargo add beez_test_support` to add it to your `Cargo.toml`
[INFO] [stdout] 
[INFO] [stdout] 
[INFO] [stdout] error[E0432]: unresolved import `beez_test_support`
[INFO] [stdout]    --> src/resolve.rs:383:9
[INFO] [stdout]     |
[INFO] [stdout] 383 |     use beez_test_support::{TemporaryDirectory, text};
[INFO] [stdout]     |         ^^^^^^^^^^^^^^^^^ use of unresolved module or unlinked crate `beez_test_support`
[INFO] [stdout]     |
[INFO] [stdout]     = help: if you wanted to use a crate named `beez_test_support`, use `cargo add beez_test_support` to add it to your `Cargo.toml`
[INFO] [stdout] 
[INFO] [stdout] 
[INFO] [stdout] error[E0432]: unresolved import `beez_test_support`
[INFO] [stdout]   --> tests/proxy.rs:10:5
[INFO] [stdout]    |
[INFO] [stdout] 10 | use beez_test_support::{assert_never_reached, loopback_listener, unused_origin};
[INFO] [stdout]    |     ^^^^^^^^^^^^^^^^^ use of unresolved module or unlinked crate `beez_test_support`
[INFO] [stdout]    |
[INFO] [stdout]    = help: if you wanted to use a crate named `beez_test_support`, use `cargo add beez_test_support` to add it to your `Cargo.toml`
[INFO] [stdout] 
[INFO] [stdout] 
[INFO] [stdout] For more information about this error, try `rustc --explain E0432`.
[INFO] [stdout] 
[INFO] [stderr] error: could not compile `beez-sandbox` (lib test) due to 3 previous errors
[INFO] [stderr] warning: build failed, waiting for other jobs to finish...
[INFO] [stdout] For more information about this error, try `rustc --explain E0432`.
[INFO] [stdout] 
[INFO] [stderr] error: could not compile `beez-sandbox` (test "proxy") due to 1 previous error
[INFO] running `Command { std: "docker" "inspect" "5248fb85d8c46ca1efa43a59d478871b0e767900b4be6795f68136051cfbbd63", kill_on_drop: false }`
[INFO] running `Command { std: "docker" "rm" "-f" "5248fb85d8c46ca1efa43a59d478871b0e767900b4be6795f68136051cfbbd63", kill_on_drop: false }`
[INFO] [stdout] 5248fb85d8c46ca1efa43a59d478871b0e767900b4be6795f68136051cfbbd63
