[INFO] fetching crate bcmr 0.7.0-rc.3...
[INFO] checking bcmr-0.7.0-rc.3 against 3154cc1a3e6424e44f438a95007d043ed5ceaaf6+rustflags=-Znext-solver=coherence for pr-133502-30
[INFO] extracting crate bcmr 0.7.0-rc.3 into /workspace/builds/worker-1-tc1/source
[INFO] started tweaking crates.io crate bcmr 0.7.0-rc.3
[INFO] removed 0 missing examples
[INFO] removed 0 missing tests
[INFO] finished tweaking crates.io crate bcmr 0.7.0-rc.3
[INFO] tweaked toml for crates.io crate bcmr 0.7.0-rc.3 written to /workspace/builds/worker-1-tc1/source/Cargo.toml
[INFO] validating manifest of crates.io crate bcmr 0.7.0-rc.3 on toolchain 3154cc1a3e6424e44f438a95007d043ed5ceaaf6
[INFO] running `Command { std: CARGO_HOME="/workspace/cargo-home" RUSTUP_HOME="/workspace/rustup-home" "/workspace/cargo-home/bin/cargo" "+3154cc1a3e6424e44f438a95007d043ed5ceaaf6" "metadata" "--manifest-path" "Cargo.toml" "--no-deps", kill_on_drop: false }`
[INFO] crate crates.io crate bcmr 0.7.0-rc.3 already has a lockfile, it will not be regenerated
[INFO] running `Command { std: CARGO_HOME="/workspace/cargo-home" RUSTUP_HOME="/workspace/rustup-home" "/workspace/cargo-home/bin/cargo" "+3154cc1a3e6424e44f438a95007d043ed5ceaaf6" "fetch" "--manifest-path" "Cargo.toml", kill_on_drop: false }`
[INFO] [stderr]     Updating crates.io index
[INFO] [stderr]  Downloading crates ...
[INFO] [stderr]   Downloaded zstd v0.13.3
[INFO] [stderr]   Downloaded wasm-bindgen-macro v0.2.121
[INFO] [stderr]   Downloaded wasm-bindgen-shared v0.2.121
[INFO] [stderr]   Downloaded wasm-bindgen v0.2.121
[INFO] [stderr]   Downloaded jobserver v0.1.34
[INFO] [stderr]   Downloaded xattr v1.6.1
[INFO] [stderr]   Downloaded utf8-zero v0.8.1
[INFO] [stderr]   Downloaded terminal_size v0.4.4
[INFO] [stderr]   Downloaded zipsign-api v0.2.1
[INFO] [stderr]   Downloaded socks v0.3.4
[INFO] [stderr]   Downloaded zstd-safe v7.2.4
[INFO] [stderr]   Downloaded signal-hook v0.4.4
[INFO] [stderr]   Downloaded wasm-bindgen-macro-support v0.2.121
[INFO] [stderr]   Downloaded ureq-proto v0.6.0
[INFO] [stderr]   Downloaded filetime v0.2.28
[INFO] [stderr]   Downloaded wasm-bindgen-futures v0.4.71
[INFO] [stderr]   Downloaded typed-path v0.12.3
[INFO] [stderr]   Downloaded self-replace v1.5.0
[INFO] [stderr]   Downloaded js-sys v0.3.98
[INFO] [stderr]   Downloaded hybrid-array v0.4.13
[INFO] [stderr]   Downloaded rustls-platform-verifier-android v0.1.1
[INFO] [stderr]   Downloaded rustls-platform-verifier v0.7.0
[INFO] [stderr]   Downloaded rustls-native-certs v0.8.3
[INFO] [stderr]   Downloaded zip v8.6.0
[INFO] [stderr]   Downloaded ureq v3.3.0
[INFO] [stderr]   Downloaded tar v0.4.45
[INFO] [stderr]   Downloaded zlib-rs v0.6.6
[INFO] [stderr]   Downloaded webpki-root-certs v1.0.7
[INFO] [stderr]   Downloaded aws-lc-rs v1.16.3
[INFO] [stderr]   Downloaded reqwest v0.13.3
[INFO] [stderr]   Downloaded tower-http v0.6.10
[INFO] [stderr]   Downloaded self_update v1.0.0-rc.6
[INFO] [stderr]   Downloaded simd_cesu8 v1.1.1
[INFO] [stderr]   Downloaded quinn-proto v0.11.15
[INFO] [stderr]   Downloaded unit-prefix v0.5.2
[INFO] [stderr]   Downloaded h2 v0.4.14
[INFO] [stderr]   Downloaded zstd-sys v2.0.16+zstd.1.5.7
[INFO] [stderr]   Downloaded web-sys v0.3.98
[INFO] [stderr]   Downloaded indicatif v0.18.6
[INFO] [stderr]   Downloaded console v0.16.4
[INFO] [stderr]   Downloaded reflink-copy v0.1.29
[INFO] [stderr]   Downloaded rand_xorshift v0.4.0
[INFO] [stderr]   Downloaded unarray v0.1.4
[INFO] [stderr]   Downloaded rusty-fork v0.3.1
[INFO] [stderr]   Downloaded proptest v1.11.0
[INFO] [stderr]   Downloaded quick-error v1.2.3
[INFO] [stderr]   Downloaded lz4_flex v0.13.1
[INFO] [stderr]   Downloaded signal-hook-mio v0.2.5
[INFO] [stderr]   Downloaded signal-hook v0.3.18
[INFO] [stderr]   Downloaded yaml-rust2 v0.10.4
[INFO] [stderr]   Downloaded config v0.15.22
[INFO] [stderr]   Downloaded aws-lc-sys v0.40.0
[INFO] [stderr]   Downloaded clap_complete v4.6.4
[INFO] running `Command { std: "docker" "create" "-v" "/var/lib/crater-agent-workspace/builds/worker-1-tc1/source:/opt/rustwide/workdir:ro,Z" "-v" "/var/lib/crater-agent-workspace/builds/worker-1-tc1/target:/opt/rustwide/target:rw,Z" "-v" "/var/lib/crater-agent-workspace/cargo-home:/opt/rustwide/cargo-home:ro,Z" "-v" "/var/lib/crater-agent-workspace/rustup-home:/opt/rustwide/rustup-home:ro,Z" "-m" "1610612736" "--network" "none" "ghcr.io/rust-lang/crates-build-env/linux@sha256:77db811e55d90add9212f6832c23229e3de5f1c1f9905e8cb07319ea15df73ac" "sleep" "infinity", kill_on_drop: false }`
[INFO] [stdout] 9085bcff59df0608b69ef637e25c878bd402e92b1d6277e52e17ca3dd2358111
[INFO] running `Command { std: "docker" "start" "9085bcff59df0608b69ef637e25c878bd402e92b1d6277e52e17ca3dd2358111", kill_on_drop: false }`
[INFO] running `Command { std: "docker" "inspect" "9085bcff59df0608b69ef637e25c878bd402e92b1d6277e52e17ca3dd2358111", kill_on_drop: false }`
[INFO] running `Command { std: "docker" "exec" "-e" "SOURCE_DIR=/opt/rustwide/workdir" "-e" "CARGO_HOME=/opt/rustwide/cargo-home" "-e" "RUSTUP_HOME=/opt/rustwide/rustup-home" "-e" "CARGO_TARGET_DIR=/opt/rustwide/target" "-w" "/opt/rustwide/workdir" "--user" "0:0" "9085bcff59df0608b69ef637e25c878bd402e92b1d6277e52e17ca3dd2358111" "/opt/rustwide/cargo-home/bin/cargo" "+3154cc1a3e6424e44f438a95007d043ed5ceaaf6" "metadata" "--no-deps" "--format-version=1", kill_on_drop: false }`
[INFO] running `Command { std: "docker" "inspect" "9085bcff59df0608b69ef637e25c878bd402e92b1d6277e52e17ca3dd2358111", kill_on_drop: false }`
[INFO] running `Command { std: "docker" "exec" "-e" "SOURCE_DIR=/opt/rustwide/workdir" "-e" "CARGO_HOME=/opt/rustwide/cargo-home" "-e" "RUSTUP_HOME=/opt/rustwide/rustup-home" "-e" "CARGO_TARGET_DIR=/opt/rustwide/target" "-e" "CARGO_INCREMENTAL=0" "-e" "RUST_BACKTRACE=full" "-e" "RUSTFLAGS=--cap-lints=forbid -Znext-solver=coherence" "-e" "RUSTDOCFLAGS=--cap-lints=forbid" "-w" "/opt/rustwide/workdir" "--user" "0:0" "9085bcff59df0608b69ef637e25c878bd402e92b1d6277e52e17ca3dd2358111" "/opt/rustwide/cargo-home/bin/cargo" "+3154cc1a3e6424e44f438a95007d043ed5ceaaf6" "check" "--frozen" "--all" "--all-targets" "--message-format=json", kill_on_drop: false }`
[INFO] [stderr]    Compiling libc v0.2.186
[INFO] [stderr]    Compiling proc-macro2 v1.0.106
[INFO] [stderr]    Compiling quote v1.0.45
[INFO] [stderr]    Compiling unicode-ident v1.0.24
[INFO] [stderr]     Checking cfg-if v1.0.4
[INFO] [stderr]    Compiling find-msvc-tools v0.1.9
[INFO] [stderr]    Compiling shlex v1.3.0
[INFO] [stderr]     Checking log v0.4.29
[INFO] [stderr]     Checking pin-project-lite v0.2.17
[INFO] [stderr]     Checking stable_deref_trait v1.2.1
[INFO] [stderr]     Checking once_cell v1.21.4
[INFO] [stderr]     Checking futures-core v0.3.32
[INFO] [stderr]     Checking bytes v1.11.1
[INFO] [stderr]    Compiling serde_core v1.0.228
[INFO] [stderr]     Checking memchr v2.8.0
[INFO] [stderr]     Checking smallvec v1.15.1
[INFO] [stderr]    Compiling fs_extra v1.3.0
[INFO] [stderr]     Checking bitflags v2.11.1
[INFO] [stderr]    Compiling dunce v1.0.5
[INFO] [stderr]     Checking futures-sink v0.3.32
[INFO] [stderr]    Compiling rustix v1.1.4
[INFO] [stderr]     Checking linux-raw-sys v0.12.1
[INFO] [stderr]     Checking itoa v1.0.18
[INFO] [stderr]     Checking slab v0.4.12
[INFO] [stderr]     Checking litemap v0.8.2
[INFO] [stderr]     Checking writeable v0.6.3
[INFO] [stderr]     Checking futures-channel v0.3.32
[INFO] [stderr]     Checking equivalent v1.0.2
[INFO] [stderr]     Checking hashbrown v0.17.1
[INFO] [stderr]    Compiling aws-lc-rs v1.16.3
[INFO] [stderr]     Checking futures-io v0.3.32
[INFO] [stderr]    Compiling icu_normalizer_data v2.2.0
[INFO] [stderr]    Compiling icu_properties_data v2.2.0
[INFO] [stderr]     Checking utf8_iter v1.0.4
[INFO] [stderr]     Checking futures-task v0.3.32
[INFO] [stderr]     Checking untrusted v0.9.0
[INFO] [stderr]    Compiling serde v1.0.228
[INFO] [stderr]     Checking fnv v1.0.7
[INFO] [stderr]     Checking tracing-core v0.1.36
[INFO] [stderr]    Compiling getrandom v0.4.2
[INFO] [stderr]    Compiling rustls v0.23.40
[INFO] [stderr]     Checking percent-encoding v2.3.2
[INFO] [stderr]    Compiling httparse v1.10.1
[INFO] [stderr]    Compiling pkg-config v0.3.33
[INFO] [stderr]     Checking subtle v2.6.1
[INFO] [stderr]     Checking try-lock v0.2.5
[INFO] [stderr]     Checking typenum v1.20.0
[INFO] [stderr]    Compiling crc32fast v1.5.0
[INFO] [stderr]     Checking tower-service v0.3.3
[INFO] [stderr]     Checking atomic-waker v1.1.2
[INFO] [stderr]     Checking want v0.3.1
[INFO] [stderr]     Checking tracing v0.1.44
[INFO] [stderr]     Checking utf8parse v0.2.2
[INFO] [stderr]    Compiling getrandom v0.3.4
[INFO] [stderr]     Checking fastrand v2.4.1
[INFO] [stderr]    Compiling zmij v1.0.21
[INFO] [stderr]     Checking http v1.4.0
[INFO] [stderr]     Checking simd-adler32 v0.3.9
[INFO] [stderr]     Checking anstyle-parse v1.0.0
[INFO] [stderr]     Checking form_urlencoded v1.2.2
[INFO] [stderr]     Checking sync_wrapper v1.0.2
[INFO] [stderr]     Checking anstyle-query v1.1.5
[INFO] [stderr]     Checking powerfmt v0.2.0
[INFO] [stderr]     Checking foldhash v0.1.5
[INFO] [stderr]     Checking ipnet v2.12.0
[INFO] [stderr]    Compiling portable-atomic v1.14.0
[INFO] [stderr]    Compiling signal-hook v0.3.18
[INFO] [stderr]    Compiling parking_lot_core v0.9.12
[INFO] [stderr]     Checking base64 v0.22.1
[INFO] [stderr]     Checking adler2 v2.0.1
[INFO] [stderr]     Checking colorchoice v1.0.5
[INFO] [stderr]     Checking indexmap v2.14.0
[INFO] [stderr]     Checking regex-syntax v0.8.10
[INFO] [stderr]     Checking openssl-probe v0.2.1
[INFO] [stderr]    Compiling serde_json v1.0.149
[INFO] [stderr]     Checking is_terminal_polyfill v1.70.2
[INFO] [stderr]     Checking anstyle v1.0.14
[INFO] [stderr]     Checking tower-layer v0.3.3
[INFO] [stderr]     Checking miniz_oxide v0.8.9
[INFO] [stderr]     Checking deranged v0.5.8
[INFO] [stderr]     Checking hashbrown v0.15.5
[INFO] [stderr]     Checking anstream v1.0.0
[INFO] [stderr]     Checking aho-corasick v1.1.4
[INFO] [stderr]    Compiling syn v2.0.117
[INFO] [stderr]     Checking hybrid-array v0.4.13
[INFO] [stderr]     Checking http-body v1.0.1
[INFO] [stderr]    Compiling heck v0.5.0
[INFO] [stderr]     Checking num-conv v0.2.1
[INFO] [stderr]    Compiling jobserver v0.1.34
[INFO] [stderr]     Checking winnow v1.0.2
[INFO] [stderr]    Compiling zerocopy v0.8.48
[INFO] [stderr]     Checking const-oid v0.10.2
[INFO] [stderr]     Checking scopeguard v1.2.0
[INFO] [stderr]     Checking errno v0.3.14
[INFO] [stderr]     Checking mio v1.2.0
[INFO] [stderr]     Checking socket2 v0.6.3
[INFO] [stderr]     Checking signal-hook-registry v1.4.8
[INFO] [stderr]    Compiling cc v1.2.62
[INFO] [stderr]     Checking time-core v0.1.8
[INFO] [stderr]     Checking cpufeatures v0.3.0
[INFO] [stderr]     Checking clap_lex v1.1.0
[INFO] [stderr]     Checking zlib-rs v0.6.6
[INFO] [stderr]     Checking bumpalo v3.20.2
[INFO] [stderr]    Compiling zstd-safe v7.2.4
[INFO] [stderr]     Checking unicode-width v0.2.2
[INFO] [stderr]     Checking strsim v0.11.1
[INFO] [stderr]     Checking zopfli v0.8.3
[INFO] [stderr]     Checking crypto-common v0.2.2
[INFO] [stderr]     Checking block-buffer v0.12.1
[INFO] [stderr]     Checking clap_builder v4.6.0
[INFO] [stderr]     Checking rand_core v0.9.5
[INFO] [stderr]     Checking hashlink v0.10.0
[INFO] [stderr]     Checking lock_api v0.4.14
[INFO] [stderr]     Checking console v0.16.4
[INFO] [stderr]     Checking filetime v0.2.28
[INFO] [stderr]     Checking toml_parser v1.1.2+spec-1.1.0
[INFO] [stderr]     Checking http-body-util v0.1.3
[INFO] [stderr]     Checking encoding_rs v0.8.35
[INFO] [stderr]     Checking unit-prefix v0.5.2
[INFO] [stderr]     Checking arraydeque v0.5.1
[INFO] [stderr]     Checking typed-path v0.12.3
[INFO] [stderr]     Checking winnow v0.7.15
[INFO] [stderr]    Compiling self_update v1.0.0-rc.6
[INFO] [stderr]    Compiling signal-hook v0.4.4
[INFO] [stderr]     Checking option-ext v0.2.0
[INFO] [stderr]    Compiling litrs v1.0.0
[INFO] [stderr]    Compiling autocfg v1.5.0
[INFO] [stderr]     Checking toml_write v0.1.2
[INFO] [stderr]     Checking regex-automata v0.4.14
[INFO] [stderr]     Checking toml_datetime v1.1.1+spec-1.1.0
[INFO] [stderr]     Checking tempfile v3.27.0
[INFO] [stderr]     Checking xattr v1.6.1
[INFO] [stderr]     Checking flate2 v1.1.9
[INFO] [stderr]     Checking serde_spanned v1.1.1
[INFO] [stderr]    Compiling anyhow v1.0.104
[INFO] [stderr]    Compiling thiserror v2.0.18
[INFO] [stderr]     Checking toml v1.1.2+spec-1.1.0
[INFO] [stderr]     Checking self-replace v1.5.0
[INFO] [stderr]     Checking digest v0.11.3
[INFO] [stderr]    Compiling num-traits v0.2.19
[INFO] [stderr]     Checking time v0.3.47
[INFO] [stderr]     Checking tar v0.4.45
[INFO] [stderr]     Checking indicatif v0.18.6
[INFO] [stderr]     Checking dirs-sys v0.5.0
[INFO] [stderr]    Compiling cmake v0.1.58
[INFO] [stderr]     Checking sha2 v0.11.0
[INFO] [stderr]     Checking parking_lot v0.12.5
[INFO] [stderr]    Compiling document-features v0.2.12
[INFO] [stderr]     Checking signal-hook-mio v0.2.5
[INFO] [stderr]     Checking getrandom v0.2.17
[INFO] [stderr]     Checking constant_time_eq v0.4.2
[INFO] [stderr]     Checking yaml-rust2 v0.10.4
[INFO] [stderr]     Checking either v1.15.0
[INFO] [stderr]     Checking arrayref v0.3.9
[INFO] [stderr]     Checking urlencoding v2.1.3
[INFO] [stderr]     Checking pathdiff v0.2.3
[INFO] [stderr]     Checking semver v1.0.28
[INFO] [stderr]     Checking arrayvec v0.7.6
[INFO] [stderr]     Checking same-file v1.0.6
[INFO] [stderr]     Checking crossterm v0.29.0
[INFO] [stderr]     Checking zip v8.6.0
[INFO] [stderr]     Checking walkdir v2.5.0
[INFO] [stderr]     Checking directories v6.0.0
[INFO] [stderr]     Checking terminal_size v0.4.4
[INFO] [stderr]     Checking reflink-copy v0.1.29
[INFO] [stderr]     Checking wait-timeout v0.2.1
[INFO] [stderr]     Checking quick-error v1.2.3
[INFO] [stderr]     Checking bit-vec v0.8.0
[INFO] [stderr]     Checking config v0.15.22
[INFO] [stderr]    Compiling aws-lc-sys v0.40.0
[INFO] [stderr]    Compiling zstd-sys v2.0.16+zstd.1.5.7
[INFO] [stderr]    Compiling blake3 v1.8.5
[INFO] [stderr]    Compiling ring v0.17.14
[INFO] [stderr]     Checking lz4_flex v0.13.1
[INFO] [stderr]     Checking rusty-fork v0.3.1
[INFO] [stderr]     Checking rand_xorshift v0.4.0
[INFO] [stderr]     Checking bit-set v0.8.0
[INFO] [stderr]     Checking rand v0.9.4
[INFO] [stderr]     Checking unarray v0.1.4
[INFO] [stderr]     Checking regex v1.12.3
[INFO] [stderr]    Compiling synstructure v0.13.2
[INFO] [stderr]    Compiling zerovec-derive v0.11.3
[INFO] [stderr]    Compiling displaydoc v0.2.5
[INFO] [stderr]    Compiling zeroize_derive v1.4.3
[INFO] [stderr]    Compiling tokio-macros v2.7.0
[INFO] [stderr]    Compiling zerofrom-derive v0.1.7
[INFO] [stderr]    Compiling yoke-derive v0.8.2
[INFO] [stderr]    Compiling futures-macro v0.3.32
[INFO] [stderr]    Compiling serde_derive v1.0.228
[INFO] [stderr]    Compiling clap_derive v4.6.1
[INFO] [stderr]     Checking tokio v1.52.3
[INFO] [stderr]    Compiling thiserror-impl v2.0.18
[INFO] [stderr]     Checking zeroize v1.8.2
[INFO] [stderr]     Checking rustls-pki-types v1.14.1
[INFO] [stderr]     Checking futures-util v0.3.32
[INFO] [stderr]     Checking rustls-native-certs v0.8.3
[INFO] [stderr]     Checking zerofrom v0.1.7
[INFO] [stderr]     Checking yoke v0.8.2
[INFO] [stderr]     Checking zstd v0.13.3
[INFO] [stderr]     Checking zerovec v0.11.6
[INFO] [stderr]     Checking zerotrie v0.2.4
[INFO] [stderr]     Checking tinystr v0.8.3
[INFO] [stderr]     Checking potential_utf v0.1.5
[INFO] [stderr]     Checking ppv-lite86 v0.2.21
[INFO] [stderr]     Checking clap v4.6.1
[INFO] [stderr]     Checking icu_locale_core v2.2.0
[INFO] [stderr]     Checking icu_collections v2.2.0
[INFO] [stderr]     Checking clap_complete v4.6.4
[INFO] [stderr]     Checking rand_chacha v0.9.0
[INFO] [stderr]     Checking proptest v1.11.0
[INFO] [stderr]     Checking icu_provider v2.2.0
[INFO] [stderr]     Checking icu_properties v2.2.0
[INFO] [stderr]     Checking icu_normalizer v2.2.0
[INFO] [stderr]     Checking toml_datetime v0.6.11
[INFO] [stderr]     Checking serde_spanned v0.6.9
[INFO] [stderr]     Checking toml_edit v0.22.27
[INFO] [stderr]     Checking futures-executor v0.3.32
[INFO] [stderr]     Checking futures v0.3.32
[INFO] [stderr]     Checking tokio-util v0.7.18
[INFO] [stderr]     Checking tower v0.5.3
[INFO] [stderr]     Checking idna_adapter v1.2.2
[INFO] [stderr]     Checking idna v1.1.0
[INFO] [stderr]     Checking url v2.5.8
[INFO] [stderr]     Checking h2 v0.4.14
[INFO] [stderr]     Checking toml v0.8.23
[INFO] [stderr]     Checking tower-http v0.6.10
[INFO] [stderr]     Checking hyper v1.9.0
[INFO] [stderr]     Checking hyper-util v0.1.20
[INFO] [stderr]     Checking rustls-webpki v0.103.13
[INFO] [stderr]     Checking tokio-rustls v0.26.4
[INFO] [stderr]     Checking rustls-platform-verifier v0.7.0
[INFO] [stderr]     Checking hyper-rustls v0.27.9
[INFO] [stderr]     Checking reqwest v0.13.3
[INFO] [stderr]     Checking bcmr v0.7.0-rc.3 (/opt/rustwide/workdir)
[INFO] [stdout] error[E0583]: file not found for module `common`
[INFO] [stdout]  --> tests/e2e_serve_pipelined.rs:3:1
[INFO] [stdout]   |
[INFO] [stdout] 3 | mod common;
[INFO] [stdout]   | ^^^^^^^^^^^
[INFO] [stdout]   |
[INFO] [stdout]   = help: to create the module `common`, create file "tests/common.rs" or "tests/common/mod.rs"
[INFO] [stdout]   = note: if there is a `mod common` elsewhere in the crate already, import it with `use crate::...` instead
[INFO] [stdout] 
[INFO] [stdout] 
[INFO] [stdout] error[E0583]: file not found for module `common`
[INFO] [stdout]  --> tests/e2e_serve_basic.rs:3:1
[INFO] [stdout]   |
[INFO] [stdout] 3 | mod common;
[INFO] [stdout]   | ^^^^^^^^^^^
[INFO] [stdout]   |
[INFO] [stdout]   = help: to create the module `common`, create file "tests/common.rs" or "tests/common/mod.rs"
[INFO] [stdout]   = note: if there is a `mod common` elsewhere in the crate already, import it with `use crate::...` instead
[INFO] [stdout] 
[INFO] [stdout] 
[INFO] [stdout] error[E0583]: file not found for module `common`
[INFO] [stdout]  --> tests/e2e_serve_direct_tcp.rs:3:1
[INFO] [stdout]   |
[INFO] [stdout] 3 | mod common;
[INFO] [stdout]   | ^^^^^^^^^^^
[INFO] [stdout]   |
[INFO] [stdout]   = help: to create the module `common`, create file "tests/common.rs" or "tests/common/mod.rs"
[INFO] [stdout]   = note: if there is a `mod common` elsewhere in the crate already, import it with `use crate::...` instead
[INFO] [stdout] 
[INFO] [stdout] 
[INFO] [stdout] error[E0583]: file not found for module `common`
[INFO] [stdout]  --> tests/e2e_config.rs:3:1
[INFO] [stdout]   |
[INFO] [stdout] 3 | mod common;
[INFO] [stdout]   | ^^^^^^^^^^^
[INFO] [stdout]   |
[INFO] [stdout]   = help: to create the module `common`, create file "tests/common.rs" or "tests/common/mod.rs"
[INFO] [stdout]   = note: if there is a `mod common` elsewhere in the crate already, import it with `use crate::...` instead
[INFO] [stdout] 
[INFO] [stdout] 
[INFO] [stdout] error[E0599]: no associated function or constant named `connect_local` found for struct `ServeClient` in the current scope
[INFO] [stdout]   --> bench/dedup_breakdown.rs:27:35
[INFO] [stdout]    |
[INFO] [stdout] 27 |     let mut client = ServeClient::connect_local().await?;
[INFO] [stdout]    |                                   ^^^^^^^^^^^^^ associated function or constant not found in `ServeClient`
[INFO] [stdout]    |
[INFO] [stdout] help: there is an associated function `connect` with a similar name
[INFO] [stdout]   --> src/core/serve_client.rs:61:5
[INFO] [stdout]    |
[INFO] [stdout] 61 |     pub async fn connect(ssh_target: &str) -> Result<Self, BcmrError> {
[INFO] [stdout]    |     ^^^^^^^^^^^^^^^^^^^^^^^^^^^^^^^^^^^^^^^^^^^^^^^^^^^^^^^^^^^^^^^^^
[INFO] [stdout] 
[INFO] [stdout] 
[INFO] [stdout] warning: method call on a diverging inference variable
[INFO] [stdout]   --> bench/dedup_breakdown.rs:35:21
[INFO] [stdout]    |
[INFO] [stdout] 35 |     let _h = client.put(dst1.to_str().unwrap(), &src).await?;
[INFO] [stdout]    |                     ^^^
[INFO] [stdout]    |
[INFO] [stdout]    = help: consider providing a type annotation
[INFO] [stdout]    = warning: this was previously accepted by the compiler but is being phased out; it will become a hard error in a future release!
[INFO] [stdout]    = note: for more information, see issue #156047 <https://github.com/rust-lang/rust/issues/156047>
[INFO] [stdout]    = note: `#[warn(method_call_on_diverging_infer_var)]` (part of `#[warn(future_incompatible)]`) on by default
[INFO] [stdout] 
[INFO] [stdout] 
[INFO] [stdout] error[E0599]: no method named `put` found for type `!` in the current scope
[INFO] [stdout]   --> bench/dedup_breakdown.rs:35:21
[INFO] [stdout]    |
[INFO] [stdout] 35 |     let _h = client.put(dst1.to_str().unwrap(), &src).await?;
[INFO] [stdout]    |                     ^^^ method not found in `!`
[INFO] [stdout] 
[INFO] [stdout] 
[INFO] [stdout] error[E0599]: no method named `close` found for type `!` in the current scope
[INFO] [stdout]   --> bench/dedup_breakdown.rs:42:12
[INFO] [stdout]    |
[INFO] [stdout] 42 |     client.close().await?;
[INFO] [stdout]    |            ^^^^^
[INFO] [stdout]    |
[INFO] [stdout] help: there is a method `clone` with a similar name
[INFO] [stdout]    |
[INFO] [stdout] 42 -     client.close().await?;
[INFO] [stdout] 42 +     client.clone().await?;
[INFO] [stdout]    |
[INFO] [stdout] 
[INFO] [stdout] 
[INFO] [stdout] warning: unreachable call
[INFO] [stdout]   --> bench/dedup_breakdown.rs:42:12
[INFO] [stdout]    |
[INFO] [stdout] 42 |     client.close().await?;
[INFO] [stdout]    |     ------ ^^^^^ unreachable call
[INFO] [stdout]    |     |
[INFO] [stdout]    |     any code following this expression is unreachable
[INFO] [stdout]    |
[INFO] [stdout]    = note: `#[warn(unreachable_code)]` (part of `#[warn(unused)]`) on by default
[INFO] [stdout] 
[INFO] [stdout] 
[INFO] [stdout] error[E0599]: no associated function or constant named `connect_local` found for struct `ServeClient` in the current scope
[INFO] [stdout]   --> bench/dedup_breakdown.rs:51:35
[INFO] [stdout]    |
[INFO] [stdout] 51 |     let mut client = ServeClient::connect_local().await?;
[INFO] [stdout]    |                                   ^^^^^^^^^^^^^ associated function or constant not found in `ServeClient`
[INFO] [stdout]    |
[INFO] [stdout] help: there is an associated function `connect` with a similar name
[INFO] [stdout]   --> src/core/serve_client.rs:61:5
[INFO] [stdout]    |
[INFO] [stdout] 61 |     pub async fn connect(ssh_target: &str) -> Result<Self, BcmrError> {
[INFO] [stdout]    |     ^^^^^^^^^^^^^^^^^^^^^^^^^^^^^^^^^^^^^^^^^^^^^^^^^^^^^^^^^^^^^^^^^
[INFO] [stdout] 
[INFO] [stdout] 
[INFO] [stdout] warning: method call on a diverging inference variable
[INFO] [stdout]   --> bench/dedup_breakdown.rs:59:21
[INFO] [stdout]    |
[INFO] [stdout] 59 |     let _h = client.put(dst2.to_str().unwrap(), &src).await?;
[INFO] [stdout]    |                     ^^^
[INFO] [stdout]    |
[INFO] [stdout]    = help: consider providing a type annotation
[INFO] [stdout]    = warning: this was previously accepted by the compiler but is being phased out; it will become a hard error in a future release!
[INFO] [stdout]    = note: for more information, see issue #156047 <https://github.com/rust-lang/rust/issues/156047>
[INFO] [stdout] 
[INFO] [stdout] 
[INFO] [stdout] For more information about this error, try `rustc --explain E0583`.
[INFO] [stdout] 
[INFO] [stderr] error: could not compile `bcmr` (test "e2e_config") due to 1 previous error
[INFO] [stderr] warning: build failed, waiting for other jobs to finish...
[INFO] [stdout] error[E0599]: no method named `put` found for type `!` in the current scope
[INFO] [stdout]   --> bench/dedup_breakdown.rs:59:21
[INFO] [stdout]    |
[INFO] [stdout] 59 |     let _h = client.put(dst2.to_str().unwrap(), &src).await?;
[INFO] [stdout]    |                     ^^^ method not found in `!`
[INFO] [stdout] 
[INFO] [stdout] 
[INFO] [stdout] error[E0599]: no method named `close` found for type `!` in the current scope
[INFO] [stdout]   --> bench/dedup_breakdown.rs:66:12
[INFO] [stdout]    |
[INFO] [stdout] 66 |     client.close().await?;
[INFO] [stdout]    |            ^^^^^
[INFO] [stdout]    |
[INFO] [stdout] help: there is a method `clone` with a similar name
[INFO] [stdout]    |
[INFO] [stdout] 66 -     client.close().await?;
[INFO] [stdout] 66 +     client.clone().await?;
[INFO] [stdout]    |
[INFO] [stdout] 
[INFO] [stdout] 
[INFO] [stdout] warning: unreachable call
[INFO] [stdout]   --> bench/dedup_breakdown.rs:66:12
[INFO] [stdout]    |
[INFO] [stdout] 66 |     client.close().await?;
[INFO] [stdout]    |     ------ ^^^^^ unreachable call
[INFO] [stdout]    |     |
[INFO] [stdout]    |     any code following this expression is unreachable
[INFO] [stdout] 
[INFO] [stdout] 
[INFO] [stdout] For more information about this error, try `rustc --explain E0599`.
[INFO] [stdout] 
[INFO] [stderr] error: could not compile `bcmr` (example "dedup_breakdown") due to 6 previous errors; 6 warnings emitted
[INFO] [stdout] error[E0599]: no associated function or constant named `connect_direct_local` found for struct `ServeClient` in the current scope
[INFO] [stdout]    --> tests/e2e_serve_direct_tcp.rs:116:35
[INFO] [stdout]     |
[INFO] [stdout] 116 |     let mut client = ServeClient::connect_direct_local().await.unwrap();
[INFO] [stdout]     |                                   ^^^^^^^^^^^^^^^^^^^^ associated function or constant not found in `ServeClient`
[INFO] [stdout]     |
[INFO] [stdout] help: there is an associated function `connect_direct_with_caps` with a similar name
[INFO] [stdout]    --> src/core/serve_client/promote.rs:42:5
[INFO] [stdout]     |
[INFO] [stdout]  42 |     pub async fn connect_direct_with_caps(ssh_target: &str, caps: u8) -> Result<Self, BcmrError> {
[INFO] [stdout]     |     ^^^^^^^^^^^^^^^^^^^^^^^^^^^^^^^^^^^^^^^^^^^^^^^^^^^^^^^^^^^^^^^^^^^^^^^^^^^^^^^^^^^^^^^^^^^^
[INFO] [stdout] 
[INFO] [stdout] 
[INFO] [stdout] error[E0599]: no associated function or constant named `connect_local` found for struct `ServeClient` in the current scope
[INFO] [stdout]   --> tests/e2e_serve_basic.rs:14:31
[INFO] [stdout]    |
[INFO] [stdout] 14 |     let client = ServeClient::connect_local().await.unwrap();
[INFO] [stdout]    |                               ^^^^^^^^^^^^^ associated function or constant not found in `ServeClient`
[INFO] [stdout]    |
[INFO] [stdout] help: there is an associated function `connect` with a similar name
[INFO] [stdout]   --> src/core/serve_client.rs:61:5
[INFO] [stdout]    |
[INFO] [stdout] 61 |     pub async fn connect(ssh_target: &str) -> Result<Self, BcmrError> {
[INFO] [stdout]    |     ^^^^^^^^^^^^^^^^^^^^^^^^^^^^^^^^^^^^^^^^^^^^^^^^^^^^^^^^^^^^^^^^^
[INFO] [stdout] 
[INFO] [stdout] 
[INFO] [stdout] error[E0599]: no associated function or constant named `connect_direct_local` found for struct `ServeClient` in the current scope
[INFO] [stdout]    --> tests/e2e_serve_direct_tcp.rs:433:35
[INFO] [stdout]     |
[INFO] [stdout] 433 |     let mut client = ServeClient::connect_direct_local().await.unwrap();
[INFO] [stdout]     |                                   ^^^^^^^^^^^^^^^^^^^^ associated function or constant not found in `ServeClient`
[INFO] [stdout]     |
[INFO] [stdout] help: there is an associated function `connect_direct_with_caps` with a similar name
[INFO] [stdout]    --> src/core/serve_client/promote.rs:42:5
[INFO] [stdout]     |
[INFO] [stdout]  42 |     pub async fn connect_direct_with_caps(ssh_target: &str, caps: u8) -> Result<Self, BcmrError> {
[INFO] [stdout]     |     ^^^^^^^^^^^^^^^^^^^^^^^^^^^^^^^^^^^^^^^^^^^^^^^^^^^^^^^^^^^^^^^^^^^^^^^^^^^^^^^^^^^^^^^^^^^^
[INFO] [stdout] 
[INFO] [stdout] 
[INFO] [stdout] error[E0599]: no associated function or constant named `connect_local` found for struct `ServeClient` in the current scope
[INFO] [stdout]    --> tests/e2e_serve_basic.rs:316:35
[INFO] [stdout]     |
[INFO] [stdout] 316 |     let mut client = ServeClient::connect_local().await.unwrap();
[INFO] [stdout]     |                                   ^^^^^^^^^^^^^ associated function or constant not found in `ServeClient`
[INFO] [stdout]     |
[INFO] [stdout] help: there is an associated function `connect` with a similar name
[INFO] [stdout]    --> src/core/serve_client.rs:61:5
[INFO] [stdout]     |
[INFO] [stdout]  61 |     pub async fn connect(ssh_target: &str) -> Result<Self, BcmrError> {
[INFO] [stdout]     |     ^^^^^^^^^^^^^^^^^^^^^^^^^^^^^^^^^^^^^^^^^^^^^^^^^^^^^^^^^^^^^^^^^
[INFO] [stdout] 
[INFO] [stdout] 
[INFO] [stdout] error[E0599]: no associated function or constant named `connect_direct_local` found for struct `ServeClient` in the current scope
[INFO] [stdout]    --> tests/e2e_serve_direct_tcp.rs:481:35
[INFO] [stdout]     |
[INFO] [stdout] 481 |     let mut client = ServeClient::connect_direct_local().await.unwrap();
[INFO] [stdout]     |                                   ^^^^^^^^^^^^^^^^^^^^ associated function or constant not found in `ServeClient`
[INFO] [stdout]     |
[INFO] [stdout] help: there is an associated function `connect_direct_with_caps` with a similar name
[INFO] [stdout]    --> src/core/serve_client/promote.rs:42:5
[INFO] [stdout]     |
[INFO] [stdout]  42 |     pub async fn connect_direct_with_caps(ssh_target: &str, caps: u8) -> Result<Self, BcmrError> {
[INFO] [stdout]     |     ^^^^^^^^^^^^^^^^^^^^^^^^^^^^^^^^^^^^^^^^^^^^^^^^^^^^^^^^^^^^^^^^^^^^^^^^^^^^^^^^^^^^^^^^^^^^
[INFO] [stdout] 
[INFO] [stdout] 
[INFO] [stdout] error[E0599]: no associated function or constant named `connect_local` found for struct `ServeClient` in the current scope
[INFO] [stdout]   --> tests/e2e_serve_pipelined.rs:46:35
[INFO] [stdout]    |
[INFO] [stdout] 46 |     let mut client = ServeClient::connect_local().await.unwrap();
[INFO] [stdout]    |                                   ^^^^^^^^^^^^^ associated function or constant not found in `ServeClient`
[INFO] [stdout]    |
[INFO] [stdout] help: there is an associated function `connect` with a similar name
[INFO] [stdout]   --> src/core/serve_client.rs:61:5
[INFO] [stdout]    |
[INFO] [stdout] 61 |     pub async fn connect(ssh_target: &str) -> Result<Self, BcmrError> {
[INFO] [stdout]    |     ^^^^^^^^^^^^^^^^^^^^^^^^^^^^^^^^^^^^^^^^^^^^^^^^^^^^^^^^^^^^^^^^^
[INFO] [stdout] 
[INFO] [stdout] 
[INFO] [stdout] error[E0599]: no associated function or constant named `connect_local` found for struct `ServeClient` in the current scope
[INFO] [stdout]    --> tests/e2e_serve_basic.rs:329:35
[INFO] [stdout]     |
[INFO] [stdout] 329 |     let mut client = ServeClient::connect_local().await.unwrap();
[INFO] [stdout]     |                                   ^^^^^^^^^^^^^ associated function or constant not found in `ServeClient`
[INFO] [stdout]     |
[INFO] [stdout] help: there is an associated function `connect` with a similar name
[INFO] [stdout]    --> src/core/serve_client.rs:61:5
[INFO] [stdout]     |
[INFO] [stdout]  61 |     pub async fn connect(ssh_target: &str) -> Result<Self, BcmrError> {
[INFO] [stdout]     |     ^^^^^^^^^^^^^^^^^^^^^^^^^^^^^^^^^^^^^^^^^^^^^^^^^^^^^^^^^^^^^^^^^
[INFO] [stdout] 
[INFO] [stdout] 
[INFO] [stdout] error[E0599]: no associated function or constant named `connect_local` found for struct `ServeClient` in the current scope
[INFO] [stdout]    --> tests/e2e_serve_basic.rs:344:35
[INFO] [stdout]     |
[INFO] [stdout] 344 |     let mut client = ServeClient::connect_local().await.unwrap();
[INFO] [stdout]     |                                   ^^^^^^^^^^^^^ associated function or constant not found in `ServeClient`
[INFO] [stdout]     |
[INFO] [stdout] help: there is an associated function `connect` with a similar name
[INFO] [stdout]    --> src/core/serve_client.rs:61:5
[INFO] [stdout]     |
[INFO] [stdout]  61 |     pub async fn connect(ssh_target: &str) -> Result<Self, BcmrError> {
[INFO] [stdout]     |     ^^^^^^^^^^^^^^^^^^^^^^^^^^^^^^^^^^^^^^^^^^^^^^^^^^^^^^^^^^^^^^^^^
[INFO] [stdout] 
[INFO] [stdout] 
[INFO] [stdout] error[E0599]: no associated function or constant named `connect_direct_local` found for struct `ServeClientPool` in the current scope
[INFO] [stdout]    --> tests/e2e_serve_direct_tcp.rs:527:37
[INFO] [stdout]     |
[INFO] [stdout] 527 |     let mut pool = ServeClientPool::connect_direct_local(4).await.unwrap();
[INFO] [stdout]     |                                     ^^^^^^^^^^^^^^^^^^^^ associated function or constant not found in `ServeClientPool`
[INFO] [stdout]     |
[INFO] [stdout] help: there is an associated function `connect_direct_with_caps` with a similar name
[INFO] [stdout]    --> src/core/serve_client/pool.rs:35:5
[INFO] [stdout]     |
[INFO] [stdout]  35 | /     pub async fn connect_direct_with_caps(
[INFO] [stdout]  36 | |         ssh_target: &str,
[INFO] [stdout]  37 | |         caps: u8,
[INFO] [stdout]  38 | |         n: usize,
[INFO] [stdout]  39 | |     ) -> Result<Self, BcmrError> {
[INFO] [stdout]     | |________________________________^
[INFO] [stdout] 
[INFO] [stdout] 
[INFO] [stdout] error[E0599]: no associated function or constant named `connect_local` found for struct `ServeClient` in the current scope
[INFO] [stdout]    --> tests/e2e_serve_basic.rs:368:35
[INFO] [stdout]     |
[INFO] [stdout] 368 |     let mut client = ServeClient::connect_local().await.unwrap();
[INFO] [stdout]     |                                   ^^^^^^^^^^^^^ associated function or constant not found in `ServeClient`
[INFO] [stdout]     |
[INFO] [stdout] help: there is an associated function `connect` with a similar name
[INFO] [stdout]    --> src/core/serve_client.rs:61:5
[INFO] [stdout]     |
[INFO] [stdout]  61 |     pub async fn connect(ssh_target: &str) -> Result<Self, BcmrError> {
[INFO] [stdout]     |     ^^^^^^^^^^^^^^^^^^^^^^^^^^^^^^^^^^^^^^^^^^^^^^^^^^^^^^^^^^^^^^^^^
[INFO] [stdout] 
[INFO] [stdout] 
[INFO] [stdout] error[E0599]: no associated function or constant named `connect_local` found for struct `ServeClient` in the current scope
[INFO] [stdout]    --> tests/e2e_serve_basic.rs:388:35
[INFO] [stdout]     |
[INFO] [stdout] 388 |     let mut client = ServeClient::connect_local().await.unwrap();
[INFO] [stdout]     |                                   ^^^^^^^^^^^^^ associated function or constant not found in `ServeClient`
[INFO] [stdout]     |
[INFO] [stdout] help: there is an associated function `connect` with a similar name
[INFO] [stdout]    --> src/core/serve_client.rs:61:5
[INFO] [stdout]     |
[INFO] [stdout]  61 |     pub async fn connect(ssh_target: &str) -> Result<Self, BcmrError> {
[INFO] [stdout]     |     ^^^^^^^^^^^^^^^^^^^^^^^^^^^^^^^^^^^^^^^^^^^^^^^^^^^^^^^^^^^^^^^^^
[INFO] [stdout] 
[INFO] [stdout] 
[INFO] [stdout] error[E0599]: no associated function or constant named `connect_direct_local` found for struct `ServeClientPool` in the current scope
[INFO] [stdout]    --> tests/e2e_serve_direct_tcp.rs:563:37
[INFO] [stdout]     |
[INFO] [stdout] 563 |     let mut pool = ServeClientPool::connect_direct_local(4).await.unwrap();
[INFO] [stdout]     |                                     ^^^^^^^^^^^^^^^^^^^^ associated function or constant not found in `ServeClientPool`
[INFO] [stdout]     |
[INFO] [stdout] help: there is an associated function `connect_direct_with_caps` with a similar name
[INFO] [stdout]    --> src/core/serve_client/pool.rs:35:5
[INFO] [stdout]     |
[INFO] [stdout]  35 | /     pub async fn connect_direct_with_caps(
[INFO] [stdout]  36 | |         ssh_target: &str,
[INFO] [stdout]  37 | |         caps: u8,
[INFO] [stdout]  38 | |         n: usize,
[INFO] [stdout]  39 | |     ) -> Result<Self, BcmrError> {
[INFO] [stdout]     | |________________________________^
[INFO] [stdout] 
[INFO] [stdout] 
[INFO] [stdout] error[E0599]: no associated function or constant named `connect_local` found for struct `ServeClient` in the current scope
[INFO] [stdout]    --> tests/e2e_serve_basic.rs:419:35
[INFO] [stdout]     |
[INFO] [stdout] 419 |     let mut client = ServeClient::connect_local().await.unwrap();
[INFO] [stdout]     |                                   ^^^^^^^^^^^^^ associated function or constant not found in `ServeClient`
[INFO] [stdout]     |
[INFO] [stdout] help: there is an associated function `connect` with a similar name
[INFO] [stdout]    --> src/core/serve_client.rs:61:5
[INFO] [stdout]     |
[INFO] [stdout]  61 |     pub async fn connect(ssh_target: &str) -> Result<Self, BcmrError> {
[INFO] [stdout]     |     ^^^^^^^^^^^^^^^^^^^^^^^^^^^^^^^^^^^^^^^^^^^^^^^^^^^^^^^^^^^^^^^^^
[INFO] [stdout] 
[INFO] [stdout] 
[INFO] [stdout] error[E0599]: no associated function or constant named `connect_local` found for struct `ServeClient` in the current scope
[INFO] [stdout]    --> tests/e2e_serve_basic.rs:457:39
[INFO] [stdout]     |
[INFO] [stdout] 457 |         let mut client = ServeClient::connect_local().await.unwrap();
[INFO] [stdout]     |                                       ^^^^^^^^^^^^^ associated function or constant not found in `ServeClient`
[INFO] [stdout]     |
[INFO] [stdout] help: there is an associated function `connect` with a similar name
[INFO] [stdout]    --> src/core/serve_client.rs:61:5
[INFO] [stdout]     |
[INFO] [stdout]  61 |     pub async fn connect(ssh_target: &str) -> Result<Self, BcmrError> {
[INFO] [stdout]     |     ^^^^^^^^^^^^^^^^^^^^^^^^^^^^^^^^^^^^^^^^^^^^^^^^^^^^^^^^^^^^^^^^^
[INFO] [stdout] 
[INFO] [stdout] 
[INFO] [stdout] error[E0599]: no associated function or constant named `connect_direct_local` found for struct `ServeClientPool` in the current scope
[INFO] [stdout]    --> tests/e2e_serve_direct_tcp.rs:596:37
[INFO] [stdout]     |
[INFO] [stdout] 596 |     let mut pool = ServeClientPool::connect_direct_local(4).await.unwrap();
[INFO] [stdout]     |                                     ^^^^^^^^^^^^^^^^^^^^ associated function or constant not found in `ServeClientPool`
[INFO] [stdout]     |
[INFO] [stdout] help: there is an associated function `connect_direct_with_caps` with a similar name
[INFO] [stdout]    --> src/core/serve_client/pool.rs:35:5
[INFO] [stdout]     |
[INFO] [stdout]  35 | /     pub async fn connect_direct_with_caps(
[INFO] [stdout]  36 | |         ssh_target: &str,
[INFO] [stdout]  37 | |         caps: u8,
[INFO] [stdout]  38 | |         n: usize,
[INFO] [stdout]  39 | |     ) -> Result<Self, BcmrError> {
[INFO] [stdout]     | |________________________________^
[INFO] [stdout] 
[INFO] [stdout] 
[INFO] [stdout] error[E0599]: no associated function or constant named `connect_local` found for struct `ServeClient` in the current scope
[INFO] [stdout]    --> tests/e2e_serve_basic.rs:507:35
[INFO] [stdout]     |
[INFO] [stdout] 507 |     let mut client = ServeClient::connect_local().await.unwrap();
[INFO] [stdout]     |                                   ^^^^^^^^^^^^^ associated function or constant not found in `ServeClient`
[INFO] [stdout]     |
[INFO] [stdout] help: there is an associated function `connect` with a similar name
[INFO] [stdout]    --> src/core/serve_client.rs:61:5
[INFO] [stdout]     |
[INFO] [stdout]  61 |     pub async fn connect(ssh_target: &str) -> Result<Self, BcmrError> {
[INFO] [stdout]     |     ^^^^^^^^^^^^^^^^^^^^^^^^^^^^^^^^^^^^^^^^^^^^^^^^^^^^^^^^^^^^^^^^^
[INFO] [stdout] 
[INFO] [stdout] 
[INFO] [stdout] error[E0599]: no associated function or constant named `connect_local` found for struct `ServeClient` in the current scope
[INFO] [stdout]    --> tests/e2e_serve_basic.rs:513:35
[INFO] [stdout]     |
[INFO] [stdout] 513 |     let mut client = ServeClient::connect_local().await.unwrap();
[INFO] [stdout]     |                                   ^^^^^^^^^^^^^ associated function or constant not found in `ServeClient`
[INFO] [stdout]     |
[INFO] [stdout] help: there is an associated function `connect` with a similar name
[INFO] [stdout]    --> src/core/serve_client.rs:61:5
[INFO] [stdout]     |
[INFO] [stdout]  61 |     pub async fn connect(ssh_target: &str) -> Result<Self, BcmrError> {
[INFO] [stdout]     |     ^^^^^^^^^^^^^^^^^^^^^^^^^^^^^^^^^^^^^^^^^^^^^^^^^^^^^^^^^^^^^^^^^
[INFO] [stdout] 
[INFO] [stdout] 
[INFO] [stdout] error[E0599]: no associated function or constant named `connect_local_with_caps` found for struct `ServeClient` in the current scope
[INFO] [stdout]    --> tests/e2e_serve_basic.rs:534:61
[INFO] [stdout]     |
[INFO] [stdout] 534 |     let mut client = bcmr::core::serve_client::ServeClient::connect_local_with_caps(CAP_FAST)
[INFO] [stdout]     |                                                             ^^^^^^^^^^^^^^^^^^^^^^^ associated function or constant not found in `ServeClient`
[INFO] [stdout]     |
[INFO] [stdout] help: there is an associated function `connect_with_caps` with a similar name
[INFO] [stdout]    --> src/core/serve_client.rs:65:5
[INFO] [stdout]     |
[INFO] [stdout]  65 |     pub async fn connect_with_caps(ssh_target: &str, caps: u8) -> Result<Self, BcmrError> {
[INFO] [stdout]     |     ^^^^^^^^^^^^^^^^^^^^^^^^^^^^^^^^^^^^^^^^^^^^^^^^^^^^^^^^^^^^^^^^^^^^^^^^^^^^^^^^^^^^^
[INFO] [stdout] 
[INFO] [stdout] 
[INFO] [stdout] error[E0599]: no associated function or constant named `connect_local` found for struct `ServeClient` in the current scope
[INFO] [stdout]    --> tests/e2e_serve_pipelined.rs:104:44
[INFO] [stdout]     |
[INFO] [stdout] 104 |     let mut refusing_client = ServeClient::connect_local().await.unwrap();
[INFO] [stdout]     |                                            ^^^^^^^^^^^^^ associated function or constant not found in `ServeClient`
[INFO] [stdout]     |
[INFO] [stdout] help: there is an associated function `connect` with a similar name
[INFO] [stdout]    --> src/core/serve_client.rs:61:5
[INFO] [stdout]     |
[INFO] [stdout]  61 |     pub async fn connect(ssh_target: &str) -> Result<Self, BcmrError> {
[INFO] [stdout]     |     ^^^^^^^^^^^^^^^^^^^^^^^^^^^^^^^^^^^^^^^^^^^^^^^^^^^^^^^^^^^^^^^^^
[INFO] [stdout] 
[INFO] [stdout] 
[INFO] [stdout] error[E0599]: no associated function or constant named `connect_direct_local` found for struct `ServeClientPool` in the current scope
[INFO] [stdout]    --> tests/e2e_serve_direct_tcp.rs:623:37
[INFO] [stdout]     |
[INFO] [stdout] 623 |     let mut pool = ServeClientPool::connect_direct_local(4).await.unwrap();
[INFO] [stdout]     |                                     ^^^^^^^^^^^^^^^^^^^^ associated function or constant not found in `ServeClientPool`
[INFO] [stdout]     |
[INFO] [stdout] help: there is an associated function `connect_direct_with_caps` with a similar name
[INFO] [stdout]    --> src/core/serve_client/pool.rs:35:5
[INFO] [stdout]     |
[INFO] [stdout]  35 | /     pub async fn connect_direct_with_caps(
[INFO] [stdout]  36 | |         ssh_target: &str,
[INFO] [stdout]  37 | |         caps: u8,
[INFO] [stdout]  38 | |         n: usize,
[INFO] [stdout]  39 | |     ) -> Result<Self, BcmrError> {
[INFO] [stdout]     | |________________________________^
[INFO] [stdout] 
[INFO] [stdout] 
[INFO] [stdout] error[E0599]: no associated function or constant named `connect_local_with_caps` found for struct `ServeClient` in the current scope
[INFO] [stdout]    --> tests/e2e_serve_basic.rs:568:61
[INFO] [stdout]     |
[INFO] [stdout] 568 |     let mut client = bcmr::core::serve_client::ServeClient::connect_local_with_caps(CAP_FAST)
[INFO] [stdout]     |                                                             ^^^^^^^^^^^^^^^^^^^^^^^ associated function or constant not found in `ServeClient`
[INFO] [stdout]     |
[INFO] [stdout] help: there is an associated function `connect_with_caps` with a similar name
[INFO] [stdout]    --> src/core/serve_client.rs:65:5
[INFO] [stdout]     |
[INFO] [stdout]  65 |     pub async fn connect_with_caps(ssh_target: &str, caps: u8) -> Result<Self, BcmrError> {
[INFO] [stdout]     |     ^^^^^^^^^^^^^^^^^^^^^^^^^^^^^^^^^^^^^^^^^^^^^^^^^^^^^^^^^^^^^^^^^^^^^^^^^^^^^^^^^^^^^
[INFO] [stdout] 
[INFO] [stdout] 
[INFO] [stdout] error[E0599]: no associated function or constant named `connect_local` found for struct `ServeClient` in the current scope
[INFO] [stdout]    --> tests/e2e_serve_basic.rs:600:35
[INFO] [stdout]     |
[INFO] [stdout] 600 |     let mut client = ServeClient::connect_local().await.unwrap();
[INFO] [stdout]     |                                   ^^^^^^^^^^^^^ associated function or constant not found in `ServeClient`
[INFO] [stdout]     |
[INFO] [stdout] help: there is an associated function `connect` with a similar name
[INFO] [stdout]    --> src/core/serve_client.rs:61:5
[INFO] [stdout]     |
[INFO] [stdout]  61 |     pub async fn connect(ssh_target: &str) -> Result<Self, BcmrError> {
[INFO] [stdout]     |     ^^^^^^^^^^^^^^^^^^^^^^^^^^^^^^^^^^^^^^^^^^^^^^^^^^^^^^^^^^^^^^^^^
[INFO] [stdout] 
[INFO] [stdout] 
[INFO] [stdout] error[E0599]: no associated function or constant named `connect_direct_local` found for struct `ServeClientPool` in the current scope
[INFO] [stdout]    --> tests/e2e_serve_direct_tcp.rs:666:37
[INFO] [stdout]     |
[INFO] [stdout] 666 |     let mut pool = ServeClientPool::connect_direct_local(4).await.unwrap();
[INFO] [stdout]     |                                     ^^^^^^^^^^^^^^^^^^^^ associated function or constant not found in `ServeClientPool`
[INFO] [stdout]     |
[INFO] [stdout] help: there is an associated function `connect_direct_with_caps` with a similar name
[INFO] [stdout]    --> src/core/serve_client/pool.rs:35:5
[INFO] [stdout]     |
[INFO] [stdout]  35 | /     pub async fn connect_direct_with_caps(
[INFO] [stdout]  36 | |         ssh_target: &str,
[INFO] [stdout]  37 | |         caps: u8,
[INFO] [stdout]  38 | |         n: usize,
[INFO] [stdout]  39 | |     ) -> Result<Self, BcmrError> {
[INFO] [stdout]     | |________________________________^
[INFO] [stdout] 
[INFO] [stdout] 
[INFO] [stdout] error[E0599]: no associated function or constant named `connect_local` found for struct `ServeClient` in the current scope
[INFO] [stdout]    --> tests/e2e_serve_basic.rs:618:35
[INFO] [stdout]     |
[INFO] [stdout] 618 |     let mut client = ServeClient::connect_local().await.unwrap();
[INFO] [stdout]     |                                   ^^^^^^^^^^^^^ associated function or constant not found in `ServeClient`
[INFO] [stdout]     |
[INFO] [stdout] help: there is an associated function `connect` with a similar name
[INFO] [stdout]    --> src/core/serve_client.rs:61:5
[INFO] [stdout]     |
[INFO] [stdout]  61 |     pub async fn connect(ssh_target: &str) -> Result<Self, BcmrError> {
[INFO] [stdout]     |     ^^^^^^^^^^^^^^^^^^^^^^^^^^^^^^^^^^^^^^^^^^^^^^^^^^^^^^^^^^^^^^^^^
[INFO] [stdout] 
[INFO] [stdout] 
[INFO] [stdout] error[E0599]: no associated function or constant named `connect_local` found for struct `ServeClient` in the current scope
[INFO] [stdout]    --> tests/e2e_serve_pipelined.rs:117:45
[INFO] [stdout]     |
[INFO] [stdout] 117 |     let mut overwrite_client = ServeClient::connect_local().await.unwrap();
[INFO] [stdout]     |                                             ^^^^^^^^^^^^^ associated function or constant not found in `ServeClient`
[INFO] [stdout]     |
[INFO] [stdout] help: there is an associated function `connect` with a similar name
[INFO] [stdout]    --> src/core/serve_client.rs:61:5
[INFO] [stdout]     |
[INFO] [stdout]  61 |     pub async fn connect(ssh_target: &str) -> Result<Self, BcmrError> {
[INFO] [stdout]     |     ^^^^^^^^^^^^^^^^^^^^^^^^^^^^^^^^^^^^^^^^^^^^^^^^^^^^^^^^^^^^^^^^^
[INFO] [stdout] 
[INFO] [stdout] 
[INFO] [stdout] error[E0599]: no associated function or constant named `connect_local` found for struct `ServeClient` in the current scope
[INFO] [stdout]    --> tests/e2e_serve_basic.rs:637:35
[INFO] [stdout]     |
[INFO] [stdout] 637 |     let mut client = ServeClient::connect_local().await.unwrap();
[INFO] [stdout]     |                                   ^^^^^^^^^^^^^ associated function or constant not found in `ServeClient`
[INFO] [stdout]     |
[INFO] [stdout] help: there is an associated function `connect` with a similar name
[INFO] [stdout]    --> src/core/serve_client.rs:61:5
[INFO] [stdout]     |
[INFO] [stdout]  61 |     pub async fn connect(ssh_target: &str) -> Result<Self, BcmrError> {
[INFO] [stdout]     |     ^^^^^^^^^^^^^^^^^^^^^^^^^^^^^^^^^^^^^^^^^^^^^^^^^^^^^^^^^^^^^^^^^
[INFO] [stdout] 
[INFO] [stdout] 
[INFO] [stdout] error[E0599]: no associated function or constant named `connect_direct_local` found for struct `ServeClientPool` in the current scope
[INFO] [stdout]    --> tests/e2e_serve_direct_tcp.rs:699:37
[INFO] [stdout]     |
[INFO] [stdout] 699 |     let mut pool = ServeClientPool::connect_direct_local(4).await.unwrap();
[INFO] [stdout]     |                                     ^^^^^^^^^^^^^^^^^^^^ associated function or constant not found in `ServeClientPool`
[INFO] [stdout]     |
[INFO] [stdout] help: there is an associated function `connect_direct_with_caps` with a similar name
[INFO] [stdout]    --> src/core/serve_client/pool.rs:35:5
[INFO] [stdout]     |
[INFO] [stdout]  35 | /     pub async fn connect_direct_with_caps(
[INFO] [stdout]  36 | |         ssh_target: &str,
[INFO] [stdout]  37 | |         caps: u8,
[INFO] [stdout]  38 | |         n: usize,
[INFO] [stdout]  39 | |     ) -> Result<Self, BcmrError> {
[INFO] [stdout]     | |________________________________^
[INFO] [stdout] 
[INFO] [stdout] 
[INFO] [stdout] error[E0599]: no associated function or constant named `connect_local` found for struct `ServeClient` in the current scope
[INFO] [stdout]    --> tests/e2e_serve_basic.rs:660:35
[INFO] [stdout]     |
[INFO] [stdout] 660 |     let mut client = ServeClient::connect_local().await.unwrap();
[INFO] [stdout]     |                                   ^^^^^^^^^^^^^ associated function or constant not found in `ServeClient`
[INFO] [stdout]     |
[INFO] [stdout] help: there is an associated function `connect` with a similar name
[INFO] [stdout]    --> src/core/serve_client.rs:61:5
[INFO] [stdout]     |
[INFO] [stdout]  61 |     pub async fn connect(ssh_target: &str) -> Result<Self, BcmrError> {
[INFO] [stdout]     |     ^^^^^^^^^^^^^^^^^^^^^^^^^^^^^^^^^^^^^^^^^^^^^^^^^^^^^^^^^^^^^^^^^
[INFO] [stdout] 
[INFO] [stdout] 
[INFO] [stdout] error[E0599]: no associated function or constant named `connect_local` found for struct `ServeClient` in the current scope
[INFO] [stdout]    --> tests/e2e_serve_basic.rs:694:35
[INFO] [stdout]     |
[INFO] [stdout] 694 |     let mut client = ServeClient::connect_local().await.unwrap();
[INFO] [stdout]     |                                   ^^^^^^^^^^^^^ associated function or constant not found in `ServeClient`
[INFO] [stdout]     |
[INFO] [stdout] help: there is an associated function `connect` with a similar name
[INFO] [stdout]    --> src/core/serve_client.rs:61:5
[INFO] [stdout]     |
[INFO] [stdout]  61 |     pub async fn connect(ssh_target: &str) -> Result<Self, BcmrError> {
[INFO] [stdout]     |     ^^^^^^^^^^^^^^^^^^^^^^^^^^^^^^^^^^^^^^^^^^^^^^^^^^^^^^^^^^^^^^^^^
[INFO] [stdout] 
[INFO] [stdout] 
[INFO] [stdout] error[E0599]: no associated function or constant named `connect_direct_local` found for struct `ServeClientPool` in the current scope
[INFO] [stdout]    --> tests/e2e_serve_direct_tcp.rs:724:37
[INFO] [stdout]     |
[INFO] [stdout] 724 |     let mut pool = ServeClientPool::connect_direct_local(4).await.unwrap();
[INFO] [stdout]     |                                     ^^^^^^^^^^^^^^^^^^^^ associated function or constant not found in `ServeClientPool`
[INFO] [stdout]     |
[INFO] [stdout] help: there is an associated function `connect_direct_with_caps` with a similar name
[INFO] [stdout]    --> src/core/serve_client/pool.rs:35:5
[INFO] [stdout]     |
[INFO] [stdout]  35 | /     pub async fn connect_direct_with_caps(
[INFO] [stdout]  36 | |         ssh_target: &str,
[INFO] [stdout]  37 | |         caps: u8,
[INFO] [stdout]  38 | |         n: usize,
[INFO] [stdout]  39 | |     ) -> Result<Self, BcmrError> {
[INFO] [stdout]     | |________________________________^
[INFO] [stdout] 
[INFO] [stdout] 
[INFO] [stdout] error[E0599]: no associated function or constant named `connect_local` found for struct `ServeClient` in the current scope
[INFO] [stdout]    --> tests/e2e_serve_basic.rs:713:35
[INFO] [stdout]     |
[INFO] [stdout] 713 |     let mut client = ServeClient::connect_local().await.unwrap();
[INFO] [stdout]     |                                   ^^^^^^^^^^^^^ associated function or constant not found in `ServeClient`
[INFO] [stdout]     |
[INFO] [stdout] help: there is an associated function `connect` with a similar name
[INFO] [stdout]    --> src/core/serve_client.rs:61:5
[INFO] [stdout]     |
[INFO] [stdout]  61 |     pub async fn connect(ssh_target: &str) -> Result<Self, BcmrError> {
[INFO] [stdout]     |     ^^^^^^^^^^^^^^^^^^^^^^^^^^^^^^^^^^^^^^^^^^^^^^^^^^^^^^^^^^^^^^^^^
[INFO] [stdout] 
[INFO] [stdout] 
[INFO] [stdout] error[E0599]: no associated function or constant named `connect_local` found for struct `ServeClient` in the current scope
[INFO] [stdout]    --> tests/e2e_serve_pipelined.rs:161:35
[INFO] [stdout]     |
[INFO] [stdout] 161 |     let mut client = ServeClient::connect_local().await.unwrap();
[INFO] [stdout]     |                                   ^^^^^^^^^^^^^ associated function or constant not found in `ServeClient`
[INFO] [stdout]     |
[INFO] [stdout] help: there is an associated function `connect` with a similar name
[INFO] [stdout]    --> src/core/serve_client.rs:61:5
[INFO] [stdout]     |
[INFO] [stdout]  61 |     pub async fn connect(ssh_target: &str) -> Result<Self, BcmrError> {
[INFO] [stdout]     |     ^^^^^^^^^^^^^^^^^^^^^^^^^^^^^^^^^^^^^^^^^^^^^^^^^^^^^^^^^^^^^^^^^
[INFO] [stdout] 
[INFO] [stdout] 
[INFO] [stdout] error[E0599]: no associated function or constant named `connect_local` found for struct `ServeClient` in the current scope
[INFO] [stdout]    --> tests/e2e_serve_basic.rs:726:35
[INFO] [stdout]     |
[INFO] [stdout] 726 |     let mut client = ServeClient::connect_local().await.unwrap();
[INFO] [stdout]     |                                   ^^^^^^^^^^^^^ associated function or constant not found in `ServeClient`
[INFO] [stdout]     |
[INFO] [stdout] help: there is an associated function `connect` with a similar name
[INFO] [stdout]    --> src/core/serve_client.rs:61:5
[INFO] [stdout]     |
[INFO] [stdout]  61 |     pub async fn connect(ssh_target: &str) -> Result<Self, BcmrError> {
[INFO] [stdout]     |     ^^^^^^^^^^^^^^^^^^^^^^^^^^^^^^^^^^^^^^^^^^^^^^^^^^^^^^^^^^^^^^^^^
[INFO] [stdout] 
[INFO] [stdout] 
[INFO] [stdout] error[E0599]: no associated function or constant named `connect_direct_local` found for struct `ServeClientPool` in the current scope
[INFO] [stdout]    --> tests/e2e_serve_direct_tcp.rs:750:37
[INFO] [stdout]     |
[INFO] [stdout] 750 |     let mut pool = ServeClientPool::connect_direct_local(4).await.unwrap();
[INFO] [stdout]     |                                     ^^^^^^^^^^^^^^^^^^^^ associated function or constant not found in `ServeClientPool`
[INFO] [stdout]     |
[INFO] [stdout] help: there is an associated function `connect_direct_with_caps` with a similar name
[INFO] [stdout]    --> src/core/serve_client/pool.rs:35:5
[INFO] [stdout]     |
[INFO] [stdout]  35 | /     pub async fn connect_direct_with_caps(
[INFO] [stdout]  36 | |         ssh_target: &str,
[INFO] [stdout]  37 | |         caps: u8,
[INFO] [stdout]  38 | |         n: usize,
[INFO] [stdout]  39 | |     ) -> Result<Self, BcmrError> {
[INFO] [stdout]     | |________________________________^
[INFO] [stdout] 
[INFO] [stdout] 
[INFO] [stdout] error[E0599]: no associated function or constant named `connect_local` found for struct `ServeClient` in the current scope
[INFO] [stdout]    --> tests/e2e_serve_basic.rs:745:35
[INFO] [stdout]     |
[INFO] [stdout] 745 |     let mut client = ServeClient::connect_local().await.unwrap();
[INFO] [stdout]     |                                   ^^^^^^^^^^^^^ associated function or constant not found in `ServeClient`
[INFO] [stdout]     |
[INFO] [stdout] help: there is an associated function `connect` with a similar name
[INFO] [stdout]    --> src/core/serve_client.rs:61:5
[INFO] [stdout]     |
[INFO] [stdout]  61 |     pub async fn connect(ssh_target: &str) -> Result<Self, BcmrError> {
[INFO] [stdout]     |     ^^^^^^^^^^^^^^^^^^^^^^^^^^^^^^^^^^^^^^^^^^^^^^^^^^^^^^^^^^^^^^^^^
[INFO] [stdout] 
[INFO] [stdout] 
[INFO] [stdout] error[E0599]: no associated function or constant named `connect_local` found for struct `ServeClient` in the current scope
[INFO] [stdout]    --> tests/e2e_serve_pipelined.rs:220:35
[INFO] [stdout]     |
[INFO] [stdout] 220 |     let mut client = ServeClient::connect_local().await.unwrap();
[INFO] [stdout]     |                                   ^^^^^^^^^^^^^ associated function or constant not found in `ServeClient`
[INFO] [stdout]     |
[INFO] [stdout] help: there is an associated function `connect` with a similar name
[INFO] [stdout]    --> src/core/serve_client.rs:61:5
[INFO] [stdout]     |
[INFO] [stdout]  61 |     pub async fn connect(ssh_target: &str) -> Result<Self, BcmrError> {
[INFO] [stdout]     |     ^^^^^^^^^^^^^^^^^^^^^^^^^^^^^^^^^^^^^^^^^^^^^^^^^^^^^^^^^^^^^^^^^
[INFO] [stdout] 
[INFO] [stdout] 
[INFO] [stdout] error[E0599]: no associated function or constant named `connect_direct_local` found for struct `ServeClientPool` in the current scope
[INFO] [stdout]    --> tests/e2e_serve_direct_tcp.rs:776:37
[INFO] [stdout]     |
[INFO] [stdout] 776 |     let mut pool = ServeClientPool::connect_direct_local(4).await.unwrap();
[INFO] [stdout]     |                                     ^^^^^^^^^^^^^^^^^^^^ associated function or constant not found in `ServeClientPool`
[INFO] [stdout]     |
[INFO] [stdout] help: there is an associated function `connect_direct_with_caps` with a similar name
[INFO] [stdout]    --> src/core/serve_client/pool.rs:35:5
[INFO] [stdout]     |
[INFO] [stdout]  35 | /     pub async fn connect_direct_with_caps(
[INFO] [stdout]  36 | |         ssh_target: &str,
[INFO] [stdout]  37 | |         caps: u8,
[INFO] [stdout]  38 | |         n: usize,
[INFO] [stdout]  39 | |     ) -> Result<Self, BcmrError> {
[INFO] [stdout]     | |________________________________^
[INFO] [stdout] 
[INFO] [stdout] 
[INFO] [stdout] Some errors have detailed explanations: E0583, E0599.
[INFO] [stdout] 
[INFO] [stdout] For more information about an error, try `rustc --explain E0583`.
[INFO] [stdout] 
[INFO] [stderr] error: could not compile `bcmr` (test "e2e_serve_basic") due to 21 previous errors
[INFO] [stdout] Some errors have detailed explanations: E0583, E0599.
[INFO] [stdout] 
[INFO] [stdout] For more information about an error, try `rustc --explain E0583`.
[INFO] [stdout] 
[INFO] [stdout] error[E0599]: no associated function or constant named `connect_local` found for struct `ServeClient` in the current scope
[INFO] [stdout]    --> tests/e2e_serve_pipelined.rs:266:35
[INFO] [stdout]     |
[INFO] [stdout] 266 |     let mut client = ServeClient::connect_local().await.unwrap();
[INFO] [stdout]     |                                   ^^^^^^^^^^^^^ associated function or constant not found in `ServeClient`
[INFO] [stdout]     |
[INFO] [stdout] help: there is an associated function `connect` with a similar name
[INFO] [stdout]    --> src/core/serve_client.rs:61:5
[INFO] [stdout]     |
[INFO] [stdout]  61 |     pub async fn connect(ssh_target: &str) -> Result<Self, BcmrError> {
[INFO] [stdout]     |     ^^^^^^^^^^^^^^^^^^^^^^^^^^^^^^^^^^^^^^^^^^^^^^^^^^^^^^^^^^^^^^^^^
[INFO] [stdout] 
[INFO] [stdout] 
[INFO] [stdout] error[E0599]: no associated function or constant named `connect_local` found for struct `ServeClient` in the current scope
[INFO] [stdout]    --> tests/e2e_serve_pipelined.rs:313:35
[INFO] [stdout]     |
[INFO] [stdout] 313 |     let mut client = ServeClient::connect_local().await.unwrap();
[INFO] [stdout]     |                                   ^^^^^^^^^^^^^ associated function or constant not found in `ServeClient`
[INFO] [stdout]     |
[INFO] [stdout] help: there is an associated function `connect` with a similar name
[INFO] [stdout]    --> src/core/serve_client.rs:61:5
[INFO] [stdout]     |
[INFO] [stdout]  61 |     pub async fn connect(ssh_target: &str) -> Result<Self, BcmrError> {
[INFO] [stdout]     |     ^^^^^^^^^^^^^^^^^^^^^^^^^^^^^^^^^^^^^^^^^^^^^^^^^^^^^^^^^^^^^^^^^
[INFO] [stdout] 
[INFO] [stdout] 
[INFO] [stderr] error: could not compile `bcmr` (test "e2e_serve_direct_tcp") due to 13 previous errors
[INFO] [stdout] error[E0599]: no associated function or constant named `connect_local` found for struct `ServeClient` in the current scope
[INFO] [stdout]    --> tests/e2e_serve_pipelined.rs:354:35
[INFO] [stdout]     |
[INFO] [stdout] 354 |     let mut client = ServeClient::connect_local().await.unwrap();
[INFO] [stdout]     |                                   ^^^^^^^^^^^^^ associated function or constant not found in `ServeClient`
[INFO] [stdout]     |
[INFO] [stdout] help: there is an associated function `connect` with a similar name
[INFO] [stdout]    --> src/core/serve_client.rs:61:5
[INFO] [stdout]     |
[INFO] [stdout]  61 |     pub async fn connect(ssh_target: &str) -> Result<Self, BcmrError> {
[INFO] [stdout]     |     ^^^^^^^^^^^^^^^^^^^^^^^^^^^^^^^^^^^^^^^^^^^^^^^^^^^^^^^^^^^^^^^^^
[INFO] [stdout] 
[INFO] [stdout] 
[INFO] [stdout] error[E0599]: no associated function or constant named `connect_local` found for struct `ServeClient` in the current scope
[INFO] [stdout]    --> tests/e2e_serve_pipelined.rs:403:35
[INFO] [stdout]     |
[INFO] [stdout] 403 |     let mut client = ServeClient::connect_local().await.unwrap();
[INFO] [stdout]     |                                   ^^^^^^^^^^^^^ associated function or constant not found in `ServeClient`
[INFO] [stdout]     |
[INFO] [stdout] help: there is an associated function `connect` with a similar name
[INFO] [stdout]    --> src/core/serve_client.rs:61:5
[INFO] [stdout]     |
[INFO] [stdout]  61 |     pub async fn connect(ssh_target: &str) -> Result<Self, BcmrError> {
[INFO] [stdout]     |     ^^^^^^^^^^^^^^^^^^^^^^^^^^^^^^^^^^^^^^^^^^^^^^^^^^^^^^^^^^^^^^^^^
[INFO] [stdout] 
[INFO] [stdout] 
[INFO] [stdout] error[E0599]: no associated function or constant named `connect_local` found for struct `ServeClientPool` in the current scope
[INFO] [stdout]    --> tests/e2e_serve_pipelined.rs:483:37
[INFO] [stdout]     |
[INFO] [stdout] 483 |     let mut pool = ServeClientPool::connect_local(4).await.unwrap();
[INFO] [stdout]     |                                     ^^^^^^^^^^^^^ associated function or constant not found in `ServeClientPool`
[INFO] [stdout] 
[INFO] [stdout] 
[INFO] [stdout] error[E0599]: no associated function or constant named `connect_local` found for struct `ServeClientPool` in the current scope
[INFO] [stdout]    --> tests/e2e_serve_pipelined.rs:555:37
[INFO] [stdout]     |
[INFO] [stdout] 555 |     let mut pool = ServeClientPool::connect_local(4).await.unwrap();
[INFO] [stdout]     |                                     ^^^^^^^^^^^^^ associated function or constant not found in `ServeClientPool`
[INFO] [stdout] 
[INFO] [stdout] 
[INFO] [stdout] error[E0599]: no associated function or constant named `connect_local` found for struct `ServeClientPool` in the current scope
[INFO] [stdout]    --> tests/e2e_serve_pipelined.rs:609:37
[INFO] [stdout]     |
[INFO] [stdout] 609 |     let mut pool = ServeClientPool::connect_local(1).await.unwrap();
[INFO] [stdout]     |                                     ^^^^^^^^^^^^^ associated function or constant not found in `ServeClientPool`
[INFO] [stdout] 
[INFO] [stdout] 
[INFO] [stdout] error[E0599]: no associated function or constant named `connect_local` found for struct `ServeClientPool` in the current scope
[INFO] [stdout]    --> tests/e2e_serve_pipelined.rs:654:37
[INFO] [stdout]     |
[INFO] [stdout] 654 |     let mut pool = ServeClientPool::connect_local(4).await.unwrap();
[INFO] [stdout]     |                                     ^^^^^^^^^^^^^ associated function or constant not found in `ServeClientPool`
[INFO] [stdout] 
[INFO] [stdout] 
[INFO] [stdout] Some errors have detailed explanations: E0583, E0599.
[INFO] [stdout] 
[INFO] [stdout] For more information about an error, try `rustc --explain E0583`.
[INFO] [stdout] 
[INFO] [stderr] error: could not compile `bcmr` (test "e2e_serve_pipelined") due to 14 previous errors
[INFO] running `Command { std: "docker" "inspect" "9085bcff59df0608b69ef637e25c878bd402e92b1d6277e52e17ca3dd2358111", kill_on_drop: false }`
[INFO] running `Command { std: "docker" "rm" "-f" "9085bcff59df0608b69ef637e25c878bd402e92b1d6277e52e17ca3dd2358111", kill_on_drop: false }`
[INFO] [stdout] 9085bcff59df0608b69ef637e25c878bd402e92b1d6277e52e17ca3dd2358111
