[INFO] fetching crate bcinr-cmca 26.7.28...
[INFO] checking bcinr-cmca-26.7.28 against 3154cc1a3e6424e44f438a95007d043ed5ceaaf6 for pr-133502-30
[INFO] extracting crate bcinr-cmca 26.7.28 into /workspace/builds/worker-3-tc2/source
[INFO] started tweaking crates.io crate bcinr-cmca 26.7.28
[INFO] removed 0 missing tests
[INFO] finished tweaking crates.io crate bcinr-cmca 26.7.28
[INFO] tweaked toml for crates.io crate bcinr-cmca 26.7.28 written to /workspace/builds/worker-3-tc2/source/Cargo.toml
[INFO] validating manifest of crates.io crate bcinr-cmca 26.7.28 on toolchain 3154cc1a3e6424e44f438a95007d043ed5ceaaf6
[INFO] running `Command { std: CARGO_HOME="/workspace/cargo-home" RUSTUP_HOME="/workspace/rustup-home" "/workspace/cargo-home/bin/cargo" "+3154cc1a3e6424e44f438a95007d043ed5ceaaf6" "metadata" "--manifest-path" "Cargo.toml" "--no-deps", kill_on_drop: false }`
[INFO] crate crates.io crate bcinr-cmca 26.7.28 already has a lockfile, it will not be regenerated
[INFO] running `Command { std: CARGO_HOME="/workspace/cargo-home" RUSTUP_HOME="/workspace/rustup-home" "/workspace/cargo-home/bin/cargo" "+3154cc1a3e6424e44f438a95007d043ed5ceaaf6" "fetch" "--manifest-path" "Cargo.toml", kill_on_drop: false }`
[INFO] running `Command { std: "docker" "create" "-v" "/var/lib/crater-agent-workspace/builds/worker-3-tc2/source:/opt/rustwide/workdir:ro,Z" "-v" "/var/lib/crater-agent-workspace/builds/worker-3-tc2/target:/opt/rustwide/target:rw,Z" "-v" "/var/lib/crater-agent-workspace/cargo-home:/opt/rustwide/cargo-home:ro,Z" "-v" "/var/lib/crater-agent-workspace/rustup-home:/opt/rustwide/rustup-home:ro,Z" "-m" "1610612736" "--network" "none" "ghcr.io/rust-lang/crates-build-env/linux@sha256:77db811e55d90add9212f6832c23229e3de5f1c1f9905e8cb07319ea15df73ac" "sleep" "infinity", kill_on_drop: false }`
[INFO] [stdout] fbfa4dc0b0da08ee5e7681fa81d2f7c57d6ab96d36856e6f4772200e3669a8d7
[INFO] running `Command { std: "docker" "start" "fbfa4dc0b0da08ee5e7681fa81d2f7c57d6ab96d36856e6f4772200e3669a8d7", kill_on_drop: false }`
[INFO] running `Command { std: "docker" "inspect" "fbfa4dc0b0da08ee5e7681fa81d2f7c57d6ab96d36856e6f4772200e3669a8d7", kill_on_drop: false }`
[INFO] running `Command { std: "docker" "exec" "-e" "SOURCE_DIR=/opt/rustwide/workdir" "-e" "CARGO_HOME=/opt/rustwide/cargo-home" "-e" "RUSTUP_HOME=/opt/rustwide/rustup-home" "-e" "CARGO_TARGET_DIR=/opt/rustwide/target" "-w" "/opt/rustwide/workdir" "--user" "0:0" "fbfa4dc0b0da08ee5e7681fa81d2f7c57d6ab96d36856e6f4772200e3669a8d7" "/opt/rustwide/cargo-home/bin/cargo" "+3154cc1a3e6424e44f438a95007d043ed5ceaaf6" "metadata" "--no-deps" "--format-version=1", kill_on_drop: false }`
[INFO] running `Command { std: "docker" "inspect" "fbfa4dc0b0da08ee5e7681fa81d2f7c57d6ab96d36856e6f4772200e3669a8d7", kill_on_drop: false }`
[INFO] running `Command { std: "docker" "exec" "-e" "SOURCE_DIR=/opt/rustwide/workdir" "-e" "CARGO_HOME=/opt/rustwide/cargo-home" "-e" "RUSTUP_HOME=/opt/rustwide/rustup-home" "-e" "CARGO_TARGET_DIR=/opt/rustwide/target" "-e" "CARGO_INCREMENTAL=0" "-e" "RUST_BACKTRACE=full" "-e" "RUSTFLAGS=--cap-lints=forbid" "-e" "RUSTDOCFLAGS=--cap-lints=forbid" "-w" "/opt/rustwide/workdir" "--user" "0:0" "fbfa4dc0b0da08ee5e7681fa81d2f7c57d6ab96d36856e6f4772200e3669a8d7" "/opt/rustwide/cargo-home/bin/cargo" "+3154cc1a3e6424e44f438a95007d043ed5ceaaf6" "check" "--frozen" "--all" "--all-targets" "--message-format=json", kill_on_drop: false }`
[INFO] [stderr]    Compiling quote v1.0.46
[INFO] [stderr]    Compiling cc v1.3.0
[INFO] [stderr]     Checking futures-sink v0.3.33
[INFO] [stderr]    Compiling zerocopy v0.8.54
[INFO] [stderr]     Checking indexmap v2.14.0
[INFO] [stderr]     Checking getrandom v0.4.3
[INFO] [stderr]    Compiling serde_json v1.0.150
[INFO] [stderr]     Checking constant_time_eq v0.4.2
[INFO] [stderr]    Compiling target-triple v1.0.1
[INFO] [stderr]     Checking smallvec v1.15.2
[INFO] [stderr]     Checking toml_parser v1.1.2+spec-1.1.0
[INFO] [stderr]     Checking serde_spanned v1.1.1
[INFO] [stderr]     Checking toml_datetime v1.1.1+spec-1.1.0
[INFO] [stderr]     Checking quick-xml v0.36.2
[INFO] [stderr]    Compiling chicago-tdd-tools v26.7.1
[INFO] [stderr]     Checking rand v0.9.5
[INFO] [stderr]     Checking futures-channel v0.3.33
[INFO] [stderr]     Checking rand_xorshift v0.4.0
[INFO] [stderr]     Checking tempfile v3.27.0
[INFO] [stderr]     Checking uuid v1.24.0
[INFO] [stderr]     Checking unarray v0.1.4
[INFO] [stderr]     Checking bcinr-logic v26.7.28
[INFO] [stderr]     Checking parking_lot_core v0.9.12
[INFO] [stderr]    Compiling syn v2.0.119
[INFO] [stderr]     Checking dashmap v6.2.1
[INFO] [stderr]     Checking rusty-fork v0.3.1
[INFO] [stderr]     Checking toml v1.1.3+spec-1.1.0
[INFO] [stderr]     Checking bcinr-cmca v26.7.28 (/opt/rustwide/workdir)
[INFO] [stderr]    Compiling blake3 v1.8.5
[INFO] [stderr]    Compiling serde_derive v1.0.228
[INFO] [stderr]    Compiling futures-macro v0.3.33
[INFO] [stderr]    Compiling thiserror-impl v2.0.18
[INFO] [stderr]    Compiling tokio-macros v2.7.1
[INFO] [stderr]    Compiling tracing-attributes v0.1.31
[INFO] [stderr]    Compiling chicago-tdd-tools-proc-macros v26.7.1
[INFO] [stderr]     Checking tokio v1.53.0
[INFO] [stderr]     Checking ppv-lite86 v0.2.21
[INFO] [stderr]     Checking tracing v0.1.44
[INFO] [stderr]     Checking futures-util v0.3.33
[INFO] [stderr]     Checking thiserror v2.0.18
[INFO] [stderr]     Checking rand_chacha v0.9.0
[INFO] [stderr]     Checking proptest v1.11.0
[INFO] [stderr]     Checking serde v1.0.228
[INFO] [stderr]     Checking futures-executor v0.3.33
[INFO] [stderr]     Checking futures v0.3.33
[INFO] [stderr]     Checking serde_spanned v0.6.9
[INFO] [stderr]     Checking toml_datetime v0.6.11
[INFO] [stderr]     Checking chrono v0.4.45
[INFO] [stderr]     Checking serde_yaml v0.9.34+deprecated
[INFO] [stderr]     Checking trybuild v1.0.118
[INFO] [stderr]     Checking toml_edit v0.22.27
[INFO] [stderr]     Checking wasm4pm-compat v26.6.29
[INFO] [stderr]     Checking toml v0.8.23
[INFO] [stdout] error[E0432]: unresolved import `bcinr_cmca::cascade`
[INFO] [stdout]    --> tests/lean_correspondence_h.rs:45:17
[INFO] [stdout]     |
[INFO] [stdout]  45 | use bcinr_cmca::cascade::escort_weight;
[INFO] [stdout]     |                 ^^^^^^^ could not find `cascade` in `bcinr_cmca`
[INFO] [stdout]     |
[INFO] [stdout] note: found an item that was configured out
[INFO] [stdout]    --> src/lib.rs:101:9
[INFO] [stdout]     |
[INFO] [stdout] 100 | #[cfg(feature = "alloc")]
[INFO] [stdout]     |       ----------------- the item is gated behind the `alloc` feature
[INFO] [stdout] 101 | pub mod cascade;
[INFO] [stdout]     |         ^^^^^^^
[INFO] [stdout] 
[INFO] [stdout] 
[INFO] [stdout] error[E0432]: unresolved import `bcinr_cmca::cascade`
[INFO] [stdout]    --> tests/cascade_residual_classification.rs:20:17
[INFO] [stdout]     |
[INFO] [stdout]  20 | use bcinr_cmca::cascade::{consequence_mass_traced, AllocationTrace, CascadeTree};
[INFO] [stdout]     |                 ^^^^^^^ could not find `cascade` in `bcinr_cmca`
[INFO] [stdout]     |
[INFO] [stdout] note: found an item that was configured out
[INFO] [stdout]    --> src/lib.rs:101:9
[INFO] [stdout]     |
[INFO] [stdout] 100 | #[cfg(feature = "alloc")]
[INFO] [stdout]     |       ----------------- the item is gated behind the `alloc` feature
[INFO] [stdout] 101 | pub mod cascade;
[INFO] [stdout]     |         ^^^^^^^
[INFO] [stdout] 
[INFO] [stdout] 
[INFO] [stdout] error[E0432]: unresolved import `bcinr_cmca::cascade`
[INFO] [stdout]    --> tests/lean_correspondence.rs:35:17
[INFO] [stdout]     |
[INFO] [stdout]  35 | use bcinr_cmca::cascade::{escort_weight, CascadeRefusal};
[INFO] [stdout]     |                 ^^^^^^^ could not find `cascade` in `bcinr_cmca`
[INFO] [stdout]     |
[INFO] [stdout] note: found an item that was configured out
[INFO] [stdout]    --> src/lib.rs:101:9
[INFO] [stdout]     |
[INFO] [stdout] 100 | #[cfg(feature = "alloc")]
[INFO] [stdout]     |       ----------------- the item is gated behind the `alloc` feature
[INFO] [stdout] 101 | pub mod cascade;
[INFO] [stdout]     |         ^^^^^^^
[INFO] [stdout] 
[INFO] [stdout] 
[INFO] [stdout] error[E0432]: unresolved import `bcinr_cmca::cascade`
[INFO] [stdout]    --> tests/cmca_h_lean_correspondence.rs:26:17
[INFO] [stdout]     |
[INFO] [stdout]  26 | use bcinr_cmca::cascade::CascadeRefusal;
[INFO] [stdout]     |                 ^^^^^^^ could not find `cascade` in `bcinr_cmca`
[INFO] [stdout]     |
[INFO] [stdout] note: found an item that was configured out
[INFO] [stdout]    --> src/lib.rs:101:9
[INFO] [stdout]     |
[INFO] [stdout] 100 | #[cfg(feature = "alloc")]
[INFO] [stdout]     |       ----------------- the item is gated behind the `alloc` feature
[INFO] [stdout] 101 | pub mod cascade;
[INFO] [stdout]     |         ^^^^^^^
[INFO] [stdout] 
[INFO] [stdout] 
[INFO] [stdout] error[E0432]: unresolved import `bcinr_cmca::escort`
[INFO] [stdout]    --> tests/cmca_h_lean_correspondence.rs:27:17
[INFO] [stdout]     |
[INFO] [stdout]  27 | use bcinr_cmca::escort::{escort_distribution, EscortRefusal};
[INFO] [stdout]     |                 ^^^^^^ could not find `escort` in `bcinr_cmca`
[INFO] [stdout]     |
[INFO] [stdout] note: found an item that was configured out
[INFO] [stdout]    --> src/lib.rs:106:9
[INFO] [stdout]     |
[INFO] [stdout] 105 | #[cfg(feature = "alloc")]
[INFO] [stdout]     |       ----------------- the item is gated behind the `alloc` feature
[INFO] [stdout] 106 | pub mod escort;
[INFO] [stdout]     |         ^^^^^^
[INFO] [stdout] 
[INFO] [stdout] 
[INFO] [stdout] error[E0432]: unresolved import `bcinr_cmca::reference_escort`
[INFO] [stdout]    --> tests/cmca_h_lean_correspondence.rs:29:17
[INFO] [stdout]     |
[INFO] [stdout]  29 | use bcinr_cmca::reference_escort::{self, ReferenceEscortRefusal, ReferenceLens};
[INFO] [stdout]     |                 ^^^^^^^^^^^^^^^^ could not find `reference_escort` in `bcinr_cmca`
[INFO] [stdout]     |
[INFO] [stdout] note: found an item that was configured out
[INFO] [stdout]    --> src/lib.rs:118:9
[INFO] [stdout]     |
[INFO] [stdout] 117 | #[cfg(feature = "alloc")]
[INFO] [stdout]     |       ----------------- the item is gated behind the `alloc` feature
[INFO] [stdout] 118 | pub mod reference_escort;
[INFO] [stdout]     |         ^^^^^^^^^^^^^^^^
[INFO] [stdout] 
[INFO] [stdout] 
[INFO] [stdout] For more information about this error, try `rustc --explain E0432`.
[INFO] [stdout] 
[INFO] [stdout] For more information about this error, try `rustc --explain E0432`.
[INFO] [stdout] 
[INFO] [stdout] error[E0432]: unresolved import `bcinr_cmca::cascade`
[INFO] [stdout]    --> tests/runtime_semantic_classification.rs:37:17
[INFO] [stdout]     |
[INFO] [stdout]  37 | use bcinr_cmca::cascade::{consequence_mass, escort_weight, CascadeRefusal, CascadeTree};
[INFO] [stdout]     |                 ^^^^^^^ could not find `cascade` in `bcinr_cmca`
[INFO] [stdout]     |
[INFO] [stdout] note: found an item that was configured out
[INFO] [stdout]    --> src/lib.rs:101:9
[INFO] [stdout]     |
[INFO] [stdout] 100 | #[cfg(feature = "alloc")]
[INFO] [stdout]     |       ----------------- the item is gated behind the `alloc` feature
[INFO] [stdout] 101 | pub mod cascade;
[INFO] [stdout]     |         ^^^^^^^
[INFO] [stdout] 
[INFO] [stdout] 
[INFO] [stdout] error[E0432]: unresolved import `bcinr_cmca::escort`
[INFO] [stdout]    --> tests/runtime_semantic_classification.rs:38:17
[INFO] [stdout]     |
[INFO] [stdout]  38 | use bcinr_cmca::escort::{escort_distribution, EscortRefusal};
[INFO] [stdout]     |                 ^^^^^^ could not find `escort` in `bcinr_cmca`
[INFO] [stdout]     |
[INFO] [stdout] note: found an item that was configured out
[INFO] [stdout]    --> src/lib.rs:106:9
[INFO] [stdout]     |
[INFO] [stdout] 105 | #[cfg(feature = "alloc")]
[INFO] [stdout]     |       ----------------- the item is gated behind the `alloc` feature
[INFO] [stdout] 106 | pub mod escort;
[INFO] [stdout]     |         ^^^^^^
[INFO] [stdout] 
[INFO] [stdout] 
[INFO] [stdout] error[E0432]: unresolved import `bcinr_cmca::cascade`
[INFO] [stdout]    --> tests/cmca_h1_refusal_correspondence.rs:55:17
[INFO] [stdout]     |
[INFO] [stdout]  55 | use bcinr_cmca::cascade::CascadeRefusal;
[INFO] [stdout]     |                 ^^^^^^^ could not find `cascade` in `bcinr_cmca`
[INFO] [stdout]     |
[INFO] [stdout] note: found an item that was configured out
[INFO] [stdout]    --> src/lib.rs:101:9
[INFO] [stdout]     |
[INFO] [stdout] 100 | #[cfg(feature = "alloc")]
[INFO] [stdout]     |       ----------------- the item is gated behind the `alloc` feature
[INFO] [stdout] 101 | pub mod cascade;
[INFO] [stdout]     |         ^^^^^^^
[INFO] [stdout] 
[INFO] [stdout] 
[INFO] [stdout] error[E0432]: unresolved import `bcinr_cmca::escort`
[INFO] [stdout]    --> tests/cmca_h1_refusal_correspondence.rs:56:17
[INFO] [stdout]     |
[INFO] [stdout]  56 | use bcinr_cmca::escort::{escort_distribution, EscortRefusal};
[INFO] [stdout]     |                 ^^^^^^ could not find `escort` in `bcinr_cmca`
[INFO] [stdout]     |
[INFO] [stdout] note: found an item that was configured out
[INFO] [stdout]    --> src/lib.rs:106:9
[INFO] [stdout]     |
[INFO] [stdout] 105 | #[cfg(feature = "alloc")]
[INFO] [stdout]     |       ----------------- the item is gated behind the `alloc` feature
[INFO] [stdout] 106 | pub mod escort;
[INFO] [stdout]     |         ^^^^^^
[INFO] [stdout] 
[INFO] [stdout] 
[INFO] [stderr] error: could not compile `bcinr-cmca` (test "cascade_residual_classification") due to 1 previous error
[INFO] [stderr] warning: build failed, waiting for other jobs to finish...
[INFO] [stderr] error: could not compile `bcinr-cmca` (test "lean_correspondence_h") due to 1 previous error
[INFO] [stdout] warning: method call on a diverging inference variable
[INFO] [stdout]    --> tests/cmca_h_lean_correspondence.rs:338:37
[INFO] [stdout]     |
[INFO] [stdout] 338 |             assert_eq!(fixed_result.len(), reference_result.len());
[INFO] [stdout]     |                                     ^^^
[INFO] [stdout]     |
[INFO] [stdout]     = help: consider providing a type annotation
[INFO] [stdout]     = warning: this was previously accepted by the compiler but is being phased out; it will become a hard error in a future release!
[INFO] [stdout]     = note: for more information, see issue #156047 <https://github.com/rust-lang/rust/issues/156047>
[INFO] [stdout]     = note: `#[warn(method_call_on_diverging_infer_var)]` (part of `#[warn(future_incompatible)]`) on by default
[INFO] [stdout] 
[INFO] [stdout] 
[INFO] [stdout] For more information about this error, try `rustc --explain E0432`.
[INFO] [stdout] 
[INFO] [stderr] error: could not compile `bcinr-cmca` (test "cmca_h1_refusal_correspondence") due to 2 previous errors
[INFO] [stdout] For more information about this error, try `rustc --explain E0432`.
[INFO] [stdout] 
[INFO] [stderr] error: could not compile `bcinr-cmca` (test "runtime_semantic_classification") due to 2 previous errors
[INFO] [stdout] error[E0599]: no method named `len` found for type `!` in the current scope
[INFO] [stdout]    --> tests/cmca_h_lean_correspondence.rs:338:37
[INFO] [stdout]     |
[INFO] [stdout] 338 |             assert_eq!(fixed_result.len(), reference_result.len());
[INFO] [stdout]     |                                     ^^^
[INFO] [stdout]     |
[INFO] [stdout] help: there is a method `le` with a similar name, but with different arguments
[INFO] [stdout]    --> /rustc/3154cc1a3e6424e44f438a95007d043ed5ceaaf6/library/core/src/cmp.rs:1520:4
[INFO] [stdout] 
[INFO] [stdout] 
[INFO] [stdout] warning: method call on a diverging inference variable
[INFO] [stdout]    --> tests/cmca_h_lean_correspondence.rs:338:61
[INFO] [stdout]     |
[INFO] [stdout] 338 |             assert_eq!(fixed_result.len(), reference_result.len());
[INFO] [stdout]     |                                                             ^^^
[INFO] [stdout]     |
[INFO] [stdout]     = help: consider providing a type annotation
[INFO] [stdout]     = warning: this was previously accepted by the compiler but is being phased out; it will become a hard error in a future release!
[INFO] [stdout]     = note: for more information, see issue #156047 <https://github.com/rust-lang/rust/issues/156047>
[INFO] [stdout] 
[INFO] [stdout] 
[INFO] [stderr] error: could not compile `bcinr-cmca` (test "lean_correspondence") due to 1 previous error
[INFO] [stdout] error[E0599]: no method named `len` found for type `!` in the current scope
[INFO] [stdout]    --> tests/cmca_h_lean_correspondence.rs:338:61
[INFO] [stdout]     |
[INFO] [stdout] 338 |             assert_eq!(fixed_result.len(), reference_result.len());
[INFO] [stdout]     |                                                             ^^^
[INFO] [stdout]     |
[INFO] [stdout] help: there is a method `le` with a similar name, but with different arguments
[INFO] [stdout]    --> /rustc/3154cc1a3e6424e44f438a95007d043ed5ceaaf6/library/core/src/cmp.rs:1520:4
[INFO] [stdout] 
[INFO] [stdout] 
[INFO] [stdout] For more information about this error, try `rustc --explain E0432`.
[INFO] [stdout] 
[INFO] [stdout] error[E0599]: no method named `iter` found for type `!` in the current scope
[INFO] [stdout]    --> tests/cmca_h_lean_correspondence.rs:341:30
[INFO] [stdout]     |
[INFO] [stdout] 341 |                 fixed_result.iter().zip(reference_result.iter()).enumerate()
[INFO] [stdout]     |                              ^^^^ method not found in `!`
[INFO] [stdout] 
[INFO] [stdout] 
[INFO] [stdout] warning: unreachable call
[INFO] [stdout]    --> tests/cmca_h_lean_correspondence.rs:341:30
[INFO] [stdout]     |
[INFO] [stdout] 341 |                 fixed_result.iter().zip(reference_result.iter()).enumerate()
[INFO] [stdout]     |                 ------------ ^^^^ unreachable call
[INFO] [stdout]     |                 |
[INFO] [stdout]     |                 any code following this expression is unreachable
[INFO] [stdout]     |
[INFO] [stdout]     = note: `#[warn(unreachable_code)]` (part of `#[warn(unused)]`) on by default
[INFO] [stdout] 
[INFO] [stdout] 
[INFO] [stdout] error[E0599]: no method named `iter` found for type `!` in the current scope
[INFO] [stdout]    --> tests/cmca_h_lean_correspondence.rs:341:58
[INFO] [stdout]     |
[INFO] [stdout] 341 |                 fixed_result.iter().zip(reference_result.iter()).enumerate()
[INFO] [stdout]     |                                                          ^^^^ method not found in `!`
[INFO] [stdout] 
[INFO] [stdout] 
[INFO] [stdout] warning: unreachable call
[INFO] [stdout]    --> tests/cmca_h_lean_correspondence.rs:341:58
[INFO] [stdout]     |
[INFO] [stdout] 341 |                 fixed_result.iter().zip(reference_result.iter()).enumerate()
[INFO] [stdout]     |                                         ---------------- ^^^^ unreachable call
[INFO] [stdout]     |                                         |
[INFO] [stdout]     |                                         any code following this expression is unreachable
[INFO] [stdout] 
[INFO] [stdout] 
[INFO] [stdout] Some errors have detailed explanations: E0432, E0599.
[INFO] [stdout] 
[INFO] [stdout] For more information about an error, try `rustc --explain E0432`.
[INFO] [stdout] 
[INFO] [stderr] error: could not compile `bcinr-cmca` (test "cmca_h_lean_correspondence") due to 7 previous errors; 6 warnings emitted
[INFO] running `Command { std: "docker" "inspect" "fbfa4dc0b0da08ee5e7681fa81d2f7c57d6ab96d36856e6f4772200e3669a8d7", kill_on_drop: false }`
[INFO] running `Command { std: "docker" "rm" "-f" "fbfa4dc0b0da08ee5e7681fa81d2f7c57d6ab96d36856e6f4772200e3669a8d7", kill_on_drop: false }`
[INFO] [stdout] fbfa4dc0b0da08ee5e7681fa81d2f7c57d6ab96d36856e6f4772200e3669a8d7
