[INFO] fetching crate baukit-test 0.9.0...
[INFO] checking baukit-test-0.9.0 against 3154cc1a3e6424e44f438a95007d043ed5ceaaf6+rustflags=-Znext-solver=coherence for pr-133502-30
[INFO] extracting crate baukit-test 0.9.0 into /workspace/builds/worker-4-tc1/source
[INFO] started tweaking crates.io crate baukit-test 0.9.0
[INFO] removed 0 missing tests
[INFO] finished tweaking crates.io crate baukit-test 0.9.0
[INFO] tweaked toml for crates.io crate baukit-test 0.9.0 written to /workspace/builds/worker-4-tc1/source/Cargo.toml
[INFO] validating manifest of crates.io crate baukit-test 0.9.0 on toolchain 3154cc1a3e6424e44f438a95007d043ed5ceaaf6
[INFO] running `Command { std: CARGO_HOME="/workspace/cargo-home" RUSTUP_HOME="/workspace/rustup-home" "/workspace/cargo-home/bin/cargo" "+3154cc1a3e6424e44f438a95007d043ed5ceaaf6" "metadata" "--manifest-path" "Cargo.toml" "--no-deps", kill_on_drop: false }`
[INFO] crate crates.io crate baukit-test 0.9.0 already has a lockfile, it will not be regenerated
[INFO] running `Command { std: CARGO_HOME="/workspace/cargo-home" RUSTUP_HOME="/workspace/rustup-home" "/workspace/cargo-home/bin/cargo" "+3154cc1a3e6424e44f438a95007d043ed5ceaaf6" "fetch" "--manifest-path" "Cargo.toml", kill_on_drop: false }`
[INFO] [stderr] warning: `package.homepage` is redundant with `package.repository`
[INFO] [stderr]    --> Cargo.toml:139:12
[INFO] [stderr]     |
[INFO] [stderr] 139 | homepage = "https://github.com/PatrickKoss/baukit"
[INFO] [stderr]     |            ^^^^^^^^^^^^^^^^^^^^^^^^^^^^^^^^^^^^^^^
[INFO] [stderr] ...
[INFO] [stderr] 144 | repository = "https://github.com/PatrickKoss/baukit"
[INFO] [stderr]     |              ---------------------------------------
[INFO] [stderr]     |
[INFO] [stderr]     = note: `cargo::redundant_homepage` is set to `warn` by default
[INFO] [stderr] help: consider removing `package.homepage`
[INFO] [stderr] warning: `baukit-test` (manifest) generated 1 warning
[INFO] [stderr]     Updating crates.io index
[INFO] [stderr]  Downloading crates ...
[INFO] [stderr]   Downloaded uuid v1.27.0
[INFO] [stderr]   Downloaded jiff-static v0.2.37
[INFO] [stderr]   Downloaded parse-display-derive v0.11.0
[INFO] [stderr]   Downloaded parse-display v0.11.0
[INFO] [stderr]   Downloaded testcontainers v0.28.0
[INFO] [stderr]   Downloaded serde_with_macros v3.24.0
[INFO] [stderr]   Downloaded utoipa v6.0.0
[INFO] [stderr]   Downloaded bollard-buildkit-proto v0.8.1
[INFO] [stderr]   Downloaded cc v1.6.0
[INFO] [stderr]   Downloaded bollard-stubs v1.53.1-rc.29.3.1
[INFO] [stderr]   Downloaded utoipa-gen v6.0.1
[INFO] [stderr]   Downloaded jiff-core v0.1.1
[INFO] [stderr]   Downloaded bollard v0.21.1
[INFO] [stderr]   Downloaded wasm-bindgen-futures v0.4.79
[INFO] [stderr]   Downloaded serde_with v3.24.0
[INFO] [stderr]   Downloaded rustls-platform-verifier-android v0.2.0
[INFO] [stderr]   Downloaded metrics-exporter-prometheus v0.18.3
[INFO] [stderr]   Downloaded jiff v0.2.37
[INFO] [stderr]   Downloaded rapidhash v4.5.1
[INFO] [stderr]   Downloaded sketches-ddsketch v0.3.1
[INFO] [stderr]   Downloaded rand_xoshiro v0.7.0
[INFO] [stderr]   Downloaded metrics-util v0.20.4
[INFO] [stderr]   Downloaded metrics v0.24.6
[INFO] [stderr]   Downloaded evmap v11.0.0
[INFO] [stderr]   Downloaded left-right v0.11.8
[INFO] [stderr]   Downloaded generator v0.8.10
[INFO] [stderr]   Downloaded hashbag v0.1.13
[INFO] [stderr]   Downloaded referencing v0.58.5
[INFO] [stderr]   Downloaded micromap v0.3.0
[INFO] [stderr]   Downloaded jsonschema-value v0.58.5
[INFO] [stderr]   Downloaded fraction v0.17.0
[INFO] [stderr]   Downloaded jsonschema-regex v0.58.5
[INFO] [stderr]   Downloaded baukit-telemetry v0.9.0
[INFO] [stderr]   Downloaded baukit-core v0.9.0
[INFO] [stderr]   Downloaded baukit-openapi v0.9.0
[INFO] [stderr]   Downloaded baukit-integrations v0.9.0
[INFO] [stderr]   Downloaded baukit-ops v0.9.0
[INFO] [stderr]   Downloaded tracing-opentelemetry v0.34.0
[INFO] [stderr]   Downloaded opentelemetry-proto v0.33.0
[INFO] [stderr]   Downloaded opentelemetry v0.33.0
[INFO] [stderr]   Downloaded opentelemetry-otlp v0.33.0
[INFO] [stderr]   Downloaded baukit-http v0.9.0
[INFO] [stderr]   Downloaded config v0.15.27
[INFO] [stderr]   Downloaded fancy-regex v0.19.2
[INFO] [stderr]   Downloaded opentelemetry_sdk v0.33.0
[INFO] [stderr]   Downloaded baukit-config v0.9.0
[INFO] [stderr]   Downloaded tower-http v0.7.1
[INFO] [stderr]   Downloaded baukit-runtime v0.9.0
[INFO] [stderr]   Downloaded jsonschema v0.58.5
[INFO] [stderr]   Downloaded json5 v1.3.1
[INFO] [stderr]   Downloaded baukit-jobs v0.9.0
[INFO] [stderr]   Downloaded baukit-erasure v0.9.0
[INFO] [stderr]   Downloaded baukit-auth v0.9.0
[INFO] running `Command { std: "docker" "create" "-v" "/var/lib/crater-agent-workspace/builds/worker-4-tc1/source:/opt/rustwide/workdir:ro,Z" "-v" "/var/lib/crater-agent-workspace/builds/worker-4-tc1/target:/opt/rustwide/target:rw,Z" "-v" "/var/lib/crater-agent-workspace/cargo-home:/opt/rustwide/cargo-home:ro,Z" "-v" "/var/lib/crater-agent-workspace/rustup-home:/opt/rustwide/rustup-home:ro,Z" "-m" "1610612736" "--network" "none" "ghcr.io/rust-lang/crates-build-env/linux@sha256:77db811e55d90add9212f6832c23229e3de5f1c1f9905e8cb07319ea15df73ac" "sleep" "infinity", kill_on_drop: false }`
[INFO] [stdout] 5e377eb9adc24f079aed1a2e18f18809fc16928176f2ff158a0064d2cd9baba0
[INFO] running `Command { std: "docker" "start" "5e377eb9adc24f079aed1a2e18f18809fc16928176f2ff158a0064d2cd9baba0", kill_on_drop: false }`
[INFO] running `Command { std: "docker" "inspect" "5e377eb9adc24f079aed1a2e18f18809fc16928176f2ff158a0064d2cd9baba0", kill_on_drop: false }`
[INFO] running `Command { std: "docker" "exec" "-e" "SOURCE_DIR=/opt/rustwide/workdir" "-e" "CARGO_HOME=/opt/rustwide/cargo-home" "-e" "RUSTUP_HOME=/opt/rustwide/rustup-home" "-e" "CARGO_TARGET_DIR=/opt/rustwide/target" "-w" "/opt/rustwide/workdir" "--user" "0:0" "5e377eb9adc24f079aed1a2e18f18809fc16928176f2ff158a0064d2cd9baba0" "/opt/rustwide/cargo-home/bin/cargo" "+3154cc1a3e6424e44f438a95007d043ed5ceaaf6" "metadata" "--no-deps" "--format-version=1", kill_on_drop: false }`
[INFO] running `Command { std: "docker" "inspect" "5e377eb9adc24f079aed1a2e18f18809fc16928176f2ff158a0064d2cd9baba0", kill_on_drop: false }`
[INFO] running `Command { std: "docker" "exec" "-e" "SOURCE_DIR=/opt/rustwide/workdir" "-e" "CARGO_HOME=/opt/rustwide/cargo-home" "-e" "RUSTUP_HOME=/opt/rustwide/rustup-home" "-e" "CARGO_TARGET_DIR=/opt/rustwide/target" "-e" "CARGO_INCREMENTAL=0" "-e" "RUST_BACKTRACE=full" "-e" "RUSTFLAGS=--cap-lints=forbid -Znext-solver=coherence" "-e" "RUSTDOCFLAGS=--cap-lints=forbid" "-w" "/opt/rustwide/workdir" "--user" "0:0" "5e377eb9adc24f079aed1a2e18f18809fc16928176f2ff158a0064d2cd9baba0" "/opt/rustwide/cargo-home/bin/cargo" "+3154cc1a3e6424e44f438a95007d043ed5ceaaf6" "check" "--frozen" "--all" "--all-targets" "--message-format=json", kill_on_drop: false }`
[INFO] [stderr] warning: `package.homepage` is redundant with `package.repository`
[INFO] [stderr]    --> Cargo.toml:139:12
[INFO] [stderr]     |
[INFO] [stderr] 139 | homepage = "https://github.com/PatrickKoss/baukit"
[INFO] [stderr]     |            ^^^^^^^^^^^^^^^^^^^^^^^^^^^^^^^^^^^^^^^
[INFO] [stderr] ...
[INFO] [stderr] 144 | repository = "https://github.com/PatrickKoss/baukit"
[INFO] [stderr]     |              ---------------------------------------
[INFO] [stderr]     |
[INFO] [stderr]     = note: `cargo::redundant_homepage` is set to `warn` by default
[INFO] [stderr] help: consider removing `package.homepage`
[INFO] [stderr] warning: `baukit-test` (manifest) generated 1 warning
[INFO] [stderr]    Compiling unicode-ident v1.0.26
[INFO] [stderr]    Compiling libc v0.2.190
[INFO] [stderr]    Compiling serde_core v1.0.229
[INFO] [stderr]     Checking cfg-if v1.0.5
[INFO] [stderr]     Checking smallvec v1.16.2
[INFO] [stderr]    Compiling serde v1.0.229
[INFO] [stderr]     Checking foldhash v0.2.0
[INFO] [stderr]     Checking bytes v1.12.1
[INFO] [stderr]     Checking futures-sink v0.3.34
[INFO] [stderr]    Compiling proc-macro2 v1.0.107
[INFO] [stderr]     Checking hashbrown v0.17.1
[INFO] [stderr]     Checking futures-channel v0.3.34
[INFO] [stderr]    Compiling serde_json v1.0.151
[INFO] [stderr]    Compiling find-msvc-tools v0.1.14
[INFO] [stderr]    Compiling dunce v1.0.5
[INFO] [stderr]    Compiling fs_extra v1.3.0
[INFO] [stderr]     Checking base64 v0.23.1
[INFO] [stderr]     Checking zeroize v1.9.0
[INFO] [stderr]     Checking http v1.5.0
[INFO] [stderr]    Compiling aws-lc-rs v1.18.1
[INFO] [stderr]    Compiling num-traits v0.2.19
[INFO] [stderr]    Compiling quote v1.0.47
[INFO] [stderr]     Checking ipnet v2.12.2
[INFO] [stderr]    Compiling syn v3.0.6
[INFO] [stderr]    Compiling syn v2.0.119
[INFO] [stderr]    Compiling thiserror v2.0.21
[INFO] [stderr]     Checking untrusted v0.7.1
[INFO] [stderr]     Checking sync_wrapper v1.0.2
[INFO] [stderr]    Compiling getrandom v0.4.3
[INFO] [stderr]     Checking rustls-pki-types v1.15.1
[INFO] [stderr]     Checking http-body v1.1.0
[INFO] [stderr]     Checking http-body-util v0.1.5
[INFO] [stderr]    Compiling rustversion v1.0.23
[INFO] [stderr]    Compiling getrandom v0.3.4
[INFO] [stderr]     Checking parking_lot_core v0.9.12
[INFO] [stderr]     Checking errno v0.3.14
[INFO] [stderr]     Checking socket2 v0.6.5
[INFO] [stderr]     Checking signal-hook-registry v1.4.8
[INFO] [stderr]     Checking mio v1.2.4
[INFO] [stderr]     Checking parking_lot v0.12.5
[INFO] [stderr]    Compiling jobserver v0.1.35
[INFO] [stderr]     Checking typenum v1.20.1
[INFO] [stderr]     Checking matchit v0.8.4
[INFO] [stderr]    Compiling zerocopy v0.8.59
[INFO] [stderr]    Compiling cc v1.6.0
[INFO] [stderr]    Compiling rustls v0.23.45
[INFO] [stderr]     Checking hashbrown v0.16.1
[INFO] [stderr]     Checking indexmap v2.14.2
[INFO] [stderr]     Checking bitflags v2.13.2
[INFO] [stderr]     Checking serde_path_to_error v0.1.20
[INFO] [stderr]     Checking subtle v2.6.1
[INFO] [stderr]    Compiling crossbeam-utils v0.8.23
[INFO] [stderr]    Compiling itertools v0.14.0
[INFO] [stderr]     Checking regex-automata v0.4.18
[INFO] [stderr]    Compiling cmake v0.1.58
[INFO] [stderr]    Compiling crunchy v0.2.4
[INFO] [stderr]     Checking uuid v1.27.0
[INFO] [stderr]    Compiling tiny-keccak v2.0.2
[INFO] [stderr]    Compiling aho-corasick v1.1.5
[INFO] [stderr]    Compiling aws-lc-sys v0.45.0
[INFO] [stderr]     Checking rand_core v0.9.5
[INFO] [stderr]    Compiling regex-syntax v0.8.11
[INFO] [stderr]     Checking rustls-native-certs v0.8.4
[INFO] [stderr]    Compiling getrandom v0.2.17
[INFO] [stderr]    Compiling synstructure v0.14.0
[INFO] [stderr]     Checking hashlink v0.11.1
[INFO] [stderr]     Checking hybrid-array v0.4.15
[INFO] [stderr]    Compiling generic-array v0.14.9
[INFO] [stderr]    Compiling once_cell v1.21.4
[INFO] [stderr]    Compiling const-random-macro v0.1.16
[INFO] [stderr]     Checking rapidhash v4.5.1
[INFO] [stderr]     Checking cmov v0.5.4
[INFO] [stderr]     Checking ppv-lite86 v0.2.21
[INFO] [stderr]     Checking lazy_static v1.5.1
[INFO] [stderr]     Checking cpufeatures v0.3.1
[INFO] [stderr]     Checking sharded-slab v0.1.7
[INFO] [stderr]     Checking ctutils v0.4.2
[INFO] [stderr]     Checking rand_chacha v0.9.0
[INFO] [stderr]    Compiling serde_derive v1.0.229
[INFO] [stderr]    Compiling futures-macro v0.3.34
[INFO] [stderr]    Compiling tracing-attributes v0.1.31
[INFO] [stderr]    Compiling tokio-macros v2.7.2
[INFO] [stderr]    Compiling zerofrom-derive v0.1.8
[INFO] [stderr]    Compiling yoke-derive v0.8.4
[INFO] [stderr]     Checking tokio v1.53.2
[INFO] [stderr]     Checking futures-util v0.3.34
[INFO] [stderr]     Checking tracing v0.1.44
[INFO] [stderr]    Compiling thiserror-impl v2.0.21
[INFO] [stderr]     Checking zerofrom v0.1.8
[INFO] [stderr]    Compiling zerovec-derive v0.11.6
[INFO] [stderr]     Checking yoke v0.8.3
[INFO] [stderr]    Compiling displaydoc v0.2.7
[INFO] [stderr]     Checking axum-core v0.5.6
[INFO] [stderr]     Checking zerovec v0.11.8
[INFO] [stderr]    Compiling async-trait v0.1.92
[INFO] [stderr]     Checking tinystr v0.8.4
[INFO] [stderr]     Checking icu_locale_core v2.3.0
[INFO] [stderr]     Checking potential_utf v0.1.6
[INFO] [stderr]     Checking zerotrie v0.2.5
[INFO] [stderr]     Checking icu_collections v2.3.0
[INFO] [stderr]    Compiling pin-project-internal v1.1.13
[INFO] [stderr]    Compiling prost-derive v0.14.4
[INFO] [stderr]     Checking opentelemetry v0.33.0
[INFO] [stderr]    Compiling regex v1.13.1
[INFO] [stderr]     Checking icu_provider v2.3.1
[INFO] [stderr]     Checking serde_urlencoded v0.7.1
[INFO] [stderr]     Checking chrono v0.4.45
[INFO] [stderr]     Checking tracing-serde v0.2.0
[INFO] [stderr]     Checking icu_normalizer v2.3.0
[INFO] [stderr]     Checking icu_properties v2.3.0
[INFO] [stderr]     Checking futures-executor v0.3.34
[INFO] [stderr]     Checking rand v0.9.5
[INFO] [stderr]     Checking metrics v0.24.6
[INFO] [stderr]     Checking tokio-util v0.7.19
[INFO] [stderr]     Checking tokio-stream v0.1.19
[INFO] [stderr]     Checking pin-project v1.1.13
[INFO] [stderr]     Checking crypto-common v0.2.2
[INFO] [stderr]     Checking block-buffer v0.12.1
[INFO] [stderr]     Checking const-random v0.1.18
[INFO] [stderr]     Checking matchers v0.2.0
[INFO] [stderr]    Compiling encoding_rs v0.8.42
[INFO] [stderr]     Checking h2 v0.4.19
[INFO] [stderr]     Checking tower v0.5.3
[INFO] [stderr]     Checking deranged v0.5.8
[INFO] [stderr]     Checking prost v0.14.4
[INFO] [stderr]     Checking idna_adapter v1.2.2
[INFO] [stderr]     Checking num-integer v0.1.47
[INFO] [stderr]     Checking idna v1.1.0
[INFO] [stderr]     Checking url v2.5.8
[INFO] [stderr]     Checking tracing-log v0.2.0
[INFO] [stderr]     Checking prost-types v0.14.4
[INFO] [stderr]     Checking thread_local v1.1.10
[INFO] [stderr]     Checking time-core v0.1.9
[INFO] [stderr]     Checking num-conv v0.2.2
[INFO] [stderr]    Compiling erased-serde v0.4.10
[INFO] [stderr]     Checking tracing-subscriber v0.3.23
[INFO] [stderr]     Checking digest v0.11.3
[INFO] [stderr]     Checking dlv-list v0.5.2
[INFO] [stderr]     Checking chacha20 v0.10.2
[INFO] [stderr]    Compiling crossbeam-epoch v0.9.21
[INFO] [stderr]     Checking core_detect v1.0.0
[INFO] [stderr]     Checking hashbrown v0.14.5
[INFO] [stderr]     Checking simdutf8 v0.1.5
[INFO] [stderr]    Compiling multiversion_no_op v1.0.0
[INFO] [stderr]     Checking winnow v1.0.4
[INFO] [stderr]     Checking time v0.3.55
[INFO] [stderr]     Checking rand v0.10.3
[INFO] [stderr]     Checking tracing-opentelemetry v0.34.0
[INFO] [stderr]     Checking ordered-multimap v0.7.3
[INFO] [stderr]     Checking block-buffer v0.10.4
[INFO] [stderr]     Checking crypto-common v0.1.6
[INFO] [stderr]     Checking num-bigint v0.4.8
[INFO] [stderr]     Checking raw-cpuid v11.6.0
[INFO] [stderr]     Checking toml_parser v1.1.3+spec-1.1.0
[INFO] [stderr]     Checking serde_spanned v1.1.1
[INFO] [stderr]     Checking ucd-trie v0.1.7
[INFO] [stderr]     Checking toml_datetime v1.1.1+spec-1.1.0
[INFO] [stderr]     Checking arraydeque v0.5.1
[INFO] [stderr]     Checking unicode-segmentation v1.13.3
[INFO] [stderr]     Checking yaml-rust2 v0.11.1
[INFO] [stderr]     Checking toml v1.1.6+spec-1.1.0
[INFO] [stderr]     Checking ron v0.12.2
[INFO] [stderr]     Checking json5 v1.3.1
[INFO] [stderr]     Checking serde-untagged v0.1.9
[INFO] [stderr]     Checking convert_case v0.6.0
[INFO] [stderr]     Checking digest v0.10.7
[INFO] [stderr]     Checking rust-ini v0.21.3
[INFO] [stderr]     Checking num-iter v0.1.46
[INFO] [stderr]     Checking opentelemetry_sdk v0.33.0
[INFO] [stderr]    Compiling utoipa-gen v6.0.1
[INFO] [stderr]     Checking num-rational v0.4.2
[INFO] [stderr]     Checking rand_xoshiro v0.7.0
[INFO] [stderr]     Checking left-right v0.11.8
[INFO] [stderr]     Checking num-complex v0.4.6
[INFO] [stderr]     Checking hashbag v0.1.13
[INFO] [stderr]     Checking sketches-ddsketch v0.3.1
[INFO] [stderr]    Compiling metrics-exporter-prometheus v0.18.3
[INFO] [stderr]     Checking pathdiff v0.2.3
[INFO] [stderr]     Checking tinyvec v1.13.3
[INFO] [stderr]    Compiling rustix v1.1.5
[INFO] [stderr]     Checking hyper v1.11.1
[INFO] [stderr]    Compiling darling_core v0.24.1
[INFO] [stderr]     Checking num v0.4.3
[INFO] [stderr]     Checking unicode-normalization v0.1.25
[INFO] [stderr]     Checking config v0.15.27
[INFO] [stderr]     Checking quanta v0.12.6
[INFO] [stderr]     Checking metrics-util v0.20.4
[INFO] [stderr]     Checking sha2 v0.10.9
[INFO] [stderr]     Checking evmap v11.0.0
[INFO] [stderr]     Checking hmac v0.13.0
[INFO] [stderr]     Checking crossbeam-queue v0.3.14
[INFO] [stderr]    Compiling ahash v0.8.12
[INFO] [stderr]     Checking futures-intrusive v0.5.0
[INFO] [stderr]     Checking webpki-roots v1.0.9
[INFO] [stderr]    Compiling bollard-buildkit-proto v0.8.1
[INFO] [stderr]    Compiling baukit-telemetry v0.9.0
[INFO] [stderr]    Compiling ref-cast v1.0.27
[INFO] [stderr]     Checking linux-raw-sys v0.12.1
[INFO] [stderr]    Compiling portable-atomic v1.15.0
[INFO] [stderr]     Checking hyper-util v0.1.21
[INFO] [stderr]     Checking stringprep v0.1.5
[INFO] [stderr]     Checking hkdf v0.13.0
[INFO] [stderr]     Checking md-5 v0.11.0
[INFO] [stderr]     Checking sha2 v0.11.0
[INFO] [stderr]     Checking tower-http v0.7.1
[INFO] [stderr]    Compiling structmeta-derive v0.3.0
[INFO] [stderr]    Compiling ref-cast-impl v1.0.27
[INFO] [stderr]     Checking serde_html_form v0.4.1
[INFO] [stderr]     Checking atoi v2.0.0
[INFO] [stderr]    Compiling baukit-runtime v0.9.0
[INFO] [stderr]     Checking whoami v2.1.3
[INFO] [stderr]     Checking byteorder v1.5.0
[INFO] [stderr]    Compiling structmeta v0.3.0
[INFO] [stderr]     Checking axum v0.8.9
[INFO] [stderr]     Checking hyper-timeout v0.5.2
[INFO] [stderr]     Checking tower-http v0.6.11
[INFO] [stderr]    Compiling async-stream-impl v0.3.6
[INFO] [stderr]    Compiling serde_repr v0.1.21
[INFO] [stderr]    Compiling unicode-general-category v1.1.0
[INFO] [stderr]    Compiling jsonschema-value v0.58.5
[INFO] [stderr]     Checking bit-vec v0.8.0
[INFO] [stderr]     Checking borrow-or-share v0.2.4
[INFO] [stderr]    Compiling strum_macros v0.28.0
[INFO] [stderr]     Checking fluent-uri v0.4.1
[INFO] [stderr]    Compiling darling_macro v0.24.1
[INFO] [stderr]     Checking bit-set v0.8.0
[INFO] [stderr]     Checking async-stream v0.3.6
[INFO] [stderr]    Compiling darling v0.24.1
[INFO] [stderr]     Checking xattr v1.6.1
[INFO] [stderr]    Compiling serde_with_macros v3.24.0
[INFO] [stderr]    Compiling parse-display-derive v0.11.0
[INFO] [stderr]     Checking hyperlocal v0.9.1
[INFO] [stderr]     Checking fraction v0.17.0
[INFO] [stderr]     Checking num-cmp v0.1.0
[INFO] [stderr]     Checking rustc-hash v2.1.3
[INFO] [stderr]     Checking vsimd v0.8.0
[INFO] [stderr]    Compiling baukit-ops v0.9.0
[INFO] [stderr]     Checking bytecount v0.6.9
[INFO] [stderr]     Checking outref v0.5.2
[INFO] [stderr]     Checking micromap v0.3.0
[INFO] [stderr]     Checking serde_with v3.24.0
[INFO] [stderr]     Checking uuid-simd v0.8.0
[INFO] [stderr]     Checking referencing v0.58.5
[INFO] [stderr]     Checking astral-tokio-tar v0.6.4
[INFO] [stderr]     Checking parse-display v0.11.0
[INFO] [stderr]     Checking fancy-regex v0.19.2
[INFO] [stderr]     Checking ferroid v2.0.0
[INFO] [stderr]     Checking futures v0.3.34
[INFO] [stderr]     Checking docker_credential v1.4.0
[INFO] [stderr]     Checking email_address v0.2.9
[INFO] [stderr]     Checking strum v0.28.0
[INFO] [stderr]     Checking jsonschema-regex v0.58.5
[INFO] [stderr]     Checking etcetera v0.11.0
[INFO] [stderr]     Checking pem v4.0.0
[INFO] [stderr]     Checking tempfile v3.27.0
[INFO] [stderr]     Checking utoipa v6.0.0
[INFO] [stderr]     Checking jsonschema v0.58.5
[INFO] [stderr]     Checking tonic v0.14.6
[INFO] [stderr]     Checking tonic-prost v0.14.6
[INFO] [stderr]     Checking tonic-types v0.14.6
[INFO] [stderr]     Checking opentelemetry-proto v0.33.0
[INFO] [stderr]     Checking opentelemetry-otlp v0.33.0
[INFO] [stderr]     Checking baukit-openapi v0.9.0
[INFO] [stderr]     Checking bollard-stubs v1.53.1-rc.29.3.1
[INFO] [stderr]     Checking rustls-webpki v0.103.15
[INFO] [stderr]     Checking baukit-core v0.9.0
[INFO] [stderr]     Checking baukit-config v0.9.0
[INFO] [stderr]     Checking baukit-http v0.9.0
[INFO] [stderr]     Checking baukit-integrations v0.9.0
[INFO] [stderr]     Checking tokio-rustls v0.26.6
[INFO] [stderr]     Checking sqlx-core v0.9.0
[INFO] [stderr]     Checking rustls-platform-verifier v0.7.1
[INFO] [stderr]     Checking hyper-rustls v0.27.10
[INFO] [stderr]     Checking reqwest v0.13.5
[INFO] [stderr]     Checking baukit-auth v0.9.0
[INFO] [stderr]     Checking bollard v0.21.1
[INFO] [stderr]     Checking sqlx-postgres v0.9.0
[INFO] [stderr]     Checking testcontainers v0.28.0
[INFO] [stderr]     Checking sqlx v0.9.0
[INFO] [stderr]     Checking baukit-jobs v0.9.0
[INFO] [stderr]     Checking baukit-erasure v0.9.0
[INFO] [stderr]     Checking baukit-test v0.9.0 (/opt/rustwide/workdir)
[INFO] [stdout] error[E0432]: unresolved import `baukit_telemetry`
[INFO] [stdout]    --> src/ops.rs:321:9
[INFO] [stdout]     |
[INFO] [stdout] 321 |     use baukit_telemetry::{DeploymentEnvironment, ProcessKind, ServiceIdentity};
[INFO] [stdout]     |         ^^^^^^^^^^^^^^^^ use of unresolved module or unlinked crate `baukit_telemetry`
[INFO] [stdout]     |
[INFO] [stdout]     = help: if you wanted to use a crate named `baukit_telemetry`, use `cargo add baukit_telemetry` to add it to your `Cargo.toml`
[INFO] [stdout] 
[INFO] [stdout] 
[INFO] [stdout] error[E0433]: cannot find module or crate `baukit_telemetry` in this scope
[INFO] [stdout]    --> src/metrics.rs:516:17
[INFO] [stdout]     |
[INFO] [stdout] 516 |                 baukit_telemetry::HTTP_DURATION_BUCKETS,
[INFO] [stdout]     |                 ^^^^^^^^^^^^^^^^ use of unresolved module or unlinked crate `baukit_telemetry`
[INFO] [stdout]     |
[INFO] [stdout]     = help: if you wanted to use a crate named `baukit_telemetry`, use `cargo add baukit_telemetry` to add it to your `Cargo.toml`
[INFO] [stdout] 
[INFO] [stdout] 
[INFO] [stdout] error[E0433]: cannot find module or crate `baukit_telemetry` in this scope
[INFO] [stdout]    --> src/metrics.rs:652:13
[INFO] [stdout]     |
[INFO] [stdout] 652 |             baukit_telemetry::HTTP_DURATION_BUCKETS,
[INFO] [stdout]     |             ^^^^^^^^^^^^^^^^ use of unresolved module or unlinked crate `baukit_telemetry`
[INFO] [stdout]     |
[INFO] [stdout]     = help: if you wanted to use a crate named `baukit_telemetry`, use `cargo add baukit_telemetry` to add it to your `Cargo.toml`
[INFO] [stdout] 
[INFO] [stdout] 
[INFO] [stdout] Some errors have detailed explanations: E0432, E0433.
[INFO] [stdout] 
[INFO] [stdout] For more information about an error, try `rustc --explain E0432`.
[INFO] [stdout] 
[INFO] [stderr] error: could not compile `baukit-test` (lib test) due to 3 previous errors
[INFO] running `Command { std: "docker" "inspect" "5e377eb9adc24f079aed1a2e18f18809fc16928176f2ff158a0064d2cd9baba0", kill_on_drop: false }`
[INFO] running `Command { std: "docker" "rm" "-f" "5e377eb9adc24f079aed1a2e18f18809fc16928176f2ff158a0064d2cd9baba0", kill_on_drop: false }`
[INFO] [stdout] 5e377eb9adc24f079aed1a2e18f18809fc16928176f2ff158a0064d2cd9baba0
