[INFO] fetching crate baukit-sync 0.9.0...
[INFO] checking baukit-sync-0.9.0 against 3154cc1a3e6424e44f438a95007d043ed5ceaaf6+rustflags=-Znext-solver=coherence for pr-133502-30
[INFO] extracting crate baukit-sync 0.9.0 into /workspace/builds/worker-7-tc1/source
[INFO] started tweaking crates.io crate baukit-sync 0.9.0
[INFO] removed 0 missing tests
[INFO] finished tweaking crates.io crate baukit-sync 0.9.0
[INFO] tweaked toml for crates.io crate baukit-sync 0.9.0 written to /workspace/builds/worker-7-tc1/source/Cargo.toml
[INFO] validating manifest of crates.io crate baukit-sync 0.9.0 on toolchain 3154cc1a3e6424e44f438a95007d043ed5ceaaf6
[INFO] running `Command { std: CARGO_HOME="/workspace/cargo-home" RUSTUP_HOME="/workspace/rustup-home" "/workspace/cargo-home/bin/cargo" "+3154cc1a3e6424e44f438a95007d043ed5ceaaf6" "metadata" "--manifest-path" "Cargo.toml" "--no-deps", kill_on_drop: false }`
[INFO] crate crates.io crate baukit-sync 0.9.0 already has a lockfile, it will not be regenerated
[INFO] running `Command { std: CARGO_HOME="/workspace/cargo-home" RUSTUP_HOME="/workspace/rustup-home" "/workspace/cargo-home/bin/cargo" "+3154cc1a3e6424e44f438a95007d043ed5ceaaf6" "fetch" "--manifest-path" "Cargo.toml", kill_on_drop: false }`
[INFO] [stderr] warning: `package.homepage` is redundant with `package.repository`
[INFO] [stderr]   --> Cargo.toml:68:12
[INFO] [stderr]    |
[INFO] [stderr] 68 | homepage = "https://github.com/PatrickKoss/baukit"
[INFO] [stderr]    |            ^^^^^^^^^^^^^^^^^^^^^^^^^^^^^^^^^^^^^^^
[INFO] [stderr] ...
[INFO] [stderr] 73 | repository = "https://github.com/PatrickKoss/baukit"
[INFO] [stderr]    |              ---------------------------------------
[INFO] [stderr]    |
[INFO] [stderr]    = note: `cargo::redundant_homepage` is set to `warn` by default
[INFO] [stderr] help: consider removing `package.homepage`
[INFO] [stderr] warning: `baukit-sync` (manifest) generated 1 warning
[INFO] running `Command { std: "docker" "create" "-v" "/var/lib/crater-agent-workspace/builds/worker-7-tc1/source:/opt/rustwide/workdir:ro,Z" "-v" "/var/lib/crater-agent-workspace/builds/worker-7-tc1/target:/opt/rustwide/target:rw,Z" "-v" "/var/lib/crater-agent-workspace/cargo-home:/opt/rustwide/cargo-home:ro,Z" "-v" "/var/lib/crater-agent-workspace/rustup-home:/opt/rustwide/rustup-home:ro,Z" "-m" "1610612736" "--network" "none" "ghcr.io/rust-lang/crates-build-env/linux@sha256:77db811e55d90add9212f6832c23229e3de5f1c1f9905e8cb07319ea15df73ac" "sleep" "infinity", kill_on_drop: false }`
[INFO] [stdout] 34b215c296ddc6771f1540dc00a41cfa6fe289b87be4c7a9587b4536897b3ea1
[INFO] running `Command { std: "docker" "start" "34b215c296ddc6771f1540dc00a41cfa6fe289b87be4c7a9587b4536897b3ea1", kill_on_drop: false }`
[INFO] running `Command { std: "docker" "inspect" "34b215c296ddc6771f1540dc00a41cfa6fe289b87be4c7a9587b4536897b3ea1", kill_on_drop: false }`
[INFO] running `Command { std: "docker" "exec" "-e" "SOURCE_DIR=/opt/rustwide/workdir" "-e" "CARGO_HOME=/opt/rustwide/cargo-home" "-e" "RUSTUP_HOME=/opt/rustwide/rustup-home" "-e" "CARGO_TARGET_DIR=/opt/rustwide/target" "-w" "/opt/rustwide/workdir" "--user" "0:0" "34b215c296ddc6771f1540dc00a41cfa6fe289b87be4c7a9587b4536897b3ea1" "/opt/rustwide/cargo-home/bin/cargo" "+3154cc1a3e6424e44f438a95007d043ed5ceaaf6" "metadata" "--no-deps" "--format-version=1", kill_on_drop: false }`
[INFO] running `Command { std: "docker" "inspect" "34b215c296ddc6771f1540dc00a41cfa6fe289b87be4c7a9587b4536897b3ea1", kill_on_drop: false }`
[INFO] running `Command { std: "docker" "exec" "-e" "SOURCE_DIR=/opt/rustwide/workdir" "-e" "CARGO_HOME=/opt/rustwide/cargo-home" "-e" "RUSTUP_HOME=/opt/rustwide/rustup-home" "-e" "CARGO_TARGET_DIR=/opt/rustwide/target" "-e" "CARGO_INCREMENTAL=0" "-e" "RUST_BACKTRACE=full" "-e" "RUSTFLAGS=--cap-lints=forbid -Znext-solver=coherence" "-e" "RUSTDOCFLAGS=--cap-lints=forbid" "-w" "/opt/rustwide/workdir" "--user" "0:0" "34b215c296ddc6771f1540dc00a41cfa6fe289b87be4c7a9587b4536897b3ea1" "/opt/rustwide/cargo-home/bin/cargo" "+3154cc1a3e6424e44f438a95007d043ed5ceaaf6" "check" "--frozen" "--all" "--all-targets" "--message-format=json", kill_on_drop: false }`
[INFO] [stderr] warning: `package.homepage` is redundant with `package.repository`
[INFO] [stderr]   --> Cargo.toml:68:12
[INFO] [stderr]    |
[INFO] [stderr] 68 | homepage = "https://github.com/PatrickKoss/baukit"
[INFO] [stderr]    |            ^^^^^^^^^^^^^^^^^^^^^^^^^^^^^^^^^^^^^^^
[INFO] [stderr] ...
[INFO] [stderr] 73 | repository = "https://github.com/PatrickKoss/baukit"
[INFO] [stderr]    |              ---------------------------------------
[INFO] [stderr]    |
[INFO] [stderr]    = note: `cargo::redundant_homepage` is set to `warn` by default
[INFO] [stderr] help: consider removing `package.homepage`
[INFO] [stderr] warning: `baukit-sync` (manifest) generated 1 warning
[INFO] [stderr]     Checking smallvec v1.16.2
[INFO] [stderr]    Compiling serde_core v1.0.229
[INFO] [stderr]     Checking futures-channel v0.3.34
[INFO] [stderr]     Checking tracing v0.1.44
[INFO] [stderr]     Checking futures-task v0.3.34
[INFO] [stderr]    Compiling syn v3.0.6
[INFO] [stderr]     Checking mio v1.2.4
[INFO] [stderr]     Checking slab v0.4.12
[INFO] [stderr]     Checking axum-core v0.5.6
[INFO] [stderr]     Checking futures-util v0.3.34
[INFO] [stderr]     Checking parking_lot_core v0.9.12
[INFO] [stderr]     Checking parking_lot v0.12.5
[INFO] [stderr]     Checking serde_json v1.0.151
[INFO] [stderr]     Checking serde_path_to_error v0.1.20
[INFO] [stderr]    Compiling serde_derive v1.0.229
[INFO] [stderr]    Compiling tokio-macros v2.7.2
[INFO] [stderr]    Compiling thiserror-impl v2.0.21
[INFO] [stderr]     Checking tokio v1.53.2
[INFO] [stderr]     Checking thiserror v2.0.21
[INFO] [stderr]     Checking serde v1.0.229
[INFO] [stderr]     Checking serde_urlencoded v0.7.1
[INFO] [stderr]     Checking chrono v0.4.45
[INFO] [stderr]     Checking baukit-sync v0.9.0 (/opt/rustwide/workdir)
[INFO] [stderr]     Checking hyper v1.11.1
[INFO] [stderr]     Checking tower v0.5.3
[INFO] [stderr]     Checking hyper-util v0.1.21
[INFO] [stderr]     Checking axum v0.8.9
[INFO] [stdout] error[E0432]: unresolved import `sqlx`
[INFO] [stdout]  --> tests/postgres.rs:3:5
[INFO] [stdout]   |
[INFO] [stdout] 3 | use sqlx::PgPool;
[INFO] [stdout]   |     ^^^^ use of unresolved module or unlinked crate `sqlx`
[INFO] [stdout]   |
[INFO] [stdout]   = help: if you wanted to use a crate named `sqlx`, use `cargo add sqlx` to add it to your `Cargo.toml`
[INFO] [stdout] 
[INFO] [stdout] 
[INFO] [stdout] error[E0432]: unresolved import `uuid`
[INFO] [stdout]  --> tests/postgres.rs:5:5
[INFO] [stdout]   |
[INFO] [stdout] 5 | use uuid::Uuid;
[INFO] [stdout]   |     ^^^^ use of unresolved module or unlinked crate `uuid`
[INFO] [stdout]   |
[INFO] [stdout]   = help: if you wanted to use a crate named `uuid`, use `cargo add uuid` to add it to your `Cargo.toml`
[INFO] [stdout] 
[INFO] [stdout] 
[INFO] [stdout] error: couldn't read `src/../../../../fixtures/hlc/vectors-v1.json`: No such file or directory (os error 2)
[INFO] [stdout]    --> src/hlc.rs:390:34
[INFO] [stdout]     |
[INFO] [stdout] 390 |             serde_json::from_str(include_str!("../../../../fixtures/hlc/vectors-v1.json"))
[INFO] [stdout]     |                                  ^^^^^^^^^^^^^^^^^^^^^^^^^^^^^^^^^^^^^^^^^^^^^^^^^^^^^^^^
[INFO] [stdout] 
[INFO] [stdout] 
[INFO] [stdout] error[E0432]: unresolved import `baukit_sync::purge`
[INFO] [stdout]   --> tests/purge_horizons.rs:5:5
[INFO] [stdout]    |
[INFO] [stdout]  5 |     purge::{
[INFO] [stdout]    |     ^^^^^ could not find `purge` in `baukit_sync`
[INFO] [stdout]    |
[INFO] [stdout] note: found an item that was configured out
[INFO] [stdout]   --> src/lib.rs:67:9
[INFO] [stdout]    |
[INFO] [stdout] 66 | #[cfg(feature = "sqlx-postgres")]
[INFO] [stdout]    |       ------------------------- the item is gated behind the `sqlx-postgres` feature
[INFO] [stdout] 67 | pub mod purge;
[INFO] [stdout]    |         ^^^^^
[INFO] [stdout] 
[INFO] [stdout] 
[INFO] [stdout] error[E0432]: unresolved import `baukit_test`
[INFO] [stdout]   --> tests/purge_horizons.rs:10:5
[INFO] [stdout]    |
[INFO] [stdout] 10 | use baukit_test::{
[INFO] [stdout]    |     ^^^^^^^^^^^ use of unresolved module or unlinked crate `baukit_test`
[INFO] [stdout]    |
[INFO] [stdout]    = help: if you wanted to use a crate named `baukit_test`, use `cargo add baukit_test` to add it to your `Cargo.toml`
[INFO] [stdout] 
[INFO] [stdout] 
[INFO] [stdout] error[E0432]: unresolved import `sqlx`
[INFO] [stdout]   --> tests/purge_horizons.rs:15:5
[INFO] [stdout]    |
[INFO] [stdout] 15 | use sqlx::PgPool;
[INFO] [stdout]    |     ^^^^ use of unresolved module or unlinked crate `sqlx`
[INFO] [stdout]    |
[INFO] [stdout]    = help: if you wanted to use a crate named `sqlx`, use `cargo add sqlx` to add it to your `Cargo.toml`
[INFO] [stdout] 
[INFO] [stdout] 
[INFO] [stdout] error[E0432]: unresolved import `uuid`
[INFO] [stdout]   --> tests/purge_horizons.rs:16:5
[INFO] [stdout]    |
[INFO] [stdout] 16 | use uuid::Uuid;
[INFO] [stdout]    |     ^^^^ use of unresolved module or unlinked crate `uuid`
[INFO] [stdout]    |
[INFO] [stdout]    = help: if you wanted to use a crate named `uuid`, use `cargo add uuid` to add it to your `Cargo.toml`
[INFO] [stdout] 
[INFO] [stdout] 
[INFO] [stderr] error: could not compile `baukit-sync` (lib test) due to 1 previous error
[INFO] [stderr] warning: build failed, waiting for other jobs to finish...
[INFO] [stdout] error[E0425]: cannot find function `next_revision` in crate `baukit_sync`
[INFO] [stdout]   --> tests/purge_horizons.rs:78:37
[INFO] [stdout]    |
[INFO] [stdout] 78 |         let revision = baukit_sync::next_revision(&mut transaction, *owner).await?;
[INFO] [stdout]    |                                     ^^^^^^^^^^^^^ not found in `baukit_sync`
[INFO] [stdout]    |
[INFO] [stdout] note: found an item that was configured out
[INFO] [stdout]   --> src/lib.rs:72:81
[INFO] [stdout]    |
[INFO] [stdout] 71 | #[cfg(feature = "sqlx-postgres")]
[INFO] [stdout]    |       ------------------------- the item is gated behind the `sqlx-postgres` feature
[INFO] [stdout] 72 | pub use revision::{current_revision, current_revision_for_update, ensure_owner, next_revision};
[INFO] [stdout]    |                                                                                 ^^^^^^^^^^^^^
[INFO] [stdout] 
[INFO] [stdout] 
[INFO] [stdout] error[E0425]: cannot find function `next_revision` in crate `baukit_sync`
[INFO] [stdout]    --> tests/purge_horizons.rs:340:18
[INFO] [stdout]     |
[INFO] [stdout] 340 |     baukit_sync::next_revision(&mut writer, owner).await?;
[INFO] [stdout]     |                  ^^^^^^^^^^^^^ not found in `baukit_sync`
[INFO] [stdout]     |
[INFO] [stdout] note: found an item that was configured out
[INFO] [stdout]    --> src/lib.rs:72:81
[INFO] [stdout]     |
[INFO] [stdout]  71 | #[cfg(feature = "sqlx-postgres")]
[INFO] [stdout]     |       ------------------------- the item is gated behind the `sqlx-postgres` feature
[INFO] [stdout]  72 | pub use revision::{current_revision, current_revision_for_update, ensure_owner, next_revision};
[INFO] [stdout]     |                                                                                 ^^^^^^^^^^^^^
[INFO] [stdout] 
[INFO] [stdout] 
[INFO] [stdout] error[E0425]: cannot find function `next_revision` in crate `baukit_sync`
[INFO] [stdout]    --> tests/purge_horizons.rs:374:54
[INFO] [stdout]     |
[INFO] [stdout] 374 |         tokio::time::timeout(LOCK_WAIT, baukit_sync::next_revision(&mut writer, owner)).await??;
[INFO] [stdout]     |                                                      ^^^^^^^^^^^^^ not found in `baukit_sync`
[INFO] [stdout]     |
[INFO] [stdout] note: found an item that was configured out
[INFO] [stdout]    --> src/lib.rs:72:81
[INFO] [stdout]     |
[INFO] [stdout]  71 | #[cfg(feature = "sqlx-postgres")]
[INFO] [stdout]     |       ------------------------- the item is gated behind the `sqlx-postgres` feature
[INFO] [stdout]  72 | pub use revision::{current_revision, current_revision_for_update, ensure_owner, next_revision};
[INFO] [stdout]     |                                                                                 ^^^^^^^^^^^^^
[INFO] [stdout] 
[INFO] [stdout] 
[INFO] [stdout] error[E0425]: cannot find function `ensure_owner` in crate `baukit_sync`
[INFO] [stdout]    --> tests/purge_horizons.rs:484:18
[INFO] [stdout]     |
[INFO] [stdout] 484 |     baukit_sync::ensure_owner(&mut transaction, owner_id).await?;
[INFO] [stdout]     |                  ^^^^^^^^^^^^ not found in `baukit_sync`
[INFO] [stdout]     |
[INFO] [stdout] note: found an item that was configured out
[INFO] [stdout]    --> src/lib.rs:72:67
[INFO] [stdout]     |
[INFO] [stdout]  71 | #[cfg(feature = "sqlx-postgres")]
[INFO] [stdout]     |       ------------------------- the item is gated behind the `sqlx-postgres` feature
[INFO] [stdout]  72 | pub use revision::{current_revision, current_revision_for_update, ensure_owner, next_revision};
[INFO] [stdout]     |                                                                   ^^^^^^^^^^^^
[INFO] [stdout] 
[INFO] [stdout] 
[INFO] [stdout] error[E0425]: cannot find function `next_revision` in crate `baukit_sync`
[INFO] [stdout]    --> tests/purge_horizons.rs:496:32
[INFO] [stdout]     |
[INFO] [stdout] 496 |     let created = baukit_sync::next_revision(&mut transaction, owner).await?;
[INFO] [stdout]     |                                ^^^^^^^^^^^^^ not found in `baukit_sync`
[INFO] [stdout]     |
[INFO] [stdout] note: found an item that was configured out
[INFO] [stdout]    --> src/lib.rs:72:81
[INFO] [stdout]     |
[INFO] [stdout]  71 | #[cfg(feature = "sqlx-postgres")]
[INFO] [stdout]     |       ------------------------- the item is gated behind the `sqlx-postgres` feature
[INFO] [stdout]  72 | pub use revision::{current_revision, current_revision_for_update, ensure_owner, next_revision};
[INFO] [stdout]     |                                                                                 ^^^^^^^^^^^^^
[INFO] [stdout] 
[INFO] [stdout] 
[INFO] [stdout] error[E0425]: cannot find function `next_revision` in crate `baukit_sync`
[INFO] [stdout]    --> tests/purge_horizons.rs:503:32
[INFO] [stdout]     |
[INFO] [stdout] 503 |     let deleted = baukit_sync::next_revision(&mut transaction, owner).await?;
[INFO] [stdout]     |                                ^^^^^^^^^^^^^ not found in `baukit_sync`
[INFO] [stdout]     |
[INFO] [stdout] note: found an item that was configured out
[INFO] [stdout]    --> src/lib.rs:72:81
[INFO] [stdout]     |
[INFO] [stdout]  71 | #[cfg(feature = "sqlx-postgres")]
[INFO] [stdout]     |       ------------------------- the item is gated behind the `sqlx-postgres` feature
[INFO] [stdout]  72 | pub use revision::{current_revision, current_revision_for_update, ensure_owner, next_revision};
[INFO] [stdout]     |                                                                                 ^^^^^^^^^^^^^
[INFO] [stdout] 
[INFO] [stdout] 
[INFO] [stdout] error[E0425]: cannot find function `next_revision` in crate `baukit_sync`
[INFO] [stdout]    --> tests/purge_horizons.rs:521:33
[INFO] [stdout]     |
[INFO] [stdout] 521 |     let revision = baukit_sync::next_revision(&mut transaction, owner).await?;
[INFO] [stdout]     |                                 ^^^^^^^^^^^^^ not found in `baukit_sync`
[INFO] [stdout]     |
[INFO] [stdout] note: found an item that was configured out
[INFO] [stdout]    --> src/lib.rs:72:81
[INFO] [stdout]     |
[INFO] [stdout]  71 | #[cfg(feature = "sqlx-postgres")]
[INFO] [stdout]     |       ------------------------- the item is gated behind the `sqlx-postgres` feature
[INFO] [stdout]  72 | pub use revision::{current_revision, current_revision_for_update, ensure_owner, next_revision};
[INFO] [stdout]     |                                                                                 ^^^^^^^^^^^^^
[INFO] [stdout] 
[INFO] [stdout] 
[INFO] [stdout] error[E0425]: cannot find function `next_revision` in crate `baukit_sync`
[INFO] [stdout]    --> tests/purge_horizons.rs:542:33
[INFO] [stdout]     |
[INFO] [stdout] 542 |     let revision = baukit_sync::next_revision(&mut transaction, owner).await?;
[INFO] [stdout]     |                                 ^^^^^^^^^^^^^ not found in `baukit_sync`
[INFO] [stdout]     |
[INFO] [stdout] note: found an item that was configured out
[INFO] [stdout]    --> src/lib.rs:72:81
[INFO] [stdout]     |
[INFO] [stdout]  71 | #[cfg(feature = "sqlx-postgres")]
[INFO] [stdout]     |       ------------------------- the item is gated behind the `sqlx-postgres` feature
[INFO] [stdout]  72 | pub use revision::{current_revision, current_revision_for_update, ensure_owner, next_revision};
[INFO] [stdout]     |                                                                                 ^^^^^^^^^^^^^
[INFO] [stdout] 
[INFO] [stdout] 
[INFO] [stdout] error[E0433]: cannot find module or crate `sqlx` in this scope
[INFO] [stdout]   --> tests/purge_horizons.rs:79:9
[INFO] [stdout]    |
[INFO] [stdout] 79 |         sqlx::query("INSERT INTO product_records (id, owner_id, revision) VALUES ($1, $2, $3)")
[INFO] [stdout]    |         ^^^^ use of unresolved module or unlinked crate `sqlx`
[INFO] [stdout]    |
[INFO] [stdout]    = help: if you wanted to use a crate named `sqlx`, use `cargo add sqlx` to add it to your `Cargo.toml`
[INFO] [stdout] 
[INFO] [stdout] 
[INFO] [stdout] error[E0433]: cannot find module or crate `sqlx` in this scope
[INFO] [stdout]    --> tests/purge_horizons.rs:132:9
[INFO] [stdout]     |
[INFO] [stdout] 132 |         sqlx::query("DELETE FROM sync_revisions WHERE owner_id = $1")
[INFO] [stdout]     |         ^^^^ use of unresolved module or unlinked crate `sqlx`
[INFO] [stdout]     |
[INFO] [stdout]     = help: if you wanted to use a crate named `sqlx`, use `cargo add sqlx` to add it to your `Cargo.toml`
[INFO] [stdout] 
[INFO] [stdout] 
[INFO] [stdout] error[E0433]: cannot find module or crate `sqlx` in this scope
[INFO] [stdout]    --> tests/purge_horizons.rs:155:21
[INFO] [stdout]     |
[INFO] [stdout] 155 |     let revisions = sqlx::query_scalar(
[INFO] [stdout]     |                     ^^^^ use of unresolved module or unlinked crate `sqlx`
[INFO] [stdout]     |
[INFO] [stdout]     = help: if you wanted to use a crate named `sqlx`, use `cargo add sqlx` to add it to your `Cargo.toml`
[INFO] [stdout] 
[INFO] [stdout] 
[INFO] [stdout] error[E0433]: cannot find module or crate `sqlx` in this scope
[INFO] [stdout]    --> tests/purge_horizons.rs:175:9
[INFO] [stdout]     |
[INFO] [stdout] 175 |         sqlx::query_scalar("SELECT horizon_revision FROM sync_purge_horizons WHERE owner_id = $1")
[INFO] [stdout]     |         ^^^^ use of unresolved module or unlinked crate `sqlx`
[INFO] [stdout]     |
[INFO] [stdout]     = help: if you wanted to use a crate named `sqlx`, use `cargo add sqlx` to add it to your `Cargo.toml`
[INFO] [stdout] 
[INFO] [stdout] 
[INFO] [stdout] error[E0433]: cannot find module or crate `sqlx` in this scope
[INFO] [stdout]    --> tests/purge_horizons.rs:185:21
[INFO] [stdout]     |
[INFO] [stdout] 185 |     let revisions = sqlx::query_scalar(
[INFO] [stdout]     |                     ^^^^ use of unresolved module or unlinked crate `sqlx`
[INFO] [stdout]     |
[INFO] [stdout]     = help: if you wanted to use a crate named `sqlx`, use `cargo add sqlx` to add it to your `Cargo.toml`
[INFO] [stdout] 
[INFO] [stdout] 
[INFO] [stdout] error[E0433]: cannot find module or crate `sqlx` in this scope
[INFO] [stdout]    --> tests/purge_horizons.rs:427:9
[INFO] [stdout]     |
[INFO] [stdout] 427 |         sqlx::query("INSERT INTO sync_purge_horizons (owner_id, horizon_revision) VALUES ($1, 0)")
[INFO] [stdout]     |         ^^^^ use of unresolved module or unlinked crate `sqlx`
[INFO] [stdout]     |
[INFO] [stdout]     = help: if you wanted to use a crate named `sqlx`, use `cargo add sqlx` to add it to your `Cargo.toml`
[INFO] [stdout] 
[INFO] [stdout] 
[INFO] [stdout] error[E0433]: cannot find module or crate `sqlx` in this scope
[INFO] [stdout]    --> tests/purge_horizons.rs:432:9
[INFO] [stdout]     |
[INFO] [stdout] 432 |         sqlx::query("INSERT INTO sync_purge_horizons (owner_id, horizon_revision) VALUES ($1, 1)")
[INFO] [stdout]     |         ^^^^ use of unresolved module or unlinked crate `sqlx`
[INFO] [stdout]     |
[INFO] [stdout]     = help: if you wanted to use a crate named `sqlx`, use `cargo add sqlx` to add it to your `Cargo.toml`
[INFO] [stdout] 
[INFO] [stdout] 
[INFO] [stdout] error[E0433]: cannot find module or crate `baukit_test` in this scope
[INFO] [stdout]    --> tests/purge_horizons.rs:450:19
[INFO] [stdout]     |
[INFO] [stdout] 450 |     let fixture = baukit_test::start_postgres_with_migrations(migrations).await?;
[INFO] [stdout]     |                   ^^^^^^^^^^^ use of unresolved module or unlinked crate `baukit_test`
[INFO] [stdout]     |
[INFO] [stdout]     = help: if you wanted to use a crate named `baukit_test`, use `cargo add baukit_test` to add it to your `Cargo.toml`
[INFO] [stdout] 
[INFO] [stdout] 
[INFO] [stdout] error[E0433]: cannot find module or crate `sqlx` in this scope
[INFO] [stdout]    --> tests/purge_horizons.rs:452:5
[INFO] [stdout]     |
[INFO] [stdout] 452 |     sqlx::raw_sql(
[INFO] [stdout]     |     ^^^^ use of unresolved module or unlinked crate `sqlx`
[INFO] [stdout]     |
[INFO] [stdout]     = help: if you wanted to use a crate named `sqlx`, use `cargo add sqlx` to add it to your `Cargo.toml`
[INFO] [stdout] 
[INFO] [stdout] 
[INFO] [stdout] error[E0433]: cannot find module or crate `sqlx` in this scope
[INFO] [stdout]    --> tests/purge_horizons.rs:497:5
[INFO] [stdout]     |
[INFO] [stdout] 497 |     sqlx::query("INSERT INTO product_records (id, owner_id, revision) VALUES ($1, $2, $3)")
[INFO] [stdout]     |     ^^^^ use of unresolved module or unlinked crate `sqlx`
[INFO] [stdout]     |
[INFO] [stdout]     = help: if you wanted to use a crate named `sqlx`, use `cargo add sqlx` to add it to your `Cargo.toml`
[INFO] [stdout] 
[INFO] [stdout] 
[INFO] [stdout] error[E0433]: cannot find module or crate `sqlx` in this scope
[INFO] [stdout]    --> tests/purge_horizons.rs:504:5
[INFO] [stdout]     |
[INFO] [stdout] 504 |     sqlx::query("UPDATE product_records SET deleted_at = $1, revision = $2 WHERE id = $3")
[INFO] [stdout]     |     ^^^^ use of unresolved module or unlinked crate `sqlx`
[INFO] [stdout]     |
[INFO] [stdout]     = help: if you wanted to use a crate named `sqlx`, use `cargo add sqlx` to add it to your `Cargo.toml`
[INFO] [stdout] 
[INFO] [stdout] 
[INFO] [stdout] error[E0433]: cannot find module or crate `sqlx` in this scope
[INFO] [stdout]    --> tests/purge_horizons.rs:522:5
[INFO] [stdout]     |
[INFO] [stdout] 522 |     sqlx::query(
[INFO] [stdout]     |     ^^^^ use of unresolved module or unlinked crate `sqlx`
[INFO] [stdout]     |
[INFO] [stdout]     = help: if you wanted to use a crate named `sqlx`, use `cargo add sqlx` to add it to your `Cargo.toml`
[INFO] [stdout] 
[INFO] [stdout] 
[INFO] [stdout] error[E0433]: cannot find module or crate `sqlx` in this scope
[INFO] [stdout]    --> tests/purge_horizons.rs:543:5
[INFO] [stdout]     |
[INFO] [stdout] 543 |     sqlx::query(
[INFO] [stdout]     |     ^^^^ use of unresolved module or unlinked crate `sqlx`
[INFO] [stdout]     |
[INFO] [stdout]     = help: if you wanted to use a crate named `sqlx`, use `cargo add sqlx` to add it to your `Cargo.toml`
[INFO] [stdout] 
[INFO] [stdout] 
[INFO] [stdout] error[E0433]: cannot find module or crate `sqlx` in this scope
[INFO] [stdout]    --> tests/purge_horizons.rs:565:9
[INFO] [stdout]     |
[INFO] [stdout] 565 |         sqlx::query_scalar("SELECT count(*) FROM product_records WHERE owner_id = $1")
[INFO] [stdout]     |         ^^^^ use of unresolved module or unlinked crate `sqlx`
[INFO] [stdout]     |
[INFO] [stdout]     = help: if you wanted to use a crate named `sqlx`, use `cargo add sqlx` to add it to your `Cargo.toml`
[INFO] [stdout] 
[INFO] [stdout] 
[INFO] [stdout] Some errors have detailed explanations: E0425, E0432, E0433.
[INFO] [stdout] 
[INFO] [stdout] For more information about an error, try `rustc --explain E0425`.
[INFO] [stdout] 
[INFO] [stderr] error: could not compile `baukit-sync` (test "purge_horizons") due to 26 previous errors
[INFO] [stdout] error[E0425]: cannot find function `next_revision` in crate `baukit_sync`
[INFO] [stdout]   --> tests/postgres.rs:16:37
[INFO] [stdout]    |
[INFO] [stdout] 16 |         revisions.push(baukit_sync::next_revision(&mut transaction, owner).await?);
[INFO] [stdout]    |                                     ^^^^^^^^^^^^^ not found in `baukit_sync`
[INFO] [stdout]    |
[INFO] [stdout] note: found an item that was configured out
[INFO] [stdout]   --> src/lib.rs:72:81
[INFO] [stdout]    |
[INFO] [stdout] 71 | #[cfg(feature = "sqlx-postgres")]
[INFO] [stdout]    |       ------------------------- the item is gated behind the `sqlx-postgres` feature
[INFO] [stdout] 72 | pub use revision::{current_revision, current_revision_for_update, ensure_owner, next_revision};
[INFO] [stdout]    |                                                                                 ^^^^^^^^^^^^^
[INFO] [stdout] 
[INFO] [stdout] 
[INFO] [stdout] error[E0425]: cannot find function `next_revision` in crate `baukit_sync`
[INFO] [stdout]   --> tests/postgres.rs:35:18
[INFO] [stdout]    |
[INFO] [stdout] 35 |     baukit_sync::next_revision(&mut transaction, first).await?;
[INFO] [stdout]    |                  ^^^^^^^^^^^^^ not found in `baukit_sync`
[INFO] [stdout]    |
[INFO] [stdout] note: found an item that was configured out
[INFO] [stdout]   --> src/lib.rs:72:81
[INFO] [stdout]    |
[INFO] [stdout] 71 | #[cfg(feature = "sqlx-postgres")]
[INFO] [stdout]    |       ------------------------- the item is gated behind the `sqlx-postgres` feature
[INFO] [stdout] 72 | pub use revision::{current_revision, current_revision_for_update, ensure_owner, next_revision};
[INFO] [stdout]    |                                                                                 ^^^^^^^^^^^^^
[INFO] [stdout] 
[INFO] [stdout] 
[INFO] [stdout] error[E0425]: cannot find function `next_revision` in crate `baukit_sync`
[INFO] [stdout]   --> tests/postgres.rs:36:18
[INFO] [stdout]    |
[INFO] [stdout] 36 |     baukit_sync::next_revision(&mut transaction, first).await?;
[INFO] [stdout]    |                  ^^^^^^^^^^^^^ not found in `baukit_sync`
[INFO] [stdout]    |
[INFO] [stdout] note: found an item that was configured out
[INFO] [stdout]   --> src/lib.rs:72:81
[INFO] [stdout]    |
[INFO] [stdout] 71 | #[cfg(feature = "sqlx-postgres")]
[INFO] [stdout]    |       ------------------------- the item is gated behind the `sqlx-postgres` feature
[INFO] [stdout] 72 | pub use revision::{current_revision, current_revision_for_update, ensure_owner, next_revision};
[INFO] [stdout]    |                                                                                 ^^^^^^^^^^^^^
[INFO] [stdout] 
[INFO] [stdout] 
[INFO] [stdout] error[E0425]: cannot find function `next_revision` in crate `baukit_sync`
[INFO] [stdout]   --> tests/postgres.rs:37:36
[INFO] [stdout]    |
[INFO] [stdout] 37 |     let first_third = baukit_sync::next_revision(&mut transaction, first).await?;
[INFO] [stdout]    |                                    ^^^^^^^^^^^^^ not found in `baukit_sync`
[INFO] [stdout]    |
[INFO] [stdout] note: found an item that was configured out
[INFO] [stdout]   --> src/lib.rs:72:81
[INFO] [stdout]    |
[INFO] [stdout] 71 | #[cfg(feature = "sqlx-postgres")]
[INFO] [stdout]    |       ------------------------- the item is gated behind the `sqlx-postgres` feature
[INFO] [stdout] 72 | pub use revision::{current_revision, current_revision_for_update, ensure_owner, next_revision};
[INFO] [stdout]    |                                                                                 ^^^^^^^^^^^^^
[INFO] [stdout] 
[INFO] [stdout] 
[INFO] [stdout] error[E0425]: cannot find function `next_revision` in crate `baukit_sync`
[INFO] [stdout]   --> tests/postgres.rs:38:37
[INFO] [stdout]    |
[INFO] [stdout] 38 |     let second_first = baukit_sync::next_revision(&mut transaction, second).await?;
[INFO] [stdout]    |                                     ^^^^^^^^^^^^^ not found in `baukit_sync`
[INFO] [stdout]    |
[INFO] [stdout] note: found an item that was configured out
[INFO] [stdout]   --> src/lib.rs:72:81
[INFO] [stdout]    |
[INFO] [stdout] 71 | #[cfg(feature = "sqlx-postgres")]
[INFO] [stdout]    |       ------------------------- the item is gated behind the `sqlx-postgres` feature
[INFO] [stdout] 72 | pub use revision::{current_revision, current_revision_for_update, ensure_owner, next_revision};
[INFO] [stdout]    |                                                                                 ^^^^^^^^^^^^^
[INFO] [stdout] 
[INFO] [stdout] 
[INFO] [stdout] error[E0425]: cannot find function `current_revision` in crate `baukit_sync`
[INFO] [stdout]   --> tests/postgres.rs:46:22
[INFO] [stdout]    |
[INFO] [stdout] 46 |         baukit_sync::current_revision(&mut transaction, first).await?,
[INFO] [stdout]    |                      ^^^^^^^^^^^^^^^^ not found in `baukit_sync`
[INFO] [stdout]    |
[INFO] [stdout] note: found an item that was configured out
[INFO] [stdout]   --> src/lib.rs:72:20
[INFO] [stdout]    |
[INFO] [stdout] 71 | #[cfg(feature = "sqlx-postgres")]
[INFO] [stdout]    |       ------------------------- the item is gated behind the `sqlx-postgres` feature
[INFO] [stdout] 72 | pub use revision::{current_revision, current_revision_for_update, ensure_owner, next_revision};
[INFO] [stdout]    |                    ^^^^^^^^^^^^^^^^
[INFO] [stdout] 
[INFO] [stdout] 
[INFO] [stdout] error[E0425]: cannot find function `current_revision` in crate `baukit_sync`
[INFO] [stdout]   --> tests/postgres.rs:50:22
[INFO] [stdout]    |
[INFO] [stdout] 50 |         baukit_sync::current_revision(&mut transaction, second).await?,
[INFO] [stdout]    |                      ^^^^^^^^^^^^^^^^ not found in `baukit_sync`
[INFO] [stdout]    |
[INFO] [stdout] note: found an item that was configured out
[INFO] [stdout]   --> src/lib.rs:72:20
[INFO] [stdout]    |
[INFO] [stdout] 71 | #[cfg(feature = "sqlx-postgres")]
[INFO] [stdout]    |       ------------------------- the item is gated behind the `sqlx-postgres` feature
[INFO] [stdout] 72 | pub use revision::{current_revision, current_revision_for_update, ensure_owner, next_revision};
[INFO] [stdout]    |                    ^^^^^^^^^^^^^^^^
[INFO] [stdout] 
[INFO] [stdout] 
[INFO] [stdout] error[E0425]: cannot find function `next_revision` in crate `baukit_sync`
[INFO] [stdout]   --> tests/postgres.rs:67:30
[INFO] [stdout]    |
[INFO] [stdout] 67 |     let first = baukit_sync::next_revision(&mut committed, owner).await?;
[INFO] [stdout]    |                              ^^^^^^^^^^^^^ not found in `baukit_sync`
[INFO] [stdout]    |
[INFO] [stdout] note: found an item that was configured out
[INFO] [stdout]   --> src/lib.rs:72:81
[INFO] [stdout]    |
[INFO] [stdout] 71 | #[cfg(feature = "sqlx-postgres")]
[INFO] [stdout]    |       ------------------------- the item is gated behind the `sqlx-postgres` feature
[INFO] [stdout] 72 | pub use revision::{current_revision, current_revision_for_update, ensure_owner, next_revision};
[INFO] [stdout]    |                                                                                 ^^^^^^^^^^^^^
[INFO] [stdout] 
[INFO] [stdout] 
[INFO] [stdout] error[E0425]: cannot find function `next_revision` in crate `baukit_sync`
[INFO] [stdout]   --> tests/postgres.rs:71:34
[INFO] [stdout]    |
[INFO] [stdout] 71 |     let discarded = baukit_sync::next_revision(&mut aborted, owner).await?;
[INFO] [stdout]    |                                  ^^^^^^^^^^^^^ not found in `baukit_sync`
[INFO] [stdout]    |
[INFO] [stdout] note: found an item that was configured out
[INFO] [stdout]   --> src/lib.rs:72:81
[INFO] [stdout]    |
[INFO] [stdout] 71 | #[cfg(feature = "sqlx-postgres")]
[INFO] [stdout]    |       ------------------------- the item is gated behind the `sqlx-postgres` feature
[INFO] [stdout] 72 | pub use revision::{current_revision, current_revision_for_update, ensure_owner, next_revision};
[INFO] [stdout]    |                                                                                 ^^^^^^^^^^^^^
[INFO] [stdout] 
[INFO] [stdout] 
[INFO] [stdout] error[E0425]: cannot find function `next_revision` in crate `baukit_sync`
[INFO] [stdout]   --> tests/postgres.rs:75:31
[INFO] [stdout]    |
[INFO] [stdout] 75 |     let reused = baukit_sync::next_revision(&mut next, owner).await?;
[INFO] [stdout]    |                               ^^^^^^^^^^^^^ not found in `baukit_sync`
[INFO] [stdout]    |
[INFO] [stdout] note: found an item that was configured out
[INFO] [stdout]   --> src/lib.rs:72:81
[INFO] [stdout]    |
[INFO] [stdout] 71 | #[cfg(feature = "sqlx-postgres")]
[INFO] [stdout]    |       ------------------------- the item is gated behind the `sqlx-postgres` feature
[INFO] [stdout] 72 | pub use revision::{current_revision, current_revision_for_update, ensure_owner, next_revision};
[INFO] [stdout]    |                                                                                 ^^^^^^^^^^^^^
[INFO] [stdout] 
[INFO] [stdout] 
[INFO] [stdout] error[E0425]: cannot find function `next_revision` in crate `baukit_sync`
[INFO] [stdout]    --> tests/postgres.rs:108:41
[INFO] [stdout]     |
[INFO] [stdout] 108 |             let revision = baukit_sync::next_revision(&mut transaction, owner).await?;
[INFO] [stdout]     |                                         ^^^^^^^^^^^^^ not found in `baukit_sync`
[INFO] [stdout]     |
[INFO] [stdout] note: found an item that was configured out
[INFO] [stdout]    --> src/lib.rs:72:81
[INFO] [stdout]     |
[INFO] [stdout]  71 | #[cfg(feature = "sqlx-postgres")]
[INFO] [stdout]     |       ------------------------- the item is gated behind the `sqlx-postgres` feature
[INFO] [stdout]  72 | pub use revision::{current_revision, current_revision_for_update, ensure_owner, next_revision};
[INFO] [stdout]     |                                                                                 ^^^^^^^^^^^^^
[INFO] [stdout] 
[INFO] [stdout] 
[INFO] [stdout] error[E0425]: cannot find function `current_revision_for_update` in crate `baukit_sync`
[INFO] [stdout]    --> tests/postgres.rs:142:30
[INFO] [stdout]     |
[INFO] [stdout] 142 |                 baukit_sync::current_revision_for_update(&mut transaction, owner).await?;
[INFO] [stdout]     |                              ^^^^^^^^^^^^^^^^^^^^^^^^^^^ not found in `baukit_sync`
[INFO] [stdout]     |
[INFO] [stdout] note: found an item that was configured out
[INFO] [stdout]    --> src/lib.rs:72:38
[INFO] [stdout]     |
[INFO] [stdout]  71 | #[cfg(feature = "sqlx-postgres")]
[INFO] [stdout]     |       ------------------------- the item is gated behind the `sqlx-postgres` feature
[INFO] [stdout]  72 | pub use revision::{current_revision, current_revision_for_update, ensure_owner, next_revision};
[INFO] [stdout]     |                                      ^^^^^^^^^^^^^^^^^^^^^^^^^^^
[INFO] [stdout] 
[INFO] [stdout] 
[INFO] [stdout] error[E0425]: cannot find function `next_revision` in crate `baukit_sync`
[INFO] [stdout]    --> tests/postgres.rs:143:42
[INFO] [stdout]     |
[INFO] [stdout] 143 |             let allocated = baukit_sync::next_revision(&mut transaction, owner).await?;
[INFO] [stdout]     |                                          ^^^^^^^^^^^^^ not found in `baukit_sync`
[INFO] [stdout]     |
[INFO] [stdout] note: found an item that was configured out
[INFO] [stdout]    --> src/lib.rs:72:81
[INFO] [stdout]     |
[INFO] [stdout]  71 | #[cfg(feature = "sqlx-postgres")]
[INFO] [stdout]     |       ------------------------- the item is gated behind the `sqlx-postgres` feature
[INFO] [stdout]  72 | pub use revision::{current_revision, current_revision_for_update, ensure_owner, next_revision};
[INFO] [stdout]     |                                                                                 ^^^^^^^^^^^^^
[INFO] [stdout] 
[INFO] [stdout] 
[INFO] [stdout] error[E0425]: cannot find function `next_revision` in crate `baukit_sync`
[INFO] [stdout]    --> tests/postgres.rs:286:32
[INFO] [stdout]     |
[INFO] [stdout] 286 |     let missing = baukit_sync::next_revision(&mut transaction, Uuid::new_v4()).await;
[INFO] [stdout]     |                                ^^^^^^^^^^^^^ not found in `baukit_sync`
[INFO] [stdout]     |
[INFO] [stdout] note: found an item that was configured out
[INFO] [stdout]    --> src/lib.rs:72:81
[INFO] [stdout]     |
[INFO] [stdout]  71 | #[cfg(feature = "sqlx-postgres")]
[INFO] [stdout]     |       ------------------------- the item is gated behind the `sqlx-postgres` feature
[INFO] [stdout]  72 | pub use revision::{current_revision, current_revision_for_update, ensure_owner, next_revision};
[INFO] [stdout]     |                                                                                 ^^^^^^^^^^^^^
[INFO] [stdout] 
[INFO] [stdout] 
[INFO] [stdout] error[E0433]: cannot find module or crate `sqlx` in this scope
[INFO] [stdout]    --> tests/postgres.rs:289:35
[INFO] [stdout]     |
[INFO] [stdout] 289 |     assert!(matches!(missing, Err(sqlx::Error::RowNotFound)));
[INFO] [stdout]     |                                   ^^^^ use of unresolved module or unlinked crate `sqlx`
[INFO] [stdout]     |
[INFO] [stdout]     = help: if you wanted to use a crate named `sqlx`, use `cargo add sqlx` to add it to your `Cargo.toml`
[INFO] [stdout] help: consider importing one of these items
[INFO] [stdout]     |
[INFO] [stdout]   1 + use crate::Error;
[INFO] [stdout]     |
[INFO] [stdout]   1 + use std::error::Error;
[INFO] [stdout]     |
[INFO] [stdout]   1 + use std::fmt::Error;
[INFO] [stdout]     |
[INFO] [stdout]   1 + use std::io::Error;
[INFO] [stdout]     |
[INFO] [stdout]     = and 7 other candidates
[INFO] [stdout] help: if you import `Error`, refer to it directly
[INFO] [stdout]     |
[INFO] [stdout] 289 -     assert!(matches!(missing, Err(sqlx::Error::RowNotFound)));
[INFO] [stdout] 289 +     assert!(matches!(missing, Err(Error::RowNotFound)));
[INFO] [stdout]     |
[INFO] [stdout] 
[INFO] [stdout] 
[INFO] [stdout] error[E0425]: cannot find function `current_revision` in crate `baukit_sync`
[INFO] [stdout]    --> tests/postgres.rs:292:32
[INFO] [stdout]     |
[INFO] [stdout] 292 |     let current = baukit_sync::current_revision(&mut transaction, Uuid::new_v4()).await?;
[INFO] [stdout]     |                                ^^^^^^^^^^^^^^^^ not found in `baukit_sync`
[INFO] [stdout]     |
[INFO] [stdout] note: found an item that was configured out
[INFO] [stdout]    --> src/lib.rs:72:20
[INFO] [stdout]     |
[INFO] [stdout]  71 | #[cfg(feature = "sqlx-postgres")]
[INFO] [stdout]     |       ------------------------- the item is gated behind the `sqlx-postgres` feature
[INFO] [stdout]  72 | pub use revision::{current_revision, current_revision_for_update, ensure_owner, next_revision};
[INFO] [stdout]     |                    ^^^^^^^^^^^^^^^^
[INFO] [stdout] 
[INFO] [stdout] 
[INFO] [stdout] error[E0425]: cannot find function `next_revision` in crate `baukit_sync`
[INFO] [stdout]    --> tests/postgres.rs:308:18
[INFO] [stdout]     |
[INFO] [stdout] 308 |     baukit_sync::next_revision(&mut transaction, owner).await?;
[INFO] [stdout]     |                  ^^^^^^^^^^^^^ not found in `baukit_sync`
[INFO] [stdout]     |
[INFO] [stdout] note: found an item that was configured out
[INFO] [stdout]    --> src/lib.rs:72:81
[INFO] [stdout]     |
[INFO] [stdout]  71 | #[cfg(feature = "sqlx-postgres")]
[INFO] [stdout]     |       ------------------------- the item is gated behind the `sqlx-postgres` feature
[INFO] [stdout]  72 | pub use revision::{current_revision, current_revision_for_update, ensure_owner, next_revision};
[INFO] [stdout]     |                                                                                 ^^^^^^^^^^^^^
[INFO] [stdout] 
[INFO] [stdout] 
[INFO] [stdout] error[E0425]: cannot find function `next_revision` in crate `baukit_sync`
[INFO] [stdout]    --> tests/postgres.rs:309:18
[INFO] [stdout]     |
[INFO] [stdout] 309 |     baukit_sync::next_revision(&mut transaction, owner).await?;
[INFO] [stdout]     |                  ^^^^^^^^^^^^^ not found in `baukit_sync`
[INFO] [stdout]     |
[INFO] [stdout] note: found an item that was configured out
[INFO] [stdout]    --> src/lib.rs:72:81
[INFO] [stdout]     |
[INFO] [stdout]  71 | #[cfg(feature = "sqlx-postgres")]
[INFO] [stdout]     |       ------------------------- the item is gated behind the `sqlx-postgres` feature
[INFO] [stdout]  72 | pub use revision::{current_revision, current_revision_for_update, ensure_owner, next_revision};
[INFO] [stdout]     |                                                                                 ^^^^^^^^^^^^^
[INFO] [stdout] 
[INFO] [stdout] 
[INFO] [stdout] error[E0425]: cannot find function `ensure_owner` in crate `baukit_sync`
[INFO] [stdout]    --> tests/postgres.rs:310:18
[INFO] [stdout]     |
[INFO] [stdout] 310 |     baukit_sync::ensure_owner(&mut transaction, owner).await?;
[INFO] [stdout]     |                  ^^^^^^^^^^^^ not found in `baukit_sync`
[INFO] [stdout]     |
[INFO] [stdout] note: found an item that was configured out
[INFO] [stdout]    --> src/lib.rs:72:67
[INFO] [stdout]     |
[INFO] [stdout]  71 | #[cfg(feature = "sqlx-postgres")]
[INFO] [stdout]     |       ------------------------- the item is gated behind the `sqlx-postgres` feature
[INFO] [stdout]  72 | pub use revision::{current_revision, current_revision_for_update, ensure_owner, next_revision};
[INFO] [stdout]     |                                                                   ^^^^^^^^^^^^
[INFO] [stdout] 
[INFO] [stdout] 
[INFO] [stdout] error[E0425]: cannot find function `current_revision` in crate `baukit_sync`
[INFO] [stdout]    --> tests/postgres.rs:311:30
[INFO] [stdout]     |
[INFO] [stdout] 311 |     let after = baukit_sync::current_revision(&mut transaction, owner).await?;
[INFO] [stdout]     |                              ^^^^^^^^^^^^^^^^ not found in `baukit_sync`
[INFO] [stdout]     |
[INFO] [stdout] note: found an item that was configured out
[INFO] [stdout]    --> src/lib.rs:72:20
[INFO] [stdout]     |
[INFO] [stdout]  71 | #[cfg(feature = "sqlx-postgres")]
[INFO] [stdout]     |       ------------------------- the item is gated behind the `sqlx-postgres` feature
[INFO] [stdout]  72 | pub use revision::{current_revision, current_revision_for_update, ensure_owner, next_revision};
[INFO] [stdout]     |                    ^^^^^^^^^^^^^^^^
[INFO] [stdout] 
[INFO] [stdout] 
[INFO] [stdout] error[E0425]: cannot find function `next_revision` in crate `baukit_sync`
[INFO] [stdout]    --> tests/postgres.rs:329:37
[INFO] [stdout]     |
[INFO] [stdout] 329 |         let revision = baukit_sync::next_revision(&mut transaction, owner).await?;
[INFO] [stdout]     |                                     ^^^^^^^^^^^^^ not found in `baukit_sync`
[INFO] [stdout]     |
[INFO] [stdout] note: found an item that was configured out
[INFO] [stdout]    --> src/lib.rs:72:81
[INFO] [stdout]     |
[INFO] [stdout]  71 | #[cfg(feature = "sqlx-postgres")]
[INFO] [stdout]     |       ------------------------- the item is gated behind the `sqlx-postgres` feature
[INFO] [stdout]  72 | pub use revision::{current_revision, current_revision_for_update, ensure_owner, next_revision};
[INFO] [stdout]     |                                                                                 ^^^^^^^^^^^^^
[INFO] [stdout] 
[INFO] [stdout] 
[INFO] [stdout] error[E0425]: cannot find function `next_revision` in crate `baukit_sync`
[INFO] [stdout]    --> tests/postgres.rs:340:35
[INFO] [stdout]     |
[INFO] [stdout] 340 |     let tombstoned = baukit_sync::next_revision(&mut transaction, owner).await?;
[INFO] [stdout]     |                                   ^^^^^^^^^^^^^ not found in `baukit_sync`
[INFO] [stdout]     |
[INFO] [stdout] note: found an item that was configured out
[INFO] [stdout]    --> src/lib.rs:72:81
[INFO] [stdout]     |
[INFO] [stdout]  71 | #[cfg(feature = "sqlx-postgres")]
[INFO] [stdout]     |       ------------------------- the item is gated behind the `sqlx-postgres` feature
[INFO] [stdout]  72 | pub use revision::{current_revision, current_revision_for_update, ensure_owner, next_revision};
[INFO] [stdout]     |                                                                                 ^^^^^^^^^^^^^
[INFO] [stdout] 
[INFO] [stdout] 
[INFO] [stdout] error[E0425]: cannot find function `ensure_owner` in crate `baukit_sync`
[INFO] [stdout]    --> tests/postgres.rs:398:18
[INFO] [stdout]     |
[INFO] [stdout] 398 |     baukit_sync::ensure_owner(&mut transaction, owner_id).await?;
[INFO] [stdout]     |                  ^^^^^^^^^^^^ not found in `baukit_sync`
[INFO] [stdout]     |
[INFO] [stdout] note: found an item that was configured out
[INFO] [stdout]    --> src/lib.rs:72:67
[INFO] [stdout]     |
[INFO] [stdout]  71 | #[cfg(feature = "sqlx-postgres")]
[INFO] [stdout]     |       ------------------------- the item is gated behind the `sqlx-postgres` feature
[INFO] [stdout]  72 | pub use revision::{current_revision, current_revision_for_update, ensure_owner, next_revision};
[INFO] [stdout]     |                                                                   ^^^^^^^^^^^^
[INFO] [stdout] 
[INFO] [stdout] 
[INFO] [stdout] error[E0433]: cannot find module or crate `baukit_test` in this scope
[INFO] [stdout]    --> tests/postgres.rs:376:19
[INFO] [stdout]     |
[INFO] [stdout] 376 |     let fixture = baukit_test::start_postgres_with_migrations(migrations).await?;
[INFO] [stdout]     |                   ^^^^^^^^^^^ use of unresolved module or unlinked crate `baukit_test`
[INFO] [stdout]     |
[INFO] [stdout]     = help: if you wanted to use a crate named `baukit_test`, use `cargo add baukit_test` to add it to your `Cargo.toml`
[INFO] [stdout] 
[INFO] [stdout] 
[INFO] [stdout] warning: method call on a diverging inference variable
[INFO] [stdout]    --> tests/postgres.rs:377:40
[INFO] [stdout]     |
[INFO] [stdout] 377 |     let pool = PgPool::connect(fixture.connection_url()).await?;
[INFO] [stdout]     |                                        ^^^^^^^^^^^^^^
[INFO] [stdout]     |
[INFO] [stdout]     = help: consider providing a type annotation
[INFO] [stdout]     = warning: this was previously accepted by the compiler but is being phased out; it will become a hard error in a future release!
[INFO] [stdout]     = note: for more information, see issue #156047 <https://github.com/rust-lang/rust/issues/156047>
[INFO] [stdout]     = note: `#[warn(method_call_on_diverging_infer_var)]` (part of `#[warn(future_incompatible)]`) on by default
[INFO] [stdout] 
[INFO] [stdout] 
[INFO] [stdout] error[E0599]: no method named `connection_url` found for type `!` in the current scope
[INFO] [stdout]    --> tests/postgres.rs:377:40
[INFO] [stdout]     |
[INFO] [stdout] 377 |     let pool = PgPool::connect(fixture.connection_url()).await?;
[INFO] [stdout]     |                                        ^^^^^^^^^^^^^^ method not found in `!`
[INFO] [stdout] 
[INFO] [stdout] 
[INFO] [stdout] error[E0433]: cannot find module or crate `sqlx` in this scope
[INFO] [stdout]    --> tests/postgres.rs:378:5
[INFO] [stdout]     |
[INFO] [stdout] 378 |     sqlx::query(
[INFO] [stdout]     |     ^^^^ use of unresolved module or unlinked crate `sqlx`
[INFO] [stdout]     |
[INFO] [stdout]     = help: if you wanted to use a crate named `sqlx`, use `cargo add sqlx` to add it to your `Cargo.toml`
[INFO] [stdout] 
[INFO] [stdout] 
[INFO] [stdout] error[E0433]: cannot find module or crate `sqlx` in this scope
[INFO] [stdout]    --> tests/postgres.rs:389:5
[INFO] [stdout]     |
[INFO] [stdout] 389 |     sqlx::query("CREATE INDEX product_records_sync_idx ON product_records (owner_id, revision)")
[INFO] [stdout]     |     ^^^^ use of unresolved module or unlinked crate `sqlx`
[INFO] [stdout]     |
[INFO] [stdout]     = help: if you wanted to use a crate named `sqlx`, use `cargo add sqlx` to add it to your `Cargo.toml`
[INFO] [stdout] 
[INFO] [stdout] 
[INFO] [stdout] warning: unreachable expression
[INFO] [stdout]    --> tests/postgres.rs:392:18
[INFO] [stdout]     |
[INFO] [stdout] 392 |     Ok((fixture, pool))
[INFO] [stdout]     |         -------  ^^^^ unreachable expression
[INFO] [stdout]     |         |
[INFO] [stdout]     |         any code following this expression is unreachable
[INFO] [stdout]     |
[INFO] [stdout]     = note: `#[warn(unreachable_code)]` (part of `#[warn(unused)]`) on by default
[INFO] [stdout] 
[INFO] [stdout] 
[INFO] [stdout] warning: method call on a diverging inference variable
[INFO] [stdout]    --> tests/postgres.rs:399:17
[INFO] [stdout]     |
[INFO] [stdout] 399 |     transaction.commit().await?;
[INFO] [stdout]     |                 ^^^^^^
[INFO] [stdout]     |
[INFO] [stdout]     = help: consider providing a type annotation
[INFO] [stdout]     = warning: this was previously accepted by the compiler but is being phased out; it will become a hard error in a future release!
[INFO] [stdout]     = note: for more information, see issue #156047 <https://github.com/rust-lang/rust/issues/156047>
[INFO] [stdout] 
[INFO] [stdout] 
[INFO] [stdout] error[E0599]: no method named `commit` found for type `!` in the current scope
[INFO] [stdout]    --> tests/postgres.rs:399:17
[INFO] [stdout]     |
[INFO] [stdout] 399 |     transaction.commit().await?;
[INFO] [stdout]     |                 ^^^^^^ method not found in `!`
[INFO] [stdout] 
[INFO] [stdout] 
[INFO] [stdout] warning: method call on a diverging inference variable
[INFO] [stdout]   --> tests/postgres.rs:17:21
[INFO] [stdout]    |
[INFO] [stdout] 17 |         transaction.commit().await?;
[INFO] [stdout]    |                     ^^^^^^
[INFO] [stdout]    |
[INFO] [stdout]    = help: consider providing a type annotation
[INFO] [stdout]    = warning: this was previously accepted by the compiler but is being phased out; it will become a hard error in a future release!
[INFO] [stdout]    = note: for more information, see issue #156047 <https://github.com/rust-lang/rust/issues/156047>
[INFO] [stdout] 
[INFO] [stdout] 
[INFO] [stdout] error[E0599]: no method named `commit` found for type `!` in the current scope
[INFO] [stdout]   --> tests/postgres.rs:17:21
[INFO] [stdout]    |
[INFO] [stdout] 17 |         transaction.commit().await?;
[INFO] [stdout]    |                     ^^^^^^ method not found in `!`
[INFO] [stdout] 
[INFO] [stdout] 
[INFO] [stdout] warning: method call on a diverging inference variable
[INFO] [stdout]   --> tests/postgres.rs:39:17
[INFO] [stdout]    |
[INFO] [stdout] 39 |     transaction.commit().await?;
[INFO] [stdout]    |                 ^^^^^^
[INFO] [stdout]    |
[INFO] [stdout]    = help: consider providing a type annotation
[INFO] [stdout]    = warning: this was previously accepted by the compiler but is being phased out; it will become a hard error in a future release!
[INFO] [stdout]    = note: for more information, see issue #156047 <https://github.com/rust-lang/rust/issues/156047>
[INFO] [stdout] 
[INFO] [stdout] 
[INFO] [stdout] error[E0599]: no method named `commit` found for type `!` in the current scope
[INFO] [stdout]   --> tests/postgres.rs:39:17
[INFO] [stdout]    |
[INFO] [stdout] 39 |     transaction.commit().await?;
[INFO] [stdout]    |                 ^^^^^^ method not found in `!`
[INFO] [stdout] 
[INFO] [stdout] 
[INFO] [stdout] warning: method call on a diverging inference variable
[INFO] [stdout]   --> tests/postgres.rs:53:17
[INFO] [stdout]    |
[INFO] [stdout] 53 |     transaction.commit().await?;
[INFO] [stdout]    |                 ^^^^^^
[INFO] [stdout]    |
[INFO] [stdout]    = help: consider providing a type annotation
[INFO] [stdout]    = warning: this was previously accepted by the compiler but is being phased out; it will become a hard error in a future release!
[INFO] [stdout]    = note: for more information, see issue #156047 <https://github.com/rust-lang/rust/issues/156047>
[INFO] [stdout] 
[INFO] [stdout] 
[INFO] [stdout] error[E0599]: no method named `commit` found for type `!` in the current scope
[INFO] [stdout]   --> tests/postgres.rs:53:17
[INFO] [stdout]    |
[INFO] [stdout] 53 |     transaction.commit().await?;
[INFO] [stdout]    |                 ^^^^^^ method not found in `!`
[INFO] [stdout] 
[INFO] [stdout] 
[INFO] [stdout] warning: method call on a diverging inference variable
[INFO] [stdout]   --> tests/postgres.rs:68:15
[INFO] [stdout]    |
[INFO] [stdout] 68 |     committed.commit().await?;
[INFO] [stdout]    |               ^^^^^^
[INFO] [stdout]    |
[INFO] [stdout]    = help: consider providing a type annotation
[INFO] [stdout]    = warning: this was previously accepted by the compiler but is being phased out; it will become a hard error in a future release!
[INFO] [stdout]    = note: for more information, see issue #156047 <https://github.com/rust-lang/rust/issues/156047>
[INFO] [stdout] 
[INFO] [stdout] 
[INFO] [stdout] error[E0599]: no method named `commit` found for type `!` in the current scope
[INFO] [stdout]   --> tests/postgres.rs:68:15
[INFO] [stdout]    |
[INFO] [stdout] 68 |     committed.commit().await?;
[INFO] [stdout]    |               ^^^^^^ method not found in `!`
[INFO] [stdout] 
[INFO] [stdout] 
[INFO] [stdout] warning: method call on a diverging inference variable
[INFO] [stdout]   --> tests/postgres.rs:72:13
[INFO] [stdout]    |
[INFO] [stdout] 72 |     aborted.rollback().await?;
[INFO] [stdout]    |             ^^^^^^^^
[INFO] [stdout]    |
[INFO] [stdout]    = help: consider providing a type annotation
[INFO] [stdout]    = warning: this was previously accepted by the compiler but is being phased out; it will become a hard error in a future release!
[INFO] [stdout]    = note: for more information, see issue #156047 <https://github.com/rust-lang/rust/issues/156047>
[INFO] [stdout] 
[INFO] [stdout] 
[INFO] [stdout] error[E0599]: no method named `rollback` found for type `!` in the current scope
[INFO] [stdout]   --> tests/postgres.rs:72:13
[INFO] [stdout]    |
[INFO] [stdout] 72 |     aborted.rollback().await?;
[INFO] [stdout]    |             ^^^^^^^^ method not found in `!`
[INFO] [stdout] 
[INFO] [stdout] 
[INFO] [stdout] warning: method call on a diverging inference variable
[INFO] [stdout]   --> tests/postgres.rs:76:10
[INFO] [stdout]    |
[INFO] [stdout] 76 |     next.commit().await?;
[INFO] [stdout]    |          ^^^^^^
[INFO] [stdout]    |
[INFO] [stdout]    = help: consider providing a type annotation
[INFO] [stdout]    = warning: this was previously accepted by the compiler but is being phased out; it will become a hard error in a future release!
[INFO] [stdout]    = note: for more information, see issue #156047 <https://github.com/rust-lang/rust/issues/156047>
[INFO] [stdout] 
[INFO] [stdout] 
[INFO] [stdout] error[E0599]: no method named `commit` found for type `!` in the current scope
[INFO] [stdout]   --> tests/postgres.rs:76:10
[INFO] [stdout]    |
[INFO] [stdout] 76 |     next.commit().await?;
[INFO] [stdout]    |          ^^^^^^ method not found in `!`
[INFO] [stdout] 
[INFO] [stdout] 
[INFO] [stdout] warning: method call on a diverging inference variable
[INFO] [stdout]    --> tests/postgres.rs:109:25
[INFO] [stdout]     |
[INFO] [stdout] 109 |             transaction.commit().await?;
[INFO] [stdout]     |                         ^^^^^^
[INFO] [stdout]     |
[INFO] [stdout]     = help: consider providing a type annotation
[INFO] [stdout]     = warning: this was previously accepted by the compiler but is being phased out; it will become a hard error in a future release!
[INFO] [stdout]     = note: for more information, see issue #156047 <https://github.com/rust-lang/rust/issues/156047>
[INFO] [stdout] 
[INFO] [stdout] 
[INFO] [stdout] error[E0599]: no method named `commit` found for type `!` in the current scope
[INFO] [stdout]    --> tests/postgres.rs:109:25
[INFO] [stdout]     |
[INFO] [stdout] 109 |             transaction.commit().await?;
[INFO] [stdout]     |                         ^^^^^^ method not found in `!`
[INFO] [stdout] 
[INFO] [stdout] 
[INFO] [stdout] warning: method call on a diverging inference variable
[INFO] [stdout]    --> tests/postgres.rs:144:25
[INFO] [stdout]     |
[INFO] [stdout] 144 |             transaction.commit().await?;
[INFO] [stdout]     |                         ^^^^^^
[INFO] [stdout]     |
[INFO] [stdout]     = help: consider providing a type annotation
[INFO] [stdout]     = warning: this was previously accepted by the compiler but is being phased out; it will become a hard error in a future release!
[INFO] [stdout]     = note: for more information, see issue #156047 <https://github.com/rust-lang/rust/issues/156047>
[INFO] [stdout] 
[INFO] [stdout] 
[INFO] [stdout] error[E0599]: no method named `commit` found for type `!` in the current scope
[INFO] [stdout]    --> tests/postgres.rs:144:25
[INFO] [stdout]     |
[INFO] [stdout] 144 |             transaction.commit().await?;
[INFO] [stdout]     |                         ^^^^^^ method not found in `!`
[INFO] [stdout] 
[INFO] [stdout] 
[INFO] [stdout] error[E0433]: cannot find module or crate `sqlx` in this scope
[INFO] [stdout]    --> tests/postgres.rs:166:5
[INFO] [stdout]     |
[INFO] [stdout] 166 |     sqlx::raw_sql(
[INFO] [stdout]     |     ^^^^ use of unresolved module or unlinked crate `sqlx`
[INFO] [stdout]     |
[INFO] [stdout]     = help: if you wanted to use a crate named `sqlx`, use `cargo add sqlx` to add it to your `Cargo.toml`
[INFO] [stdout] 
[INFO] [stdout] 
[INFO] [stdout] error[E0433]: cannot find module or crate `sqlx` in this scope
[INFO] [stdout]    --> tests/postgres.rs:181:5
[INFO] [stdout]     |
[INFO] [stdout] 181 |     sqlx::raw_sql(baukit_sync::POSTGRES_RENAME_USER_ID_TO_OWNER_ID_SQL)
[INFO] [stdout]     |     ^^^^ use of unresolved module or unlinked crate `sqlx`
[INFO] [stdout]     |
[INFO] [stdout]     = help: if you wanted to use a crate named `sqlx`, use `cargo add sqlx` to add it to your `Cargo.toml`
[INFO] [stdout] 
[INFO] [stdout] 
[INFO] [stdout] error[E0433]: cannot find module or crate `sqlx` in this scope
[INFO] [stdout]    --> tests/postgres.rs:185:66
[INFO] [stdout]     |
[INFO] [stdout] 185 |     let columns: Vec<(String, String, String, Option<String>)> = sqlx::query_as(
[INFO] [stdout]     |                                                                  ^^^^ use of unresolved module or unlinked crate `sqlx`
[INFO] [stdout]     |
[INFO] [stdout]     = help: if you wanted to use a crate named `sqlx`, use `cargo add sqlx` to add it to your `Cargo.toml`
[INFO] [stdout] 
[INFO] [stdout] 
[INFO] [stdout] error[E0433]: cannot find module or crate `sqlx` in this scope
[INFO] [stdout]    --> tests/postgres.rs:217:46
[INFO] [stdout]     |
[INFO] [stdout] 217 |     let constraints: Vec<(String, String)> = sqlx::query_as(
[INFO] [stdout]     |                                              ^^^^ use of unresolved module or unlinked crate `sqlx`
[INFO] [stdout]     |
[INFO] [stdout]     = help: if you wanted to use a crate named `sqlx`, use `cargo add sqlx` to add it to your `Cargo.toml`
[INFO] [stdout] 
[INFO] [stdout] 
[INFO] [stdout] error[E0433]: cannot find module or crate `sqlx` in this scope
[INFO] [stdout]    --> tests/postgres.rs:235:31
[INFO] [stdout]     |
[INFO] [stdout] 235 |     let delete_rule: String = sqlx::query_scalar(
[INFO] [stdout]     |                               ^^^^ use of unresolved module or unlinked crate `sqlx`
[INFO] [stdout]     |
[INFO] [stdout]     = help: if you wanted to use a crate named `sqlx`, use `cargo add sqlx` to add it to your `Cargo.toml`
[INFO] [stdout] 
[INFO] [stdout] 
[INFO] [stdout] error[E0433]: cannot find module or crate `sqlx` in this scope
[INFO] [stdout]    --> tests/postgres.rs:246:5
[INFO] [stdout]     |
[INFO] [stdout] 246 |     sqlx::query("INSERT INTO users (id) VALUES ($1)")
[INFO] [stdout]     |     ^^^^ use of unresolved module or unlinked crate `sqlx`
[INFO] [stdout]     |
[INFO] [stdout]     = help: if you wanted to use a crate named `sqlx`, use `cargo add sqlx` to add it to your `Cargo.toml`
[INFO] [stdout] 
[INFO] [stdout] 
[INFO] [stdout] error[E0433]: cannot find module or crate `sqlx` in this scope
[INFO] [stdout]    --> tests/postgres.rs:250:5
[INFO] [stdout]     |
[INFO] [stdout] 250 |     sqlx::query("INSERT INTO sync_revisions (owner_id) VALUES ($1)")
[INFO] [stdout]     |     ^^^^ use of unresolved module or unlinked crate `sqlx`
[INFO] [stdout]     |
[INFO] [stdout]     = help: if you wanted to use a crate named `sqlx`, use `cargo add sqlx` to add it to your `Cargo.toml`
[INFO] [stdout] 
[INFO] [stdout] 
[INFO] [stdout] error[E0433]: cannot find module or crate `sqlx` in this scope
[INFO] [stdout]    --> tests/postgres.rs:254:5
[INFO] [stdout]     |
[INFO] [stdout] 254 |     sqlx::query("DELETE FROM users WHERE id = $1")
[INFO] [stdout]     |     ^^^^ use of unresolved module or unlinked crate `sqlx`
[INFO] [stdout]     |
[INFO] [stdout]     = help: if you wanted to use a crate named `sqlx`, use `cargo add sqlx` to add it to your `Cargo.toml`
[INFO] [stdout] 
[INFO] [stdout] 
[INFO] [stdout] error[E0433]: cannot find module or crate `sqlx` in this scope
[INFO] [stdout]    --> tests/postgres.rs:258:26
[INFO] [stdout]     |
[INFO] [stdout] 258 |     let remaining: i64 = sqlx::query_scalar("SELECT count(*) FROM sync_revisions")
[INFO] [stdout]     |                          ^^^^ use of unresolved module or unlinked crate `sqlx`
[INFO] [stdout]     |
[INFO] [stdout]     = help: if you wanted to use a crate named `sqlx`, use `cargo add sqlx` to add it to your `Cargo.toml`
[INFO] [stdout] 
[INFO] [stdout] 
[INFO] [stdout] error[E0433]: cannot find module or crate `sqlx` in this scope
[INFO] [stdout]    --> tests/postgres.rs:264:5
[INFO] [stdout]     |
[INFO] [stdout] 264 |     sqlx::query("INSERT INTO users (id) VALUES ($1)")
[INFO] [stdout]     |     ^^^^ use of unresolved module or unlinked crate `sqlx`
[INFO] [stdout]     |
[INFO] [stdout]     = help: if you wanted to use a crate named `sqlx`, use `cargo add sqlx` to add it to your `Cargo.toml`
[INFO] [stdout] 
[INFO] [stdout] 
[INFO] [stdout] error[E0433]: cannot find module or crate `sqlx` in this scope
[INFO] [stdout]    --> tests/postgres.rs:269:9
[INFO] [stdout]     |
[INFO] [stdout] 269 |         sqlx::query("INSERT INTO sync_revisions (owner_id, last_revision) VALUES ($1, -1)")
[INFO] [stdout]     |         ^^^^ use of unresolved module or unlinked crate `sqlx`
[INFO] [stdout]     |
[INFO] [stdout]     = help: if you wanted to use a crate named `sqlx`, use `cargo add sqlx` to add it to your `Cargo.toml`
[INFO] [stdout] 
[INFO] [stdout] 
[INFO] [stdout] warning: method call on a diverging inference variable
[INFO] [stdout]    --> tests/postgres.rs:287:17
[INFO] [stdout]     |
[INFO] [stdout] 287 |     transaction.rollback().await?;
[INFO] [stdout]     |                 ^^^^^^^^
[INFO] [stdout]     |
[INFO] [stdout]     = help: consider providing a type annotation
[INFO] [stdout]     = warning: this was previously accepted by the compiler but is being phased out; it will become a hard error in a future release!
[INFO] [stdout]     = note: for more information, see issue #156047 <https://github.com/rust-lang/rust/issues/156047>
[INFO] [stdout] 
[INFO] [stdout] 
[INFO] [stdout] error[E0599]: no method named `rollback` found for type `!` in the current scope
[INFO] [stdout]    --> tests/postgres.rs:287:17
[INFO] [stdout]     |
[INFO] [stdout] 287 |     transaction.rollback().await?;
[INFO] [stdout]     |                 ^^^^^^^^ method not found in `!`
[INFO] [stdout] 
[INFO] [stdout] 
[INFO] [stdout] warning: method call on a diverging inference variable
[INFO] [stdout]    --> tests/postgres.rs:293:17
[INFO] [stdout]     |
[INFO] [stdout] 293 |     transaction.commit().await?;
[INFO] [stdout]     |                 ^^^^^^
[INFO] [stdout]     |
[INFO] [stdout]     = help: consider providing a type annotation
[INFO] [stdout]     = warning: this was previously accepted by the compiler but is being phased out; it will become a hard error in a future release!
[INFO] [stdout]     = note: for more information, see issue #156047 <https://github.com/rust-lang/rust/issues/156047>
[INFO] [stdout] 
[INFO] [stdout] 
[INFO] [stdout] error[E0599]: no method named `commit` found for type `!` in the current scope
[INFO] [stdout]    --> tests/postgres.rs:293:17
[INFO] [stdout]     |
[INFO] [stdout] 293 |     transaction.commit().await?;
[INFO] [stdout]     |                 ^^^^^^ method not found in `!`
[INFO] [stdout] 
[INFO] [stdout] 
[INFO] [stdout] warning: method call on a diverging inference variable
[INFO] [stdout]    --> tests/postgres.rs:312:17
[INFO] [stdout]     |
[INFO] [stdout] 312 |     transaction.commit().await?;
[INFO] [stdout]     |                 ^^^^^^
[INFO] [stdout]     |
[INFO] [stdout]     = help: consider providing a type annotation
[INFO] [stdout]     = warning: this was previously accepted by the compiler but is being phased out; it will become a hard error in a future release!
[INFO] [stdout]     = note: for more information, see issue #156047 <https://github.com/rust-lang/rust/issues/156047>
[INFO] [stdout] 
[INFO] [stdout] 
[INFO] [stdout] error[E0599]: no method named `commit` found for type `!` in the current scope
[INFO] [stdout]    --> tests/postgres.rs:312:17
[INFO] [stdout]     |
[INFO] [stdout] 312 |     transaction.commit().await?;
[INFO] [stdout]     |                 ^^^^^^ method not found in `!`
[INFO] [stdout] 
[INFO] [stdout] 
[INFO] [stdout] error[E0433]: cannot find module or crate `sqlx` in this scope
[INFO] [stdout]    --> tests/postgres.rs:330:9
[INFO] [stdout]     |
[INFO] [stdout] 330 |         sqlx::query("INSERT INTO product_records (id, owner_id, revision) VALUES ($1, $2, $3)")
[INFO] [stdout]     |         ^^^^ use of unresolved module or unlinked crate `sqlx`
[INFO] [stdout]     |
[INFO] [stdout]     = help: if you wanted to use a crate named `sqlx`, use `cargo add sqlx` to add it to your `Cargo.toml`
[INFO] [stdout] 
[INFO] [stdout] 
[INFO] [stdout] error[E0433]: cannot find module or crate `sqlx` in this scope
[INFO] [stdout]    --> tests/postgres.rs:341:5
[INFO] [stdout]     |
[INFO] [stdout] 341 |     sqlx::query(
[INFO] [stdout]     |     ^^^^ use of unresolved module or unlinked crate `sqlx`
[INFO] [stdout]     |
[INFO] [stdout]     = help: if you wanted to use a crate named `sqlx`, use `cargo add sqlx` to add it to your `Cargo.toml`
[INFO] [stdout] 
[INFO] [stdout] 
[INFO] [stdout] error[E0433]: cannot find module or crate `sqlx` in this scope
[INFO] [stdout]    --> tests/postgres.rs:352:79
[INFO] [stdout]     |
[INFO] [stdout] 352 |     let since_revision_2: Vec<(i64, Option<chrono::DateTime<chrono::Utc>>)> = sqlx::query_as(
[INFO] [stdout]     |                                                                               ^^^^ use of unresolved module or unlinked crate `sqlx`
[INFO] [stdout]     |
[INFO] [stdout]     = help: if you wanted to use a crate named `sqlx`, use `cargo add sqlx` to add it to your `Cargo.toml`
[INFO] [stdout] 
[INFO] [stdout] 
[INFO] [stdout] error[E0433]: cannot find module or crate `sqlx` in this scope
[INFO] [stdout]    --> tests/postgres.rs:110:23
[INFO] [stdout]     |
[INFO] [stdout] 110 |             Ok::<i64, sqlx::Error>(revision)
[INFO] [stdout]     |                       ^^^^ use of unresolved module or unlinked crate `sqlx`
[INFO] [stdout]     |
[INFO] [stdout]     = help: if you wanted to use a crate named `sqlx`, use `cargo add sqlx` to add it to your `Cargo.toml`
[INFO] [stdout] 
[INFO] [stdout] 
[INFO] [stdout] error[E0433]: cannot find module or crate `sqlx` in this scope
[INFO] [stdout]    --> tests/postgres.rs:145:38
[INFO] [stdout]     |
[INFO] [stdout] 145 |             Ok::<(Option<i64>, i64), sqlx::Error>((observed, allocated))
[INFO] [stdout]     |                                      ^^^^ use of unresolved module or unlinked crate `sqlx`
[INFO] [stdout]     |
[INFO] [stdout]     = help: if you wanted to use a crate named `sqlx`, use `cargo add sqlx` to add it to your `Cargo.toml`
[INFO] [stdout] 
[INFO] [stdout] 
[INFO] [stdout] error[E0433]: cannot find module or crate `sqlx` in this scope
[INFO] [stdout]    --> tests/postgres.rs:395:47
[INFO] [stdout]     |
[INFO] [stdout] 395 | async fn owner(pool: &PgPool) -> Result<Uuid, sqlx::Error> {
[INFO] [stdout]     |                                               ^^^^ use of unresolved module or unlinked crate `sqlx`
[INFO] [stdout]     |
[INFO] [stdout]     = help: if you wanted to use a crate named `sqlx`, use `cargo add sqlx` to add it to your `Cargo.toml`
[INFO] [stdout] 
[INFO] [stdout] 
[INFO] [stdout] error[E0433]: cannot find module or crate `baukit_test` in this scope
[INFO] [stdout]    --> tests/postgres.rs:374:31
[INFO] [stdout]     |
[INFO] [stdout] 374 | async fn fixture() -> Result<(baukit_test::PostgresTestContainer, PgPool), Box<dyn Error>> {
[INFO] [stdout]     |                               ^^^^^^^^^^^ use of unresolved module or unlinked crate `baukit_test`
[INFO] [stdout]     |
[INFO] [stdout]     = help: if you wanted to use a crate named `baukit_test`, use `cargo add baukit_test` to add it to your `Cargo.toml`
[INFO] [stdout] 
[INFO] [stdout] 
[INFO] [stdout] Some errors have detailed explanations: E0425, E0432, E0433, E0599.
[INFO] [stdout] 
[INFO] [stdout] For more information about an error, try `rustc --explain E0425`.
[INFO] [stdout] 
[INFO] [stderr] error: could not compile `baukit-sync` (test "postgres") due to 59 previous errors; 27 warnings emitted
[INFO] running `Command { std: "docker" "inspect" "34b215c296ddc6771f1540dc00a41cfa6fe289b87be4c7a9587b4536897b3ea1", kill_on_drop: false }`
[INFO] running `Command { std: "docker" "rm" "-f" "34b215c296ddc6771f1540dc00a41cfa6fe289b87be4c7a9587b4536897b3ea1", kill_on_drop: false }`
[INFO] [stdout] 34b215c296ddc6771f1540dc00a41cfa6fe289b87be4c7a9587b4536897b3ea1
