[INFO] fetching crate baukit-ratelimit 0.9.0...
[INFO] checking baukit-ratelimit-0.9.0 against 3154cc1a3e6424e44f438a95007d043ed5ceaaf6 for pr-133502-30
[INFO] extracting crate baukit-ratelimit 0.9.0 into /workspace/builds/worker-6-tc2/source
[INFO] started tweaking crates.io crate baukit-ratelimit 0.9.0
[INFO] removed 0 missing tests
[INFO] finished tweaking crates.io crate baukit-ratelimit 0.9.0
[INFO] tweaked toml for crates.io crate baukit-ratelimit 0.9.0 written to /workspace/builds/worker-6-tc2/source/Cargo.toml
[INFO] validating manifest of crates.io crate baukit-ratelimit 0.9.0 on toolchain 3154cc1a3e6424e44f438a95007d043ed5ceaaf6
[INFO] running `Command { std: CARGO_HOME="/workspace/cargo-home" RUSTUP_HOME="/workspace/rustup-home" "/workspace/cargo-home/bin/cargo" "+3154cc1a3e6424e44f438a95007d043ed5ceaaf6" "metadata" "--manifest-path" "Cargo.toml" "--no-deps", kill_on_drop: false }`
[INFO] crate crates.io crate baukit-ratelimit 0.9.0 already has a lockfile, it will not be regenerated
[INFO] running `Command { std: CARGO_HOME="/workspace/cargo-home" RUSTUP_HOME="/workspace/rustup-home" "/workspace/cargo-home/bin/cargo" "+3154cc1a3e6424e44f438a95007d043ed5ceaaf6" "fetch" "--manifest-path" "Cargo.toml", kill_on_drop: false }`
[INFO] [stderr] warning: `package.homepage` is redundant with `package.repository`
[INFO] [stderr]   --> Cargo.toml:72:12
[INFO] [stderr]    |
[INFO] [stderr] 72 | homepage = "https://github.com/PatrickKoss/baukit"
[INFO] [stderr]    |            ^^^^^^^^^^^^^^^^^^^^^^^^^^^^^^^^^^^^^^^
[INFO] [stderr] ...
[INFO] [stderr] 77 | repository = "https://github.com/PatrickKoss/baukit"
[INFO] [stderr]    |              ---------------------------------------
[INFO] [stderr]    |
[INFO] [stderr]    = note: `cargo::redundant_homepage` is set to `warn` by default
[INFO] [stderr] help: consider removing `package.homepage`
[INFO] [stderr] warning: `baukit-ratelimit` (manifest) generated 1 warning
[INFO] [stderr]     Blocking waiting for file lock on package cache
[INFO] running `Command { std: "docker" "create" "-v" "/var/lib/crater-agent-workspace/builds/worker-6-tc2/source:/opt/rustwide/workdir:ro,Z" "-v" "/var/lib/crater-agent-workspace/builds/worker-6-tc2/target:/opt/rustwide/target:rw,Z" "-v" "/var/lib/crater-agent-workspace/cargo-home:/opt/rustwide/cargo-home:ro,Z" "-v" "/var/lib/crater-agent-workspace/rustup-home:/opt/rustwide/rustup-home:ro,Z" "-m" "1610612736" "--network" "none" "ghcr.io/rust-lang/crates-build-env/linux@sha256:77db811e55d90add9212f6832c23229e3de5f1c1f9905e8cb07319ea15df73ac" "sleep" "infinity", kill_on_drop: false }`
[INFO] [stdout] 47f94c66a331ce04ab829143347b99ac7f23fce17ee381d031143fbdb9dc2e46
[INFO] running `Command { std: "docker" "start" "47f94c66a331ce04ab829143347b99ac7f23fce17ee381d031143fbdb9dc2e46", kill_on_drop: false }`
[INFO] running `Command { std: "docker" "inspect" "47f94c66a331ce04ab829143347b99ac7f23fce17ee381d031143fbdb9dc2e46", kill_on_drop: false }`
[INFO] running `Command { std: "docker" "exec" "-e" "SOURCE_DIR=/opt/rustwide/workdir" "-e" "CARGO_HOME=/opt/rustwide/cargo-home" "-e" "RUSTUP_HOME=/opt/rustwide/rustup-home" "-e" "CARGO_TARGET_DIR=/opt/rustwide/target" "-w" "/opt/rustwide/workdir" "--user" "0:0" "47f94c66a331ce04ab829143347b99ac7f23fce17ee381d031143fbdb9dc2e46" "/opt/rustwide/cargo-home/bin/cargo" "+3154cc1a3e6424e44f438a95007d043ed5ceaaf6" "metadata" "--no-deps" "--format-version=1", kill_on_drop: false }`
[INFO] running `Command { std: "docker" "inspect" "47f94c66a331ce04ab829143347b99ac7f23fce17ee381d031143fbdb9dc2e46", kill_on_drop: false }`
[INFO] running `Command { std: "docker" "exec" "-e" "SOURCE_DIR=/opt/rustwide/workdir" "-e" "CARGO_HOME=/opt/rustwide/cargo-home" "-e" "RUSTUP_HOME=/opt/rustwide/rustup-home" "-e" "CARGO_TARGET_DIR=/opt/rustwide/target" "-e" "CARGO_INCREMENTAL=0" "-e" "RUST_BACKTRACE=full" "-e" "RUSTFLAGS=--cap-lints=forbid" "-e" "RUSTDOCFLAGS=--cap-lints=forbid" "-w" "/opt/rustwide/workdir" "--user" "0:0" "47f94c66a331ce04ab829143347b99ac7f23fce17ee381d031143fbdb9dc2e46" "/opt/rustwide/cargo-home/bin/cargo" "+3154cc1a3e6424e44f438a95007d043ed5ceaaf6" "check" "--frozen" "--all" "--all-targets" "--message-format=json", kill_on_drop: false }`
[INFO] [stderr] warning: `package.homepage` is redundant with `package.repository`
[INFO] [stderr]   --> Cargo.toml:72:12
[INFO] [stderr]    |
[INFO] [stderr] 72 | homepage = "https://github.com/PatrickKoss/baukit"
[INFO] [stderr]    |            ^^^^^^^^^^^^^^^^^^^^^^^^^^^^^^^^^^^^^^^
[INFO] [stderr] ...
[INFO] [stderr] 77 | repository = "https://github.com/PatrickKoss/baukit"
[INFO] [stderr]    |              ---------------------------------------
[INFO] [stderr]    |
[INFO] [stderr]    = note: `cargo::redundant_homepage` is set to `warn` by default
[INFO] [stderr] help: consider removing `package.homepage`
[INFO] [stderr] warning: `baukit-ratelimit` (manifest) generated 1 warning
[INFO] [stderr]    Compiling libc v0.2.190
[INFO] [stderr]     Checking cfg-if v1.0.5
[INFO] [stderr]     Checking smallvec v1.16.2
[INFO] [stderr]    Compiling find-msvc-tools v0.1.14
[INFO] [stderr]    Compiling proc-macro2 v1.0.107
[INFO] [stderr]    Compiling fs_extra v1.3.0
[INFO] [stderr]    Compiling aws-lc-rs v1.18.1
[INFO] [stderr]     Checking bitflags v2.13.2
[INFO] [stderr]     Checking untrusted v0.7.1
[INFO] [stderr]     Checking futures-util v0.3.34
[INFO] [stderr]    Compiling once_cell v1.21.4
[INFO] [stderr]    Compiling thiserror v2.0.21
[INFO] [stderr]     Checking base64 v0.23.1
[INFO] [stderr]    Compiling aho-corasick v1.1.5
[INFO] [stderr]     Checking hashbrown v0.16.1
[INFO] [stderr]    Compiling encoding_rs v0.8.42
[INFO] [stderr]     Checking sync_wrapper v1.0.2
[INFO] [stderr]    Compiling rustls v0.23.45
[INFO] [stderr]     Checking indexmap v2.14.2
[INFO] [stderr]    Compiling multiversion_no_op v1.0.0
[INFO] [stderr]     Checking hashbrown v0.14.5
[INFO] [stderr]     Checking ipnet v2.12.2
[INFO] [stderr]     Checking core_detect v1.0.0
[INFO] [stderr]     Checking simdutf8 v0.1.5
[INFO] [stderr]     Checking erased-serde v0.4.10
[INFO] [stderr]    Compiling zerocopy v0.8.59
[INFO] [stderr]     Checking serde_spanned v1.1.1
[INFO] [stderr]     Checking toml_datetime v1.1.1+spec-1.1.0
[INFO] [stderr]     Checking arraydeque v0.5.1
[INFO] [stderr]     Checking unicode-ident v1.0.26
[INFO] [stderr]     Checking lazy_static v1.5.1
[INFO] [stderr]     Checking ucd-trie v0.1.7
[INFO] [stderr]     Checking convert_case v0.6.0
[INFO] [stderr]     Checking sharded-slab v0.1.7
[INFO] [stderr]     Checking num-traits v0.2.19
[INFO] [stderr]    Compiling quote v1.0.47
[INFO] [stderr]     Checking toml v1.1.6+spec-1.1.0
[INFO] [stderr]     Checking rapidhash v4.5.1
[INFO] [stderr]     Checking thread_local v1.1.10
[INFO] [stderr]    Compiling syn v3.0.6
[INFO] [stderr]    Compiling syn v2.0.119
[INFO] [stderr]     Checking hashlink v0.11.1
[INFO] [stderr]     Checking serde-untagged v0.1.9
[INFO] [stderr]     Checking deranged v0.5.8
[INFO] [stderr]     Checking pathdiff v0.2.3
[INFO] [stderr]    Compiling crossbeam-utils v0.8.23
[INFO] [stderr]     Checking metrics v0.24.6
[INFO] [stderr]     Checking tracing-log v0.2.0
[INFO] [stderr]     Checking cpufeatures v0.3.1
[INFO] [stderr]     Checking tracing-subscriber v0.3.23
[INFO] [stderr]     Checking chacha20 v0.10.2
[INFO] [stderr]     Checking serde_html_form v0.4.1
[INFO] [stderr]     Checking fastrand v2.5.0
[INFO] [stderr]    Compiling crossbeam-epoch v0.9.21
[INFO] [stderr]     Checking async-lock v3.4.2
[INFO] [stderr]     Checking backon v1.6.0
[INFO] [stderr]     Checking nibble_vec v0.1.0
[INFO] [stderr]    Compiling regex-automata v0.4.18
[INFO] [stderr]     Checking raw-cpuid v11.6.0
[INFO] [stderr]     Checking endian-type v0.1.2
[INFO] [stderr]     Checking xxhash-rust v0.8.19
[INFO] [stderr]     Checking arcstr v1.2.0
[INFO] [stderr]     Checking radix_trie v0.2.1
[INFO] [stderr]     Checking yaml-rust2 v0.11.1
[INFO] [stderr]     Checking parking_lot_core v0.9.12
[INFO] [stderr]    Compiling jobserver v0.1.35
[INFO] [stderr]     Checking errno v0.3.14
[INFO] [stderr]     Checking mio v1.2.4
[INFO] [stderr]     Checking socket2 v0.6.5
[INFO] [stderr]    Compiling getrandom v0.2.17
[INFO] [stderr]     Checking signal-hook-registry v1.4.8
[INFO] [stderr]     Checking getrandom v0.4.3
[INFO] [stderr]     Checking parking_lot v0.12.5
[INFO] [stderr]    Compiling cc v1.6.0
[INFO] [stderr]    Compiling const-random-macro v0.1.16
[INFO] [stderr]     Checking uuid v1.27.0
[INFO] [stderr]     Checking getrandom v0.3.4
[INFO] [stderr]     Checking rand v0.10.3
[INFO] [stderr]     Checking ordered-float v5.5.0
[INFO] [stderr]     Checking sketches-ddsketch v0.3.1
[INFO] [stderr]     Checking rand_core v0.9.5
[INFO] [stderr]     Checking rand_xoshiro v0.7.0
[INFO] [stderr]     Checking const-random v0.1.18
[INFO] [stderr]     Checking time v0.3.55
[INFO] [stderr]     Checking dlv-list v0.5.2
[INFO] [stderr]     Checking ordered-multimap v0.7.3
[INFO] [stderr]     Checking rust-ini v0.21.3
[INFO] [stderr]    Compiling cmake v0.1.58
[INFO] [stderr]    Compiling aws-lc-sys v0.45.0
[INFO] [stderr]     Checking quanta v0.12.6
[INFO] [stderr]    Compiling regex v1.13.1
[INFO] [stderr]    Compiling tracing-attributes v0.1.31
[INFO] [stderr]    Compiling synstructure v0.14.0
[INFO] [stderr]     Checking ppv-lite86 v0.2.21
[INFO] [stderr]     Checking tracing v0.1.44
[INFO] [stderr]    Compiling zerofrom-derive v0.1.8
[INFO] [stderr]    Compiling yoke-derive v0.8.4
[INFO] [stderr]    Compiling zerovec-derive v0.11.6
[INFO] [stderr]    Compiling serde_derive v1.0.229
[INFO] [stderr]    Compiling tokio-macros v2.7.2
[INFO] [stderr]    Compiling displaydoc v0.2.7
[INFO] [stderr]    Compiling thiserror-impl v2.0.21
[INFO] [stderr]    Compiling async-trait v0.1.92
[INFO] [stderr]    Compiling utoipa-gen v6.0.1
[INFO] [stderr]     Checking rand_chacha v0.9.0
[INFO] [stderr]     Checking axum-core v0.5.6
[INFO] [stderr]     Checking tower-http v0.7.1
[INFO] [stderr]     Checking rand v0.9.5
[INFO] [stderr]     Checking metrics-util v0.20.4
[INFO] [stderr]     Checking tokio v1.53.2
[INFO] [stderr]     Checking zerofrom v0.1.8
[INFO] [stderr]     Checking yoke v0.8.3
[INFO] [stderr]     Checking opentelemetry v0.33.0
[INFO] [stderr]     Checking zerovec v0.11.8
[INFO] [stderr]     Checking zerotrie v0.2.5
[INFO] [stderr]     Checking tracing-opentelemetry v0.34.0
[INFO] [stderr]     Checking tinystr v0.8.4
[INFO] [stderr]     Checking potential_utf v0.1.6
[INFO] [stderr]     Checking icu_collections v2.3.0
[INFO] [stderr]     Checking icu_locale_core v2.3.0
[INFO] [stderr]     Checking serde v1.0.229
[INFO] [stderr]     Checking icu_provider v2.3.1
[INFO] [stderr]     Checking icu_normalizer v2.3.0
[INFO] [stderr]     Checking icu_properties v2.3.0
[INFO] [stderr]     Checking ron v0.12.2
[INFO] [stderr]     Checking json5 v1.3.1
[INFO] [stderr]     Checking serde_urlencoded v0.7.1
[INFO] [stderr]     Checking chrono v0.4.45
[INFO] [stderr]     Checking idna_adapter v1.2.2
[INFO] [stderr]     Checking idna v1.1.0
[INFO] [stderr]     Checking url v2.5.8
[INFO] [stderr]     Checking config v0.15.27
[INFO] [stderr]     Checking utoipa v6.0.0
[INFO] [stderr]     Checking tokio-util v0.7.19
[INFO] [stderr]     Checking hyper v1.11.1
[INFO] [stderr]     Checking tower v0.5.3
[INFO] [stderr]     Checking combine v4.6.8
[INFO] [stderr]     Checking hyper-util v0.1.21
[INFO] [stderr]     Checking tower-http v0.6.11
[INFO] [stderr]     Checking baukit-openapi v0.9.0
[INFO] [stderr]     Checking axum v0.8.9
[INFO] [stderr]     Checking rustls-webpki v0.103.15
[INFO] [stderr]     Checking baukit-core v0.9.0
[INFO] [stderr]     Checking baukit-config v0.9.0
[INFO] [stderr]     Checking redis v1.7.1
[INFO] [stderr]     Checking baukit-http v0.9.0
[INFO] [stderr]     Checking tokio-rustls v0.26.6
[INFO] [stderr]     Checking rustls-platform-verifier v0.7.1
[INFO] [stderr]     Checking hyper-rustls v0.27.10
[INFO] [stderr]     Checking reqwest v0.13.5
[INFO] [stderr]     Checking baukit-auth v0.9.0
[INFO] [stderr]     Checking baukit-ratelimit v0.9.0 (/opt/rustwide/workdir)
[INFO] [stdout] error[E0433]: cannot find module or crate `baukit_test` in this scope
[INFO] [stdout]   --> tests/redis.rs:28:19
[INFO] [stdout]    |
[INFO] [stdout] 28 |     let fixture = baukit_test::start_redis().await?;
[INFO] [stdout]    |                   ^^^^^^^^^^^ use of unresolved module or unlinked crate `baukit_test`
[INFO] [stdout]    |
[INFO] [stdout]    = help: if you wanted to use a crate named `baukit_test`, use `cargo add baukit_test` to add it to your `Cargo.toml`
[INFO] [stdout] 
[INFO] [stdout] 
[INFO] [stdout] warning: method call on a diverging inference variable
[INFO] [stdout]   --> tests/redis.rs:29:63
[INFO] [stdout]    |
[INFO] [stdout] 29 |     let store = Arc::new(RedisRateLimitStore::connect(fixture.connection_url()).await?);
[INFO] [stdout]    |                                                               ^^^^^^^^^^^^^^
[INFO] [stdout]    |
[INFO] [stdout]    = help: consider providing a type annotation
[INFO] [stdout]    = warning: this was previously accepted by the compiler but is being phased out; it will become a hard error in a future release!
[INFO] [stdout]    = note: for more information, see issue #156047 <https://github.com/rust-lang/rust/issues/156047>
[INFO] [stdout]    = note: `#[warn(method_call_on_diverging_infer_var)]` (part of `#[warn(future_incompatible)]`) on by default
[INFO] [stdout] 
[INFO] [stdout] 
[INFO] [stdout] error[E0599]: no method named `connection_url` found for type `!` in the current scope
[INFO] [stdout]   --> tests/redis.rs:29:63
[INFO] [stdout]    |
[INFO] [stdout] 29 |     let store = Arc::new(RedisRateLimitStore::connect(fixture.connection_url()).await?);
[INFO] [stdout]    |                                                               ^^^^^^^^^^^^^^ method not found in `!`
[INFO] [stdout] 
[INFO] [stdout] 
[INFO] [stdout] error[E0433]: cannot find module or crate `baukit_test` in this scope
[INFO] [stdout]   --> tests/redis.rs:55:19
[INFO] [stdout]    |
[INFO] [stdout] 55 |     let fixture = baukit_test::start_redis().await?;
[INFO] [stdout]    |                   ^^^^^^^^^^^ use of unresolved module or unlinked crate `baukit_test`
[INFO] [stdout]    |
[INFO] [stdout]    = help: if you wanted to use a crate named `baukit_test`, use `cargo add baukit_test` to add it to your `Cargo.toml`
[INFO] [stdout] 
[INFO] [stdout] 
[INFO] [stdout] warning: method call on a diverging inference variable
[INFO] [stdout]   --> tests/redis.rs:56:63
[INFO] [stdout]    |
[INFO] [stdout] 56 |     let store = Arc::new(RedisRateLimitStore::connect(fixture.connection_url()).await?);
[INFO] [stdout]    |                                                               ^^^^^^^^^^^^^^
[INFO] [stdout]    |
[INFO] [stdout]    = help: consider providing a type annotation
[INFO] [stdout]    = warning: this was previously accepted by the compiler but is being phased out; it will become a hard error in a future release!
[INFO] [stdout]    = note: for more information, see issue #156047 <https://github.com/rust-lang/rust/issues/156047>
[INFO] [stdout] 
[INFO] [stdout] 
[INFO] [stdout] error[E0599]: no method named `connection_url` found for type `!` in the current scope
[INFO] [stdout]   --> tests/redis.rs:56:63
[INFO] [stdout]    |
[INFO] [stdout] 56 |     let store = Arc::new(RedisRateLimitStore::connect(fixture.connection_url()).await?);
[INFO] [stdout]    |                                                               ^^^^^^^^^^^^^^ method not found in `!`
[INFO] [stdout] 
[INFO] [stdout] 
[INFO] [stdout] error[E0433]: cannot find module or crate `baukit_test` in this scope
[INFO] [stdout]    --> tests/redis.rs:108:19
[INFO] [stdout]     |
[INFO] [stdout] 108 |     let fixture = baukit_test::start_redis().await?;
[INFO] [stdout]     |                   ^^^^^^^^^^^ use of unresolved module or unlinked crate `baukit_test`
[INFO] [stdout]     |
[INFO] [stdout]     = help: if you wanted to use a crate named `baukit_test`, use `cargo add baukit_test` to add it to your `Cargo.toml`
[INFO] [stdout] 
[INFO] [stdout] 
[INFO] [stdout] warning: method call on a diverging inference variable
[INFO] [stdout]    --> tests/redis.rs:109:54
[INFO] [stdout]     |
[INFO] [stdout] 109 |     let store = RedisRateLimitStore::connect(fixture.connection_url()).await?;
[INFO] [stdout]     |                                                      ^^^^^^^^^^^^^^
[INFO] [stdout]     |
[INFO] [stdout]     = help: consider providing a type annotation
[INFO] [stdout]     = warning: this was previously accepted by the compiler but is being phased out; it will become a hard error in a future release!
[INFO] [stdout]     = note: for more information, see issue #156047 <https://github.com/rust-lang/rust/issues/156047>
[INFO] [stdout] 
[INFO] [stdout] 
[INFO] [stdout] error[E0599]: no method named `connection_url` found for type `!` in the current scope
[INFO] [stdout]    --> tests/redis.rs:109:54
[INFO] [stdout]     |
[INFO] [stdout] 109 |     let store = RedisRateLimitStore::connect(fixture.connection_url()).await?;
[INFO] [stdout]     |                                                      ^^^^^^^^^^^^^^ method not found in `!`
[INFO] [stdout] 
[INFO] [stdout] 
[INFO] [stdout] error[E0599]: no method named `connection_url` found for type `!` in the current scope
[INFO] [stdout]    --> tests/redis.rs:120:46
[INFO] [stdout]     |
[INFO] [stdout] 120 |     let client = redis::Client::open(fixture.connection_url())?;
[INFO] [stdout]     |                                              ^^^^^^^^^^^^^^ method not found in `!`
[INFO] [stdout] 
[INFO] [stdout] 
[INFO] [stdout] warning: unreachable call
[INFO] [stdout]    --> tests/redis.rs:120:46
[INFO] [stdout]     |
[INFO] [stdout] 120 |     let client = redis::Client::open(fixture.connection_url())?;
[INFO] [stdout]     |                                      ------- ^^^^^^^^^^^^^^ unreachable call
[INFO] [stdout]     |                                      |
[INFO] [stdout]     |                                      any code following this expression is unreachable
[INFO] [stdout]     |
[INFO] [stdout]     = note: `#[warn(unreachable_code)]` (part of `#[warn(unused)]`) on by default
[INFO] [stdout] 
[INFO] [stdout] 
[INFO] [stdout] error[E0433]: cannot find module or crate `baukit_test` in this scope
[INFO] [stdout]    --> tests/redis.rs:135:19
[INFO] [stdout]     |
[INFO] [stdout] 135 |     let fixture = baukit_test::start_redis().await?;
[INFO] [stdout]     |                   ^^^^^^^^^^^ use of unresolved module or unlinked crate `baukit_test`
[INFO] [stdout]     |
[INFO] [stdout]     = help: if you wanted to use a crate named `baukit_test`, use `cargo add baukit_test` to add it to your `Cargo.toml`
[INFO] [stdout] 
[INFO] [stdout] 
[INFO] [stdout] warning: method call on a diverging inference variable
[INFO] [stdout]    --> tests/redis.rs:136:54
[INFO] [stdout]     |
[INFO] [stdout] 136 |     let store = RedisRateLimitStore::connect(fixture.connection_url()).await?;
[INFO] [stdout]     |                                                      ^^^^^^^^^^^^^^
[INFO] [stdout]     |
[INFO] [stdout]     = help: consider providing a type annotation
[INFO] [stdout]     = warning: this was previously accepted by the compiler but is being phased out; it will become a hard error in a future release!
[INFO] [stdout]     = note: for more information, see issue #156047 <https://github.com/rust-lang/rust/issues/156047>
[INFO] [stdout] 
[INFO] [stdout] 
[INFO] [stdout] error[E0599]: no method named `connection_url` found for type `!` in the current scope
[INFO] [stdout]    --> tests/redis.rs:136:54
[INFO] [stdout]     |
[INFO] [stdout] 136 |     let store = RedisRateLimitStore::connect(fixture.connection_url()).await?;
[INFO] [stdout]     |                                                      ^^^^^^^^^^^^^^ method not found in `!`
[INFO] [stdout] 
[INFO] [stdout] 
[INFO] [stdout] error[E0599]: no method named `connection_url` found for type `!` in the current scope
[INFO] [stdout]    --> tests/redis.rs:153:46
[INFO] [stdout]     |
[INFO] [stdout] 153 |     let client = redis::Client::open(fixture.connection_url())?;
[INFO] [stdout]     |                                              ^^^^^^^^^^^^^^ method not found in `!`
[INFO] [stdout] 
[INFO] [stdout] 
[INFO] [stdout] warning: unreachable call
[INFO] [stdout]    --> tests/redis.rs:153:46
[INFO] [stdout]     |
[INFO] [stdout] 153 |     let client = redis::Client::open(fixture.connection_url())?;
[INFO] [stdout]     |                                      ------- ^^^^^^^^^^^^^^ unreachable call
[INFO] [stdout]     |                                      |
[INFO] [stdout]     |                                      any code following this expression is unreachable
[INFO] [stdout] 
[INFO] [stdout] 
[INFO] [stdout] error[E0433]: cannot find module or crate `baukit_test` in this scope
[INFO] [stdout]    --> tests/redis.rs:175:19
[INFO] [stdout]     |
[INFO] [stdout] 175 |     let fixture = baukit_test::start_redis().await?;
[INFO] [stdout]     |                   ^^^^^^^^^^^ use of unresolved module or unlinked crate `baukit_test`
[INFO] [stdout]     |
[INFO] [stdout]     = help: if you wanted to use a crate named `baukit_test`, use `cargo add baukit_test` to add it to your `Cargo.toml`
[INFO] [stdout] 
[INFO] [stdout] 
[INFO] [stdout] warning: method call on a diverging inference variable
[INFO] [stdout]    --> tests/redis.rs:176:54
[INFO] [stdout]     |
[INFO] [stdout] 176 |     let store = RedisRateLimitStore::connect(fixture.connection_url()).await?;
[INFO] [stdout]     |                                                      ^^^^^^^^^^^^^^
[INFO] [stdout]     |
[INFO] [stdout]     = help: consider providing a type annotation
[INFO] [stdout]     = warning: this was previously accepted by the compiler but is being phased out; it will become a hard error in a future release!
[INFO] [stdout]     = note: for more information, see issue #156047 <https://github.com/rust-lang/rust/issues/156047>
[INFO] [stdout] 
[INFO] [stdout] 
[INFO] [stdout] error[E0599]: no method named `connection_url` found for type `!` in the current scope
[INFO] [stdout]    --> tests/redis.rs:176:54
[INFO] [stdout]     |
[INFO] [stdout] 176 |     let store = RedisRateLimitStore::connect(fixture.connection_url()).await?;
[INFO] [stdout]     |                                                      ^^^^^^^^^^^^^^ method not found in `!`
[INFO] [stdout] 
[INFO] [stdout] 
[INFO] [stdout] error[E0599]: no method named `connection_url` found for type `!` in the current scope
[INFO] [stdout]    --> tests/redis.rs:180:46
[INFO] [stdout]     |
[INFO] [stdout] 180 |     let client = redis::Client::open(fixture.connection_url())?;
[INFO] [stdout]     |                                              ^^^^^^^^^^^^^^ method not found in `!`
[INFO] [stdout] 
[INFO] [stdout] 
[INFO] [stdout] warning: unreachable call
[INFO] [stdout]    --> tests/redis.rs:180:46
[INFO] [stdout]     |
[INFO] [stdout] 180 |     let client = redis::Client::open(fixture.connection_url())?;
[INFO] [stdout]     |                                      ------- ^^^^^^^^^^^^^^ unreachable call
[INFO] [stdout]     |                                      |
[INFO] [stdout]     |                                      any code following this expression is unreachable
[INFO] [stdout] 
[INFO] [stdout] 
[INFO] [stdout] error[E0433]: cannot find module or crate `baukit_test` in this scope
[INFO] [stdout]    --> tests/redis.rs:195:19
[INFO] [stdout]     |
[INFO] [stdout] 195 |     let fixture = baukit_test::start_redis().await?;
[INFO] [stdout]     |                   ^^^^^^^^^^^ use of unresolved module or unlinked crate `baukit_test`
[INFO] [stdout]     |
[INFO] [stdout]     = help: if you wanted to use a crate named `baukit_test`, use `cargo add baukit_test` to add it to your `Cargo.toml`
[INFO] [stdout] 
[INFO] [stdout] 
[INFO] [stdout] warning: method call on a diverging inference variable
[INFO] [stdout]    --> tests/redis.rs:196:54
[INFO] [stdout]     |
[INFO] [stdout] 196 |     let store = RedisRateLimitStore::connect(fixture.connection_url()).await?;
[INFO] [stdout]     |                                                      ^^^^^^^^^^^^^^
[INFO] [stdout]     |
[INFO] [stdout]     = help: consider providing a type annotation
[INFO] [stdout]     = warning: this was previously accepted by the compiler but is being phased out; it will become a hard error in a future release!
[INFO] [stdout]     = note: for more information, see issue #156047 <https://github.com/rust-lang/rust/issues/156047>
[INFO] [stdout] 
[INFO] [stdout] 
[INFO] [stdout] error[E0599]: no method named `connection_url` found for type `!` in the current scope
[INFO] [stdout]    --> tests/redis.rs:196:54
[INFO] [stdout]     |
[INFO] [stdout] 196 |     let store = RedisRateLimitStore::connect(fixture.connection_url()).await?;
[INFO] [stdout]     |                                                      ^^^^^^^^^^^^^^ method not found in `!`
[INFO] [stdout] 
[INFO] [stdout] 
[INFO] [stdout] error[E0433]: cannot find module or crate `baukit_test` in this scope
[INFO] [stdout]    --> tests/redis.rs:232:19
[INFO] [stdout]     |
[INFO] [stdout] 232 |     let fixture = baukit_test::start_redis_sentinel().await?;
[INFO] [stdout]     |                   ^^^^^^^^^^^ use of unresolved module or unlinked crate `baukit_test`
[INFO] [stdout]     |
[INFO] [stdout]     = help: if you wanted to use a crate named `baukit_test`, use `cargo add baukit_test` to add it to your `Cargo.toml`
[INFO] [stdout] 
[INFO] [stdout] 
[INFO] [stdout] warning: method call on a diverging inference variable
[INFO] [stdout]    --> tests/redis.rs:233:54
[INFO] [stdout]     |
[INFO] [stdout] 233 |     let store = RedisRateLimitStore::connect(fixture.connection_url()).await?;
[INFO] [stdout]     |                                                      ^^^^^^^^^^^^^^
[INFO] [stdout]     |
[INFO] [stdout]     = help: consider providing a type annotation
[INFO] [stdout]     = warning: this was previously accepted by the compiler but is being phased out; it will become a hard error in a future release!
[INFO] [stdout]     = note: for more information, see issue #156047 <https://github.com/rust-lang/rust/issues/156047>
[INFO] [stdout] 
[INFO] [stdout] 
[INFO] [stdout] error[E0599]: no method named `connection_url` found for type `!` in the current scope
[INFO] [stdout]    --> tests/redis.rs:233:54
[INFO] [stdout]     |
[INFO] [stdout] 233 |     let store = RedisRateLimitStore::connect(fixture.connection_url()).await?;
[INFO] [stdout]     |                                                      ^^^^^^^^^^^^^^ method not found in `!`
[INFO] [stdout] 
[INFO] [stdout] 
[INFO] [stdout] error[E0433]: cannot find module or crate `baukit_test` in this scope
[INFO] [stdout]    --> tests/redis.rs:262:19
[INFO] [stdout]     |
[INFO] [stdout] 262 |     let fixture = baukit_test::start_redis_sentinel().await?;
[INFO] [stdout]     |                   ^^^^^^^^^^^ use of unresolved module or unlinked crate `baukit_test`
[INFO] [stdout]     |
[INFO] [stdout]     = help: if you wanted to use a crate named `baukit_test`, use `cargo add baukit_test` to add it to your `Cargo.toml`
[INFO] [stdout] 
[INFO] [stdout] 
[INFO] [stdout] warning: method call on a diverging inference variable
[INFO] [stdout]    --> tests/redis.rs:263:54
[INFO] [stdout]     |
[INFO] [stdout] 263 |     let store = RedisRateLimitStore::connect(fixture.connection_url()).await?;
[INFO] [stdout]     |                                                      ^^^^^^^^^^^^^^
[INFO] [stdout]     |
[INFO] [stdout]     = help: consider providing a type annotation
[INFO] [stdout]     = warning: this was previously accepted by the compiler but is being phased out; it will become a hard error in a future release!
[INFO] [stdout]     = note: for more information, see issue #156047 <https://github.com/rust-lang/rust/issues/156047>
[INFO] [stdout] 
[INFO] [stdout] 
[INFO] [stdout] error[E0599]: no method named `connection_url` found for type `!` in the current scope
[INFO] [stdout]    --> tests/redis.rs:263:54
[INFO] [stdout]     |
[INFO] [stdout] 263 |     let store = RedisRateLimitStore::connect(fixture.connection_url()).await?;
[INFO] [stdout]     |                                                      ^^^^^^^^^^^^^^ method not found in `!`
[INFO] [stdout] 
[INFO] [stdout] 
[INFO] [stdout] error[E0599]: no method named `master_address` found for type `!` in the current scope
[INFO] [stdout]    --> tests/redis.rs:272:35
[INFO] [stdout]     |
[INFO] [stdout] 272 |     let original_master = fixture.master_address().await?;
[INFO] [stdout]     |                                   ^^^^^^^^^^^^^^ method not found in `!`
[INFO] [stdout] 
[INFO] [stdout] 
[INFO] [stdout] warning: unreachable call
[INFO] [stdout]    --> tests/redis.rs:272:35
[INFO] [stdout]     |
[INFO] [stdout] 272 |     let original_master = fixture.master_address().await?;
[INFO] [stdout]     |                           ------- ^^^^^^^^^^^^^^ unreachable call
[INFO] [stdout]     |                           |
[INFO] [stdout]     |                           any code following this expression is unreachable
[INFO] [stdout] 
[INFO] [stdout] 
[INFO] [stdout] error[E0599]: no method named `request_failover` found for type `!` in the current scope
[INFO] [stdout]    --> tests/redis.rs:273:13
[INFO] [stdout]     |
[INFO] [stdout] 273 |     fixture.request_failover().await?;
[INFO] [stdout]     |             ^^^^^^^^^^^^^^^^ method not found in `!`
[INFO] [stdout] 
[INFO] [stdout] 
[INFO] [stdout] warning: unreachable call
[INFO] [stdout]    --> tests/redis.rs:273:13
[INFO] [stdout]     |
[INFO] [stdout] 273 |     fixture.request_failover().await?;
[INFO] [stdout]     |     ------- ^^^^^^^^^^^^^^^^ unreachable call
[INFO] [stdout]     |     |
[INFO] [stdout]     |     any code following this expression is unreachable
[INFO] [stdout] 
[INFO] [stdout] 
[INFO] [stdout] error[E0599]: no method named `stop_master` found for type `!` in the current scope
[INFO] [stdout]    --> tests/redis.rs:274:13
[INFO] [stdout]     |
[INFO] [stdout] 274 |     fixture.stop_master().await?;
[INFO] [stdout]     |             ^^^^^^^^^^^ method not found in `!`
[INFO] [stdout] 
[INFO] [stdout] 
[INFO] [stdout] warning: unreachable call
[INFO] [stdout]    --> tests/redis.rs:274:13
[INFO] [stdout]     |
[INFO] [stdout] 274 |     fixture.stop_master().await?;
[INFO] [stdout]     |     ------- ^^^^^^^^^^^ unreachable call
[INFO] [stdout]     |     |
[INFO] [stdout]     |     any code following this expression is unreachable
[INFO] [stdout] 
[INFO] [stdout] 
[INFO] [stdout] error[E0599]: no method named `wait_for_failover` found for type `!` in the current scope
[INFO] [stdout]    --> tests/redis.rs:280:13
[INFO] [stdout]     |
[INFO] [stdout] 280 |     fixture.wait_for_failover(&original_master).await?;
[INFO] [stdout]     |             ^^^^^^^^^^^^^^^^^ method not found in `!`
[INFO] [stdout] 
[INFO] [stdout] 
[INFO] [stdout] warning: unreachable expression
[INFO] [stdout]    --> tests/redis.rs:280:31
[INFO] [stdout]     |
[INFO] [stdout] 280 |     fixture.wait_for_failover(&original_master).await?;
[INFO] [stdout]     |     -------                   ^^^^^^^^^^^^^^^^ unreachable expression
[INFO] [stdout]     |     |
[INFO] [stdout]     |     any code following this expression is unreachable
[INFO] [stdout] 
[INFO] [stdout] 
[INFO] [stdout] error[E0433]: cannot find module or crate `baukit_test` in this scope
[INFO] [stdout]    --> tests/redis.rs:307:19
[INFO] [stdout]     |
[INFO] [stdout] 307 |     let fixture = baukit_test::start_redis().await?;
[INFO] [stdout]     |                   ^^^^^^^^^^^ use of unresolved module or unlinked crate `baukit_test`
[INFO] [stdout]     |
[INFO] [stdout]     = help: if you wanted to use a crate named `baukit_test`, use `cargo add baukit_test` to add it to your `Cargo.toml`
[INFO] [stdout] 
[INFO] [stdout] 
[INFO] [stdout] warning: method call on a diverging inference variable
[INFO] [stdout]    --> tests/redis.rs:308:54
[INFO] [stdout]     |
[INFO] [stdout] 308 |     let store = RedisRateLimitStore::connect(fixture.connection_url()).await?;
[INFO] [stdout]     |                                                      ^^^^^^^^^^^^^^
[INFO] [stdout]     |
[INFO] [stdout]     = help: consider providing a type annotation
[INFO] [stdout]     = warning: this was previously accepted by the compiler but is being phased out; it will become a hard error in a future release!
[INFO] [stdout]     = note: for more information, see issue #156047 <https://github.com/rust-lang/rust/issues/156047>
[INFO] [stdout] 
[INFO] [stdout] 
[INFO] [stdout] error[E0599]: no method named `connection_url` found for type `!` in the current scope
[INFO] [stdout]    --> tests/redis.rs:308:54
[INFO] [stdout]     |
[INFO] [stdout] 308 |     let store = RedisRateLimitStore::connect(fixture.connection_url()).await?;
[INFO] [stdout]     |                                                      ^^^^^^^^^^^^^^ method not found in `!`
[INFO] [stdout] 
[INFO] [stdout] 
[INFO] [stdout] error[E0433]: cannot find module or crate `baukit_test` in this scope
[INFO] [stdout]    --> tests/redis.rs:334:19
[INFO] [stdout]     |
[INFO] [stdout] 334 |     let fixture = baukit_test::start_redis().await?;
[INFO] [stdout]     |                   ^^^^^^^^^^^ use of unresolved module or unlinked crate `baukit_test`
[INFO] [stdout]     |
[INFO] [stdout]     = help: if you wanted to use a crate named `baukit_test`, use `cargo add baukit_test` to add it to your `Cargo.toml`
[INFO] [stdout] 
[INFO] [stdout] 
[INFO] [stdout] warning: method call on a diverging inference variable
[INFO] [stdout]    --> tests/redis.rs:335:54
[INFO] [stdout]     |
[INFO] [stdout] 335 |     let redis = RedisRateLimitStore::connect(fixture.connection_url()).await?;
[INFO] [stdout]     |                                                      ^^^^^^^^^^^^^^
[INFO] [stdout]     |
[INFO] [stdout]     = help: consider providing a type annotation
[INFO] [stdout]     = warning: this was previously accepted by the compiler but is being phased out; it will become a hard error in a future release!
[INFO] [stdout]     = note: for more information, see issue #156047 <https://github.com/rust-lang/rust/issues/156047>
[INFO] [stdout] 
[INFO] [stdout] 
[INFO] [stdout] error[E0599]: no method named `connection_url` found for type `!` in the current scope
[INFO] [stdout]    --> tests/redis.rs:335:54
[INFO] [stdout]     |
[INFO] [stdout] 335 |     let redis = RedisRateLimitStore::connect(fixture.connection_url()).await?;
[INFO] [stdout]     |                                                      ^^^^^^^^^^^^^^ method not found in `!`
[INFO] [stdout] 
[INFO] [stdout] 
[INFO] [stdout] Some errors have detailed explanations: E0433, E0599.
[INFO] [stdout] 
[INFO] [stdout] For more information about an error, try `rustc --explain E0433`.
[INFO] [stdout] 
[INFO] [stderr] error: could not compile `baukit-ratelimit` (test "redis") due to 27 previous errors; 27 warnings emitted
[INFO] running `Command { std: "docker" "inspect" "47f94c66a331ce04ab829143347b99ac7f23fce17ee381d031143fbdb9dc2e46", kill_on_drop: false }`
[INFO] running `Command { std: "docker" "rm" "-f" "47f94c66a331ce04ab829143347b99ac7f23fce17ee381d031143fbdb9dc2e46", kill_on_drop: false }`
[INFO] [stdout] 47f94c66a331ce04ab829143347b99ac7f23fce17ee381d031143fbdb9dc2e46
