[INFO] fetching crate baukit-push 0.9.0...
[INFO] checking baukit-push-0.9.0 against 3154cc1a3e6424e44f438a95007d043ed5ceaaf6 for pr-133502-30
[INFO] extracting crate baukit-push 0.9.0 into /workspace/builds/worker-6-tc2/source
[INFO] started tweaking crates.io crate baukit-push 0.9.0
[INFO] removed 0 missing tests
[INFO] finished tweaking crates.io crate baukit-push 0.9.0
[INFO] tweaked toml for crates.io crate baukit-push 0.9.0 written to /workspace/builds/worker-6-tc2/source/Cargo.toml
[INFO] validating manifest of crates.io crate baukit-push 0.9.0 on toolchain 3154cc1a3e6424e44f438a95007d043ed5ceaaf6
[INFO] running `Command { std: CARGO_HOME="/workspace/cargo-home" RUSTUP_HOME="/workspace/rustup-home" "/workspace/cargo-home/bin/cargo" "+3154cc1a3e6424e44f438a95007d043ed5ceaaf6" "metadata" "--manifest-path" "Cargo.toml" "--no-deps", kill_on_drop: false }`
[INFO] crate crates.io crate baukit-push 0.9.0 already has a lockfile, it will not be regenerated
[INFO] running `Command { std: CARGO_HOME="/workspace/cargo-home" RUSTUP_HOME="/workspace/rustup-home" "/workspace/cargo-home/bin/cargo" "+3154cc1a3e6424e44f438a95007d043ed5ceaaf6" "fetch" "--manifest-path" "Cargo.toml", kill_on_drop: false }`
[INFO] [stderr] warning: `package.homepage` is redundant with `package.repository`
[INFO] [stderr]   --> Cargo.toml:82:12
[INFO] [stderr]    |
[INFO] [stderr] 82 | homepage = "https://github.com/PatrickKoss/baukit"
[INFO] [stderr]    |            ^^^^^^^^^^^^^^^^^^^^^^^^^^^^^^^^^^^^^^^
[INFO] [stderr] ...
[INFO] [stderr] 87 | repository = "https://github.com/PatrickKoss/baukit"
[INFO] [stderr]    |              ---------------------------------------
[INFO] [stderr]    |
[INFO] [stderr]    = note: `cargo::redundant_homepage` is set to `warn` by default
[INFO] [stderr] help: consider removing `package.homepage`
[INFO] [stderr] warning: `baukit-push` (manifest) generated 1 warning
[INFO] running `Command { std: "docker" "create" "-v" "/var/lib/crater-agent-workspace/builds/worker-6-tc2/source:/opt/rustwide/workdir:ro,Z" "-v" "/var/lib/crater-agent-workspace/builds/worker-6-tc2/target:/opt/rustwide/target:rw,Z" "-v" "/var/lib/crater-agent-workspace/cargo-home:/opt/rustwide/cargo-home:ro,Z" "-v" "/var/lib/crater-agent-workspace/rustup-home:/opt/rustwide/rustup-home:ro,Z" "-m" "1610612736" "--network" "none" "ghcr.io/rust-lang/crates-build-env/linux@sha256:77db811e55d90add9212f6832c23229e3de5f1c1f9905e8cb07319ea15df73ac" "sleep" "infinity", kill_on_drop: false }`
[INFO] [stdout] eebdef03759ec508ede6b58b2556ff00f0487ef551b4ea9f6d31e4adc8f2a8fd
[INFO] running `Command { std: "docker" "start" "eebdef03759ec508ede6b58b2556ff00f0487ef551b4ea9f6d31e4adc8f2a8fd", kill_on_drop: false }`
[INFO] running `Command { std: "docker" "inspect" "eebdef03759ec508ede6b58b2556ff00f0487ef551b4ea9f6d31e4adc8f2a8fd", kill_on_drop: false }`
[INFO] running `Command { std: "docker" "exec" "-e" "SOURCE_DIR=/opt/rustwide/workdir" "-e" "CARGO_HOME=/opt/rustwide/cargo-home" "-e" "RUSTUP_HOME=/opt/rustwide/rustup-home" "-e" "CARGO_TARGET_DIR=/opt/rustwide/target" "-w" "/opt/rustwide/workdir" "--user" "0:0" "eebdef03759ec508ede6b58b2556ff00f0487ef551b4ea9f6d31e4adc8f2a8fd" "/opt/rustwide/cargo-home/bin/cargo" "+3154cc1a3e6424e44f438a95007d043ed5ceaaf6" "metadata" "--no-deps" "--format-version=1", kill_on_drop: false }`
[INFO] running `Command { std: "docker" "inspect" "eebdef03759ec508ede6b58b2556ff00f0487ef551b4ea9f6d31e4adc8f2a8fd", kill_on_drop: false }`
[INFO] running `Command { std: "docker" "exec" "-e" "SOURCE_DIR=/opt/rustwide/workdir" "-e" "CARGO_HOME=/opt/rustwide/cargo-home" "-e" "RUSTUP_HOME=/opt/rustwide/rustup-home" "-e" "CARGO_TARGET_DIR=/opt/rustwide/target" "-e" "CARGO_INCREMENTAL=0" "-e" "RUST_BACKTRACE=full" "-e" "RUSTFLAGS=--cap-lints=forbid" "-e" "RUSTDOCFLAGS=--cap-lints=forbid" "-w" "/opt/rustwide/workdir" "--user" "0:0" "eebdef03759ec508ede6b58b2556ff00f0487ef551b4ea9f6d31e4adc8f2a8fd" "/opt/rustwide/cargo-home/bin/cargo" "+3154cc1a3e6424e44f438a95007d043ed5ceaaf6" "check" "--frozen" "--all" "--all-targets" "--message-format=json", kill_on_drop: false }`
[INFO] [stderr] warning: `package.homepage` is redundant with `package.repository`
[INFO] [stderr]   --> Cargo.toml:82:12
[INFO] [stderr]    |
[INFO] [stderr] 82 | homepage = "https://github.com/PatrickKoss/baukit"
[INFO] [stderr]    |            ^^^^^^^^^^^^^^^^^^^^^^^^^^^^^^^^^^^^^^^
[INFO] [stderr] ...
[INFO] [stderr] 87 | repository = "https://github.com/PatrickKoss/baukit"
[INFO] [stderr]    |              ---------------------------------------
[INFO] [stderr]    |
[INFO] [stderr]    = note: `cargo::redundant_homepage` is set to `warn` by default
[INFO] [stderr] help: consider removing `package.homepage`
[INFO] [stderr] warning: `baukit-push` (manifest) generated 1 warning
[INFO] [stderr]     Checking log v0.4.34
[INFO] [stderr]    Compiling aws-lc-rs v1.18.1
[INFO] [stderr]    Compiling syn v3.0.6
[INFO] [stderr]    Compiling syn v2.0.119
[INFO] [stderr]    Compiling cfg-if v1.0.5
[INFO] [stderr]     Checking futures-util v0.3.34
[INFO] [stderr]    Compiling once_cell v1.21.4
[INFO] [stderr]     Checking bitflags v2.13.2
[INFO] [stderr]    Compiling aho-corasick v1.1.5
[INFO] [stderr]     Checking futures-channel v0.3.34
[INFO] [stderr]    Compiling rustls v0.23.45
[INFO] [stderr]    Compiling erased-serde v0.4.10
[INFO] [stderr]     Checking hashbrown v0.16.1
[INFO] [stderr]    Compiling getrandom v0.2.17
[INFO] [stderr]     Checking winnow v1.0.4
[INFO] [stderr]     Checking indexmap v2.14.2
[INFO] [stderr]     Checking toml_datetime v1.1.1+spec-1.1.0
[INFO] [stderr]     Checking arraydeque v0.5.1
[INFO] [stderr]     Checking unicode-ident v1.0.26
[INFO] [stderr]     Checking ucd-trie v0.1.7
[INFO] [stderr]     Checking serde_spanned v1.1.1
[INFO] [stderr]     Checking convert_case v0.6.0
[INFO] [stderr]     Checking uuid v1.27.0
[INFO] [stderr]     Checking deranged v0.5.8
[INFO] [stderr]    Compiling const-random-macro v0.1.16
[INFO] [stderr]     Checking pathdiff v0.2.3
[INFO] [stderr]     Checking tracing-subscriber v0.3.23
[INFO] [stderr]     Checking tracing-log v0.2.0
[INFO] [stderr]     Checking rapidhash v4.5.1
[INFO] [stderr]     Checking const-random v0.1.18
[INFO] [stderr]     Checking dlv-list v0.5.2
[INFO] [stderr]     Checking serde-untagged v0.1.9
[INFO] [stderr]     Checking metrics v0.24.6
[INFO] [stderr]     Checking hashlink v0.11.1
[INFO] [stderr]     Checking ordered-multimap v0.7.3
[INFO] [stderr]     Checking yaml-rust2 v0.11.1
[INFO] [stderr]     Checking rust-ini v0.21.3
[INFO] [stderr]     Checking serde_html_form v0.4.1
[INFO] [stderr]     Checking toml_parser v1.1.3+spec-1.1.0
[INFO] [stderr]    Compiling regex-automata v0.4.18
[INFO] [stderr]     Checking rustls-webpki v0.103.15
[INFO] [stderr]     Checking toml v1.1.6+spec-1.1.0
[INFO] [stderr]     Checking time v0.3.55
[INFO] [stderr]    Compiling tracing-attributes v0.1.31
[INFO] [stderr]    Compiling regex v1.13.1
[INFO] [stderr]     Checking tracing v0.1.44
[INFO] [stderr]     Checking axum-core v0.5.6
[INFO] [stderr]     Checking tower-http v0.7.1
[INFO] [stderr]     Checking rustls-platform-verifier v0.7.1
[INFO] [stderr]    Compiling synstructure v0.14.0
[INFO] [stderr]    Compiling zerofrom-derive v0.1.8
[INFO] [stderr]    Compiling yoke-derive v0.8.4
[INFO] [stderr]    Compiling serde_derive v1.0.229
[INFO] [stderr]    Compiling zerovec-derive v0.11.6
[INFO] [stderr]    Compiling displaydoc v0.2.7
[INFO] [stderr]    Compiling tokio-macros v2.7.2
[INFO] [stderr]    Compiling thiserror-impl v2.0.21
[INFO] [stderr]    Compiling utoipa-gen v6.0.1
[INFO] [stderr]    Compiling async-trait v0.1.92
[INFO] [stderr]     Checking tokio v1.53.2
[INFO] [stderr]     Checking zerofrom v0.1.8
[INFO] [stderr]     Checking yoke v0.8.3
[INFO] [stderr]     Checking zerovec v0.11.8
[INFO] [stderr]     Checking zerotrie v0.2.5
[INFO] [stderr]     Checking thiserror v2.0.21
[INFO] [stderr]     Checking opentelemetry v0.33.0
[INFO] [stderr]     Checking tinystr v0.8.4
[INFO] [stderr]     Checking potential_utf v0.1.6
[INFO] [stderr]     Checking icu_collections v2.3.0
[INFO] [stderr]     Checking icu_locale_core v2.3.0
[INFO] [stderr]     Checking tracing-opentelemetry v0.34.0
[INFO] [stderr]     Checking icu_provider v2.3.1
[INFO] [stderr]     Checking icu_normalizer v2.3.0
[INFO] [stderr]     Checking icu_properties v2.3.0
[INFO] [stderr]     Checking serde v1.0.229
[INFO] [stderr]     Checking json5 v1.3.1
[INFO] [stderr]     Checking ron v0.12.2
[INFO] [stderr]     Checking serde_urlencoded v0.7.1
[INFO] [stderr]     Checking baukit-core v0.9.0
[INFO] [stderr]     Checking chrono v0.4.45
[INFO] [stderr]     Checking idna_adapter v1.2.2
[INFO] [stderr]     Checking idna v1.1.0
[INFO] [stderr]     Checking utoipa v6.0.0
[INFO] [stderr]     Checking url v2.5.8
[INFO] [stderr]     Checking config v0.15.27
[INFO] [stderr]     Checking baukit-config v0.9.0
[INFO] [stderr]     Checking tokio-util v0.7.19
[INFO] [stderr]     Checking hyper v1.11.1
[INFO] [stderr]     Checking tokio-rustls v0.26.6
[INFO] [stderr]     Checking baukit-openapi v0.9.0
[INFO] [stderr]     Checking tower v0.5.3
[INFO] [stderr]     Checking tower-http v0.6.11
[INFO] [stderr]     Checking hyper-util v0.1.21
[INFO] [stderr]     Checking axum v0.8.9
[INFO] [stderr]     Checking hyper-rustls v0.27.10
[INFO] [stderr]     Checking reqwest v0.13.5
[INFO] [stderr]     Checking baukit-http v0.9.0
[INFO] [stderr]     Checking baukit-push v0.9.0 (/opt/rustwide/workdir)
[INFO] [stdout] error[E0432]: unresolved imports `baukit_push::FakePushSender`, `baukit_push::PostgresDeliveryClaimStore`, `baukit_push::PostgresDeviceRegistry`, `baukit_push::PostgresPendingReceiptStore`, `baukit_push::erase_owner_delivery_claims`, `baukit_push::erase_owner_pending_receipts`, `baukit_push::erase_owner_push_devices`, `baukit_push::purge_delivery_claims`
[INFO] [stdout]    --> tests/postgres.rs:5:50
[INFO] [stdout]     |
[INFO] [stdout]   5 |     DeviceRegistry, DeviceTimeZone, DeviceToken, FakePushSender, MAX_DEVICE_TOKEN_LENGTH,
[INFO] [stdout]     |                                                  ^^^^^^^^^^^^^^ no `FakePushSender` in the root
[INFO] [stdout]   6 |     MAX_PUSH_TICKET_ID_LENGTH, PendingReceipt, PendingReceiptStore, PostgresDeliveryClaimStore,
[INFO] [stdout]     |                                                                     ^^^^^^^^^^^^^^^^^^^^^^^^^^ no `PostgresDeliveryClaimStore` in the root
[INFO] [stdout]   7 |     PostgresDeviceRegistry, PostgresPendingReceiptStore, PushDeliveryStatus, PushMessage,
[INFO] [stdout]     |     ^^^^^^^^^^^^^^^^^^^^^^  ^^^^^^^^^^^^^^^^^^^^^^^^^^^ no `PostgresPendingReceiptStore` in the root
[INFO] [stdout]     |     |
[INFO] [stdout]     |     no `PostgresDeviceRegistry` in the root
[INFO] [stdout]   8 |     PushOutcome, PushReceipt, PushRejection, PushSender, PushTicketId, RECEIPT_POLL_DELAY,
[INFO] [stdout]   9 |     RECEIPT_RETENTION, ReceiptPoll, erase_owner_delivery_claims, erase_owner_pending_receipts,
[INFO] [stdout]     |                                     ^^^^^^^^^^^^^^^^^^^^^^^^^^^  ^^^^^^^^^^^^^^^^^^^^^^^^^^^^ no `erase_owner_pending_receipts` in the root
[INFO] [stdout]     |                                     |
[INFO] [stdout]     |                                     no `erase_owner_delivery_claims` in the root
[INFO] [stdout]  10 |     erase_owner_push_devices, poll_pending_receipts, purge_delivery_claims,
[INFO] [stdout]     |     ^^^^^^^^^^^^^^^^^^^^^^^^                         ^^^^^^^^^^^^^^^^^^^^^ no `purge_delivery_claims` in the root
[INFO] [stdout]     |     |
[INFO] [stdout]     |     no `erase_owner_push_devices` in the root
[INFO] [stdout]     |
[INFO] [stdout] note: found an item that was configured out
[INFO] [stdout]    --> src/lib.rs:95:15
[INFO] [stdout]     |
[INFO] [stdout]  94 | #[cfg(feature = "test-support")]
[INFO] [stdout]     |       ------------------------ the item is gated behind the `test-support` feature
[INFO] [stdout]  95 | pub use fake::FakePushSender;
[INFO] [stdout]     |               ^^^^^^^^^^^^^^
[INFO] [stdout] note: found an item that was configured out
[INFO] [stdout]    --> src/lib.rs:108:5
[INFO] [stdout]     |
[INFO] [stdout] 106 | #[cfg(feature = "sqlx-postgres")]
[INFO] [stdout]     |       ------------------------- the item is gated behind the `sqlx-postgres` feature
[INFO] [stdout] 107 | pub use postgres::{
[INFO] [stdout] 108 |     PostgresDeliveryClaimStore, PostgresDeviceRegistry, PostgresPendingReceiptStore,
[INFO] [stdout]     |     ^^^^^^^^^^^^^^^^^^^^^^^^^^
[INFO] [stdout] note: found an item that was configured out
[INFO] [stdout]    --> src/lib.rs:108:33
[INFO] [stdout]     |
[INFO] [stdout] 106 | #[cfg(feature = "sqlx-postgres")]
[INFO] [stdout]     |       ------------------------- the item is gated behind the `sqlx-postgres` feature
[INFO] [stdout] 107 | pub use postgres::{
[INFO] [stdout] 108 |     PostgresDeliveryClaimStore, PostgresDeviceRegistry, PostgresPendingReceiptStore,
[INFO] [stdout]     |                                 ^^^^^^^^^^^^^^^^^^^^^^
[INFO] [stdout] note: found an item that was configured out
[INFO] [stdout]    --> src/lib.rs:108:57
[INFO] [stdout]     |
[INFO] [stdout] 106 | #[cfg(feature = "sqlx-postgres")]
[INFO] [stdout]     |       ------------------------- the item is gated behind the `sqlx-postgres` feature
[INFO] [stdout] 107 | pub use postgres::{
[INFO] [stdout] 108 |     PostgresDeliveryClaimStore, PostgresDeviceRegistry, PostgresPendingReceiptStore,
[INFO] [stdout]     |                                                         ^^^^^^^^^^^^^^^^^^^^^^^^^^^
[INFO] [stdout] note: found an item that was configured out
[INFO] [stdout]    --> src/lib.rs:109:5
[INFO] [stdout]     |
[INFO] [stdout] 106 | #[cfg(feature = "sqlx-postgres")]
[INFO] [stdout]     |       ------------------------- the item is gated behind the `sqlx-postgres` feature
[INFO] [stdout] ...
[INFO] [stdout] 109 |     erase_owner_delivery_claims, erase_owner_pending_receipts, erase_owner_push_devices,
[INFO] [stdout]     |     ^^^^^^^^^^^^^^^^^^^^^^^^^^^
[INFO] [stdout] note: found an item that was configured out
[INFO] [stdout]    --> src/lib.rs:109:34
[INFO] [stdout]     |
[INFO] [stdout] 106 | #[cfg(feature = "sqlx-postgres")]
[INFO] [stdout]     |       ------------------------- the item is gated behind the `sqlx-postgres` feature
[INFO] [stdout] ...
[INFO] [stdout] 109 |     erase_owner_delivery_claims, erase_owner_pending_receipts, erase_owner_push_devices,
[INFO] [stdout]     |                                  ^^^^^^^^^^^^^^^^^^^^^^^^^^^^
[INFO] [stdout] note: found an item that was configured out
[INFO] [stdout]    --> src/lib.rs:109:64
[INFO] [stdout]     |
[INFO] [stdout] 106 | #[cfg(feature = "sqlx-postgres")]
[INFO] [stdout]     |       ------------------------- the item is gated behind the `sqlx-postgres` feature
[INFO] [stdout] ...
[INFO] [stdout] 109 |     erase_owner_delivery_claims, erase_owner_pending_receipts, erase_owner_push_devices,
[INFO] [stdout]     |                                                                ^^^^^^^^^^^^^^^^^^^^^^^^
[INFO] [stdout] note: found an item that was configured out
[INFO] [stdout]    --> src/lib.rs:110:5
[INFO] [stdout]     |
[INFO] [stdout] 106 | #[cfg(feature = "sqlx-postgres")]
[INFO] [stdout]     |       ------------------------- the item is gated behind the `sqlx-postgres` feature
[INFO] [stdout] ...
[INFO] [stdout] 110 |     purge_delivery_claims,
[INFO] [stdout]     |     ^^^^^^^^^^^^^^^^^^^^^
[INFO] [stdout] help: a similar name exists in the module
[INFO] [stdout]     |
[INFO] [stdout]   5 -     DeviceRegistry, DeviceTimeZone, DeviceToken, FakePushSender, MAX_DEVICE_TOKEN_LENGTH,
[INFO] [stdout]   5 +     DeviceRegistry, DeviceTimeZone, DeviceToken, ExpoPushSender, MAX_DEVICE_TOKEN_LENGTH,
[INFO] [stdout]     |
[INFO] [stdout] help: a similar name exists in the module
[INFO] [stdout]     |
[INFO] [stdout]   6 -     MAX_PUSH_TICKET_ID_LENGTH, PendingReceipt, PendingReceiptStore, PostgresDeliveryClaimStore,
[INFO] [stdout]   6 +     MAX_PUSH_TICKET_ID_LENGTH, PendingReceipt, PendingReceiptStore, DeliveryClaimStore,
[INFO] [stdout]     |
[INFO] [stdout] help: a similar name exists in the module
[INFO] [stdout]     |
[INFO] [stdout]   7 -     PostgresDeviceRegistry, PostgresPendingReceiptStore, PushDeliveryStatus, PushMessage,
[INFO] [stdout]   7 +     PostgresDeviceRegistry, PendingReceiptStore, PushDeliveryStatus, PushMessage,
[INFO] [stdout]     |
[INFO] [stdout] help: a similar name exists in the module
[INFO] [stdout]     |
[INFO] [stdout]  10 -     erase_owner_push_devices, poll_pending_receipts, purge_delivery_claims,
[INFO] [stdout]  10 +     erase_owner_push_devices, poll_pending_receipts, delivery_claim,
[INFO] [stdout]     |
[INFO] [stdout] 
[INFO] [stdout] 
[INFO] [stdout] error[E0432]: unresolved import `baukit_test`
[INFO] [stdout]   --> tests/postgres.rs:12:5
[INFO] [stdout]    |
[INFO] [stdout] 12 | use baukit_test::PostgresTestContainer;
[INFO] [stdout]    |     ^^^^^^^^^^^ use of unresolved module or unlinked crate `baukit_test`
[INFO] [stdout]    |
[INFO] [stdout] help: there is a crate or module with a similar name
[INFO] [stdout]    |
[INFO] [stdout] 12 - use baukit_test::PostgresTestContainer;
[INFO] [stdout] 12 + use baukit_push::PostgresTestContainer;
[INFO] [stdout]    |
[INFO] [stdout] 
[INFO] [stdout] 
[INFO] [stdout] error[E0432]: unresolved import `sqlx`
[INFO] [stdout]   --> tests/postgres.rs:14:5
[INFO] [stdout]    |
[INFO] [stdout] 14 | use sqlx::PgPool;
[INFO] [stdout]    |     ^^^^ use of unresolved module or unlinked crate `sqlx`
[INFO] [stdout]    |
[INFO] [stdout]    = help: if you wanted to use a crate named `sqlx`, use `cargo add sqlx` to add it to your `Cargo.toml`
[INFO] [stdout] 
[INFO] [stdout] 
[INFO] [stdout] error[E0433]: cannot find module or crate `baukit_test` in this scope
[INFO] [stdout]   --> tests/postgres.rs:55:19
[INFO] [stdout]    |
[INFO] [stdout] 55 |     let fixture = baukit_test::start_postgres_with_migrations(migrations).await?;
[INFO] [stdout]    |                   ^^^^^^^^^^^ use of unresolved module or unlinked crate `baukit_test`
[INFO] [stdout]    |
[INFO] [stdout] help: there is a crate or module with a similar name
[INFO] [stdout]    |
[INFO] [stdout] 55 -     let fixture = baukit_test::start_postgres_with_migrations(migrations).await?;
[INFO] [stdout] 55 +     let fixture = baukit_push::start_postgres_with_migrations(migrations).await?;
[INFO] [stdout]    |
[INFO] [stdout] 
[INFO] [stdout] 
[INFO] [stdout] warning: method call on a diverging inference variable
[INFO] [stdout]   --> tests/postgres.rs:56:40
[INFO] [stdout]    |
[INFO] [stdout] 56 |     let pool = PgPool::connect(fixture.connection_url()).await?;
[INFO] [stdout]    |                                        ^^^^^^^^^^^^^^
[INFO] [stdout]    |
[INFO] [stdout]    = help: consider providing a type annotation
[INFO] [stdout]    = warning: this was previously accepted by the compiler but is being phased out; it will become a hard error in a future release!
[INFO] [stdout]    = note: for more information, see issue #156047 <https://github.com/rust-lang/rust/issues/156047>
[INFO] [stdout]    = note: `#[warn(method_call_on_diverging_infer_var)]` (part of `#[warn(future_incompatible)]`) on by default
[INFO] [stdout] 
[INFO] [stdout] 
[INFO] [stdout] error[E0599]: no method named `connection_url` found for type `!` in the current scope
[INFO] [stdout]   --> tests/postgres.rs:56:40
[INFO] [stdout]    |
[INFO] [stdout] 56 |     let pool = PgPool::connect(fixture.connection_url()).await?;
[INFO] [stdout]    |                                        ^^^^^^^^^^^^^^ method not found in `!`
[INFO] [stdout] 
[INFO] [stdout] 
[INFO] [stdout] error[E0433]: cannot find module or crate `sqlx` in this scope
[INFO] [stdout]   --> tests/postgres.rs:57:5
[INFO] [stdout]    |
[INFO] [stdout] 57 |     sqlx::raw_sql(
[INFO] [stdout]    |     ^^^^ use of unresolved module or unlinked crate `sqlx`
[INFO] [stdout]    |
[INFO] [stdout]    = help: if you wanted to use a crate named `sqlx`, use `cargo add sqlx` to add it to your `Cargo.toml`
[INFO] [stdout] 
[INFO] [stdout] 
[INFO] [stdout] warning: unreachable expression
[INFO] [stdout]   --> tests/postgres.rs:71:18
[INFO] [stdout]    |
[INFO] [stdout] 71 |     Ok((fixture, pool))
[INFO] [stdout]    |         -------  ^^^^ unreachable expression
[INFO] [stdout]    |         |
[INFO] [stdout]    |         any code following this expression is unreachable
[INFO] [stdout]    |
[INFO] [stdout]    = note: `#[warn(unreachable_code)]` (part of `#[warn(unused)]`) on by default
[INFO] [stdout] 
[INFO] [stdout] 
[INFO] [stdout] error[E0433]: cannot find module or crate `sqlx` in this scope
[INFO] [stdout]   --> tests/postgres.rs:76:5
[INFO] [stdout]    |
[INFO] [stdout] 76 |     sqlx::query("INSERT INTO owners (id) VALUES ($1)")
[INFO] [stdout]    |     ^^^^ use of unresolved module or unlinked crate `sqlx`
[INFO] [stdout]    |
[INFO] [stdout]    = help: if you wanted to use a crate named `sqlx`, use `cargo add sqlx` to add it to your `Cargo.toml`
[INFO] [stdout] 
[INFO] [stdout] 
[INFO] [stdout] warning: method call on a diverging inference variable
[INFO] [stdout]   --> tests/postgres.rs:90:10
[INFO] [stdout]    |
[INFO] [stdout] 90 |         .iter()
[INFO] [stdout]    |          ^^^^
[INFO] [stdout]    |
[INFO] [stdout]    = help: consider providing a type annotation
[INFO] [stdout]    = warning: this was previously accepted by the compiler but is being phased out; it will become a hard error in a future release!
[INFO] [stdout]    = note: for more information, see issue #156047 <https://github.com/rust-lang/rust/issues/156047>
[INFO] [stdout] 
[INFO] [stdout] 
[INFO] [stdout] error[E0599]: no method named `iter` found for type `!` in the current scope
[INFO] [stdout]   --> tests/postgres.rs:90:10
[INFO] [stdout]    |
[INFO] [stdout] 87 |     Ok(registry
[INFO] [stdout] 88 |         .list_for_owner(owner_id)
[INFO] [stdout] 89 |         .await?
[INFO] [stdout] 90 |         .iter()
[INFO] [stdout]    |          ^^^^ method not found in `!`
[INFO] [stdout] 
[INFO] [stdout] 
[INFO] [stdout] error[E0433]: cannot find module or crate `sqlx` in this scope
[INFO] [stdout]   --> tests/postgres.rs:96:8
[INFO] [stdout]    |
[INFO] [stdout] 96 |     Ok(sqlx::query_scalar("SELECT count(*) FROM push_devices")
[INFO] [stdout]    |        ^^^^ use of unresolved module or unlinked crate `sqlx`
[INFO] [stdout]    |
[INFO] [stdout]    = help: if you wanted to use a crate named `sqlx`, use `cargo add sqlx` to add it to your `Cargo.toml`
[INFO] [stdout] 
[INFO] [stdout] 
[INFO] [stdout] error[E0433]: cannot find module or crate `sqlx` in this scope
[INFO] [stdout]    --> tests/postgres.rs:512:9
[INFO] [stdout]     |
[INFO] [stdout] 512 |         sqlx::query_scalar("SELECT ticket_id FROM push_pending_receipts ORDER BY ticket_id")
[INFO] [stdout]     |         ^^^^ use of unresolved module or unlinked crate `sqlx`
[INFO] [stdout]     |
[INFO] [stdout]     = help: if you wanted to use a crate named `sqlx`, use `cargo add sqlx` to add it to your `Cargo.toml`
[INFO] [stdout] 
[INFO] [stdout] 
[INFO] [stdout] warning: method call on a diverging inference variable
[INFO] [stdout]    --> tests/postgres.rs:122:24
[INFO] [stdout]     |
[INFO] [stdout] 122 |     assert_eq!(devices.len(), 2);
[INFO] [stdout]     |                        ^^^
[INFO] [stdout]     |
[INFO] [stdout]     = help: consider providing a type annotation
[INFO] [stdout]     = warning: this was previously accepted by the compiler but is being phased out; it will become a hard error in a future release!
[INFO] [stdout]     = note: for more information, see issue #156047 <https://github.com/rust-lang/rust/issues/156047>
[INFO] [stdout] 
[INFO] [stdout] 
[INFO] [stdout] error[E0599]: no method named `len` found for type `!` in the current scope
[INFO] [stdout]    --> tests/postgres.rs:122:24
[INFO] [stdout]     |
[INFO] [stdout] 122 |     assert_eq!(devices.len(), 2);
[INFO] [stdout]     |                        ^^^
[INFO] [stdout]     |
[INFO] [stdout] help: there is a method `le` with a similar name, but with different arguments
[INFO] [stdout]    --> /rustc/3154cc1a3e6424e44f438a95007d043ed5ceaaf6/library/core/src/cmp.rs:1520:4
[INFO] [stdout] 
[INFO] [stdout] 
[INFO] [stdout] warning: unreachable expression
[INFO] [stdout]    --> tests/postgres.rs:123:30
[INFO] [stdout]     |
[INFO] [stdout] 123 |     let refreshed = &devices[0];
[INFO] [stdout]     |                      ------- ^ unreachable expression
[INFO] [stdout]     |                      |
[INFO] [stdout]     |                      any code following this expression is unreachable
[INFO] [stdout] 
[INFO] [stdout] 
[INFO] [stdout] error[E0608]: cannot index into a value of type `!`
[INFO] [stdout]    --> tests/postgres.rs:123:29
[INFO] [stdout]     |
[INFO] [stdout] 123 |     let refreshed = &devices[0];
[INFO] [stdout]     |                             ^^^
[INFO] [stdout] 
[INFO] [stdout] 
[INFO] [stdout] warning: method call on a diverging inference variable
[INFO] [stdout]    --> tests/postgres.rs:201:59
[INFO] [stdout]     |
[INFO] [stdout] 201 |     let remaining = registry.list_for_owner(alice).await?.len();
[INFO] [stdout]     |                                                           ^^^
[INFO] [stdout]     |
[INFO] [stdout]     = help: consider providing a type annotation
[INFO] [stdout]     = warning: this was previously accepted by the compiler but is being phased out; it will become a hard error in a future release!
[INFO] [stdout]     = note: for more information, see issue #156047 <https://github.com/rust-lang/rust/issues/156047>
[INFO] [stdout] 
[INFO] [stdout] 
[INFO] [stdout] error[E0599]: no method named `len` found for type `!` in the current scope
[INFO] [stdout]    --> tests/postgres.rs:201:59
[INFO] [stdout]     |
[INFO] [stdout] 201 |     let remaining = registry.list_for_owner(alice).await?.len();
[INFO] [stdout]     |                                                           ^^^
[INFO] [stdout]     |
[INFO] [stdout] help: there is a method `le` with a similar name, but with different arguments
[INFO] [stdout]    --> /rustc/3154cc1a3e6424e44f438a95007d043ed5ceaaf6/library/core/src/cmp.rs:1520:4
[INFO] [stdout] 
[INFO] [stdout] 
[INFO] [stdout] warning: method call on a diverging inference variable
[INFO] [stdout]    --> tests/postgres.rs:277:55
[INFO] [stdout]     |
[INFO] [stdout] 277 |         if !registry.list_for_owner(*owner_id).await?.is_empty() {
[INFO] [stdout]     |                                                       ^^^^^^^^
[INFO] [stdout]     |
[INFO] [stdout]     = help: consider providing a type annotation
[INFO] [stdout]     = warning: this was previously accepted by the compiler but is being phased out; it will become a hard error in a future release!
[INFO] [stdout]     = note: for more information, see issue #156047 <https://github.com/rust-lang/rust/issues/156047>
[INFO] [stdout] 
[INFO] [stdout] 
[INFO] [stdout] error[E0599]: no method named `is_empty` found for type `!` in the current scope
[INFO] [stdout]    --> tests/postgres.rs:277:55
[INFO] [stdout]     |
[INFO] [stdout] 277 |         if !registry.list_for_owner(*owner_id).await?.is_empty() {
[INFO] [stdout]     |                                                       ^^^^^^^^ method not found in `!`
[INFO] [stdout] 
[INFO] [stdout] 
[INFO] [stdout] warning: method call on a diverging inference variable
[INFO] [stdout]    --> tests/postgres.rs:294:52
[INFO] [stdout]     |
[INFO] [stdout] 294 |     assert!(registry.list_for_owner(holder).await?.is_empty());
[INFO] [stdout]     |                                                    ^^^^^^^^
[INFO] [stdout]     |
[INFO] [stdout]     = help: consider providing a type annotation
[INFO] [stdout]     = warning: this was previously accepted by the compiler but is being phased out; it will become a hard error in a future release!
[INFO] [stdout]     = note: for more information, see issue #156047 <https://github.com/rust-lang/rust/issues/156047>
[INFO] [stdout] 
[INFO] [stdout] 
[INFO] [stdout] error[E0599]: no method named `is_empty` found for type `!` in the current scope
[INFO] [stdout]    --> tests/postgres.rs:294:52
[INFO] [stdout]     |
[INFO] [stdout] 294 |     assert!(registry.list_for_owner(holder).await?.is_empty());
[INFO] [stdout]     |                                                    ^^^^^^^^ method not found in `!`
[INFO] [stdout] 
[INFO] [stdout] 
[INFO] [stdout] warning: method call on a diverging inference variable
[INFO] [stdout]    --> tests/postgres.rs:382:51
[INFO] [stdout]     |
[INFO] [stdout] 382 |     assert!(registry.list_for_owner(alice).await?.is_empty());
[INFO] [stdout]     |                                                   ^^^^^^^^
[INFO] [stdout]     |
[INFO] [stdout]     = help: consider providing a type annotation
[INFO] [stdout]     = warning: this was previously accepted by the compiler but is being phased out; it will become a hard error in a future release!
[INFO] [stdout]     = note: for more information, see issue #156047 <https://github.com/rust-lang/rust/issues/156047>
[INFO] [stdout] 
[INFO] [stdout] 
[INFO] [stdout] error[E0599]: no method named `is_empty` found for type `!` in the current scope
[INFO] [stdout]    --> tests/postgres.rs:382:51
[INFO] [stdout]     |
[INFO] [stdout] 382 |     assert!(registry.list_for_owner(alice).await?.is_empty());
[INFO] [stdout]     |                                                   ^^^^^^^^ method not found in `!`
[INFO] [stdout] 
[INFO] [stdout] 
[INFO] [stdout] error[E0433]: cannot find module or crate `sqlx` in this scope
[INFO] [stdout]    --> tests/postgres.rs:397:5
[INFO] [stdout]     |
[INFO] [stdout] 397 |     sqlx::query("DELETE FROM owners WHERE id = $1")
[INFO] [stdout]     |     ^^^^ use of unresolved module or unlinked crate `sqlx`
[INFO] [stdout]     |
[INFO] [stdout]     = help: if you wanted to use a crate named `sqlx`, use `cargo add sqlx` to add it to your `Cargo.toml`
[INFO] [stdout] 
[INFO] [stdout] 
[INFO] [stdout] error[E0433]: cannot find module or crate `sqlx` in this scope
[INFO] [stdout]    --> tests/postgres.rs:402:33
[INFO] [stdout]     |
[INFO] [stdout] 402 |     let remaining_claims: i64 = sqlx::query_scalar("SELECT count(*) FROM push_delivery_claims")
[INFO] [stdout]     |                                 ^^^^ use of unresolved module or unlinked crate `sqlx`
[INFO] [stdout]     |
[INFO] [stdout]     = help: if you wanted to use a crate named `sqlx`, use `cargo add sqlx` to add it to your `Cargo.toml`
[INFO] [stdout] 
[INFO] [stdout] 
[INFO] [stdout] error[E0433]: cannot find module or crate `sqlx` in this scope
[INFO] [stdout]    --> tests/postgres.rs:470:9
[INFO] [stdout]     |
[INFO] [stdout] 470 |         sqlx::query_scalar("SELECT local_date FROM push_delivery_claims ORDER BY local_date")
[INFO] [stdout]     |         ^^^^ use of unresolved module or unlinked crate `sqlx`
[INFO] [stdout]     |
[INFO] [stdout]     = help: if you wanted to use a crate named `sqlx`, use `cargo add sqlx` to add it to your `Cargo.toml`
[INFO] [stdout] 
[INFO] [stdout] 
[INFO] [stdout] warning: method call on a diverging inference variable
[INFO] [stdout]    --> tests/postgres.rs:549:63
[INFO] [stdout]     |
[INFO] [stdout] 549 |     assert!(store.take_due(at(14), at(30), POLL_LIMIT).await?.is_empty());
[INFO] [stdout]     |                                                               ^^^^^^^^
[INFO] [stdout]     |
[INFO] [stdout]     = help: consider providing a type annotation
[INFO] [stdout]     = warning: this was previously accepted by the compiler but is being phased out; it will become a hard error in a future release!
[INFO] [stdout]     = note: for more information, see issue #156047 <https://github.com/rust-lang/rust/issues/156047>
[INFO] [stdout] 
[INFO] [stdout] 
[INFO] [stdout] error[E0599]: no method named `is_empty` found for type `!` in the current scope
[INFO] [stdout]    --> tests/postgres.rs:549:63
[INFO] [stdout]     |
[INFO] [stdout] 549 |     assert!(store.take_due(at(14), at(30), POLL_LIMIT).await?.is_empty());
[INFO] [stdout]     |                                                               ^^^^^^^^ method not found in `!`
[INFO] [stdout] 
[INFO] [stdout] 
[INFO] [stdout] error[E0277]: the size for values of type `[PendingReceipt]` cannot be known at compilation time
[INFO] [stdout]    --> tests/postgres.rs:550:9
[INFO] [stdout]     |
[INFO] [stdout] 550 |     let first = store.take_due(at(15), at(30), POLL_LIMIT).await?;
[INFO] [stdout]     |         ^^^^^ doesn't have a size known at compile-time
[INFO] [stdout]     |
[INFO] [stdout]     = help: the trait `Sized` is not implemented for `[PendingReceipt]`
[INFO] [stdout]     = note: all local variables must have a statically known size
[INFO] [stdout] 
[INFO] [stdout] 
[INFO] [stdout] error[E0277]: the size for values of type `[PendingReceipt]` cannot be known at compilation time
[INFO] [stdout]    --> tests/postgres.rs:563:21
[INFO] [stdout]     |
[INFO] [stdout] 563 |         ticket_ids(&store.take_due(at(25), at(40), POLL_LIMIT).await?),
[INFO] [stdout]     |                     ^^^^^^^^^^^^^^^^^^^^^^^^^^^^^^^^^^^^^^^^^^^^^^^^^ doesn't have a size known at compile-time
[INFO] [stdout]     |
[INFO] [stdout]     = help: the trait `Sized` is not implemented for `[PendingReceipt]`
[INFO] [stdout]     = note: all local variables must have a statically known size
[INFO] [stdout] 
[INFO] [stdout] 
[INFO] [stdout] warning: method call on a diverging inference variable
[INFO] [stdout]    --> tests/postgres.rs:567:66
[INFO] [stdout]     |
[INFO] [stdout] 567 |     assert_eq!(store.take_due(at(30), at(45), POLL_LIMIT).await?.len(), 2);
[INFO] [stdout]     |                                                                  ^^^
[INFO] [stdout]     |
[INFO] [stdout]     = help: consider providing a type annotation
[INFO] [stdout]     = warning: this was previously accepted by the compiler but is being phased out; it will become a hard error in a future release!
[INFO] [stdout]     = note: for more information, see issue #156047 <https://github.com/rust-lang/rust/issues/156047>
[INFO] [stdout] 
[INFO] [stdout] 
[INFO] [stdout] error[E0599]: no method named `len` found for type `!` in the current scope
[INFO] [stdout]    --> tests/postgres.rs:567:66
[INFO] [stdout]     |
[INFO] [stdout] 567 |     assert_eq!(store.take_due(at(30), at(45), POLL_LIMIT).await?.len(), 2);
[INFO] [stdout]     |                                                                  ^^^
[INFO] [stdout]     |
[INFO] [stdout] help: there is a method `le` with a similar name, but with different arguments
[INFO] [stdout]    --> /rustc/3154cc1a3e6424e44f438a95007d043ed5ceaaf6/library/core/src/cmp.rs:1520:4
[INFO] [stdout] 
[INFO] [stdout] 
[INFO] [stdout] error[E0277]: the size for values of type `[PendingReceipt]` cannot be known at compilation time
[INFO] [stdout]    --> tests/postgres.rs:597:34
[INFO] [stdout]     |
[INFO] [stdout] 597 |         taken.extend(ticket_ids(&batch??));
[INFO] [stdout]     |                                  ^^^^^^^ doesn't have a size known at compile-time
[INFO] [stdout]     |
[INFO] [stdout]     = help: the trait `Sized` is not implemented for `[PendingReceipt]`
[INFO] [stdout]     = note: all local variables must have a statically known size
[INFO] [stdout] 
[INFO] [stdout] 
[INFO] [stdout] Some errors have detailed explanations: E0277, E0432, E0433, E0599, E0608.
[INFO] [stdout] 
[INFO] [stdout] For more information about an error, try `rustc --explain E0277`.
[INFO] [stdout] 
[INFO] [stderr] error: could not compile `baukit-push` (test "postgres") due to 24 previous errors; 20 warnings emitted
[INFO] running `Command { std: "docker" "inspect" "eebdef03759ec508ede6b58b2556ff00f0487ef551b4ea9f6d31e4adc8f2a8fd", kill_on_drop: false }`
[INFO] running `Command { std: "docker" "rm" "-f" "eebdef03759ec508ede6b58b2556ff00f0487ef551b4ea9f6d31e4adc8f2a8fd", kill_on_drop: false }`
[INFO] [stdout] eebdef03759ec508ede6b58b2556ff00f0487ef551b4ea9f6d31e4adc8f2a8fd
