[INFO] fetching crate baukit-jobs 0.9.0...
[INFO] checking baukit-jobs-0.9.0 against 3154cc1a3e6424e44f438a95007d043ed5ceaaf6 for pr-133502-30
[INFO] extracting crate baukit-jobs 0.9.0 into /workspace/builds/worker-1-tc2/source
[INFO] started tweaking crates.io crate baukit-jobs 0.9.0
[INFO] removed 0 missing tests
[INFO] finished tweaking crates.io crate baukit-jobs 0.9.0
[INFO] tweaked toml for crates.io crate baukit-jobs 0.9.0 written to /workspace/builds/worker-1-tc2/source/Cargo.toml
[INFO] validating manifest of crates.io crate baukit-jobs 0.9.0 on toolchain 3154cc1a3e6424e44f438a95007d043ed5ceaaf6
[INFO] running `Command { std: CARGO_HOME="/workspace/cargo-home" RUSTUP_HOME="/workspace/rustup-home" "/workspace/cargo-home/bin/cargo" "+3154cc1a3e6424e44f438a95007d043ed5ceaaf6" "metadata" "--manifest-path" "Cargo.toml" "--no-deps", kill_on_drop: false }`
[INFO] crate crates.io crate baukit-jobs 0.9.0 already has a lockfile, it will not be regenerated
[INFO] running `Command { std: CARGO_HOME="/workspace/cargo-home" RUSTUP_HOME="/workspace/rustup-home" "/workspace/cargo-home/bin/cargo" "+3154cc1a3e6424e44f438a95007d043ed5ceaaf6" "fetch" "--manifest-path" "Cargo.toml", kill_on_drop: false }`
[INFO] [stderr] warning: `package.homepage` is redundant with `package.repository`
[INFO] [stderr]   --> Cargo.toml:71:12
[INFO] [stderr]    |
[INFO] [stderr] 71 | homepage = "https://github.com/PatrickKoss/baukit"
[INFO] [stderr]    |            ^^^^^^^^^^^^^^^^^^^^^^^^^^^^^^^^^^^^^^^
[INFO] [stderr] ...
[INFO] [stderr] 76 | repository = "https://github.com/PatrickKoss/baukit"
[INFO] [stderr]    |              ---------------------------------------
[INFO] [stderr]    |
[INFO] [stderr]    = note: `cargo::redundant_homepage` is set to `warn` by default
[INFO] [stderr] help: consider removing `package.homepage`
[INFO] [stderr] warning: `baukit-jobs` (manifest) generated 1 warning
[INFO] running `Command { std: "docker" "create" "-v" "/var/lib/crater-agent-workspace/builds/worker-1-tc2/source:/opt/rustwide/workdir:ro,Z" "-v" "/var/lib/crater-agent-workspace/builds/worker-1-tc2/target:/opt/rustwide/target:rw,Z" "-v" "/var/lib/crater-agent-workspace/cargo-home:/opt/rustwide/cargo-home:ro,Z" "-v" "/var/lib/crater-agent-workspace/rustup-home:/opt/rustwide/rustup-home:ro,Z" "-m" "1610612736" "--network" "none" "ghcr.io/rust-lang/crates-build-env/linux@sha256:77db811e55d90add9212f6832c23229e3de5f1c1f9905e8cb07319ea15df73ac" "sleep" "infinity", kill_on_drop: false }`
[INFO] [stdout] 22688aa6d9acba9cb95be35408788981a5c995f3c16de516a20d616f7fa05039
[INFO] running `Command { std: "docker" "start" "22688aa6d9acba9cb95be35408788981a5c995f3c16de516a20d616f7fa05039", kill_on_drop: false }`
[INFO] running `Command { std: "docker" "inspect" "22688aa6d9acba9cb95be35408788981a5c995f3c16de516a20d616f7fa05039", kill_on_drop: false }`
[INFO] running `Command { std: "docker" "exec" "-e" "SOURCE_DIR=/opt/rustwide/workdir" "-e" "CARGO_HOME=/opt/rustwide/cargo-home" "-e" "RUSTUP_HOME=/opt/rustwide/rustup-home" "-e" "CARGO_TARGET_DIR=/opt/rustwide/target" "-w" "/opt/rustwide/workdir" "--user" "0:0" "22688aa6d9acba9cb95be35408788981a5c995f3c16de516a20d616f7fa05039" "/opt/rustwide/cargo-home/bin/cargo" "+3154cc1a3e6424e44f438a95007d043ed5ceaaf6" "metadata" "--no-deps" "--format-version=1", kill_on_drop: false }`
[INFO] running `Command { std: "docker" "inspect" "22688aa6d9acba9cb95be35408788981a5c995f3c16de516a20d616f7fa05039", kill_on_drop: false }`
[INFO] running `Command { std: "docker" "exec" "-e" "SOURCE_DIR=/opt/rustwide/workdir" "-e" "CARGO_HOME=/opt/rustwide/cargo-home" "-e" "RUSTUP_HOME=/opt/rustwide/rustup-home" "-e" "CARGO_TARGET_DIR=/opt/rustwide/target" "-e" "CARGO_INCREMENTAL=0" "-e" "RUST_BACKTRACE=full" "-e" "RUSTFLAGS=--cap-lints=forbid" "-e" "RUSTDOCFLAGS=--cap-lints=forbid" "-w" "/opt/rustwide/workdir" "--user" "0:0" "22688aa6d9acba9cb95be35408788981a5c995f3c16de516a20d616f7fa05039" "/opt/rustwide/cargo-home/bin/cargo" "+3154cc1a3e6424e44f438a95007d043ed5ceaaf6" "check" "--frozen" "--all" "--all-targets" "--message-format=json", kill_on_drop: false }`
[INFO] [stderr] warning: `package.homepage` is redundant with `package.repository`
[INFO] [stderr]   --> Cargo.toml:71:12
[INFO] [stderr]    |
[INFO] [stderr] 71 | homepage = "https://github.com/PatrickKoss/baukit"
[INFO] [stderr]    |            ^^^^^^^^^^^^^^^^^^^^^^^^^^^^^^^^^^^^^^^
[INFO] [stderr] ...
[INFO] [stderr] 76 | repository = "https://github.com/PatrickKoss/baukit"
[INFO] [stderr]    |              ---------------------------------------
[INFO] [stderr]    |
[INFO] [stderr]    = note: `cargo::redundant_homepage` is set to `warn` by default
[INFO] [stderr] help: consider removing `package.homepage`
[INFO] [stderr] warning: `baukit-jobs` (manifest) generated 1 warning
[INFO] [stderr]     Checking smallvec v1.16.2
[INFO] [stderr]    Compiling libc v0.2.190
[INFO] [stderr]    Compiling serde v1.0.229
[INFO] [stderr]    Compiling syn v3.0.6
[INFO] [stderr]    Compiling zerocopy v0.8.59
[INFO] [stderr]     Checking getrandom v0.3.4
[INFO] [stderr]    Compiling anyhow v1.0.104
[INFO] [stderr]    Compiling rustls v0.23.45
[INFO] [stderr]    Compiling itertools v0.14.0
[INFO] [stderr]    Compiling pin-project-internal v1.1.13
[INFO] [stderr]     Checking bitflags v2.13.2
[INFO] [stderr]     Checking digest v0.11.3
[INFO] [stderr]     Checking getrandom v0.4.3
[INFO] [stderr]     Checking rapidhash v4.5.1
[INFO] [stderr]     Checking endian-type v0.1.2
[INFO] [stderr]     Checking sharded-slab v0.1.7
[INFO] [stderr]     Checking sha2 v0.10.9
[INFO] [stderr]     Checking unicode-normalization v0.1.25
[INFO] [stderr]     Checking parking_lot_core v0.9.12
[INFO] [stderr]     Checking nibble_vec v0.1.0
[INFO] [stderr]     Checking uuid v1.27.0
[INFO] [stderr]     Checking rand_core v0.9.5
[INFO] [stderr]     Checking raw-cpuid v11.6.0
[INFO] [stderr]     Checking radix_trie v0.2.1
[INFO] [stderr]     Checking hmac v0.13.0
[INFO] [stderr]     Checking chacha20 v0.10.2
[INFO] [stderr]     Checking parking_lot v0.12.5
[INFO] [stderr]     Checking rand_xoshiro v0.7.0
[INFO] [stderr]     Checking ordered-float v5.5.0
[INFO] [stderr]     Checking left-right v0.11.8
[INFO] [stderr]     Checking crossbeam-queue v0.3.14
[INFO] [stderr]     Checking metrics v0.24.6
[INFO] [stderr]     Checking webpki-roots v1.0.9
[INFO] [stderr]     Checking futures-intrusive v0.5.0
[INFO] [stderr]     Checking sketches-ddsketch v0.3.1
[INFO] [stderr]     Checking hashbag v0.1.13
[INFO] [stderr]    Compiling metrics-exporter-prometheus v0.18.3
[INFO] [stderr]     Checking axum-core v0.5.6
[INFO] [stderr]     Checking stringprep v0.1.5
[INFO] [stderr]     Checking rand v0.10.3
[INFO] [stderr]     Checking hkdf v0.13.0
[INFO] [stderr]     Checking sha2 v0.11.0
[INFO] [stderr]     Checking md-5 v0.11.0
[INFO] [stderr]    Compiling baukit-telemetry v0.9.0
[INFO] [stderr]     Checking evmap v11.0.0
[INFO] [stderr]     Checking whoami v2.1.3
[INFO] [stderr]     Checking ipnet v2.12.2
[INFO] [stderr]    Compiling baukit-runtime v0.9.0
[INFO] [stderr]     Checking pin-project v1.1.13
[INFO] [stderr]    Compiling jobserver v0.1.35
[INFO] [stderr]    Compiling cc v1.6.0
[INFO] [stderr]    Compiling prost-derive v0.14.4
[INFO] [stderr]     Checking quanta v0.12.6
[INFO] [stderr]    Compiling cmake v0.1.58
[INFO] [stderr]     Checking prost v0.14.4
[INFO] [stderr]    Compiling aws-lc-sys v0.45.0
[INFO] [stderr]     Checking prost-types v0.14.4
[INFO] [stderr]    Compiling synstructure v0.14.0
[INFO] [stderr]     Checking ppv-lite86 v0.2.21
[INFO] [stderr]    Compiling tokio-macros v2.7.2
[INFO] [stderr]    Compiling futures-macro v0.3.34
[INFO] [stderr]    Compiling zerovec-derive v0.11.6
[INFO] [stderr]    Compiling serde_derive v1.0.229
[INFO] [stderr]    Compiling thiserror-impl v2.0.21
[INFO] [stderr]    Compiling displaydoc v0.2.7
[INFO] [stderr]    Compiling async-trait v0.1.92
[INFO] [stderr]    Compiling zerofrom-derive v0.1.8
[INFO] [stderr]    Compiling yoke-derive v0.8.4
[INFO] [stderr]     Checking rand_chacha v0.9.0
[INFO] [stderr]     Checking tokio v1.53.2
[INFO] [stderr]     Checking rand v0.9.5
[INFO] [stderr]     Checking zerofrom v0.1.8
[INFO] [stderr]     Checking futures-util v0.3.34
[INFO] [stderr]     Checking yoke v0.8.3
[INFO] [stderr]     Checking thiserror v2.0.21
[INFO] [stderr]     Checking zerovec v0.11.8
[INFO] [stderr]     Checking zerotrie v0.2.5
[INFO] [stderr]     Checking opentelemetry v0.33.0
[INFO] [stderr]     Checking metrics-util v0.20.4
[INFO] [stderr]     Checking tinystr v0.8.4
[INFO] [stderr]     Checking potential_utf v0.1.6
[INFO] [stderr]     Checking icu_collections v2.3.0
[INFO] [stderr]     Checking icu_locale_core v2.3.0
[INFO] [stderr]     Checking icu_provider v2.3.1
[INFO] [stderr]     Checking icu_properties v2.3.0
[INFO] [stderr]     Checking icu_normalizer v2.3.0
[INFO] [stderr]     Checking chrono v0.4.45
[INFO] [stderr]     Checking tracing-serde v0.2.0
[INFO] [stderr]     Checking baukit-core v0.9.0
[INFO] [stderr]     Checking serde_urlencoded v0.7.1
[INFO] [stderr]     Checking tracing-subscriber v0.3.23
[INFO] [stderr]     Checking futures-executor v0.3.34
[INFO] [stderr]     Checking opentelemetry_sdk v0.33.0
[INFO] [stderr]     Checking idna_adapter v1.2.2
[INFO] [stderr]     Checking idna v1.1.0
[INFO] [stderr]     Checking url v2.5.8
[INFO] [stderr]     Checking tracing-opentelemetry v0.34.0
[INFO] [stderr]     Checking tokio-util v0.7.19
[INFO] [stderr]     Checking tokio-stream v0.1.19
[INFO] [stderr]     Checking h2 v0.4.19
[INFO] [stderr]     Checking tower v0.5.3
[INFO] [stderr]    Compiling aws-lc-rs v1.18.1
[INFO] [stderr]     Checking hyper v1.11.1
[INFO] [stderr]     Checking rustls-webpki v0.103.15
[INFO] [stderr]     Checking hyper-util v0.1.21
[INFO] [stderr]     Checking hyper-timeout v0.5.2
[INFO] [stderr]     Checking axum v0.8.9
[INFO] [stderr]     Checking tonic v0.14.6
[INFO] [stderr]     Checking tokio-rustls v0.26.6
[INFO] [stderr]     Checking sqlx-core v0.9.0
[INFO] [stderr]     Checking hyper-rustls v0.27.10
[INFO] [stderr]     Checking tonic-prost v0.14.6
[INFO] [stderr]     Checking tonic-types v0.14.6
[INFO] [stderr]     Checking opentelemetry-proto v0.33.0
[INFO] [stderr]     Checking opentelemetry-otlp v0.33.0
[INFO] [stderr]     Checking sqlx-postgres v0.9.0
[INFO] [stderr]     Checking sqlx v0.9.0
[INFO] [stderr]     Checking baukit-jobs v0.9.0 (/opt/rustwide/workdir)
[INFO] [stdout] error[E0433]: cannot find module or crate `baukit_test` in this scope
[INFO] [stdout]    --> src/runner.rs:537:13
[INFO] [stdout]     |
[INFO] [stdout] 537 |             baukit_test::MetricsConformanceOptions::new().require_worker_metrics(),
[INFO] [stdout]     |             ^^^^^^^^^^^ use of unresolved module or unlinked crate `baukit_test`
[INFO] [stdout]     |
[INFO] [stdout]     = help: if you wanted to use a crate named `baukit_test`, use `cargo add baukit_test` to add it to your `Cargo.toml`
[INFO] [stdout] 
[INFO] [stdout] 
[INFO] [stdout] error[E0433]: cannot find module or crate `baukit_test` in this scope
[INFO] [stdout]    --> src/runner.rs:535:9
[INFO] [stdout]     |
[INFO] [stdout] 535 |         baukit_test::check_metrics_conformance_with_options(
[INFO] [stdout]     |         ^^^^^^^^^^^ use of unresolved module or unlinked crate `baukit_test`
[INFO] [stdout]     |
[INFO] [stdout]     = help: if you wanted to use a crate named `baukit_test`, use `cargo add baukit_test` to add it to your `Cargo.toml`
[INFO] [stdout] 
[INFO] [stdout] 
[INFO] [stdout] For more information about this error, try `rustc --explain E0433`.
[INFO] [stdout] 
[INFO] [stderr] error: could not compile `baukit-jobs` (lib test) due to 2 previous errors
[INFO] [stderr] warning: build failed, waiting for other jobs to finish...
[INFO] [stdout] error[E0433]: cannot find module or crate `baukit_test` in this scope
[INFO] [stdout]    --> tests/postgres_claim_by_type.rs:509:19
[INFO] [stdout]     |
[INFO] [stdout] 509 |     let fixture = baukit_test::start_postgres_with_migrations(migrations).await?;
[INFO] [stdout]     |                   ^^^^^^^^^^^ use of unresolved module or unlinked crate `baukit_test`
[INFO] [stdout]     |
[INFO] [stdout]     = help: if you wanted to use a crate named `baukit_test`, use `cargo add baukit_test` to add it to your `Cargo.toml`
[INFO] [stdout] 
[INFO] [stdout] 
[INFO] [stdout] warning: method call on a diverging inference variable
[INFO] [stdout]    --> tests/postgres_claim_by_type.rs:510:40
[INFO] [stdout]     |
[INFO] [stdout] 510 |     let pool = PgPool::connect(fixture.connection_url()).await?;
[INFO] [stdout]     |                                        ^^^^^^^^^^^^^^
[INFO] [stdout]     |
[INFO] [stdout]     = help: consider providing a type annotation
[INFO] [stdout]     = warning: this was previously accepted by the compiler but is being phased out; it will become a hard error in a future release!
[INFO] [stdout]     = note: for more information, see issue #156047 <https://github.com/rust-lang/rust/issues/156047>
[INFO] [stdout]     = note: `#[warn(method_call_on_diverging_infer_var)]` (part of `#[warn(future_incompatible)]`) on by default
[INFO] [stdout] 
[INFO] [stdout] 
[INFO] [stdout] error[E0433]: cannot find module or crate `baukit_test` in this scope
[INFO] [stdout]    --> tests/postgres.rs:761:19
[INFO] [stdout]     |
[INFO] [stdout] 761 |     let fixture = baukit_test::start_postgres_with_migrations(migrations).await?;
[INFO] [stdout]     |                   ^^^^^^^^^^^ use of unresolved module or unlinked crate `baukit_test`
[INFO] [stdout]     |
[INFO] [stdout]     = help: if you wanted to use a crate named `baukit_test`, use `cargo add baukit_test` to add it to your `Cargo.toml`
[INFO] [stdout] 
[INFO] [stdout] 
[INFO] [stdout] warning: method call on a diverging inference variable
[INFO] [stdout]    --> tests/postgres.rs:762:40
[INFO] [stdout]     |
[INFO] [stdout] 762 |     let pool = PgPool::connect(fixture.connection_url()).await?;
[INFO] [stdout]     |                                        ^^^^^^^^^^^^^^
[INFO] [stdout]     |
[INFO] [stdout]     = help: consider providing a type annotation
[INFO] [stdout]     = warning: this was previously accepted by the compiler but is being phased out; it will become a hard error in a future release!
[INFO] [stdout]     = note: for more information, see issue #156047 <https://github.com/rust-lang/rust/issues/156047>
[INFO] [stdout]     = note: `#[warn(method_call_on_diverging_infer_var)]` (part of `#[warn(future_incompatible)]`) on by default
[INFO] [stdout] 
[INFO] [stdout] 
[INFO] [stdout] error[E0599]: no method named `connection_url` found for type `!` in the current scope
[INFO] [stdout]    --> tests/postgres.rs:762:40
[INFO] [stdout]     |
[INFO] [stdout] 762 |     let pool = PgPool::connect(fixture.connection_url()).await?;
[INFO] [stdout]     |                                        ^^^^^^^^^^^^^^ method not found in `!`
[INFO] [stdout] 
[INFO] [stdout] 
[INFO] [stdout] warning: unreachable expression
[INFO] [stdout]    --> tests/postgres.rs:764:18
[INFO] [stdout]     |
[INFO] [stdout] 764 |     Ok((fixture, pool, store))
[INFO] [stdout]     |         -------  ^^^^ unreachable expression
[INFO] [stdout]     |         |
[INFO] [stdout]     |         any code following this expression is unreachable
[INFO] [stdout]     |
[INFO] [stdout]     = note: `#[warn(unreachable_code)]` (part of `#[warn(unused)]`) on by default
[INFO] [stdout] 
[INFO] [stdout] 
[INFO] [stdout] error[E0599]: no method named `connection_url` found for type `!` in the current scope
[INFO] [stdout]    --> tests/postgres_claim_by_type.rs:510:40
[INFO] [stdout]     |
[INFO] [stdout] 510 |     let pool = PgPool::connect(fixture.connection_url()).await?;
[INFO] [stdout]     |                                        ^^^^^^^^^^^^^^ method not found in `!`
[INFO] [stdout] 
[INFO] [stdout] 
[INFO] [stdout] warning: unreachable expression
[INFO] [stdout]    --> tests/postgres_claim_by_type.rs:512:18
[INFO] [stdout]     |
[INFO] [stdout] 512 |     Ok((fixture, pool, store))
[INFO] [stdout]     |         -------  ^^^^ unreachable expression
[INFO] [stdout]     |         |
[INFO] [stdout]     |         any code following this expression is unreachable
[INFO] [stdout]     |
[INFO] [stdout]     = note: `#[warn(unreachable_code)]` (part of `#[warn(unused)]`) on by default
[INFO] [stdout] 
[INFO] [stdout] 
[INFO] [stdout] warning: method call on a diverging inference variable
[INFO] [stdout]   --> tests/postgres.rs:43:17
[INFO] [stdout]    |
[INFO] [stdout] 43 |     transaction.rollback().await?;
[INFO] [stdout]    |                 ^^^^^^^^
[INFO] [stdout]    |
[INFO] [stdout]    = help: consider providing a type annotation
[INFO] [stdout]    = warning: this was previously accepted by the compiler but is being phased out; it will become a hard error in a future release!
[INFO] [stdout]    = note: for more information, see issue #156047 <https://github.com/rust-lang/rust/issues/156047>
[INFO] [stdout] 
[INFO] [stdout] 
[INFO] [stdout] error[E0599]: no method named `rollback` found for type `!` in the current scope
[INFO] [stdout]   --> tests/postgres.rs:43:17
[INFO] [stdout]    |
[INFO] [stdout] 43 |     transaction.rollback().await?;
[INFO] [stdout]    |                 ^^^^^^^^ method not found in `!`
[INFO] [stdout] 
[INFO] [stdout] 
[INFO] [stdout] warning: method call on a diverging inference variable
[INFO] [stdout]    --> tests/postgres.rs:119:10
[INFO] [stdout]     |
[INFO] [stdout] 119 |         .expect("first claim");
[INFO] [stdout]     |          ^^^^^^
[INFO] [stdout]     |
[INFO] [stdout]     = help: consider providing a type annotation
[INFO] [stdout]     = warning: this was previously accepted by the compiler but is being phased out; it will become a hard error in a future release!
[INFO] [stdout]     = note: for more information, see issue #156047 <https://github.com/rust-lang/rust/issues/156047>
[INFO] [stdout] 
[INFO] [stdout] 
[INFO] [stdout] warning: method call on a diverging inference variable
[INFO] [stdout]    --> tests/postgres_claim_by_type.rs:243:10
[INFO] [stdout]     |
[INFO] [stdout] 243 |         .expect("first claim");
[INFO] [stdout]     |          ^^^^^^
[INFO] [stdout]     |
[INFO] [stdout]     = help: consider providing a type annotation
[INFO] [stdout]     = warning: this was previously accepted by the compiler but is being phased out; it will become a hard error in a future release!
[INFO] [stdout]     = note: for more information, see issue #156047 <https://github.com/rust-lang/rust/issues/156047>
[INFO] [stdout] 
[INFO] [stdout] 
[INFO] [stdout] error[E0599]: no method named `expect` found for type `!` in the current scope
[INFO] [stdout]    --> tests/postgres.rs:119:10
[INFO] [stdout]     |
[INFO] [stdout] 116 |     let first = store
[INFO] [stdout] 117 |         .claim("worker-a", &["lease.test"], now, Duration::from_secs(1))
[INFO] [stdout] 118 |         .await?
[INFO] [stdout] 119 |         .expect("first claim");
[INFO] [stdout]     |          ^^^^^^ method not found in `!`
[INFO] [stdout] 
[INFO] [stdout] 
[INFO] [stdout] warning: method call on a diverging inference variable
[INFO] [stdout]    --> tests/postgres.rs:125:14
[INFO] [stdout]     |
[INFO] [stdout] 125 |             .is_none()
[INFO] [stdout]     |              ^^^^^^^
[INFO] [stdout]     |
[INFO] [stdout]     = help: consider providing a type annotation
[INFO] [stdout]     = warning: this was previously accepted by the compiler but is being phased out; it will become a hard error in a future release!
[INFO] [stdout]     = note: for more information, see issue #156047 <https://github.com/rust-lang/rust/issues/156047>
[INFO] [stdout] 
[INFO] [stdout] 
[INFO] [stdout] error[E0599]: no method named `is_none` found for type `!` in the current scope
[INFO] [stdout]    --> tests/postgres.rs:125:14
[INFO] [stdout]     |
[INFO] [stdout] 122 |         store
[INFO] [stdout] 123 |             .claim("worker-b", &["lease.test"], now, Duration::from_secs(10))
[INFO] [stdout] 124 |             .await?
[INFO] [stdout] 125 |             .is_none()
[INFO] [stdout]     |              ^^^^^^^ method not found in `!`
[INFO] [stdout] 
[INFO] [stdout] 
[INFO] [stdout] warning: method call on a diverging inference variable
[INFO] [stdout]    --> tests/postgres.rs:135:10
[INFO] [stdout]     |
[INFO] [stdout] 135 |         .expect("expired lease is claimable");
[INFO] [stdout]     |          ^^^^^^
[INFO] [stdout]     |
[INFO] [stdout]     = help: consider providing a type annotation
[INFO] [stdout]     = warning: this was previously accepted by the compiler but is being phased out; it will become a hard error in a future release!
[INFO] [stdout]     = note: for more information, see issue #156047 <https://github.com/rust-lang/rust/issues/156047>
[INFO] [stdout] 
[INFO] [stdout] 
[INFO] [stdout] error[E0599]: no method named `expect` found for type `!` in the current scope
[INFO] [stdout]    --> tests/postgres_claim_by_type.rs:243:10
[INFO] [stdout]     |
[INFO] [stdout] 240 |     store
[INFO] [stdout] 241 |         .claim("worker-a", &[ALPHA], now, Duration::from_secs(1))
[INFO] [stdout] 242 |         .await?
[INFO] [stdout] 243 |         .expect("first claim");
[INFO] [stdout]     |          ^^^^^^ method not found in `!`
[INFO] [stdout] 
[INFO] [stdout] 
[INFO] [stdout] warning: method call on a diverging inference variable
[INFO] [stdout]    --> tests/postgres_claim_by_type.rs:248:14
[INFO] [stdout]     |
[INFO] [stdout] 248 |             .is_none(),
[INFO] [stdout]     |              ^^^^^^^
[INFO] [stdout]     |
[INFO] [stdout]     = help: consider providing a type annotation
[INFO] [stdout]     = warning: this was previously accepted by the compiler but is being phased out; it will become a hard error in a future release!
[INFO] [stdout]     = note: for more information, see issue #156047 <https://github.com/rust-lang/rust/issues/156047>
[INFO] [stdout] 
[INFO] [stdout] 
[INFO] [stdout] error[E0599]: no method named `expect` found for type `!` in the current scope
[INFO] [stdout]    --> tests/postgres.rs:135:10
[INFO] [stdout]     |
[INFO] [stdout] 127 |     let reclaimed = store
[INFO] [stdout] 128 |         .claim(
[INFO] [stdout] 129 |             "worker-b",
[INFO] [stdout] 130 |             &["lease.test"],
[INFO] [stdout] 131 |             now + TimeDelta::seconds(2),
[INFO] [stdout] 132 |             Duration::from_secs(10),
[INFO] [stdout] 133 |         )
[INFO] [stdout] 134 |         .await?
[INFO] [stdout] 135 |         .expect("expired lease is claimable");
[INFO] [stdout]     |          ^^^^^^ method not found in `!`
[INFO] [stdout] 
[INFO] [stdout] 
[INFO] [stdout] warning: method call on a diverging inference variable
[INFO] [stdout]    --> tests/postgres.rs:158:10
[INFO] [stdout]     |
[INFO] [stdout] 158 |         .expect("final attempt claimed");
[INFO] [stdout]     |          ^^^^^^
[INFO] [stdout]     |
[INFO] [stdout]     = help: consider providing a type annotation
[INFO] [stdout]     = warning: this was previously accepted by the compiler but is being phased out; it will become a hard error in a future release!
[INFO] [stdout]     = note: for more information, see issue #156047 <https://github.com/rust-lang/rust/issues/156047>
[INFO] [stdout] 
[INFO] [stdout] 
[INFO] [stdout] error[E0599]: no method named `is_none` found for type `!` in the current scope
[INFO] [stdout]    --> tests/postgres_claim_by_type.rs:248:14
[INFO] [stdout]     |
[INFO] [stdout] 245 |         store
[INFO] [stdout] 246 |             .claim("worker-b", &[BETA], expired, Duration::from_secs(10))
[INFO] [stdout] 247 |             .await?
[INFO] [stdout] 248 |             .is_none(),
[INFO] [stdout]     |              ^^^^^^^ method not found in `!`
[INFO] [stdout] 
[INFO] [stdout] 
[INFO] [stdout] warning: method call on a diverging inference variable
[INFO] [stdout]    --> tests/postgres_claim_by_type.rs:255:10
[INFO] [stdout]     |
[INFO] [stdout] 255 |         .expect("expired lease is reclaimed by a matching worker");
[INFO] [stdout]     |          ^^^^^^
[INFO] [stdout]     |
[INFO] [stdout]     = help: consider providing a type annotation
[INFO] [stdout]     = warning: this was previously accepted by the compiler but is being phased out; it will become a hard error in a future release!
[INFO] [stdout]     = note: for more information, see issue #156047 <https://github.com/rust-lang/rust/issues/156047>
[INFO] [stdout] 
[INFO] [stdout] 
[INFO] [stdout] error[E0599]: no method named `expect` found for type `!` in the current scope
[INFO] [stdout]    --> tests/postgres.rs:158:10
[INFO] [stdout]     |
[INFO] [stdout] 150 |     store
[INFO] [stdout] 151 |         .claim(
[INFO] [stdout] 152 |             "worker-c",
[INFO] [stdout] 153 |             &["lease.exhausted"],
[INFO] [stdout] 154 |             exhausted_now,
[INFO] [stdout] 155 |             Duration::from_secs(1),
[INFO] [stdout] 156 |         )
[INFO] [stdout] 157 |         .await?
[INFO] [stdout] 158 |         .expect("final attempt claimed");
[INFO] [stdout]     |          ^^^^^^ method not found in `!`
[INFO] [stdout] 
[INFO] [stdout] 
[INFO] [stdout] warning: method call on a diverging inference variable
[INFO] [stdout]    --> tests/postgres.rs:168:14
[INFO] [stdout]     |
[INFO] [stdout] 168 |             .is_none(),
[INFO] [stdout]     |              ^^^^^^^
[INFO] [stdout]     |
[INFO] [stdout]     = help: consider providing a type annotation
[INFO] [stdout]     = warning: this was previously accepted by the compiler but is being phased out; it will become a hard error in a future release!
[INFO] [stdout]     = note: for more information, see issue #156047 <https://github.com/rust-lang/rust/issues/156047>
[INFO] [stdout] 
[INFO] [stdout] 
[INFO] [stdout] error[E0599]: no method named `expect` found for type `!` in the current scope
[INFO] [stdout]    --> tests/postgres_claim_by_type.rs:255:10
[INFO] [stdout]     |
[INFO] [stdout] 252 |     let reclaimed = store
[INFO] [stdout] 253 |         .claim("worker-c", &[ALPHA], expired, Duration::from_secs(10))
[INFO] [stdout] 254 |         .await?
[INFO] [stdout] 255 |         .expect("expired lease is reclaimed by a matching worker");
[INFO] [stdout]     |          ^^^^^^ method not found in `!`
[INFO] [stdout] 
[INFO] [stdout] 
[INFO] [stdout] error[E0599]: no method named `is_none` found for type `!` in the current scope
[INFO] [stdout]    --> tests/postgres.rs:168:14
[INFO] [stdout]     |
[INFO] [stdout] 160 |         store
[INFO] [stdout] 161 |             .claim(
[INFO] [stdout] 162 |                 "worker-d",
[INFO] [stdout] 163 |                 &["lease.exhausted"],
[INFO] [stdout] 164 |                 exhausted_now + TimeDelta::seconds(2),
[INFO] [stdout] 165 |                 Duration::from_secs(10),
[INFO] [stdout] 166 |             )
[INFO] [stdout] 167 |             .await?
[INFO] [stdout] 168 |             .is_none(),
[INFO] [stdout]     |              ^^^^^^^ method not found in `!`
[INFO] [stdout] 
[INFO] [stdout] 
[INFO] [stdout] warning: method call on a diverging inference variable
[INFO] [stdout]    --> tests/postgres_claim_by_type.rs:265:10
[INFO] [stdout]     |
[INFO] [stdout] 265 |         .expect("final attempt claimed");
[INFO] [stdout]     |          ^^^^^^
[INFO] [stdout]     |
[INFO] [stdout]     = help: consider providing a type annotation
[INFO] [stdout]     = warning: this was previously accepted by the compiler but is being phased out; it will become a hard error in a future release!
[INFO] [stdout]     = note: for more information, see issue #156047 <https://github.com/rust-lang/rust/issues/156047>
[INFO] [stdout] 
[INFO] [stdout] 
[INFO] [stdout] warning: method call on a diverging inference variable
[INFO] [stdout]    --> tests/postgres.rs:208:10
[INFO] [stdout]     |
[INFO] [stdout] 208 |         .expect("running job claimed");
[INFO] [stdout]     |          ^^^^^^
[INFO] [stdout]     |
[INFO] [stdout]     = help: consider providing a type annotation
[INFO] [stdout]     = warning: this was previously accepted by the compiler but is being phased out; it will become a hard error in a future release!
[INFO] [stdout]     = note: for more information, see issue #156047 <https://github.com/rust-lang/rust/issues/156047>
[INFO] [stdout] 
[INFO] [stdout] 
[INFO] [stdout] error[E0599]: no method named `expect` found for type `!` in the current scope
[INFO] [stdout]    --> tests/postgres_claim_by_type.rs:265:10
[INFO] [stdout]     |
[INFO] [stdout] 262 |     store
[INFO] [stdout] 263 |         .claim("worker-c", &[ALPHA], final_now, Duration::from_secs(1))
[INFO] [stdout] 264 |         .await?
[INFO] [stdout] 265 |         .expect("final attempt claimed");
[INFO] [stdout]     |          ^^^^^^ method not found in `!`
[INFO] [stdout] 
[INFO] [stdout] 
[INFO] [stdout] warning: method call on a diverging inference variable
[INFO] [stdout]    --> tests/postgres_claim_by_type.rs:275:14
[INFO] [stdout]     |
[INFO] [stdout] 275 |             .is_none()
[INFO] [stdout]     |              ^^^^^^^
[INFO] [stdout]     |
[INFO] [stdout]     = help: consider providing a type annotation
[INFO] [stdout]     = warning: this was previously accepted by the compiler but is being phased out; it will become a hard error in a future release!
[INFO] [stdout]     = note: for more information, see issue #156047 <https://github.com/rust-lang/rust/issues/156047>
[INFO] [stdout] 
[INFO] [stdout] 
[INFO] [stdout] error[E0599]: no method named `expect` found for type `!` in the current scope
[INFO] [stdout]    --> tests/postgres.rs:208:10
[INFO] [stdout]     |
[INFO] [stdout] 200 |     store
[INFO] [stdout] 201 |         .claim(
[INFO] [stdout] 202 |             "worker-a",
[INFO] [stdout] 203 |             &["cancel.running"],
[INFO] [stdout] 204 |             now,
[INFO] [stdout] 205 |             Duration::from_secs(30),
[INFO] [stdout] 206 |         )
[INFO] [stdout] 207 |         .await?
[INFO] [stdout] 208 |         .expect("running job claimed");
[INFO] [stdout]     |          ^^^^^^ method not found in `!`
[INFO] [stdout] 
[INFO] [stdout] 
[INFO] [stdout] warning: method call on a diverging inference variable
[INFO] [stdout]    --> tests/postgres.rs:237:10
[INFO] [stdout]     |
[INFO] [stdout] 237 |         .expect("first attempt");
[INFO] [stdout]     |          ^^^^^^
[INFO] [stdout]     |
[INFO] [stdout]     = help: consider providing a type annotation
[INFO] [stdout]     = warning: this was previously accepted by the compiler but is being phased out; it will become a hard error in a future release!
[INFO] [stdout]     = note: for more information, see issue #156047 <https://github.com/rust-lang/rust/issues/156047>
[INFO] [stdout] 
[INFO] [stdout] 
[INFO] [stdout] error[E0599]: no method named `is_none` found for type `!` in the current scope
[INFO] [stdout]    --> tests/postgres_claim_by_type.rs:275:14
[INFO] [stdout]     |
[INFO] [stdout] 267 |         store
[INFO] [stdout] 268 |             .claim(
[INFO] [stdout] 269 |                 "worker-b",
[INFO] [stdout] 270 |                 &[BETA],
[INFO] [stdout] 271 |                 final_now + TimeDelta::seconds(2),
[INFO] [stdout] 272 |                 Duration::from_secs(10),
[INFO] [stdout] 273 |             )
[INFO] [stdout] 274 |             .await?
[INFO] [stdout] 275 |             .is_none()
[INFO] [stdout]     |              ^^^^^^^ method not found in `!`
[INFO] [stdout] 
[INFO] [stdout] 
[INFO] [stdout] error[E0599]: no method named `expect` found for type `!` in the current scope
[INFO] [stdout]    --> tests/postgres.rs:237:10
[INFO] [stdout]     |
[INFO] [stdout] 234 |     store
[INFO] [stdout] 235 |         .claim("worker-a", &["retry.test"], now, Duration::from_secs(30))
[INFO] [stdout] 236 |         .await?
[INFO] [stdout] 237 |         .expect("first attempt");
[INFO] [stdout]     |          ^^^^^^ method not found in `!`
[INFO] [stdout] 
[INFO] [stdout] 
[INFO] [stdout] warning: method call on a diverging inference variable
[INFO] [stdout]    --> tests/postgres.rs:249:14
[INFO] [stdout]     |
[INFO] [stdout] 249 |             .is_none(),
[INFO] [stdout]     |              ^^^^^^^
[INFO] [stdout]     |
[INFO] [stdout]     = help: consider providing a type annotation
[INFO] [stdout]     = warning: this was previously accepted by the compiler but is being phased out; it will become a hard error in a future release!
[INFO] [stdout]     = note: for more information, see issue #156047 <https://github.com/rust-lang/rust/issues/156047>
[INFO] [stdout] 
[INFO] [stdout] 
[INFO] [stdout] warning: method call on a diverging inference variable
[INFO] [stdout]    --> tests/postgres_claim_by_type.rs:299:14
[INFO] [stdout]     |
[INFO] [stdout] 299 |             .is_none(),
[INFO] [stdout]     |              ^^^^^^^
[INFO] [stdout]     |
[INFO] [stdout]     = help: consider providing a type annotation
[INFO] [stdout]     = warning: this was previously accepted by the compiler but is being phased out; it will become a hard error in a future release!
[INFO] [stdout]     = note: for more information, see issue #156047 <https://github.com/rust-lang/rust/issues/156047>
[INFO] [stdout] 
[INFO] [stdout] 
[INFO] [stdout] error[E0599]: no method named `is_none` found for type `!` in the current scope
[INFO] [stdout]    --> tests/postgres.rs:249:14
[INFO] [stdout]     |
[INFO] [stdout] 246 |         store
[INFO] [stdout] 247 |             .claim("worker-b", &["retry.test"], now, Duration::from_secs(30))
[INFO] [stdout] 248 |             .await?
[INFO] [stdout] 249 |             .is_none(),
[INFO] [stdout]     |              ^^^^^^^ method not found in `!`
[INFO] [stdout] 
[INFO] [stdout] 
[INFO] [stdout] warning: method call on a diverging inference variable
[INFO] [stdout]    --> tests/postgres.rs:260:10
[INFO] [stdout]     |
[INFO] [stdout] 260 |         .expect("second attempt");
[INFO] [stdout]     |          ^^^^^^
[INFO] [stdout]     |
[INFO] [stdout]     = help: consider providing a type annotation
[INFO] [stdout]     = warning: this was previously accepted by the compiler but is being phased out; it will become a hard error in a future release!
[INFO] [stdout]     = note: for more information, see issue #156047 <https://github.com/rust-lang/rust/issues/156047>
[INFO] [stdout] 
[INFO] [stdout] 
[INFO] [stdout] error[E0599]: no method named `is_none` found for type `!` in the current scope
[INFO] [stdout]    --> tests/postgres_claim_by_type.rs:299:14
[INFO] [stdout]     |
[INFO] [stdout] 296 |         store
[INFO] [stdout] 297 |             .claim("worker-a", &[ALPHA], now, Duration::from_secs(30))
[INFO] [stdout] 298 |             .await?
[INFO] [stdout] 299 |             .is_none(),
[INFO] [stdout]     |              ^^^^^^^ method not found in `!`
[INFO] [stdout] 
[INFO] [stdout] 
[INFO] [stdout] warning: method call on a diverging inference variable
[INFO] [stdout]    --> tests/postgres_claim_by_type.rs:312:10
[INFO] [stdout]     |
[INFO] [stdout] 312 |         .expect("job claimed");
[INFO] [stdout]     |          ^^^^^^
[INFO] [stdout]     |
[INFO] [stdout]     = help: consider providing a type annotation
[INFO] [stdout]     = warning: this was previously accepted by the compiler but is being phased out; it will become a hard error in a future release!
[INFO] [stdout]     = note: for more information, see issue #156047 <https://github.com/rust-lang/rust/issues/156047>
[INFO] [stdout] 
[INFO] [stdout] 
[INFO] [stdout] error[E0599]: no method named `expect` found for type `!` in the current scope
[INFO] [stdout]    --> tests/postgres.rs:260:10
[INFO] [stdout]     |
[INFO] [stdout] 252 |     let second = store
[INFO] [stdout] 253 |         .claim(
[INFO] [stdout] 254 |             "worker-b",
[INFO] [stdout] 255 |             &["retry.test"],
[INFO] [stdout] 256 |             retry_at,
[INFO] [stdout] 257 |             Duration::from_secs(30),
[INFO] [stdout] 258 |         )
[INFO] [stdout] 259 |         .await?
[INFO] [stdout] 260 |         .expect("second attempt");
[INFO] [stdout]     |          ^^^^^^ method not found in `!`
[INFO] [stdout] 
[INFO] [stdout] 
[INFO] [stdout] warning: method call on a diverging inference variable
[INFO] [stdout]    --> tests/postgres.rs:301:10
[INFO] [stdout]     |
[INFO] [stdout] 301 |         .expect("permanent job claim");
[INFO] [stdout]     |          ^^^^^^
[INFO] [stdout]     |
[INFO] [stdout]     = help: consider providing a type annotation
[INFO] [stdout]     = warning: this was previously accepted by the compiler but is being phased out; it will become a hard error in a future release!
[INFO] [stdout]     = note: for more information, see issue #156047 <https://github.com/rust-lang/rust/issues/156047>
[INFO] [stdout] 
[INFO] [stdout] 
[INFO] [stdout] error[E0599]: no method named `expect` found for type `!` in the current scope
[INFO] [stdout]    --> tests/postgres_claim_by_type.rs:312:10
[INFO] [stdout]     |
[INFO] [stdout] 309 |     store
[INFO] [stdout] 310 |         .claim("worker-a", &[ALPHA], now, Duration::from_secs(1))
[INFO] [stdout] 311 |         .await?
[INFO] [stdout] 312 |         .expect("job claimed");
[INFO] [stdout]     |          ^^^^^^ method not found in `!`
[INFO] [stdout] 
[INFO] [stdout] 
[INFO] [stdout] warning: method call on a diverging inference variable
[INFO] [stdout]    --> tests/postgres_claim_by_type.rs:323:14
[INFO] [stdout]     |
[INFO] [stdout] 323 |             .is_none(),
[INFO] [stdout]     |              ^^^^^^^
[INFO] [stdout]     |
[INFO] [stdout]     = help: consider providing a type annotation
[INFO] [stdout]     = warning: this was previously accepted by the compiler but is being phased out; it will become a hard error in a future release!
[INFO] [stdout]     = note: for more information, see issue #156047 <https://github.com/rust-lang/rust/issues/156047>
[INFO] [stdout] 
[INFO] [stdout] 
[INFO] [stdout] error[E0599]: no method named `expect` found for type `!` in the current scope
[INFO] [stdout]    --> tests/postgres.rs:301:10
[INFO] [stdout]     |
[INFO] [stdout] 293 |     store
[INFO] [stdout] 294 |         .claim(
[INFO] [stdout] 295 |             "worker-c",
[INFO] [stdout] 296 |             &["retry.permanent"],
[INFO] [stdout] 297 |             permanent_now,
[INFO] [stdout] 298 |             Duration::from_secs(30),
[INFO] [stdout] 299 |         )
[INFO] [stdout] 300 |         .await?
[INFO] [stdout] 301 |         .expect("permanent job claim");
[INFO] [stdout]     |          ^^^^^^ method not found in `!`
[INFO] [stdout] 
[INFO] [stdout] 
[INFO] [stdout] warning: method call on a diverging inference variable
[INFO] [stdout]    --> tests/postgres.rs:342:10
[INFO] [stdout]     |
[INFO] [stdout] 342 |         .expect("job claim");
[INFO] [stdout]     |          ^^^^^^
[INFO] [stdout]     |
[INFO] [stdout]     = help: consider providing a type annotation
[INFO] [stdout]     = warning: this was previously accepted by the compiler but is being phased out; it will become a hard error in a future release!
[INFO] [stdout]     = note: for more information, see issue #156047 <https://github.com/rust-lang/rust/issues/156047>
[INFO] [stdout] 
[INFO] [stdout] 
[INFO] [stdout] error[E0599]: no method named `expect` found for type `!` in the current scope
[INFO] [stdout]    --> tests/postgres.rs:342:10
[INFO] [stdout]     |
[INFO] [stdout] 339 |     store
[INFO] [stdout] 340 |         .claim("worker-a", &["complete.test"], now, Duration::from_secs(30))
[INFO] [stdout] 341 |         .await?
[INFO] [stdout] 342 |         .expect("job claim");
[INFO] [stdout]     |          ^^^^^^ method not found in `!`
[INFO] [stdout] 
[INFO] [stdout] 
[INFO] [stdout] warning: method call on a diverging inference variable
[INFO] [stdout]    --> tests/postgres.rs:351:17
[INFO] [stdout]     |
[INFO] [stdout] 351 |     transaction.rollback().await?;
[INFO] [stdout]     |                 ^^^^^^^^
[INFO] [stdout]     |
[INFO] [stdout]     = help: consider providing a type annotation
[INFO] [stdout]     = warning: this was previously accepted by the compiler but is being phased out; it will become a hard error in a future release!
[INFO] [stdout]     = note: for more information, see issue #156047 <https://github.com/rust-lang/rust/issues/156047>
[INFO] [stdout] 
[INFO] [stdout] 
[INFO] [stdout] error[E0599]: no method named `is_none` found for type `!` in the current scope
[INFO] [stdout]    --> tests/postgres_claim_by_type.rs:323:14
[INFO] [stdout]     |
[INFO] [stdout] 315 |         store
[INFO] [stdout] 316 |             .claim(
[INFO] [stdout] 317 |                 "worker-b",
[INFO] [stdout] 318 |                 &[ALPHA],
[INFO] [stdout] 319 |                 now + TimeDelta::seconds(2),
[INFO] [stdout] 320 |                 Duration::from_secs(10),
[INFO] [stdout] 321 |             )
[INFO] [stdout] 322 |             .await?
[INFO] [stdout] 323 |             .is_none(),
[INFO] [stdout]     |              ^^^^^^^ method not found in `!`
[INFO] [stdout] 
[INFO] [stdout] 
[INFO] [stdout] error[E0599]: no method named `rollback` found for type `!` in the current scope
[INFO] [stdout]    --> tests/postgres.rs:351:17
[INFO] [stdout]     |
[INFO] [stdout] 351 |     transaction.rollback().await?;
[INFO] [stdout]     |                 ^^^^^^^^ method not found in `!`
[INFO] [stdout] 
[INFO] [stdout] 
[INFO] [stdout] warning: method call on a diverging inference variable
[INFO] [stdout]    --> tests/postgres.rs:360:17
[INFO] [stdout]     |
[INFO] [stdout] 360 |     transaction.commit().await?;
[INFO] [stdout]     |                 ^^^^^^
[INFO] [stdout]     |
[INFO] [stdout]     = help: consider providing a type annotation
[INFO] [stdout]     = warning: this was previously accepted by the compiler but is being phased out; it will become a hard error in a future release!
[INFO] [stdout]     = note: for more information, see issue #156047 <https://github.com/rust-lang/rust/issues/156047>
[INFO] [stdout] 
[INFO] [stdout] 
[INFO] [stdout] error[E0599]: no method named `commit` found for type `!` in the current scope
[INFO] [stdout]    --> tests/postgres.rs:360:17
[INFO] [stdout]     |
[INFO] [stdout] 360 |     transaction.commit().await?;
[INFO] [stdout]     |                 ^^^^^^ method not found in `!`
[INFO] [stdout] 
[INFO] [stdout] 
[INFO] [stdout] warning: method call on a diverging inference variable
[INFO] [stdout]    --> tests/postgres.rs:574:10
[INFO] [stdout]     |
[INFO] [stdout] 574 |         .expect("job claimed for completion");
[INFO] [stdout]     |          ^^^^^^
[INFO] [stdout]     |
[INFO] [stdout]     = help: consider providing a type annotation
[INFO] [stdout]     = warning: this was previously accepted by the compiler but is being phased out; it will become a hard error in a future release!
[INFO] [stdout]     = note: for more information, see issue #156047 <https://github.com/rust-lang/rust/issues/156047>
[INFO] [stdout] 
[INFO] [stdout] 
[INFO] [stdout] error[E0433]: cannot find module or crate `baukit_test` in this scope
[INFO] [stdout]    --> tests/postgres_claim_by_type.rs:507:12
[INFO] [stdout]     |
[INFO] [stdout] 507 | -> Result<(baukit_test::PostgresTestContainer, PgPool, PostgresJobStore), Box<dyn Error>> {
[INFO] [stdout]     |            ^^^^^^^^^^^ use of unresolved module or unlinked crate `baukit_test`
[INFO] [stdout]     |
[INFO] [stdout]     = help: if you wanted to use a crate named `baukit_test`, use `cargo add baukit_test` to add it to your `Cargo.toml`
[INFO] [stdout] 
[INFO] [stdout] 
[INFO] [stdout] Some errors have detailed explanations: E0433, E0599.
[INFO] [stdout] 
[INFO] [stdout] For more information about an error, try `rustc --explain E0433`.
[INFO] [stdout] 
[INFO] [stderr] error: could not compile `baukit-jobs` (test "postgres_claim_by_type") due to 11 previous errors; 19 warnings emitted
[INFO] [stdout] error[E0599]: no method named `expect` found for type `!` in the current scope
[INFO] [stdout]    --> tests/postgres.rs:574:10
[INFO] [stdout]     |
[INFO] [stdout] 566 |     store
[INFO] [stdout] 567 |         .claim(
[INFO] [stdout] 568 |             "complete-worker",
[INFO] [stdout] 569 |             &["cleanup.concurrent-completion"],
[INFO] [stdout] 570 |             completion_now,
[INFO] [stdout] 571 |             Duration::from_secs(60),
[INFO] [stdout] 572 |         )
[INFO] [stdout] 573 |         .await?
[INFO] [stdout] 574 |         .expect("job claimed for completion");
[INFO] [stdout]     |          ^^^^^^ method not found in `!`
[INFO] [stdout] 
[INFO] [stdout] 
[INFO] [stdout] warning: method call on a diverging inference variable
[INFO] [stdout]    --> tests/postgres.rs:590:28
[INFO] [stdout]     |
[INFO] [stdout] 590 |     completion_transaction.commit().await?;
[INFO] [stdout]     |                            ^^^^^^
[INFO] [stdout]     |
[INFO] [stdout]     = help: consider providing a type annotation
[INFO] [stdout]     = warning: this was previously accepted by the compiler but is being phased out; it will become a hard error in a future release!
[INFO] [stdout]     = note: for more information, see issue #156047 <https://github.com/rust-lang/rust/issues/156047>
[INFO] [stdout] 
[INFO] [stdout] 
[INFO] [stdout] error[E0599]: no method named `commit` found for type `!` in the current scope
[INFO] [stdout]    --> tests/postgres.rs:590:28
[INFO] [stdout]     |
[INFO] [stdout] 590 |     completion_transaction.commit().await?;
[INFO] [stdout]     |                            ^^^^^^ method not found in `!`
[INFO] [stdout] 
[INFO] [stdout] 
[INFO] [stdout] warning: method call on a diverging inference variable
[INFO] [stdout]    --> tests/postgres.rs:628:10
[INFO] [stdout]     |
[INFO] [stdout] 628 |         .expect("current recurring job claimed");
[INFO] [stdout]     |          ^^^^^^
[INFO] [stdout]     |
[INFO] [stdout]     = help: consider providing a type annotation
[INFO] [stdout]     = warning: this was previously accepted by the compiler but is being phased out; it will become a hard error in a future release!
[INFO] [stdout]     = note: for more information, see issue #156047 <https://github.com/rust-lang/rust/issues/156047>
[INFO] [stdout] 
[INFO] [stdout] 
[INFO] [stdout] error[E0599]: no method named `expect` found for type `!` in the current scope
[INFO] [stdout]    --> tests/postgres.rs:628:10
[INFO] [stdout]     |
[INFO] [stdout] 620 |     store
[INFO] [stdout] 621 |         .claim(
[INFO] [stdout] 622 |             "recurring-worker",
[INFO] [stdout] 623 |             &["recurring.test"],
[INFO] [stdout] 624 |             claim_now,
[INFO] [stdout] 625 |             Duration::from_secs(60),
[INFO] [stdout] 626 |         )
[INFO] [stdout] 627 |         .await?
[INFO] [stdout] 628 |         .expect("current recurring job claimed");
[INFO] [stdout]     |          ^^^^^^ method not found in `!`
[INFO] [stdout] 
[INFO] [stdout] 
[INFO] [stdout] error[E0433]: cannot find module or crate `baukit_test` in this scope
[INFO] [stdout]    --> tests/postgres.rs:663:19
[INFO] [stdout]     |
[INFO] [stdout] 663 |     let fixture = baukit_test::start_postgres().await?;
[INFO] [stdout]     |                   ^^^^^^^^^^^ use of unresolved module or unlinked crate `baukit_test`
[INFO] [stdout]     |
[INFO] [stdout]     = help: if you wanted to use a crate named `baukit_test`, use `cargo add baukit_test` to add it to your `Cargo.toml`
[INFO] [stdout] 
[INFO] [stdout] 
[INFO] [stdout] warning: method call on a diverging inference variable
[INFO] [stdout]    --> tests/postgres.rs:664:40
[INFO] [stdout]     |
[INFO] [stdout] 664 |     let pool = PgPool::connect(fixture.connection_url()).await?;
[INFO] [stdout]     |                                        ^^^^^^^^^^^^^^
[INFO] [stdout]     |
[INFO] [stdout]     = help: consider providing a type annotation
[INFO] [stdout]     = warning: this was previously accepted by the compiler but is being phased out; it will become a hard error in a future release!
[INFO] [stdout]     = note: for more information, see issue #156047 <https://github.com/rust-lang/rust/issues/156047>
[INFO] [stdout] 
[INFO] [stdout] 
[INFO] [stdout] error[E0599]: no method named `connection_url` found for type `!` in the current scope
[INFO] [stdout]    --> tests/postgres.rs:664:40
[INFO] [stdout]     |
[INFO] [stdout] 664 |     let pool = PgPool::connect(fixture.connection_url()).await?;
[INFO] [stdout]     |                                        ^^^^^^^^^^^^^^ method not found in `!`
[INFO] [stdout] 
[INFO] [stdout] 
[INFO] [stdout] warning: unreachable call
[INFO] [stdout]    --> tests/postgres.rs:720:5
[INFO] [stdout]     |
[INFO] [stdout] 720 |     drop(fixture);
[INFO] [stdout]     |     ^^^^ ------- any code following this expression is unreachable
[INFO] [stdout]     |     |
[INFO] [stdout]     |     unreachable call
[INFO] [stdout] 
[INFO] [stdout] 
[INFO] [stdout] error[E0433]: cannot find module or crate `baukit_test` in this scope
[INFO] [stdout]    --> tests/postgres.rs:759:12
[INFO] [stdout]     |
[INFO] [stdout] 759 | -> Result<(baukit_test::PostgresTestContainer, PgPool, PostgresJobStore), Box<dyn Error>> {
[INFO] [stdout]     |            ^^^^^^^^^^^ use of unresolved module or unlinked crate `baukit_test`
[INFO] [stdout]     |
[INFO] [stdout]     = help: if you wanted to use a crate named `baukit_test`, use `cargo add baukit_test` to add it to your `Cargo.toml`
[INFO] [stdout] 
[INFO] [stdout] 
[INFO] [stdout] Some errors have detailed explanations: E0433, E0599.
[INFO] [stdout] 
[INFO] [stdout] For more information about an error, try `rustc --explain E0433`.
[INFO] [stdout] 
[INFO] [stderr] error: could not compile `baukit-jobs` (test "postgres") due to 22 previous errors; 40 warnings emitted
[INFO] running `Command { std: "docker" "inspect" "22688aa6d9acba9cb95be35408788981a5c995f3c16de516a20d616f7fa05039", kill_on_drop: false }`
[INFO] running `Command { std: "docker" "rm" "-f" "22688aa6d9acba9cb95be35408788981a5c995f3c16de516a20d616f7fa05039", kill_on_drop: false }`
[INFO] [stdout] 22688aa6d9acba9cb95be35408788981a5c995f3c16de516a20d616f7fa05039
