[INFO] fetching crate bathy-query 0.1.0-alpha.2...
[INFO] checking bathy-query-0.1.0-alpha.2 against 3154cc1a3e6424e44f438a95007d043ed5ceaaf6+rustflags=-Znext-solver=coherence for pr-133502-30
[INFO] extracting crate bathy-query 0.1.0-alpha.2 into /workspace/builds/worker-6-tc1/source
[INFO] started tweaking crates.io crate bathy-query 0.1.0-alpha.2
[INFO] removed 0 missing tests
[INFO] finished tweaking crates.io crate bathy-query 0.1.0-alpha.2
[INFO] tweaked toml for crates.io crate bathy-query 0.1.0-alpha.2 written to /workspace/builds/worker-6-tc1/source/Cargo.toml
[INFO] validating manifest of crates.io crate bathy-query 0.1.0-alpha.2 on toolchain 3154cc1a3e6424e44f438a95007d043ed5ceaaf6
[INFO] running `Command { std: CARGO_HOME="/workspace/cargo-home" RUSTUP_HOME="/workspace/rustup-home" "/workspace/cargo-home/bin/cargo" "+3154cc1a3e6424e44f438a95007d043ed5ceaaf6" "metadata" "--manifest-path" "Cargo.toml" "--no-deps", kill_on_drop: false }`
[INFO] crate crates.io crate bathy-query 0.1.0-alpha.2 already has a lockfile, it will not be regenerated
[INFO] running `Command { std: CARGO_HOME="/workspace/cargo-home" RUSTUP_HOME="/workspace/rustup-home" "/workspace/cargo-home/bin/cargo" "+3154cc1a3e6424e44f438a95007d043ed5ceaaf6" "fetch" "--manifest-path" "Cargo.toml", kill_on_drop: false }`
[INFO] [stderr]     Blocking waiting for file lock on package cache
[INFO] [stderr]     Updating crates.io index
[INFO] [stderr]  Downloading crates ...
[INFO] [stderr]   Downloaded bathy-types v0.1.0-alpha.2
[INFO] [stderr]   Downloaded ulid v3.0.0
[INFO] running `Command { std: "docker" "create" "-v" "/var/lib/crater-agent-workspace/builds/worker-6-tc1/source:/opt/rustwide/workdir:ro,Z" "-v" "/var/lib/crater-agent-workspace/builds/worker-6-tc1/target:/opt/rustwide/target:rw,Z" "-v" "/var/lib/crater-agent-workspace/cargo-home:/opt/rustwide/cargo-home:ro,Z" "-v" "/var/lib/crater-agent-workspace/rustup-home:/opt/rustwide/rustup-home:ro,Z" "-m" "1610612736" "--network" "none" "ghcr.io/rust-lang/crates-build-env/linux@sha256:77db811e55d90add9212f6832c23229e3de5f1c1f9905e8cb07319ea15df73ac" "sleep" "infinity", kill_on_drop: false }`
[INFO] [stdout] d2f1218afb0bcf8e151e7d6525d3e9c1a6e118eb37423f25fee8b05dca2b2c4b
[INFO] running `Command { std: "docker" "start" "d2f1218afb0bcf8e151e7d6525d3e9c1a6e118eb37423f25fee8b05dca2b2c4b", kill_on_drop: false }`
[INFO] running `Command { std: "docker" "inspect" "d2f1218afb0bcf8e151e7d6525d3e9c1a6e118eb37423f25fee8b05dca2b2c4b", kill_on_drop: false }`
[INFO] running `Command { std: "docker" "exec" "-e" "SOURCE_DIR=/opt/rustwide/workdir" "-e" "CARGO_HOME=/opt/rustwide/cargo-home" "-e" "RUSTUP_HOME=/opt/rustwide/rustup-home" "-e" "CARGO_TARGET_DIR=/opt/rustwide/target" "-w" "/opt/rustwide/workdir" "--user" "0:0" "d2f1218afb0bcf8e151e7d6525d3e9c1a6e118eb37423f25fee8b05dca2b2c4b" "/opt/rustwide/cargo-home/bin/cargo" "+3154cc1a3e6424e44f438a95007d043ed5ceaaf6" "metadata" "--no-deps" "--format-version=1", kill_on_drop: false }`
[INFO] running `Command { std: "docker" "inspect" "d2f1218afb0bcf8e151e7d6525d3e9c1a6e118eb37423f25fee8b05dca2b2c4b", kill_on_drop: false }`
[INFO] running `Command { std: "docker" "exec" "-e" "SOURCE_DIR=/opt/rustwide/workdir" "-e" "CARGO_HOME=/opt/rustwide/cargo-home" "-e" "RUSTUP_HOME=/opt/rustwide/rustup-home" "-e" "CARGO_TARGET_DIR=/opt/rustwide/target" "-e" "CARGO_INCREMENTAL=0" "-e" "RUST_BACKTRACE=full" "-e" "RUSTFLAGS=--cap-lints=forbid -Znext-solver=coherence" "-e" "RUSTDOCFLAGS=--cap-lints=forbid" "-w" "/opt/rustwide/workdir" "--user" "0:0" "d2f1218afb0bcf8e151e7d6525d3e9c1a6e118eb37423f25fee8b05dca2b2c4b" "/opt/rustwide/cargo-home/bin/cargo" "+3154cc1a3e6424e44f438a95007d043ed5ceaaf6" "check" "--frozen" "--all" "--all-targets" "--message-format=json", kill_on_drop: false }`
[INFO] [stderr]    Compiling zerocopy v0.8.55
[INFO] [stderr]    Compiling ref-cast v1.0.26
[INFO] [stderr]    Compiling cc v1.4.0
[INFO] [stderr]    Compiling serde_json v1.0.151
[INFO] [stderr]     Checking getrandom v0.4.3
[INFO] [stderr]    Compiling syn v2.0.119
[INFO] [stderr]     Checking rustix v1.1.4
[INFO] [stderr]    Compiling thiserror v2.0.19
[INFO] [stderr]    Compiling ref-cast-impl v1.0.26
[INFO] [stderr]    Compiling serde_derive_internals v0.30.0
[INFO] [stderr]    Compiling serde_derive v1.0.229
[INFO] [stderr]    Compiling thiserror-impl v2.0.19
[INFO] [stderr]    Compiling num-traits v0.2.19
[INFO] [stderr]     Checking wait-timeout v0.2.1
[INFO] [stderr]     Checking slab v0.4.12
[INFO] [stderr]     Checking futures-core v0.3.33
[INFO] [stderr]     Checking bit-vec v0.8.0
[INFO] [stderr]     Checking futures-task v0.3.33
[INFO] [stderr]     Checking tokio v1.53.1
[INFO] [stderr]     Checking rand v0.9.5
[INFO] [stderr]     Checking rand_xorshift v0.4.0
[INFO] [stderr]     Checking unarray v0.1.4
[INFO] [stderr]     Checking rand v0.10.2
[INFO] [stderr]     Checking bit-set v0.8.0
[INFO] [stderr]     Checking futures-sink v0.3.33
[INFO] [stderr]     Checking ulid v3.0.0
[INFO] [stderr]    Compiling schemars_derive v1.2.2
[INFO] [stderr]    Compiling blake3 v1.8.5
[INFO] [stderr]     Checking tempfile v3.27.0
[INFO] [stderr]     Checking rusty-fork v0.3.1
[INFO] [stderr]    Compiling futures-macro v0.3.33
[INFO] [stderr]     Checking serde v1.0.229
[INFO] [stderr]     Checking schemars v1.2.2
[INFO] [stderr]     Checking futures-util v0.3.33
[INFO] [stderr]     Checking bathy-types v0.1.0-alpha.2
[INFO] [stderr]     Checking ppv-lite86 v0.2.21
[INFO] [stderr]     Checking rand_chacha v0.9.0
[INFO] [stderr]     Checking proptest v1.11.0
[INFO] [stderr]     Checking tokio-util v0.7.19
[INFO] [stderr]     Checking bathy-query v0.1.0-alpha.2 (/opt/rustwide/workdir)
[INFO] [stdout] error[E0433]: cannot find module or crate `bathy_engine` in this scope
[INFO] [stdout]   --> tests/real_log_fold.rs:39:5
[INFO] [stdout]    |
[INFO] [stdout] 39 | use bathy_engine::test_support::ClosedPort;
[INFO] [stdout]    |     ^^^^^^^^^^^^ use of unresolved module or unlinked crate `bathy_engine`
[INFO] [stdout]    |
[INFO] [stdout]    = help: if you wanted to use a crate named `bathy_engine`, use `cargo add bathy_engine` to add it to your `Cargo.toml`
[INFO] [stdout] 
[INFO] [stdout] 
[INFO] [stdout] error[E0432]: unresolved import `bathy_engine`
[INFO] [stdout]   --> tests/real_log_fold.rs:40:5
[INFO] [stdout]    |
[INFO] [stdout] 40 | use bathy_engine::{GroupCommitConfig, GroupCommitLog, Scheduler, SchedulerConfig};
[INFO] [stdout]    |     ^^^^^^^^^^^^ use of unresolved module or unlinked crate `bathy_engine`
[INFO] [stdout]    |
[INFO] [stdout]    = help: if you wanted to use a crate named `bathy_engine`, use `cargo add bathy_engine` to add it to your `Cargo.toml`
[INFO] [stdout] 
[INFO] [stdout] 
[INFO] [stdout] error[E0432]: unresolved import `bathy_evidence`
[INFO] [stdout]   --> tests/real_log_fold.rs:41:5
[INFO] [stdout]    |
[INFO] [stdout] 41 | use bathy_evidence::EvidenceStore;
[INFO] [stdout]    |     ^^^^^^^^^^^^^^ use of unresolved module or unlinked crate `bathy_evidence`
[INFO] [stdout]    |
[INFO] [stdout]    = help: if you wanted to use a crate named `bathy_evidence`, use `cargo add bathy_evidence` to add it to your `Cargo.toml`
[INFO] [stdout] 
[INFO] [stdout] 
[INFO] [stdout] error[E0432]: unresolved import `bathy_plan`
[INFO] [stdout]   --> tests/real_log_fold.rs:42:5
[INFO] [stdout]    |
[INFO] [stdout] 42 | use bathy_plan::ScanPlan;
[INFO] [stdout]    |     ^^^^^^^^^^ use of unresolved module or unlinked crate `bathy_plan`
[INFO] [stdout]    |
[INFO] [stdout]    = help: if you wanted to use a crate named `bathy_plan`, use `cargo add bathy_plan` to add it to your `Cargo.toml`
[INFO] [stdout] 
[INFO] [stdout] 
[INFO] [stdout] error[E0432]: unresolved import `bathy_probe`
[INFO] [stdout]   --> tests/real_log_fold.rs:43:5
[INFO] [stdout]    |
[INFO] [stdout] 43 | use bathy_probe::ProbeRegistry;
[INFO] [stdout]    |     ^^^^^^^^^^^ use of unresolved module or unlinked crate `bathy_probe`
[INFO] [stdout]    |
[INFO] [stdout]    = help: if you wanted to use a crate named `bathy_probe`, use `cargo add bathy_probe` to add it to your `Cargo.toml`
[INFO] [stdout] 
[INFO] [stdout] 
[INFO] [stdout] error[E0432]: unresolved import `bathy_scope`
[INFO] [stdout]   --> tests/real_log_fold.rs:45:5
[INFO] [stdout]    |
[INFO] [stdout] 45 | use bathy_scope::{BudgetLedger, ScopeManifest};
[INFO] [stdout]    |     ^^^^^^^^^^^ use of unresolved module or unlinked crate `bathy_scope`
[INFO] [stdout]    |
[INFO] [stdout]    = help: if you wanted to use a crate named `bathy_scope`, use `cargo add bathy_scope` to add it to your `Cargo.toml`
[INFO] [stdout] 
[INFO] [stdout] 
[INFO] [stdout] error[E0432]: unresolved import `bathy_store`
[INFO] [stdout]   --> tests/real_log_fold.rs:46:5
[INFO] [stdout]    |
[INFO] [stdout] 46 | use bathy_store::{StartRequest, TaskStore};
[INFO] [stdout]    |     ^^^^^^^^^^^ use of unresolved module or unlinked crate `bathy_store`
[INFO] [stdout]    |
[INFO] [stdout]    = help: if you wanted to use a crate named `bathy_store`, use `cargo add bathy_store` to add it to your `Cargo.toml`
[INFO] [stdout] 
[INFO] [stdout] 
[INFO] [stdout] error[E0432]: unresolved import `bathy_evidence`
[INFO] [stdout]   --> tests/old_log_compatibility.rs:41:5
[INFO] [stdout]    |
[INFO] [stdout] 41 | use bathy_evidence::EventLogReader;
[INFO] [stdout]    |     ^^^^^^^^^^^^^^ use of unresolved module or unlinked crate `bathy_evidence`
[INFO] [stdout]    |
[INFO] [stdout]    = help: if you wanted to use a crate named `bathy_evidence`, use `cargo add bathy_evidence` to add it to your `Cargo.toml`
[INFO] [stdout] 
[INFO] [stdout] 
[INFO] [stdout] error[E0433]: cannot find module or crate `bathy_engine` in this scope
[INFO] [stdout]    --> tests/real_log_fold.rs:213:31
[INFO] [stdout]     |
[INFO] [stdout] 213 |         self._reserved = Some(bathy_engine::test_support::seal(listener));
[INFO] [stdout]     |                               ^^^^^^^^^^^^ use of unresolved module or unlinked crate `bathy_engine`
[INFO] [stdout]     |
[INFO] [stdout]     = help: if you wanted to use a crate named `bathy_engine`, use `cargo add bathy_engine` to add it to your `Cargo.toml`
[INFO] [stdout] 
[INFO] [stdout] 
[INFO] [stdout] error[E0433]: cannot find module or crate `bathy_engine` in this scope
[INFO] [stdout]    --> tests/real_log_fold.rs:222:9
[INFO] [stdout]     |
[INFO] [stdout] 222 |         bathy_engine::test_support::reserving_listener("127.0.0.1:0".parse().unwrap());
[INFO] [stdout]     |         ^^^^^^^^^^^^ use of unresolved module or unlinked crate `bathy_engine`
[INFO] [stdout]     |
[INFO] [stdout]     = help: if you wanted to use a crate named `bathy_engine`, use `cargo add bathy_engine` to add it to your `Cargo.toml`
[INFO] [stdout] 
[INFO] [stdout] 
[INFO] [stdout] For more information about this error, try `rustc --explain E0432`.
[INFO] [stdout] 
[INFO] [stderr] error: could not compile `bathy-query` (test "old_log_compatibility") due to 1 previous error
[INFO] [stderr] warning: build failed, waiting for other jobs to finish...
[INFO] [stdout] Some errors have detailed explanations: E0432, E0433.
[INFO] [stdout] 
[INFO] [stdout] For more information about an error, try `rustc --explain E0432`.
[INFO] [stdout] 
[INFO] [stderr] error: could not compile `bathy-query` (test "real_log_fold") due to 9 previous errors
[INFO] running `Command { std: "docker" "inspect" "d2f1218afb0bcf8e151e7d6525d3e9c1a6e118eb37423f25fee8b05dca2b2c4b", kill_on_drop: false }`
[INFO] running `Command { std: "docker" "rm" "-f" "d2f1218afb0bcf8e151e7d6525d3e9c1a6e118eb37423f25fee8b05dca2b2c4b", kill_on_drop: false }`
[INFO] [stdout] d2f1218afb0bcf8e151e7d6525d3e9c1a6e118eb37423f25fee8b05dca2b2c4b
