[INFO] fetching crate bathy-engine 0.1.0-alpha.2...
[INFO] checking bathy-engine-0.1.0-alpha.2 against 3154cc1a3e6424e44f438a95007d043ed5ceaaf6 for pr-133502-30
[INFO] extracting crate bathy-engine 0.1.0-alpha.2 into /workspace/builds/worker-2-tc2/source
[INFO] started tweaking crates.io crate bathy-engine 0.1.0-alpha.2
[INFO] removed 0 missing examples
[INFO] removed 0 missing tests
[INFO] finished tweaking crates.io crate bathy-engine 0.1.0-alpha.2
[INFO] tweaked toml for crates.io crate bathy-engine 0.1.0-alpha.2 written to /workspace/builds/worker-2-tc2/source/Cargo.toml
[INFO] validating manifest of crates.io crate bathy-engine 0.1.0-alpha.2 on toolchain 3154cc1a3e6424e44f438a95007d043ed5ceaaf6
[INFO] running `Command { std: CARGO_HOME="/workspace/cargo-home" RUSTUP_HOME="/workspace/rustup-home" "/workspace/cargo-home/bin/cargo" "+3154cc1a3e6424e44f438a95007d043ed5ceaaf6" "metadata" "--manifest-path" "Cargo.toml" "--no-deps", kill_on_drop: false }`
[INFO] crate crates.io crate bathy-engine 0.1.0-alpha.2 already has a lockfile, it will not be regenerated
[INFO] running `Command { std: CARGO_HOME="/workspace/cargo-home" RUSTUP_HOME="/workspace/rustup-home" "/workspace/cargo-home/bin/cargo" "+3154cc1a3e6424e44f438a95007d043ed5ceaaf6" "fetch" "--manifest-path" "Cargo.toml", kill_on_drop: false }`
[INFO] running `Command { std: "docker" "create" "-v" "/var/lib/crater-agent-workspace/builds/worker-2-tc2/source:/opt/rustwide/workdir:ro,Z" "-v" "/var/lib/crater-agent-workspace/builds/worker-2-tc2/target:/opt/rustwide/target:rw,Z" "-v" "/var/lib/crater-agent-workspace/cargo-home:/opt/rustwide/cargo-home:ro,Z" "-v" "/var/lib/crater-agent-workspace/rustup-home:/opt/rustwide/rustup-home:ro,Z" "-m" "1610612736" "--network" "none" "ghcr.io/rust-lang/crates-build-env/linux@sha256:77db811e55d90add9212f6832c23229e3de5f1c1f9905e8cb07319ea15df73ac" "sleep" "infinity", kill_on_drop: false }`
[INFO] [stdout] b658fdb2d6922adca5e3b7be332ba2ddb0f64fc7d738116b88811f0bacaa495a
[INFO] running `Command { std: "docker" "start" "b658fdb2d6922adca5e3b7be332ba2ddb0f64fc7d738116b88811f0bacaa495a", kill_on_drop: false }`
[INFO] running `Command { std: "docker" "inspect" "b658fdb2d6922adca5e3b7be332ba2ddb0f64fc7d738116b88811f0bacaa495a", kill_on_drop: false }`
[INFO] running `Command { std: "docker" "exec" "-e" "SOURCE_DIR=/opt/rustwide/workdir" "-e" "CARGO_HOME=/opt/rustwide/cargo-home" "-e" "RUSTUP_HOME=/opt/rustwide/rustup-home" "-e" "CARGO_TARGET_DIR=/opt/rustwide/target" "-w" "/opt/rustwide/workdir" "--user" "0:0" "b658fdb2d6922adca5e3b7be332ba2ddb0f64fc7d738116b88811f0bacaa495a" "/opt/rustwide/cargo-home/bin/cargo" "+3154cc1a3e6424e44f438a95007d043ed5ceaaf6" "metadata" "--no-deps" "--format-version=1", kill_on_drop: false }`
[INFO] running `Command { std: "docker" "inspect" "b658fdb2d6922adca5e3b7be332ba2ddb0f64fc7d738116b88811f0bacaa495a", kill_on_drop: false }`
[INFO] running `Command { std: "docker" "exec" "-e" "SOURCE_DIR=/opt/rustwide/workdir" "-e" "CARGO_HOME=/opt/rustwide/cargo-home" "-e" "RUSTUP_HOME=/opt/rustwide/rustup-home" "-e" "CARGO_TARGET_DIR=/opt/rustwide/target" "-e" "CARGO_INCREMENTAL=0" "-e" "RUST_BACKTRACE=full" "-e" "RUSTFLAGS=--cap-lints=forbid" "-e" "RUSTDOCFLAGS=--cap-lints=forbid" "-w" "/opt/rustwide/workdir" "--user" "0:0" "b658fdb2d6922adca5e3b7be332ba2ddb0f64fc7d738116b88811f0bacaa495a" "/opt/rustwide/cargo-home/bin/cargo" "+3154cc1a3e6424e44f438a95007d043ed5ceaaf6" "check" "--frozen" "--all" "--all-targets" "--message-format=json", kill_on_drop: false }`
[INFO] [stderr]    Compiling cc v1.4.0
[INFO] [stderr]     Checking serde v1.0.229
[INFO] [stderr]     Checking ulid v3.0.0
[INFO] [stderr]    Compiling syn v2.0.119
[INFO] [stderr]     Checking hashlink v0.12.1
[INFO] [stderr]     Checking tokio v1.53.1
[INFO] [stderr]     Checking regex-automata v0.4.16
[INFO] [stderr]     Checking time v0.3.55
[INFO] [stderr]     Checking fs4 v1.1.0
[INFO] [stderr]     Checking tempfile v3.27.0
[INFO] [stderr]     Checking schemars v1.2.2
[INFO] [stderr]     Checking ipnet v2.12.0
[INFO] [stderr]    Compiling blake3 v1.8.5
[INFO] [stderr]    Compiling libsqlite3-sys v0.38.1
[INFO] [stderr]     Checking bathy-types v0.1.0-alpha.2
[INFO] [stderr]     Checking regex v1.13.1
[INFO] [stderr]    Compiling futures-macro v0.3.33
[INFO] [stderr]     Checking bathy-evidence v0.1.0-alpha.2
[INFO] [stderr]     Checking bathy-scope v0.1.0-alpha.2
[INFO] [stderr]     Checking bathy-interpret v0.1.0-alpha.2
[INFO] [stderr]     Checking bathy-plan v0.1.0-alpha.2
[INFO] [stderr]     Checking futures-util v0.3.33
[INFO] [stderr]     Checking bathy-probe v0.1.0-alpha.2
[INFO] [stderr]     Checking tokio-util v0.7.19
[INFO] [stderr]     Checking rusqlite v0.40.1
[INFO] [stderr]     Checking bathy-store v0.1.0-alpha.2
[INFO] [stderr]     Checking bathy-engine v0.1.0-alpha.2 (/opt/rustwide/workdir)
[INFO] [stdout] error[E0599]: no associated function or constant named `for_tests_allowing_loopback` found for struct `bathy_scope::ScopeManifest` in the current scope
[INFO] [stdout]     --> src/scheduler.rs:2237:28
[INFO] [stdout]      |
[INFO] [stdout] 2237 |             ScopeManifest::for_tests_allowing_loopback(
[INFO] [stdout]      |                            ^^^^^^^^^^^^^^^^^^^^^^^^^^^ associated function or constant not found in `bathy_scope::ScopeManifest`
[INFO] [stdout]      |
[INFO] [stdout] note: if you're trying to build a new `bathy_scope::ScopeManifest`, consider using `bathy_scope::ScopeManifest::load` which returns `Result<bathy_scope::ScopeManifest, ManifestError>`
[INFO] [stdout]     --> /opt/rustwide/cargo-home/registry/src/index.crates.io-1949cf8c6b5b557f/bathy-scope-0.1.0-alpha.2/src/manifest.rs:109:5
[INFO] [stdout]      |
[INFO] [stdout]  109 |     pub fn load(json: &str) -> Result<Self, ManifestError> {
[INFO] [stdout]      |     ^^^^^^^^^^^^^^^^^^^^^^^^^^^^^^^^^^^^^^^^^^^^^^^^^^^^^^
[INFO] [stdout] 
[INFO] [stdout] 
[INFO] [stdout] error[E0599]: no associated function or constant named `for_tests_allowing_loopback` found for struct `bathy_scope::ScopeManifest` in the current scope
[INFO] [stdout]     --> src/scheduler.rs:2302:28
[INFO] [stdout]      |
[INFO] [stdout] 2302 |             ScopeManifest::for_tests_allowing_loopback(
[INFO] [stdout]      |                            ^^^^^^^^^^^^^^^^^^^^^^^^^^^ associated function or constant not found in `bathy_scope::ScopeManifest`
[INFO] [stdout]      |
[INFO] [stdout] note: if you're trying to build a new `bathy_scope::ScopeManifest`, consider using `bathy_scope::ScopeManifest::load` which returns `Result<bathy_scope::ScopeManifest, ManifestError>`
[INFO] [stdout]     --> /opt/rustwide/cargo-home/registry/src/index.crates.io-1949cf8c6b5b557f/bathy-scope-0.1.0-alpha.2/src/manifest.rs:109:5
[INFO] [stdout]      |
[INFO] [stdout]  109 |     pub fn load(json: &str) -> Result<Self, ManifestError> {
[INFO] [stdout]      |     ^^^^^^^^^^^^^^^^^^^^^^^^^^^^^^^^^^^^^^^^^^^^^^^^^^^^^^
[INFO] [stdout] 
[INFO] [stdout] 
[INFO] [stdout] error[E0599]: no associated function or constant named `for_tests_allowing_loopback` found for struct `bathy_scope::ScopeManifest` in the current scope
[INFO] [stdout]     --> src/scheduler.rs:2328:28
[INFO] [stdout]      |
[INFO] [stdout] 2328 |             ScopeManifest::for_tests_allowing_loopback(
[INFO] [stdout]      |                            ^^^^^^^^^^^^^^^^^^^^^^^^^^^ associated function or constant not found in `bathy_scope::ScopeManifest`
[INFO] [stdout]      |
[INFO] [stdout] note: if you're trying to build a new `bathy_scope::ScopeManifest`, consider using `bathy_scope::ScopeManifest::load` which returns `Result<bathy_scope::ScopeManifest, ManifestError>`
[INFO] [stdout]     --> /opt/rustwide/cargo-home/registry/src/index.crates.io-1949cf8c6b5b557f/bathy-scope-0.1.0-alpha.2/src/manifest.rs:109:5
[INFO] [stdout]      |
[INFO] [stdout]  109 |     pub fn load(json: &str) -> Result<Self, ManifestError> {
[INFO] [stdout]      |     ^^^^^^^^^^^^^^^^^^^^^^^^^^^^^^^^^^^^^^^^^^^^^^^^^^^^^^
[INFO] [stdout] 
[INFO] [stdout] 
[INFO] [stdout] error: couldn't read `tests/../../../lab/ground-truth.json`: No such file or directory (os error 2)
[INFO] [stdout]   --> tests/syn_vs_connect.rs:73:28
[INFO] [stdout]    |
[INFO] [stdout] 73 | const GROUND_TRUTH: &str = include_str!("../../../lab/ground-truth.json");
[INFO] [stdout]    |                            ^^^^^^^^^^^^^^^^^^^^^^^^^^^^^^^^^^^^^^^^^^^^^^
[INFO] [stdout] 
[INFO] [stdout] 
[INFO] [stdout] error: couldn't read `tests/../../../lab/scope.json`: No such file or directory (os error 2)
[INFO] [stdout]   --> tests/syn_vs_connect.rs:74:30
[INFO] [stdout]    |
[INFO] [stdout] 74 | const SCOPE_MANIFEST: &str = include_str!("../../../lab/scope.json");
[INFO] [stdout]    |                              ^^^^^^^^^^^^^^^^^^^^^^^^^^^^^^^^^^^^^^^
[INFO] [stdout] 
[INFO] [stdout] 
[INFO] [stdout] error[E0599]: no associated function or constant named `for_tests_allowing_loopback` found for struct `ScopeManifest` in the current scope
[INFO] [stdout]    --> tests/packetd_integration.rs:134:29
[INFO] [stdout]     |
[INFO] [stdout] 134 |     Arc::new(ScopeManifest::for_tests_allowing_loopback(&json).expect("the fixture manifest loads"))
[INFO] [stdout]     |                             ^^^^^^^^^^^^^^^^^^^^^^^^^^^ associated function or constant not found in `ScopeManifest`
[INFO] [stdout]     |
[INFO] [stdout] note: if you're trying to build a new `ScopeManifest`, consider using `ScopeManifest::load` which returns `std::result::Result<ScopeManifest, ManifestError>`
[INFO] [stdout]    --> /opt/rustwide/cargo-home/registry/src/index.crates.io-1949cf8c6b5b557f/bathy-scope-0.1.0-alpha.2/src/manifest.rs:109:5
[INFO] [stdout]     |
[INFO] [stdout] 109 |     pub fn load(json: &str) -> Result<Self, ManifestError> {
[INFO] [stdout]     |     ^^^^^^^^^^^^^^^^^^^^^^^^^^^^^^^^^^^^^^^^^^^^^^^^^^^^^^
[INFO] [stdout] 
[INFO] [stdout] 
[INFO] [stdout] error[E0599]: no associated function or constant named `for_tests_allowing_loopback` found for struct `ScopeManifest` in the current scope
[INFO] [stdout]    --> tests/end_to_end_scan.rs:51:24
[INFO] [stdout]     |
[INFO] [stdout]  51 |         ScopeManifest::for_tests_allowing_loopback(
[INFO] [stdout]     |                        ^^^^^^^^^^^^^^^^^^^^^^^^^^^ associated function or constant not found in `ScopeManifest`
[INFO] [stdout]     |
[INFO] [stdout] note: if you're trying to build a new `ScopeManifest`, consider using `ScopeManifest::load` which returns `std::result::Result<ScopeManifest, ManifestError>`
[INFO] [stdout]    --> /opt/rustwide/cargo-home/registry/src/index.crates.io-1949cf8c6b5b557f/bathy-scope-0.1.0-alpha.2/src/manifest.rs:109:5
[INFO] [stdout]     |
[INFO] [stdout] 109 |     pub fn load(json: &str) -> Result<Self, ManifestError> {
[INFO] [stdout]     |     ^^^^^^^^^^^^^^^^^^^^^^^^^^^^^^^^^^^^^^^^^^^^^^^^^^^^^^
[INFO] [stdout] 
[INFO] [stdout] 
[INFO] [stdout] For more information about this error, try `rustc --explain E0599`.
[INFO] [stdout] 
[INFO] [stderr] error: could not compile `bathy-engine` (test "end_to_end_scan") due to 1 previous error
[INFO] [stderr] warning: build failed, waiting for other jobs to finish...
[INFO] [stderr] error: could not compile `bathy-engine` (test "syn_vs_connect") due to 2 previous errors
[INFO] [stdout] For more information about this error, try `rustc --explain E0599`.
[INFO] [stdout] 
[INFO] [stderr] error: could not compile `bathy-engine` (test "packetd_integration") due to 1 previous error
[INFO] [stdout] For more information about this error, try `rustc --explain E0599`.
[INFO] [stdout] 
[INFO] [stderr] error: could not compile `bathy-engine` (lib test) due to 3 previous errors
[INFO] running `Command { std: "docker" "inspect" "b658fdb2d6922adca5e3b7be332ba2ddb0f64fc7d738116b88811f0bacaa495a", kill_on_drop: false }`
[INFO] running `Command { std: "docker" "rm" "-f" "b658fdb2d6922adca5e3b7be332ba2ddb0f64fc7d738116b88811f0bacaa495a", kill_on_drop: false }`
[INFO] [stdout] b658fdb2d6922adca5e3b7be332ba2ddb0f64fc7d738116b88811f0bacaa495a
