[INFO] fetching crate base64-ng-serde 2.0.3...
[INFO] checking base64-ng-serde-2.0.3 against 3154cc1a3e6424e44f438a95007d043ed5ceaaf6 for pr-133502-30
[INFO] extracting crate base64-ng-serde 2.0.3 into /workspace/builds/worker-1-tc2/source
[INFO] started tweaking crates.io crate base64-ng-serde 2.0.3
[INFO] removed 0 missing tests
[INFO] finished tweaking crates.io crate base64-ng-serde 2.0.3
[INFO] tweaked toml for crates.io crate base64-ng-serde 2.0.3 written to /workspace/builds/worker-1-tc2/source/Cargo.toml
[INFO] validating manifest of crates.io crate base64-ng-serde 2.0.3 on toolchain 3154cc1a3e6424e44f438a95007d043ed5ceaaf6
[INFO] running `Command { std: CARGO_HOME="/workspace/cargo-home" RUSTUP_HOME="/workspace/rustup-home" "/workspace/cargo-home/bin/cargo" "+3154cc1a3e6424e44f438a95007d043ed5ceaaf6" "metadata" "--manifest-path" "Cargo.toml" "--no-deps", kill_on_drop: false }`
[INFO] crate crates.io crate base64-ng-serde 2.0.3 already has a lockfile, it will not be regenerated
[INFO] running `Command { std: CARGO_HOME="/workspace/cargo-home" RUSTUP_HOME="/workspace/rustup-home" "/workspace/cargo-home/bin/cargo" "+3154cc1a3e6424e44f438a95007d043ed5ceaaf6" "fetch" "--manifest-path" "Cargo.toml", kill_on_drop: false }`
[INFO] [stderr] warning: `package.homepage` is redundant with `package.repository`
[INFO] [stderr]   --> Cargo.toml:46:12
[INFO] [stderr]    |
[INFO] [stderr] 46 | homepage = "https://github.com/valkyoth/base64-ng"
[INFO] [stderr]    |            ^^^^^^^^^^^^^^^^^^^^^^^^^^^^^^^^^^^^^^^
[INFO] [stderr] ...
[INFO] [stderr] 52 | repository = "https://github.com/valkyoth/base64-ng"
[INFO] [stderr]    |              ---------------------------------------
[INFO] [stderr]    |
[INFO] [stderr]    = note: `cargo::redundant_homepage` is set to `warn` by default
[INFO] [stderr] help: consider removing `package.homepage`
[INFO] [stderr] warning: `base64-ng-serde` (manifest) generated 1 warning
[INFO] running `Command { std: "docker" "create" "-v" "/var/lib/crater-agent-workspace/builds/worker-1-tc2/source:/opt/rustwide/workdir:ro,Z" "-v" "/var/lib/crater-agent-workspace/builds/worker-1-tc2/target:/opt/rustwide/target:rw,Z" "-v" "/var/lib/crater-agent-workspace/cargo-home:/opt/rustwide/cargo-home:ro,Z" "-v" "/var/lib/crater-agent-workspace/rustup-home:/opt/rustwide/rustup-home:ro,Z" "-m" "1610612736" "--network" "none" "ghcr.io/rust-lang/crates-build-env/linux@sha256:77db811e55d90add9212f6832c23229e3de5f1c1f9905e8cb07319ea15df73ac" "sleep" "infinity", kill_on_drop: false }`
[INFO] [stdout] f7a476fa96471477e0fa0385d2eb0ca9777c6e45f040ec15da630215be0dc0c7
[INFO] running `Command { std: "docker" "start" "f7a476fa96471477e0fa0385d2eb0ca9777c6e45f040ec15da630215be0dc0c7", kill_on_drop: false }`
[INFO] running `Command { std: "docker" "inspect" "f7a476fa96471477e0fa0385d2eb0ca9777c6e45f040ec15da630215be0dc0c7", kill_on_drop: false }`
[INFO] running `Command { std: "docker" "exec" "-e" "SOURCE_DIR=/opt/rustwide/workdir" "-e" "CARGO_HOME=/opt/rustwide/cargo-home" "-e" "RUSTUP_HOME=/opt/rustwide/rustup-home" "-e" "CARGO_TARGET_DIR=/opt/rustwide/target" "-w" "/opt/rustwide/workdir" "--user" "0:0" "f7a476fa96471477e0fa0385d2eb0ca9777c6e45f040ec15da630215be0dc0c7" "/opt/rustwide/cargo-home/bin/cargo" "+3154cc1a3e6424e44f438a95007d043ed5ceaaf6" "metadata" "--no-deps" "--format-version=1", kill_on_drop: false }`
[INFO] running `Command { std: "docker" "inspect" "f7a476fa96471477e0fa0385d2eb0ca9777c6e45f040ec15da630215be0dc0c7", kill_on_drop: false }`
[INFO] running `Command { std: "docker" "exec" "-e" "SOURCE_DIR=/opt/rustwide/workdir" "-e" "CARGO_HOME=/opt/rustwide/cargo-home" "-e" "RUSTUP_HOME=/opt/rustwide/rustup-home" "-e" "CARGO_TARGET_DIR=/opt/rustwide/target" "-e" "CARGO_INCREMENTAL=0" "-e" "RUST_BACKTRACE=full" "-e" "RUSTFLAGS=--cap-lints=forbid" "-e" "RUSTDOCFLAGS=--cap-lints=forbid" "-w" "/opt/rustwide/workdir" "--user" "0:0" "f7a476fa96471477e0fa0385d2eb0ca9777c6e45f040ec15da630215be0dc0c7" "/opt/rustwide/cargo-home/bin/cargo" "+3154cc1a3e6424e44f438a95007d043ed5ceaaf6" "check" "--frozen" "--all" "--all-targets" "--message-format=json", kill_on_drop: false }`
[INFO] [stderr] warning: `package.homepage` is redundant with `package.repository`
[INFO] [stderr]   --> Cargo.toml:46:12
[INFO] [stderr]    |
[INFO] [stderr] 46 | homepage = "https://github.com/valkyoth/base64-ng"
[INFO] [stderr]    |            ^^^^^^^^^^^^^^^^^^^^^^^^^^^^^^^^^^^^^^^
[INFO] [stderr] ...
[INFO] [stderr] 52 | repository = "https://github.com/valkyoth/base64-ng"
[INFO] [stderr]    |              ---------------------------------------
[INFO] [stderr]    |
[INFO] [stderr]    = note: `cargo::redundant_homepage` is set to `warn` by default
[INFO] [stderr] help: consider removing `package.homepage`
[INFO] [stderr] warning: `base64-ng-serde` (manifest) generated 1 warning
[INFO] [stderr]    Compiling proc-macro2 v1.0.107
[INFO] [stderr]    Compiling quote v1.0.47
[INFO] [stderr]    Compiling serde v1.0.229
[INFO] [stderr]    Compiling zmij v1.0.23
[INFO] [stderr]    Compiling serde_json v1.0.151
[INFO] [stderr]     Checking base64-ng v2.0.3
[INFO] [stderr]    Compiling serde_core v1.0.229
[INFO] [stderr]     Checking memchr v2.8.3
[INFO] [stderr]    Compiling syn v3.0.4
[INFO] [stderr]    Compiling serde_derive v1.0.229
[INFO] [stderr]     Checking base64-ng-serde v2.0.3 (/opt/rustwide/workdir)
[INFO] [stdout] error[E0432]: unresolved import `base64_ng::secret`
[INFO] [stdout]    --> tests/bounded.rs:3:31
[INFO] [stdout]     |
[INFO] [stdout]   3 | use base64_ng::{DecodedArray, secret::SecretArray};
[INFO] [stdout]     |                               ^^^^^^ could not find `secret` in `base64_ng`
[INFO] [stdout]     |
[INFO] [stdout] note: found an item that was configured out
[INFO] [stdout]    --> /opt/rustwide/cargo-home/registry/src/index.crates.io-1949cf8c6b5b557f/base64-ng-2.0.3/src/lib.rs:154:13
[INFO] [stdout]     |
[INFO] [stdout] 153 | #[cfg(feature = "secrets")]
[INFO] [stdout]     |       ------------------- the item is gated behind the `secrets` feature
[INFO] [stdout] 154 | pub use v2::secret;
[INFO] [stdout]     |             ^^^^^^
[INFO] [stdout] 
[INFO] [stdout] 
[INFO] [stdout] error[E0433]: cannot find `secret` in `base64_ng_serde`
[INFO] [stdout]   --> tests/bounded.rs:20:20
[INFO] [stdout]    |
[INFO] [stdout] 20 |     #[serde(with = "base64_ng_serde::secret::standard")]
[INFO] [stdout]    |                    ^^^^^^^^^^^^^^^^^^^^^^^^^^^^^^^^^^^ could not find `secret` in `base64_ng_serde`
[INFO] [stdout]    |
[INFO] [stdout] note: found an item that was configured out
[INFO] [stdout]   --> src/lib.rs:56:9
[INFO] [stdout]    |
[INFO] [stdout] 55 | #[cfg(feature = "secrets")]
[INFO] [stdout]    |       ------------------- the item is gated behind the `secrets` feature
[INFO] [stdout] 56 | pub mod secret;
[INFO] [stdout]    |         ^^^^^^
[INFO] [stdout] help: consider importing one of these modules
[INFO] [stdout]    |
[INFO] [stdout]  3 + use base64_ng_serde::bounded::standard;
[INFO] [stdout]    |
[INFO] [stdout]  3 + use base64_ng_serde::standard;
[INFO] [stdout]    |
[INFO] [stdout] 
[INFO] [stdout] 
[INFO] [stdout] error[E0433]: cannot find `secret` in `base64_ng_serde`
[INFO] [stdout]   --> tests/bounded.rs:26:32
[INFO] [stdout]    |
[INFO] [stdout] 26 |     #[serde(deserialize_with = "base64_ng_serde::secret::standard::deserialize_exact")]
[INFO] [stdout]    |                                ^^^^^^^^^^^^^^^^^^^^^^^^^^^^^^^^^^^^^^^^^^^^^^^^^^^^^^ could not find `secret` in `base64_ng_serde`
[INFO] [stdout]    |
[INFO] [stdout] note: found an item that was configured out
[INFO] [stdout]   --> src/lib.rs:56:9
[INFO] [stdout]    |
[INFO] [stdout] 55 | #[cfg(feature = "secrets")]
[INFO] [stdout]    |       ------------------- the item is gated behind the `secrets` feature
[INFO] [stdout] 56 | pub mod secret;
[INFO] [stdout]    |         ^^^^^^
[INFO] [stdout] help: consider importing this module
[INFO] [stdout]    |
[INFO] [stdout]  3 + use base64_ng_serde::bounded::standard;
[INFO] [stdout]    |
[INFO] [stdout] 
[INFO] [stdout] 
[INFO] [stdout] error[E0433]: cannot find `secret` in `base64_ng`
[INFO] [stdout]    --> tests/serializer_modes.rs:252:29
[INFO] [stdout]     |
[INFO] [stdout] 252 |     let secret = base64_ng::secret::SecretArray::from_array(*b"secret00", 6).unwrap();
[INFO] [stdout]     |                             ^^^^^^ could not find `secret` in `base64_ng`
[INFO] [stdout]     |
[INFO] [stdout] note: found an item that was configured out
[INFO] [stdout]    --> /opt/rustwide/cargo-home/registry/src/index.crates.io-1949cf8c6b5b557f/base64-ng-2.0.3/src/lib.rs:154:13
[INFO] [stdout]     |
[INFO] [stdout] 153 | #[cfg(feature = "secrets")]
[INFO] [stdout]     |       ------------------- the item is gated behind the `secrets` feature
[INFO] [stdout] 154 | pub use v2::secret;
[INFO] [stdout]     |             ^^^^^^
[INFO] [stdout] 
[INFO] [stdout] 
[INFO] [stdout] error[E0433]: cannot find `secret` in `base64_ng_serde`
[INFO] [stdout]    --> tests/serializer_modes.rs:256:38
[INFO] [stdout]     |
[INFO] [stdout] 256 |             let _ = base64_ng_serde::secret::standard::serialize(
[INFO] [stdout]     |                                      ^^^^^^ could not find `secret` in `base64_ng_serde`
[INFO] [stdout]     |
[INFO] [stdout] note: found an item that was configured out
[INFO] [stdout]    --> src/lib.rs:56:9
[INFO] [stdout]     |
[INFO] [stdout]  55 | #[cfg(feature = "secrets")]
[INFO] [stdout]     |       ------------------- the item is gated behind the `secrets` feature
[INFO] [stdout]  56 | pub mod secret;
[INFO] [stdout]     |         ^^^^^^
[INFO] [stdout] help: consider importing one of these modules
[INFO] [stdout]     |
[INFO] [stdout]   3 + use base64_ng_serde::bounded::standard;
[INFO] [stdout]     |
[INFO] [stdout]   3 + use base64_ng_serde::standard;
[INFO] [stdout]     |
[INFO] [stdout] help: if you import `standard`, refer to it directly
[INFO] [stdout]     |
[INFO] [stdout] 256 -             let _ = base64_ng_serde::secret::standard::serialize(
[INFO] [stdout] 256 +             let _ = standard::serialize(
[INFO] [stdout]     |
[INFO] [stdout] 
[INFO] [stdout] 
[INFO] [stdout] For more information about this error, try `rustc --explain E0433`.
[INFO] [stdout] 
[INFO] [stdout] Some errors have detailed explanations: E0432, E0433.
[INFO] [stdout] 
[INFO] [stdout] For more information about an error, try `rustc --explain E0432`.
[INFO] [stdout] 
[INFO] [stderr] error: could not compile `base64-ng-serde` (test "serializer_modes") due to 2 previous errors
[INFO] [stderr] warning: build failed, waiting for other jobs to finish...
[INFO] [stderr] error: could not compile `base64-ng-serde` (test "bounded") due to 3 previous errors
[INFO] running `Command { std: "docker" "inspect" "f7a476fa96471477e0fa0385d2eb0ca9777c6e45f040ec15da630215be0dc0c7", kill_on_drop: false }`
[INFO] running `Command { std: "docker" "rm" "-f" "f7a476fa96471477e0fa0385d2eb0ca9777c6e45f040ec15da630215be0dc0c7", kill_on_drop: false }`
[INFO] [stdout] f7a476fa96471477e0fa0385d2eb0ca9777c6e45f040ec15da630215be0dc0c7
