[INFO] fetching crate bar-proxy 0.3.0...
[INFO] checking bar-proxy-0.3.0 against 3154cc1a3e6424e44f438a95007d043ed5ceaaf6 for pr-133502-30
[INFO] extracting crate bar-proxy 0.3.0 into /workspace/builds/worker-2-tc2/source
[INFO] started tweaking crates.io crate bar-proxy 0.3.0
[INFO] removed 0 missing tests
[INFO] finished tweaking crates.io crate bar-proxy 0.3.0
[INFO] tweaked toml for crates.io crate bar-proxy 0.3.0 written to /workspace/builds/worker-2-tc2/source/Cargo.toml
[INFO] validating manifest of crates.io crate bar-proxy 0.3.0 on toolchain 3154cc1a3e6424e44f438a95007d043ed5ceaaf6
[INFO] running `Command { std: CARGO_HOME="/workspace/cargo-home" RUSTUP_HOME="/workspace/rustup-home" "/workspace/cargo-home/bin/cargo" "+3154cc1a3e6424e44f438a95007d043ed5ceaaf6" "metadata" "--manifest-path" "Cargo.toml" "--no-deps", kill_on_drop: false }`
[INFO] crate crates.io crate bar-proxy 0.3.0 already has a lockfile, it will not be regenerated
[INFO] running `Command { std: CARGO_HOME="/workspace/cargo-home" RUSTUP_HOME="/workspace/rustup-home" "/workspace/cargo-home/bin/cargo" "+3154cc1a3e6424e44f438a95007d043ed5ceaaf6" "fetch" "--manifest-path" "Cargo.toml", kill_on_drop: false }`
[INFO] running `Command { std: "docker" "create" "-v" "/var/lib/crater-agent-workspace/builds/worker-2-tc2/source:/opt/rustwide/workdir:ro,Z" "-v" "/var/lib/crater-agent-workspace/builds/worker-2-tc2/target:/opt/rustwide/target:rw,Z" "-v" "/var/lib/crater-agent-workspace/cargo-home:/opt/rustwide/cargo-home:ro,Z" "-v" "/var/lib/crater-agent-workspace/rustup-home:/opt/rustwide/rustup-home:ro,Z" "-m" "1610612736" "--network" "none" "ghcr.io/rust-lang/crates-build-env/linux@sha256:77db811e55d90add9212f6832c23229e3de5f1c1f9905e8cb07319ea15df73ac" "sleep" "infinity", kill_on_drop: false }`
[INFO] [stdout] 6c32e9a8cac84ba496afab76a034cb7d986957603b52a93549f233e7be2054d9
[INFO] running `Command { std: "docker" "start" "6c32e9a8cac84ba496afab76a034cb7d986957603b52a93549f233e7be2054d9", kill_on_drop: false }`
[INFO] running `Command { std: "docker" "inspect" "6c32e9a8cac84ba496afab76a034cb7d986957603b52a93549f233e7be2054d9", kill_on_drop: false }`
[INFO] running `Command { std: "docker" "exec" "-e" "SOURCE_DIR=/opt/rustwide/workdir" "-e" "CARGO_HOME=/opt/rustwide/cargo-home" "-e" "RUSTUP_HOME=/opt/rustwide/rustup-home" "-e" "CARGO_TARGET_DIR=/opt/rustwide/target" "-w" "/opt/rustwide/workdir" "--user" "0:0" "6c32e9a8cac84ba496afab76a034cb7d986957603b52a93549f233e7be2054d9" "/opt/rustwide/cargo-home/bin/cargo" "+3154cc1a3e6424e44f438a95007d043ed5ceaaf6" "metadata" "--no-deps" "--format-version=1", kill_on_drop: false }`
[INFO] running `Command { std: "docker" "inspect" "6c32e9a8cac84ba496afab76a034cb7d986957603b52a93549f233e7be2054d9", kill_on_drop: false }`
[INFO] running `Command { std: "docker" "exec" "-e" "SOURCE_DIR=/opt/rustwide/workdir" "-e" "CARGO_HOME=/opt/rustwide/cargo-home" "-e" "RUSTUP_HOME=/opt/rustwide/rustup-home" "-e" "CARGO_TARGET_DIR=/opt/rustwide/target" "-e" "CARGO_INCREMENTAL=0" "-e" "RUST_BACKTRACE=full" "-e" "RUSTFLAGS=--cap-lints=forbid" "-e" "RUSTDOCFLAGS=--cap-lints=forbid" "-w" "/opt/rustwide/workdir" "--user" "0:0" "6c32e9a8cac84ba496afab76a034cb7d986957603b52a93549f233e7be2054d9" "/opt/rustwide/cargo-home/bin/cargo" "+3154cc1a3e6424e44f438a95007d043ed5ceaaf6" "check" "--frozen" "--all" "--all-targets" "--message-format=json", kill_on_drop: false }`
[INFO] [stderr]     Checking futures-task v0.3.33
[INFO] [stderr]     Checking slab v0.4.12
[INFO] [stderr]     Checking tracing v0.1.44
[INFO] [stderr]    Compiling blake3 v1.8.6
[INFO] [stderr]    Compiling syn v2.0.119
[INFO] [stderr]     Checking tokio v1.53.1
[INFO] [stderr]    Compiling libsqlite3-sys v0.28.0
[INFO] [stderr]     Checking ahash v0.8.12
[INFO] [stderr]    Compiling rustls v0.23.43
[INFO] [stderr]     Checking rustls-webpki v0.103.13
[INFO] [stderr]    Compiling arrayref v0.3.9
[INFO] [stderr]    Compiling constant_time_eq v0.4.2
[INFO] [stderr]    Compiling arrayvec v0.7.8
[INFO] [stderr]    Compiling async-trait v0.1.92
[INFO] [stderr]     Checking miniz_oxide v0.8.9
[INFO] [stderr]     Checking rustix v1.1.4
[INFO] [stderr]     Checking futures-util v0.3.33
[INFO] [stderr]     Checking hashbrown v0.14.5
[INFO] [stderr]     Checking flate2 v1.1.9
[INFO] [stderr]    Compiling bar-store v0.3.0
[INFO] [stderr]     Checking hashlink v0.9.1
[INFO] [stderr]     Checking tempfile v3.27.0
[INFO] [stderr]     Checking axum-core v0.4.5
[INFO] [stderr]    Compiling synstructure v0.13.2
[INFO] [stderr]    Compiling zerovec-derive v0.11.3
[INFO] [stderr]    Compiling thiserror-impl v1.0.69
[INFO] [stderr]    Compiling zerofrom-derive v0.1.7
[INFO] [stderr]    Compiling yoke-derive v0.8.2
[INFO] [stderr]     Checking zerofrom v0.1.8
[INFO] [stderr]     Checking yoke v0.8.3
[INFO] [stderr]     Checking thiserror v1.0.69
[INFO] [stderr]     Checking zerovec v0.11.6
[INFO] [stderr]     Checking zerotrie v0.2.4
[INFO] [stderr]     Checking hyper v1.11.0
[INFO] [stderr]     Checking tower v0.5.3
[INFO] [stderr]     Checking tokio-rustls v0.26.4
[INFO] [stderr]     Checking tinystr v0.8.3
[INFO] [stderr]     Checking potential_utf v0.1.5
[INFO] [stderr]     Checking icu_collections v2.2.0
[INFO] [stderr]     Checking icu_locale_core v2.2.0
[INFO] [stderr]     Checking hyper-util v0.1.20
[INFO] [stderr]     Checking icu_provider v2.2.0
[INFO] [stderr]     Checking icu_properties v2.2.0
[INFO] [stderr]     Checking icu_normalizer v2.2.0
[INFO] [stderr]     Checking hyper-rustls v0.27.9
[INFO] [stderr]     Checking axum v0.7.9
[INFO] [stderr]     Checking idna_adapter v1.2.2
[INFO] [stderr]     Checking idna v1.1.0
[INFO] [stderr]     Checking url v2.5.8
[INFO] [stderr]     Checking tower-http v0.6.11
[INFO] [stderr]     Checking reqwest v0.12.28
[INFO] [stderr]     Checking rusqlite v0.31.0
[INFO] [stderr]     Checking bar-proxy v0.3.0 (/opt/rustwide/workdir)
[INFO] [stdout] error[E0432]: unresolved import `bar_testenv`
[INFO] [stdout]   --> src/lib.rs:21:5
[INFO] [stdout]    |
[INFO] [stdout] 21 | use bar_testenv as _;
[INFO] [stdout]    |     -----------^^^^^
[INFO] [stdout]    |     |
[INFO] [stdout]    |     no external crate `bar_testenv`
[INFO] [stdout] 
[INFO] [stdout] 
[INFO] [stdout] error: couldn't read `tests/../../../tests/fixtures/response.sse.txt`: No such file or directory (os error 2)
[INFO] [stdout]   --> tests/sse.rs:13:19
[INFO] [stdout]    |
[INFO] [stdout] 13 | const SSE: &str = include_str!("../../../tests/fixtures/response.sse.txt");
[INFO] [stdout]    |                   ^^^^^^^^^^^^^^^^^^^^^^^^^^^^^^^^^^^^^^^^^^^^^^^^^^^^^^^^
[INFO] [stdout] 
[INFO] [stdout] 
[INFO] [stdout] error: couldn't read `tests/../../../tests/fixtures/response.thinking.sse.txt`: No such file or directory (os error 2)
[INFO] [stdout]   --> tests/sse.rs:14:25
[INFO] [stdout]    |
[INFO] [stdout] 14 | const SSE_THINK: &str = include_str!("../../../tests/fixtures/response.thinking.sse.txt");
[INFO] [stdout]    |                         ^^^^^^^^^^^^^^^^^^^^^^^^^^^^^^^^^^^^^^^^^^^^^^^^^^^^^^^^^^^^^^^^^
[INFO] [stdout] 
[INFO] [stdout] 
[INFO] [stdout] error[E0432]: unresolved import `bar_testenv`
[INFO] [stdout]   --> tests/capture.rs:10:5
[INFO] [stdout]    |
[INFO] [stdout] 10 | use bar_testenv as _;
[INFO] [stdout]    |     -----------^^^^^
[INFO] [stdout]    |     |
[INFO] [stdout]    |     no external crate `bar_testenv`
[INFO] [stdout] 
[INFO] [stdout] 
[INFO] [stdout] error[E0432]: unresolved import `bar_testenv`
[INFO] [stdout]  --> tests/envelope.rs:6:5
[INFO] [stdout]   |
[INFO] [stdout] 6 | use bar_testenv as _;
[INFO] [stdout]   |     -----------^^^^^
[INFO] [stdout]   |     |
[INFO] [stdout]   |     no external crate `bar_testenv`
[INFO] [stdout] 
[INFO] [stdout] 
[INFO] [stdout] error: couldn't read `tests/../../../tests/fixtures/subscription-request.headers.json`: No such file or directory (os error 2)
[INFO] [stdout]   --> tests/auth.rs:12:5
[INFO] [stdout]    |
[INFO] [stdout] 12 |     include_str!("../../../tests/fixtures/subscription-request.headers.json");
[INFO] [stdout]    |     ^^^^^^^^^^^^^^^^^^^^^^^^^^^^^^^^^^^^^^^^^^^^^^^^^^^^^^^^^^^^^^^^^^^^^^^^^
[INFO] [stdout] 
[INFO] [stdout] 
[INFO] [stdout] error[E0432]: unresolved import `bar_testenv`
[INFO] [stdout]  --> tests/sse.rs:6:5
[INFO] [stdout]   |
[INFO] [stdout] 6 | use bar_testenv as _;
[INFO] [stdout]   |     -----------^^^^^
[INFO] [stdout]   |     |
[INFO] [stdout]   |     no external crate `bar_testenv`
[INFO] [stdout] 
[INFO] [stdout] 
[INFO] [stdout] error: couldn't read `tests/../../../tests/fixtures/response.sse.txt`: No such file or directory (os error 2)
[INFO] [stdout]   --> tests/dd26.rs:20:19
[INFO] [stdout]    |
[INFO] [stdout] 20 | const SSE: &str = include_str!("../../../tests/fixtures/response.sse.txt");
[INFO] [stdout]    |                   ^^^^^^^^^^^^^^^^^^^^^^^^^^^^^^^^^^^^^^^^^^^^^^^^^^^^^^^^
[INFO] [stdout] 
[INFO] [stdout] 
[INFO] [stdout] For more information about this error, try `rustc --explain E0432`.
[INFO] [stdout] 
[INFO] [stdout] error: couldn't read `tests/../../../tests/fixtures/response.sse.txt`: No such file or directory (os error 2)
[INFO] [stdout]   --> tests/self_overhead.rs:21:19
[INFO] [stdout]    |
[INFO] [stdout] 21 | const SSE: &str = include_str!("../../../tests/fixtures/response.sse.txt");
[INFO] [stdout]    |                   ^^^^^^^^^^^^^^^^^^^^^^^^^^^^^^^^^^^^^^^^^^^^^^^^^^^^^^^^
[INFO] [stdout] 
[INFO] [stdout] 
[INFO] [stdout] error: couldn't read `tests/../../../tests/fixtures/response.thinking.sse.txt`: No such file or directory (os error 2)
[INFO] [stdout]   --> tests/self_overhead.rs:22:25
[INFO] [stdout]    |
[INFO] [stdout] 22 | const SSE_THINK: &str = include_str!("../../../tests/fixtures/response.thinking.sse.txt");
[INFO] [stdout]    |                         ^^^^^^^^^^^^^^^^^^^^^^^^^^^^^^^^^^^^^^^^^^^^^^^^^^^^^^^^^^^^^^^^^
[INFO] [stdout] 
[INFO] [stdout] 
[INFO] [stdout] For more information about this error, try `rustc --explain E0432`.
[INFO] [stdout] 
[INFO] [stderr] error: could not compile `bar-proxy` (test "capture") due to 1 previous error
[INFO] [stderr] warning: build failed, waiting for other jobs to finish...
[INFO] [stdout] error[E0432]: unresolved import `bar_testenv`
[INFO] [stdout]   --> tests/self_overhead.rs:13:5
[INFO] [stdout]    |
[INFO] [stdout] 13 | use bar_testenv as _;
[INFO] [stdout]    |     -----------^^^^^
[INFO] [stdout]    |     |
[INFO] [stdout]    |     no external crate `bar_testenv`
[INFO] [stdout] 
[INFO] [stdout] 
[INFO] [stderr] error: could not compile `bar-proxy` (test "envelope") due to 1 previous error
[INFO] [stdout] error[E0432]: unresolved import `bar_testenv`
[INFO] [stdout]   --> tests/dd26.rs:13:5
[INFO] [stdout]    |
[INFO] [stdout] 13 | use bar_testenv as _;
[INFO] [stdout]    |     -----------^^^^^
[INFO] [stdout]    |     |
[INFO] [stdout]    |     no external crate `bar_testenv`
[INFO] [stdout] 
[INFO] [stdout] 
[INFO] [stdout] error[E0432]: unresolved import `bar_testenv`
[INFO] [stdout]  --> tests/auth.rs:7:5
[INFO] [stdout]   |
[INFO] [stdout] 7 | use bar_testenv as _;
[INFO] [stdout]   |     -----------^^^^^
[INFO] [stdout]   |     |
[INFO] [stdout]   |     no external crate `bar_testenv`
[INFO] [stdout] 
[INFO] [stdout] 
[INFO] [stdout] For more information about this error, try `rustc --explain E0432`.
[INFO] [stdout] 
[INFO] [stdout] For more information about this error, try `rustc --explain E0432`.
[INFO] [stdout] 
[INFO] [stderr] error: could not compile `bar-proxy` (lib test) due to 1 previous error
[INFO] [stdout] For more information about this error, try `rustc --explain E0432`.
[INFO] [stdout] 
[INFO] [stderr] error: could not compile `bar-proxy` (test "auth") due to 2 previous errors
[INFO] [stderr] error: could not compile `bar-proxy` (test "sse") due to 3 previous errors
[INFO] [stdout] For more information about this error, try `rustc --explain E0432`.
[INFO] [stdout] 
[INFO] [stderr] error: could not compile `bar-proxy` (test "self_overhead") due to 3 previous errors
[INFO] [stdout] error[E0432]: unresolved import `bar_testenv`
[INFO] [stdout]   --> tests/c3_framing_strip.rs:21:5
[INFO] [stdout]    |
[INFO] [stdout] 21 | use bar_testenv as _;
[INFO] [stdout]    |     -----------^^^^^
[INFO] [stdout]    |     |
[INFO] [stdout]    |     no external crate `bar_testenv`
[INFO] [stdout] 
[INFO] [stdout] 
[INFO] [stdout] For more information about this error, try `rustc --explain E0432`.
[INFO] [stdout] 
[INFO] [stderr] error: could not compile `bar-proxy` (test "dd26") due to 2 previous errors
[INFO] [stdout] For more information about this error, try `rustc --explain E0432`.
[INFO] [stdout] 
[INFO] [stderr] error: could not compile `bar-proxy` (test "c3_framing_strip") due to 1 previous error
[INFO] running `Command { std: "docker" "inspect" "6c32e9a8cac84ba496afab76a034cb7d986957603b52a93549f233e7be2054d9", kill_on_drop: false }`
[INFO] running `Command { std: "docker" "rm" "-f" "6c32e9a8cac84ba496afab76a034cb7d986957603b52a93549f233e7be2054d9", kill_on_drop: false }`
[INFO] [stdout] 6c32e9a8cac84ba496afab76a034cb7d986957603b52a93549f233e7be2054d9
