[INFO] fetching crate bar-otlp 0.3.0...
[INFO] checking bar-otlp-0.3.0 against 3154cc1a3e6424e44f438a95007d043ed5ceaaf6 for pr-133502-30
[INFO] extracting crate bar-otlp 0.3.0 into /workspace/builds/worker-7-tc2/source
[INFO] started tweaking crates.io crate bar-otlp 0.3.0
[INFO] removed 0 missing tests
[INFO] finished tweaking crates.io crate bar-otlp 0.3.0
[INFO] tweaked toml for crates.io crate bar-otlp 0.3.0 written to /workspace/builds/worker-7-tc2/source/Cargo.toml
[INFO] validating manifest of crates.io crate bar-otlp 0.3.0 on toolchain 3154cc1a3e6424e44f438a95007d043ed5ceaaf6
[INFO] running `Command { std: CARGO_HOME="/workspace/cargo-home" RUSTUP_HOME="/workspace/rustup-home" "/workspace/cargo-home/bin/cargo" "+3154cc1a3e6424e44f438a95007d043ed5ceaaf6" "metadata" "--manifest-path" "Cargo.toml" "--no-deps", kill_on_drop: false }`
[INFO] crate crates.io crate bar-otlp 0.3.0 already has a lockfile, it will not be regenerated
[INFO] running `Command { std: CARGO_HOME="/workspace/cargo-home" RUSTUP_HOME="/workspace/rustup-home" "/workspace/cargo-home/bin/cargo" "+3154cc1a3e6424e44f438a95007d043ed5ceaaf6" "fetch" "--manifest-path" "Cargo.toml", kill_on_drop: false }`
[INFO] running `Command { std: "docker" "create" "-v" "/var/lib/crater-agent-workspace/builds/worker-7-tc2/source:/opt/rustwide/workdir:ro,Z" "-v" "/var/lib/crater-agent-workspace/builds/worker-7-tc2/target:/opt/rustwide/target:rw,Z" "-v" "/var/lib/crater-agent-workspace/cargo-home:/opt/rustwide/cargo-home:ro,Z" "-v" "/var/lib/crater-agent-workspace/rustup-home:/opt/rustwide/rustup-home:ro,Z" "-m" "1610612736" "--network" "none" "ghcr.io/rust-lang/crates-build-env/linux@sha256:77db811e55d90add9212f6832c23229e3de5f1c1f9905e8cb07319ea15df73ac" "sleep" "infinity", kill_on_drop: false }`
[INFO] [stdout] 2add5f3ade8a68a129585d4f5470923fd335aecdaf8e6fb1ded2666a1a8dcba8
[INFO] running `Command { std: "docker" "start" "2add5f3ade8a68a129585d4f5470923fd335aecdaf8e6fb1ded2666a1a8dcba8", kill_on_drop: false }`
[INFO] running `Command { std: "docker" "inspect" "2add5f3ade8a68a129585d4f5470923fd335aecdaf8e6fb1ded2666a1a8dcba8", kill_on_drop: false }`
[INFO] running `Command { std: "docker" "exec" "-e" "SOURCE_DIR=/opt/rustwide/workdir" "-e" "CARGO_HOME=/opt/rustwide/cargo-home" "-e" "RUSTUP_HOME=/opt/rustwide/rustup-home" "-e" "CARGO_TARGET_DIR=/opt/rustwide/target" "-w" "/opt/rustwide/workdir" "--user" "0:0" "2add5f3ade8a68a129585d4f5470923fd335aecdaf8e6fb1ded2666a1a8dcba8" "/opt/rustwide/cargo-home/bin/cargo" "+3154cc1a3e6424e44f438a95007d043ed5ceaaf6" "metadata" "--no-deps" "--format-version=1", kill_on_drop: false }`
[INFO] running `Command { std: "docker" "inspect" "2add5f3ade8a68a129585d4f5470923fd335aecdaf8e6fb1ded2666a1a8dcba8", kill_on_drop: false }`
[INFO] running `Command { std: "docker" "exec" "-e" "SOURCE_DIR=/opt/rustwide/workdir" "-e" "CARGO_HOME=/opt/rustwide/cargo-home" "-e" "RUSTUP_HOME=/opt/rustwide/rustup-home" "-e" "CARGO_TARGET_DIR=/opt/rustwide/target" "-e" "CARGO_INCREMENTAL=0" "-e" "RUST_BACKTRACE=full" "-e" "RUSTFLAGS=--cap-lints=forbid" "-e" "RUSTDOCFLAGS=--cap-lints=forbid" "-w" "/opt/rustwide/workdir" "--user" "0:0" "2add5f3ade8a68a129585d4f5470923fd335aecdaf8e6fb1ded2666a1a8dcba8" "/opt/rustwide/cargo-home/bin/cargo" "+3154cc1a3e6424e44f438a95007d043ed5ceaaf6" "check" "--frozen" "--all" "--all-targets" "--message-format=json", kill_on_drop: false }`
[INFO] [stderr]    Compiling find-msvc-tools v0.1.10
[INFO] [stderr]    Compiling futures-macro v0.3.33
[INFO] [stderr]     Checking tracing v0.1.44
[INFO] [stderr]     Checking tokio v1.53.1
[INFO] [stderr]     Checking futures-channel v0.3.33
[INFO] [stderr]    Compiling indexmap v1.9.3
[INFO] [stderr]    Compiling async-trait v0.1.92
[INFO] [stderr]    Compiling thiserror-impl v1.0.69
[INFO] [stderr]    Compiling itertools v0.14.0
[INFO] [stderr]     Checking ahash v0.8.12
[INFO] [stderr]     Checking rand v0.8.7
[INFO] [stderr]     Checking http-body-util v0.1.4
[INFO] [stderr]     Checking hashbrown v0.12.3
[INFO] [stderr]    Compiling cpufeatures v0.3.0
[INFO] [stderr]    Compiling arrayref v0.3.9
[INFO] [stderr]    Compiling arrayvec v0.7.8
[INFO] [stderr]    Compiling constant_time_eq v0.4.2
[INFO] [stderr]     Checking matchit v0.7.3
[INFO] [stderr]     Checking async-stream v0.3.6
[INFO] [stderr]    Compiling cc v1.4.2
[INFO] [stderr]     Checking hashbrown v0.14.5
[INFO] [stderr]     Checking socket2 v0.5.10
[INFO] [stderr]     Checking futures-util v0.3.33
[INFO] [stderr]     Checking hashlink v0.9.1
[INFO] [stderr]    Compiling blake3 v1.8.6
[INFO] [stderr]    Compiling libsqlite3-sys v0.28.0
[INFO] [stderr]    Compiling prost-derive v0.13.5
[INFO] [stderr]     Checking thiserror v1.0.69
[INFO] [stderr]     Checking opentelemetry v0.27.1
[INFO] [stderr]    Compiling bar-store v0.3.0
[INFO] [stderr]     Checking prost v0.13.5
[INFO] [stderr]     Checking axum-core v0.4.5
[INFO] [stderr]     Checking tower v0.5.3
[INFO] [stderr]     Checking futures-executor v0.3.33
[INFO] [stderr]     Checking opentelemetry_sdk v0.27.1
[INFO] [stderr]     Checking tokio-util v0.7.19
[INFO] [stderr]     Checking tokio-stream v0.1.19
[INFO] [stderr]     Checking h2 v0.4.15
[INFO] [stderr]     Checking tower v0.4.13
[INFO] [stderr]     Checking axum v0.7.9
[INFO] [stderr]     Checking hyper v1.11.0
[INFO] [stderr]     Checking hyper-util v0.1.20
[INFO] [stderr]     Checking rusqlite v0.31.0
[INFO] [stderr]     Checking hyper-timeout v0.5.2
[INFO] [stderr]     Checking tonic v0.12.3
[INFO] [stderr]     Checking opentelemetry-proto v0.27.0
[INFO] [stderr]     Checking bar-otlp v0.3.0 (/opt/rustwide/workdir)
[INFO] [stdout] error[E0432]: unresolved import `bar_testenv`
[INFO] [stdout]   --> src/lib.rs:32:5
[INFO] [stdout]    |
[INFO] [stdout] 32 | use bar_testenv as _;
[INFO] [stdout]    |     -----------^^^^^
[INFO] [stdout]    |     |
[INFO] [stdout]    |     no external crate `bar_testenv`
[INFO] [stdout] 
[INFO] [stdout] 
[INFO] [stdout] error[E0432]: unresolved import `bar_testenv`
[INFO] [stdout]  --> tests/calib.rs:4:5
[INFO] [stdout]   |
[INFO] [stdout] 4 | use bar_testenv as _;
[INFO] [stdout]   |     -----------^^^^^
[INFO] [stdout]   |     |
[INFO] [stdout]   |     no external crate `bar_testenv`
[INFO] [stdout] 
[INFO] [stdout] 
[INFO] [stdout] error[E0432]: unresolved import `bar_testenv`
[INFO] [stdout]  --> tests/persist.rs:6:5
[INFO] [stdout]   |
[INFO] [stdout] 6 | use bar_testenv as _;
[INFO] [stdout]   |     -----------^^^^^
[INFO] [stdout]   |     |
[INFO] [stdout]   |     no external crate `bar_testenv`
[INFO] [stdout] 
[INFO] [stdout] 
[INFO] [stdout] For more information about this error, try `rustc --explain E0432`.
[INFO] [stdout] 
[INFO] [stdout] error[E0432]: unresolved import `bar_testenv`
[INFO] [stdout]   --> tests/dlq_liveness.rs:31:5
[INFO] [stdout]    |
[INFO] [stdout] 31 | use bar_testenv as _;
[INFO] [stdout]    |     -----------^^^^^
[INFO] [stdout]    |     |
[INFO] [stdout]    |     no external crate `bar_testenv`
[INFO] [stdout] 
[INFO] [stdout] 
[INFO] [stderr] error: could not compile `bar-otlp` (test "calib") due to 1 previous error
[INFO] [stderr] warning: build failed, waiting for other jobs to finish...
[INFO] [stdout] error[E0432]: unresolved import `bar_testenv`
[INFO] [stdout]   --> tests/d0b_falsifiers.rs:12:5
[INFO] [stdout]    |
[INFO] [stdout] 12 | use bar_testenv as _;
[INFO] [stdout]    |     -----------^^^^^
[INFO] [stdout]    |     |
[INFO] [stdout]    |     no external crate `bar_testenv`
[INFO] [stdout] 
[INFO] [stdout] 
[INFO] [stdout] error[E0432]: unresolved import `bar_testenv`
[INFO] [stdout]  --> tests/http.rs:7:5
[INFO] [stdout]   |
[INFO] [stdout] 7 | use bar_testenv as _;
[INFO] [stdout]   |     -----------^^^^^
[INFO] [stdout]   |     |
[INFO] [stdout]   |     no external crate `bar_testenv`
[INFO] [stdout] 
[INFO] [stdout] 
[INFO] [stdout] For more information about this error, try `rustc --explain E0432`.
[INFO] [stdout] 
[INFO] [stdout] For more information about this error, try `rustc --explain E0432`.
[INFO] [stdout] 
[INFO] [stdout] error[E0432]: unresolved import `bar_testenv`
[INFO] [stdout]   --> tests/busy_retry.rs:32:5
[INFO] [stdout]    |
[INFO] [stdout] 32 | use bar_testenv as _;
[INFO] [stdout]    |     -----------^^^^^
[INFO] [stdout]    |     |
[INFO] [stdout]    |     no external crate `bar_testenv`
[INFO] [stdout] 
[INFO] [stdout] 
[INFO] [stderr] error: could not compile `bar-otlp` (test "dlq_liveness") due to 1 previous error
[INFO] [stderr] error: could not compile `bar-otlp` (test "persist") due to 1 previous error
[INFO] [stdout] error[E0432]: unresolved import `bar_testenv`
[INFO] [stdout]  --> tests/adapter.rs:6:5
[INFO] [stdout]   |
[INFO] [stdout] 6 | use bar_testenv as _;
[INFO] [stdout]   |     -----------^^^^^
[INFO] [stdout]   |     |
[INFO] [stdout]   |     no external crate `bar_testenv`
[INFO] [stdout] 
[INFO] [stdout] 
[INFO] [stdout] For more information about this error, try `rustc --explain E0432`.
[INFO] [stdout] 
[INFO] [stdout] For more information about this error, try `rustc --explain E0432`.
[INFO] [stdout] 
[INFO] [stderr] error: could not compile `bar-otlp` (test "busy_retry") due to 1 previous error
[INFO] [stderr] error: could not compile `bar-otlp` (test "d0b_falsifiers") due to 1 previous error
[INFO] [stdout] For more information about this error, try `rustc --explain E0432`.
[INFO] [stdout] 
[INFO] [stderr] error: could not compile `bar-otlp` (test "adapter") due to 1 previous error
[INFO] [stdout] For more information about this error, try `rustc --explain E0432`.
[INFO] [stdout] 
[INFO] [stderr] error: could not compile `bar-otlp` (lib test) due to 1 previous error
[INFO] [stdout] For more information about this error, try `rustc --explain E0432`.
[INFO] [stdout] 
[INFO] [stderr] error: could not compile `bar-otlp` (test "http") due to 1 previous error
[INFO] running `Command { std: "docker" "inspect" "2add5f3ade8a68a129585d4f5470923fd335aecdaf8e6fb1ded2666a1a8dcba8", kill_on_drop: false }`
[INFO] running `Command { std: "docker" "rm" "-f" "2add5f3ade8a68a129585d4f5470923fd335aecdaf8e6fb1ded2666a1a8dcba8", kill_on_drop: false }`
[INFO] [stdout] 2add5f3ade8a68a129585d4f5470923fd335aecdaf8e6fb1ded2666a1a8dcba8
