[INFO] fetching crate bar-metrics 0.3.0...
[INFO] checking bar-metrics-0.3.0 against 3154cc1a3e6424e44f438a95007d043ed5ceaaf6+rustflags=-Znext-solver=coherence for pr-133502-30
[INFO] extracting crate bar-metrics 0.3.0 into /workspace/builds/worker-2-tc1/source
[INFO] started tweaking crates.io crate bar-metrics 0.3.0
[INFO] removed 0 missing tests
[INFO] finished tweaking crates.io crate bar-metrics 0.3.0
[INFO] tweaked toml for crates.io crate bar-metrics 0.3.0 written to /workspace/builds/worker-2-tc1/source/Cargo.toml
[INFO] validating manifest of crates.io crate bar-metrics 0.3.0 on toolchain 3154cc1a3e6424e44f438a95007d043ed5ceaaf6
[INFO] running `Command { std: CARGO_HOME="/workspace/cargo-home" RUSTUP_HOME="/workspace/rustup-home" "/workspace/cargo-home/bin/cargo" "+3154cc1a3e6424e44f438a95007d043ed5ceaaf6" "metadata" "--manifest-path" "Cargo.toml" "--no-deps", kill_on_drop: false }`
[INFO] crate crates.io crate bar-metrics 0.3.0 already has a lockfile, it will not be regenerated
[INFO] running `Command { std: CARGO_HOME="/workspace/cargo-home" RUSTUP_HOME="/workspace/rustup-home" "/workspace/cargo-home/bin/cargo" "+3154cc1a3e6424e44f438a95007d043ed5ceaaf6" "fetch" "--manifest-path" "Cargo.toml", kill_on_drop: false }`
[INFO] [stderr]     Updating crates.io index
[INFO] [stderr]  Downloading crates ...
[INFO] [stderr]   Downloaded bar-store v0.3.0
[INFO] running `Command { std: "docker" "create" "-v" "/var/lib/crater-agent-workspace/builds/worker-2-tc1/source:/opt/rustwide/workdir:ro,Z" "-v" "/var/lib/crater-agent-workspace/builds/worker-2-tc1/target:/opt/rustwide/target:rw,Z" "-v" "/var/lib/crater-agent-workspace/cargo-home:/opt/rustwide/cargo-home:ro,Z" "-v" "/var/lib/crater-agent-workspace/rustup-home:/opt/rustwide/rustup-home:ro,Z" "-m" "1610612736" "--network" "none" "ghcr.io/rust-lang/crates-build-env/linux@sha256:77db811e55d90add9212f6832c23229e3de5f1c1f9905e8cb07319ea15df73ac" "sleep" "infinity", kill_on_drop: false }`
[INFO] [stdout] 9c67487f58463c2d9b998793db05838caa9f6c9fa0cdc15cc3ae4facb5b07687
[INFO] running `Command { std: "docker" "start" "9c67487f58463c2d9b998793db05838caa9f6c9fa0cdc15cc3ae4facb5b07687", kill_on_drop: false }`
[INFO] running `Command { std: "docker" "inspect" "9c67487f58463c2d9b998793db05838caa9f6c9fa0cdc15cc3ae4facb5b07687", kill_on_drop: false }`
[INFO] running `Command { std: "docker" "exec" "-e" "SOURCE_DIR=/opt/rustwide/workdir" "-e" "CARGO_HOME=/opt/rustwide/cargo-home" "-e" "RUSTUP_HOME=/opt/rustwide/rustup-home" "-e" "CARGO_TARGET_DIR=/opt/rustwide/target" "-w" "/opt/rustwide/workdir" "--user" "0:0" "9c67487f58463c2d9b998793db05838caa9f6c9fa0cdc15cc3ae4facb5b07687" "/opt/rustwide/cargo-home/bin/cargo" "+3154cc1a3e6424e44f438a95007d043ed5ceaaf6" "metadata" "--no-deps" "--format-version=1", kill_on_drop: false }`
[INFO] running `Command { std: "docker" "inspect" "9c67487f58463c2d9b998793db05838caa9f6c9fa0cdc15cc3ae4facb5b07687", kill_on_drop: false }`
[INFO] running `Command { std: "docker" "exec" "-e" "SOURCE_DIR=/opt/rustwide/workdir" "-e" "CARGO_HOME=/opt/rustwide/cargo-home" "-e" "RUSTUP_HOME=/opt/rustwide/rustup-home" "-e" "CARGO_TARGET_DIR=/opt/rustwide/target" "-e" "CARGO_INCREMENTAL=0" "-e" "RUST_BACKTRACE=full" "-e" "RUSTFLAGS=--cap-lints=forbid -Znext-solver=coherence" "-e" "RUSTDOCFLAGS=--cap-lints=forbid" "-w" "/opt/rustwide/workdir" "--user" "0:0" "9c67487f58463c2d9b998793db05838caa9f6c9fa0cdc15cc3ae4facb5b07687" "/opt/rustwide/cargo-home/bin/cargo" "+3154cc1a3e6424e44f438a95007d043ed5ceaaf6" "check" "--frozen" "--all" "--all-targets" "--message-format=json", kill_on_drop: false }`
[INFO] [stderr]    Compiling constant_time_eq v0.4.2
[INFO] [stderr]    Compiling arrayvec v0.7.8
[INFO] [stderr]    Compiling arrayref v0.3.9
[INFO] [stderr]    Compiling cc v1.4.2
[INFO] [stderr]     Checking ahash v0.8.12
[INFO] [stderr]    Compiling syn v2.0.119
[INFO] [stderr]     Checking tempfile v3.27.0
[INFO] [stderr]     Checking hashbrown v0.14.5
[INFO] [stderr]     Checking hashlink v0.9.1
[INFO] [stderr]    Compiling blake3 v1.8.6
[INFO] [stderr]    Compiling libsqlite3-sys v0.28.0
[INFO] [stderr]    Compiling thiserror-impl v1.0.69
[INFO] [stderr]    Compiling bar-store v0.3.0
[INFO] [stderr]     Checking thiserror v1.0.69
[INFO] [stderr]     Checking rusqlite v0.31.0
[INFO] [stderr]     Checking bar-metrics v0.3.0 (/opt/rustwide/workdir)
[INFO] [stdout] error[E0432]: unresolved import `bar_testenv`
[INFO] [stdout]   --> src/lib.rs:32:5
[INFO] [stdout]    |
[INFO] [stdout] 32 | use bar_testenv as _;
[INFO] [stdout]    |     -----------^^^^^
[INFO] [stdout]    |     |
[INFO] [stdout]    |     no external crate `bar_testenv`
[INFO] [stdout] 
[INFO] [stdout] 
[INFO] [stdout] error[E0432]: unresolved import `bar_testenv`
[INFO] [stdout]  --> tests/delta.rs:5:5
[INFO] [stdout]   |
[INFO] [stdout] 5 | use bar_testenv as _;
[INFO] [stdout]   |     -----------^^^^^
[INFO] [stdout]   |     |
[INFO] [stdout]   |     no external crate `bar_testenv`
[INFO] [stdout] 
[INFO] [stdout] 
[INFO] [stdout] error[E0432]: unresolved import `bar_testenv`
[INFO] [stdout]  --> tests/ledger.rs:5:5
[INFO] [stdout]   |
[INFO] [stdout] 5 | use bar_testenv as _;
[INFO] [stdout]   |     -----------^^^^^
[INFO] [stdout]   |     |
[INFO] [stdout]   |     no external crate `bar_testenv`
[INFO] [stdout] 
[INFO] [stdout] 
[INFO] [stdout] For more information about this error, try `rustc --explain E0432`.
[INFO] [stdout] 
[INFO] [stdout] For more information about this error, try `rustc --explain E0432`.
[INFO] [stdout] 
[INFO] [stderr] error: could not compile `bar-metrics` (test "ledger") due to 1 previous error
[INFO] [stderr] warning: build failed, waiting for other jobs to finish...
[INFO] [stderr] error: could not compile `bar-metrics` (test "delta") due to 1 previous error
[INFO] [stdout] For more information about this error, try `rustc --explain E0432`.
[INFO] [stdout] 
[INFO] [stderr] error: could not compile `bar-metrics` (lib test) due to 1 previous error
[INFO] running `Command { std: "docker" "inspect" "9c67487f58463c2d9b998793db05838caa9f6c9fa0cdc15cc3ae4facb5b07687", kill_on_drop: false }`
[INFO] running `Command { std: "docker" "rm" "-f" "9c67487f58463c2d9b998793db05838caa9f6c9fa0cdc15cc3ae4facb5b07687", kill_on_drop: false }`
[INFO] [stdout] 9c67487f58463c2d9b998793db05838caa9f6c9fa0cdc15cc3ae4facb5b07687
