[INFO] fetching crate bao_stealth 0.4.2...
[INFO] checking bao_stealth-0.4.2 against 3154cc1a3e6424e44f438a95007d043ed5ceaaf6+rustflags=-Znext-solver=coherence for pr-133502-30
[INFO] extracting crate bao_stealth 0.4.2 into /workspace/builds/worker-3-tc1/source
[INFO] started tweaking crates.io crate bao_stealth 0.4.2
[INFO] removed 0 missing tests
[INFO] finished tweaking crates.io crate bao_stealth 0.4.2
[INFO] tweaked toml for crates.io crate bao_stealth 0.4.2 written to /workspace/builds/worker-3-tc1/source/Cargo.toml
[INFO] validating manifest of crates.io crate bao_stealth 0.4.2 on toolchain 3154cc1a3e6424e44f438a95007d043ed5ceaaf6
[INFO] running `Command { std: CARGO_HOME="/workspace/cargo-home" RUSTUP_HOME="/workspace/rustup-home" "/workspace/cargo-home/bin/cargo" "+3154cc1a3e6424e44f438a95007d043ed5ceaaf6" "metadata" "--manifest-path" "Cargo.toml" "--no-deps", kill_on_drop: false }`
[INFO] crate crates.io crate bao_stealth 0.4.2 already has a lockfile, it will not be regenerated
[INFO] running `Command { std: CARGO_HOME="/workspace/cargo-home" RUSTUP_HOME="/workspace/rustup-home" "/workspace/cargo-home/bin/cargo" "+3154cc1a3e6424e44f438a95007d043ed5ceaaf6" "fetch" "--manifest-path" "Cargo.toml", kill_on_drop: false }`
[INFO] [stderr]     Updating crates.io index
[INFO] [stderr]  Downloading crates ...
[INFO] [stderr]   Downloaded zerocopy-derive v0.8.49
[INFO] [stderr]   Downloaded bun_sha_hmac v0.2.2
[INFO] [stderr]   Downloaded bun_wyhash v0.1.2
[INFO] [stderr]   Downloaded bun_highway v0.1.1
[INFO] [stderr]   Downloaded enum-map-derive v0.17.0
[INFO] [stderr]   Downloaded bun_collections_macros v0.1.0
[INFO] [stderr]   Downloaded bun_simdutf_sys v0.1.1
[INFO] [stderr]   Downloaded bun_output_tags v0.1.0
[INFO] [stderr]   Downloaded bun_opaque v0.1.0
[INFO] [stderr]   Downloaded bun_dispatch v0.1.0
[INFO] [stderr]   Downloaded bun_core_macros v0.1.1
[INFO] [stderr]   Downloaded bun_cares_sys v0.2.0
[INFO] [stderr]   Downloaded bun_safety v0.2.0
[INFO] [stderr]   Downloaded bun_jsc_macros v0.1.0
[INFO] [stderr]   Downloaded vlq v0.5.1
[INFO] [stderr]   Downloaded bun_which v0.2.1
[INFO] [stderr]   Downloaded bun_output v0.2.0
[INFO] [stderr]   Downloaded bun_zstd v0.2.0
[INFO] [stderr]   Downloaded bun_resolve_builtins v0.2.1
[INFO] [stderr]   Downloaded swc_visit v2.0.1
[INFO] [stderr]   Downloaded swc_eq_ignore_macros v1.0.1
[INFO] [stderr]   Downloaded swc_atoms v9.0.3
[INFO] [stderr]   Downloaded from_variant v3.0.0
[INFO] [stderr]   Downloaded swc_macros_common v1.0.1
[INFO] [stderr]   Downloaded bytes-str v0.2.8
[INFO] [stderr]   Downloaded better_scoped_tls v1.0.1
[INFO] [stderr]   Downloaded ast_node v5.0.0
[INFO] [stderr]   Downloaded string_enum v1.0.2
[INFO] [stderr]   Downloaded is-macro v0.3.7
[INFO] [stderr]   Downloaded par-core v2.0.0
[INFO] [stderr]   Downloaded bun_windows_sys v0.1.0
[INFO] [stderr]   Downloaded bun_hash v0.1.0
[INFO] [stderr]   Downloaded bun_boringssl v0.2.2
[INFO] [stderr]   Downloaded enum-map v2.7.3
[INFO] [stderr]   Downloaded enumset v1.1.13
[INFO] [stderr]   Downloaded enumset_derive v0.15.0
[INFO] [stderr]   Downloaded bun_libuv_sys v0.2.0
[INFO] [stderr]   Downloaded bun_libuv_sys v0.1.11
[INFO] [stderr]   Downloaded rust-argon2 v3.0.0
[INFO] [stderr]   Downloaded blake2b_simd v1.0.4
[INFO] [stderr]   Downloaded hashlink v0.11.1
[INFO] [stderr]   Downloaded bun_zlib v0.2.2
[INFO] [stderr]   Downloaded bun_url v0.2.1
[INFO] [stderr]   Downloaded bun_spawn_sys v0.2.1
[INFO] [stderr]   Downloaded bun_analytics v0.2.1
[INFO] [stderr]   Downloaded bun_semver v0.2.0
[INFO] [stderr]   Downloaded bun_uws v0.2.2
[INFO] [stderr]   Downloaded bun_base64 v0.2.0
[INFO] [stderr]   Downloaded bun_dotenv v0.2.1
[INFO] [stderr]   Downloaded bun_s3_signing v0.2.1
[INFO] [stderr]   Downloaded bun_picohttp v0.2.0
[INFO] [stderr]   Downloaded bun_watcher v0.2.1
[INFO] [stderr]   Downloaded bun_perf v0.2.1
[INFO] [stderr]   Downloaded bun_options_types v0.2.1
[INFO] [stderr]   Downloaded bun_install_types v0.2.1
[INFO] [stderr]   Downloaded bun_glob v0.2.1
[INFO] [stderr]   Downloaded bun_transpiler v0.2.2
[INFO] [stderr]   Downloaded hstr v3.0.6
[INFO] [stderr]   Downloaded triomphe v0.1.15
[INFO] [stderr]   Downloaded swc_ecma_transforms_typescript v49.0.0
[INFO] [stderr]   Downloaded swc_ecma_utils v31.0.0
[INFO] [stderr]   Downloaded swc_config_macro v1.0.1
[INFO] [stderr]   Downloaded bun_paths v0.2.0
[INFO] [stderr]   Downloaded bun_errno v0.2.0
[INFO] [stderr]   Downloaded libffi v5.2.0
[INFO] [stderr]   Downloaded compact_str v0.8.2
[INFO] [stderr]   Downloaded bun_http_types v0.2.0
[INFO] [stderr]   Downloaded bun_ptr v0.2.0
[INFO] [stderr]   Downloaded bun_spawn v0.2.2
[INFO] [stderr]   Downloaded bun_event_loop v0.2.2
[INFO] [stderr]   Downloaded bun_crash_handler v0.2.4
[INFO] [stderr]   Downloaded bun_shell_parser v0.2.0
[INFO] [stderr]   Downloaded swc_ecma_ast v25.0.0
[INFO] [stderr]   Downloaded unicode-id-start v1.4.0
[INFO] [stderr]   Downloaded dragonbox_ecma v0.1.12
[INFO] [stderr]   Downloaded swc_config v5.0.0
[INFO] [stderr]   Downloaded bun_clap_macros v0.1.0
[INFO] [stderr]   Downloaded bun_alloc v0.2.0
[INFO] [stderr]   Downloaded bun_alloc v0.1.4
[INFO] [stderr]   Downloaded bun_threading v0.2.1
[INFO] [stderr]   Downloaded bun_parsers v0.2.1
[INFO] [stderr]   Downloaded swc_common v23.0.1
[INFO] [stderr]   Downloaded swc_ecma_transforms_react v49.0.0
[INFO] [stderr]   Downloaded swc_ecma_transforms_base v44.0.2
[INFO] [stderr]   Downloaded ascii v1.1.0
[INFO] [stderr]   Downloaded bun_sourcemap v0.2.2
[INFO] [stderr]   Downloaded bun_io v0.2.3
[INFO] [stderr]   Downloaded bun_collections v0.2.1
[INFO] [stderr]   Downloaded bao_crypto v0.1.10
[INFO] [stderr]   Downloaded bun_clap v0.2.0
[INFO] [stderr]   Downloaded bun_bunfig v0.2.1
[INFO] [stderr]   Downloaded bun_standalone_graph v0.2.1
[INFO] [stderr]   Downloaded icu_provider_adapters v2.1.1
[INFO] [stderr]   Downloaded icu_decimal v2.1.1
[INFO] [stderr]   Downloaded zerocopy v0.8.49
[INFO] [stderr]   Downloaded rusqlite v0.38.0
[INFO] [stderr]   Downloaded bun_ast v0.2.2
[INFO] [stderr]   Downloaded bun_sys v0.2.1
[INFO] [stderr]   Downloaded bun_mimalloc_sys v0.1.1
[INFO] [stderr]   Downloaded bun_resolver v0.2.2
[INFO] [stderr]   Downloaded icu_calendar_data v2.1.1
[INFO] [stderr]   Downloaded bun_core v0.2.3
[INFO] [stderr]   Downloaded swc_ecma_visit v25.0.0
[INFO] [stderr]   Downloaded icu_decimal_data v2.1.1
[INFO] [stderr]   Downloaded bao-mozjs-properties-glue v153.3.0
[INFO] [stderr]   Downloaded bun_core v0.1.17
[INFO] [stderr]   Downloaded icu_pattern v0.4.2
[INFO] [stderr]   Downloaded diplomat-runtime v0.14.0
[INFO] [stderr]   Downloaded encoding_c v0.9.8
[INFO] [stderr]   Downloaded bun_js_parser v0.2.3
[INFO] [stderr]   Downloaded bcrypt v0.19.2
[INFO] [stderr]   Downloaded icu_list_data v2.1.1
[INFO] [stderr]   Downloaded icu_casemap_data v2.1.1
[INFO] [stderr]   Downloaded diplomat v0.14.0
[INFO] [stderr]   Downloaded encoding_c_mem v0.2.6
[INFO] [stderr]   Downloaded bao-mozjs-normalizer-glue v153.3.0
[INFO] [stderr]   Downloaded bao-mozjs-utf16-iter v153.3.0
[INFO] [stderr]   Downloaded bao-mozjs-locale-glue v153.3.0
[INFO] [stderr]   Downloaded bao-mozjs-collator-glue v153.3.0
[INFO] [stderr]   Downloaded bao_uloop v0.2.1
[INFO] [stderr]   Downloaded bao_engine_macros v0.1.0
[INFO] [stderr]   Downloaded bun_exe_format v0.2.1
[INFO] [stderr]   Downloaded bao_workflow_host v0.2.1
[INFO] [stderr]   Downloaded icu_plurals_data v2.1.1
[INFO] [stderr]   Downloaded fixed_decimal v0.7.2
[INFO] [stderr]   Downloaded strck v1.0.0
[INFO] [stderr]   Downloaded bao-mozjs-unicode-bidi-ffi v153.3.0
[INFO] [stderr]   Downloaded toml_writer v1.1.1+spec-1.1.0
[INFO] [stderr]   Downloaded bao-mozjs-utf8-iter v153.3.0
[INFO] [stderr]   Downloaded arraystring v0.3.0
[INFO] [stderr]   Downloaded bun_bundler v0.2.2
[INFO] [stderr]   Downloaded bun_api v0.2.0
[INFO] [stderr]   Downloaded icu_time_data v2.1.1
[INFO] [stderr]   Downloaded calendrical_calculations v0.2.4
[INFO] [stderr]   Downloaded icu_plurals v2.1.1
[INFO] [stderr]   Downloaded icu_list v2.1.1
[INFO] [stderr]   Downloaded icu_casemap v2.1.1
[INFO] [stderr]   Downloaded icu_time v2.1.1
[INFO] [stderr]   Downloaded ixdtf v0.6.6
[INFO] [stderr]   Downloaded icu_locale v2.1.1
[INFO] [stderr]   Downloaded bao-mozjs-icu-collections v153.3.0
[INFO] [stderr]   Downloaded bao-mozjs-icu-normalizer v153.3.0
[INFO] [stderr]   Downloaded bao-mozjs-icu-normalizer-data v153.3.0
[INFO] [stderr]   Downloaded bao-mozjs v0.24.2
[INFO] [stderr]   Downloaded bun_install v0.2.1
[INFO] [stderr]   Downloaded icu_locale_data v2.1.2
[INFO] [stderr]   Downloaded cdp-server v0.1.2
[INFO] [stderr]   Downloaded diplomat_core v0.14.0
[INFO] [stderr]   Downloaded bun_sm v0.3.5
[INFO] [stderr]   Downloaded zstd-pure-rs v0.1.1
[INFO] [stderr]   Downloaded bao_engine v0.3.4
[INFO] [stderr]   Downloaded icu_calendar v2.1.1
[INFO] [stderr]   Downloaded bao_stealth v0.4.1
[INFO] [stderr]   Downloaded cdp-protocol v0.3.1
[INFO] [stderr]   Downloaded icu_experimental v0.4.0
[INFO] [stderr]   Downloaded icu_datetime v2.1.1
[INFO] [stderr]   Downloaded bun_uws_sys v0.2.3
[INFO] [stderr]   Downloaded cbindgen v0.29.4
[INFO] [stderr]   Downloaded bao_cdp v0.3.13
[INFO] [stderr]   Downloaded swc_ecma_codegen_macros v2.0.2
[INFO] [stderr]   Downloaded swc_allocator v4.0.1
[INFO] [stderr]   Downloaded pulldown-cmark-escape v0.11.0
[INFO] [stderr]   Downloaded bun_lolhtml_sys v0.2.0
[INFO] [stderr]   Downloaded bun_css_derive v0.1.0
[INFO] [stderr]   Downloaded icu_collator_data v2.1.1
[INFO] [stderr]   Downloaded bao_cdp_client v0.4.3
[INFO] [stderr]   Downloaded smartstring v1.0.1
[INFO] [stderr]   Downloaded bun_libarchive v0.2.0
[INFO] [stderr]   Downloaded bun_dns v0.2.0
[INFO] [stderr]   Downloaded bao_boringssl_bridge v0.2.2
[INFO] [stderr]   Downloaded swc_ecma_codegen v28.0.1
[INFO] [stderr]   Downloaded compact_str v0.7.1
[INFO] [stderr]   Downloaded bun_router v0.2.2
[INFO] [stderr]   Downloaded libffi-sys v4.2.2
[INFO] [stderr]   Downloaded bun_md v0.2.1
[INFO] [stderr]   Downloaded selectors v0.37.0
[INFO] [stderr]   Downloaded swc_ecma_hooks v0.9.0
[INFO] [stderr]   Downloaded bun_js_printer v0.2.3
[INFO] [stderr]   Downloaded bun_brotli v0.2.1
[INFO] [stderr]   Downloaded pulldown-cmark v0.12.2
[INFO] [stderr]   Downloaded lol_html v3.0.0
[INFO] [stderr]   Downloaded swc_ecma_parser v41.1.0
[INFO] [stderr]   Downloaded brotli-decompressor v5.0.1
[INFO] [stderr]   Downloaded icu_capi v2.1.2
[INFO] [stderr]   Downloaded bun_runtime v0.5.1
[INFO] [stderr]   Downloaded bun_http v0.2.3
[INFO] [stderr]   Downloaded bao-mozjs-icu-collator-data v153.3.0
[INFO] [stderr]   Downloaded bun_css v0.2.2
[INFO] [stderr]   Downloaded bao_bundler v0.2.4
[INFO] [stderr]   Downloaded brotli v8.0.3
[INFO] [stderr]   Downloaded bun_lsquic_sys v0.1.11
[INFO] [stderr]   Downloaded bao-mozjs-icu-collator v153.3.0
[INFO] [stderr]   Downloaded icu_collator v2.1.2
[INFO] [stderr]   Downloaded bun_boringssl_sys v0.2.0
[INFO] [stderr]   Downloaded bun_boringssl_sys v0.1.11
[INFO] [stderr]   Downloaded icu_segmenter v2.1.2
[INFO] [stderr]   Downloaded icu_datetime_data v2.1.2
[INFO] [stderr]   Downloaded icu_segmenter_data v2.1.1
[INFO] [stderr]   Downloaded libsqlite3-sys v0.36.0
[INFO] [stderr]   Downloaded bao-mozjs-sys v153.3.0-2
[INFO] [stderr]   Downloaded icu_experimental_data v0.4.1
[INFO] [stderr]   Downloaded bao-mozjs-src-intl v153.3.0-0
[INFO] [stderr]   Downloaded bao-mozjs-src-js v153.3.0-0
[INFO] [stderr]   Downloaded bao-mozjs-src-python v153.3.0-0
[INFO] running `Command { std: "docker" "create" "-v" "/var/lib/crater-agent-workspace/builds/worker-3-tc1/source:/opt/rustwide/workdir:ro,Z" "-v" "/var/lib/crater-agent-workspace/builds/worker-3-tc1/target:/opt/rustwide/target:rw,Z" "-v" "/var/lib/crater-agent-workspace/cargo-home:/opt/rustwide/cargo-home:ro,Z" "-v" "/var/lib/crater-agent-workspace/rustup-home:/opt/rustwide/rustup-home:ro,Z" "-m" "1610612736" "--network" "none" "ghcr.io/rust-lang/crates-build-env/linux@sha256:77db811e55d90add9212f6832c23229e3de5f1c1f9905e8cb07319ea15df73ac" "sleep" "infinity", kill_on_drop: false }`
[INFO] [stdout] 9e9e959d9678ab7a0a783bd36c04c8921c21c132ca6d99da931419e98c76a6e4
[INFO] running `Command { std: "docker" "start" "9e9e959d9678ab7a0a783bd36c04c8921c21c132ca6d99da931419e98c76a6e4", kill_on_drop: false }`
[INFO] running `Command { std: "docker" "inspect" "9e9e959d9678ab7a0a783bd36c04c8921c21c132ca6d99da931419e98c76a6e4", kill_on_drop: false }`
[INFO] running `Command { std: "docker" "exec" "-e" "SOURCE_DIR=/opt/rustwide/workdir" "-e" "CARGO_HOME=/opt/rustwide/cargo-home" "-e" "RUSTUP_HOME=/opt/rustwide/rustup-home" "-e" "CARGO_TARGET_DIR=/opt/rustwide/target" "-w" "/opt/rustwide/workdir" "--user" "0:0" "9e9e959d9678ab7a0a783bd36c04c8921c21c132ca6d99da931419e98c76a6e4" "/opt/rustwide/cargo-home/bin/cargo" "+3154cc1a3e6424e44f438a95007d043ed5ceaaf6" "metadata" "--no-deps" "--format-version=1", kill_on_drop: false }`
[INFO] running `Command { std: "docker" "inspect" "9e9e959d9678ab7a0a783bd36c04c8921c21c132ca6d99da931419e98c76a6e4", kill_on_drop: false }`
[INFO] running `Command { std: "docker" "exec" "-e" "SOURCE_DIR=/opt/rustwide/workdir" "-e" "CARGO_HOME=/opt/rustwide/cargo-home" "-e" "RUSTUP_HOME=/opt/rustwide/rustup-home" "-e" "CARGO_TARGET_DIR=/opt/rustwide/target" "-e" "CARGO_INCREMENTAL=0" "-e" "RUST_BACKTRACE=full" "-e" "RUSTFLAGS=--cap-lints=forbid -Znext-solver=coherence" "-e" "RUSTDOCFLAGS=--cap-lints=forbid" "-w" "/opt/rustwide/workdir" "--user" "0:0" "9e9e959d9678ab7a0a783bd36c04c8921c21c132ca6d99da931419e98c76a6e4" "/opt/rustwide/cargo-home/bin/cargo" "+3154cc1a3e6424e44f438a95007d043ed5ceaaf6" "check" "--frozen" "--all" "--all-targets" "--message-format=json", kill_on_drop: false }`
[INFO] [stderr]    Compiling proc-macro2 v1.0.106
[INFO] [stderr]    Compiling quote v1.0.45
[INFO] [stderr]    Compiling libc v0.2.186
[INFO] [stderr]    Compiling zerocopy v0.8.49
[INFO] [stderr]     Checking allocator-api2 v0.2.21
[INFO] [stderr]     Checking memchr v2.8.1
[INFO] [stderr]     Checking stable_deref_trait v1.2.1
[INFO] [stderr]    Compiling rustversion v1.0.22
[INFO] [stderr]    Compiling phf_shared v0.11.3
[INFO] [stderr]    Compiling rand v0.8.6
[INFO] [stderr]    Compiling bun_wyhash v0.1.2
[INFO] [stderr]     Checking writeable v0.6.3
[INFO] [stderr]     Checking scopeguard v1.2.0
[INFO] [stderr]     Checking bun_opaque v0.1.0
[INFO] [stderr]    Compiling find-msvc-tools v0.1.9
[INFO] [stderr]     Checking litemap v0.8.2
[INFO] [stderr]     Checking konst_macro_rules v0.2.19
[INFO] [stderr]    Compiling cc v1.2.62
[INFO] [stderr]    Compiling bun_output_tags v0.1.0
[INFO] [stderr]     Checking bytemuck v1.25.0
[INFO] [stderr]     Checking bitflags v2.11.1
[INFO] [stderr]    Compiling bun_alloc v0.2.0
[INFO] [stderr]    Compiling bun_core v0.2.3
[INFO] [stderr]     Checking unicode-bidi v0.3.18
[INFO] [stderr]     Checking rustc-hash v2.1.2
[INFO] [stderr]     Checking konst v0.2.20
[INFO] [stderr]    Compiling rustix v0.38.44
[INFO] [stderr]     Checking linux-raw-sys v0.4.15
[INFO] [stderr]     Checking bun_windows_sys v0.1.0
[INFO] [stderr]     Checking bumpalo v3.20.3
[INFO] [stderr]    Compiling bun_ptr v0.2.0
[INFO] [stderr]    Compiling bun_collections v0.2.1
[INFO] [stderr]     Checking hashbrown v0.15.5
[INFO] [stderr]     Checking percent-encoding v2.3.2
[INFO] [stderr]    Compiling phf_generator v0.11.3
[INFO] [stderr]    Compiling fastrand v2.4.1
[INFO] [stderr]    Compiling zmij v1.0.21
[INFO] [stderr]     Checking form_urlencoded v1.2.2
[INFO] [stderr]    Compiling serde_json v1.0.150
[INFO] [stderr]    Compiling serde_core v1.0.228
[INFO] [stderr]     Checking bstr v1.12.1
[INFO] [stderr]    Compiling bun_alloc v0.1.4
[INFO] [stderr]    Compiling bun_core v0.1.17
[INFO] [stderr]    Compiling rustix v1.1.4
[INFO] [stderr]    Compiling serde v1.0.228
[INFO] [stderr]    Compiling utf8parse v0.2.2
[INFO] [stderr]    Compiling anstyle-parse v1.0.0
[INFO] [stderr]    Compiling bun_ast v0.2.2
[INFO] [stderr]    Compiling anstyle v1.0.14
[INFO] [stderr]    Compiling colorchoice v1.0.5
[INFO] [stderr]    Compiling getrandom v0.4.2
[INFO] [stderr]    Compiling is_terminal_polyfill v1.70.2
[INFO] [stderr]    Compiling anstyle-query v1.1.5
[INFO] [stderr]    Compiling syn v2.0.117
[INFO] [stderr]     Checking bun_highway v0.1.1
[INFO] [stderr]    Compiling clap_lex v1.1.0
[INFO] [stderr]    Compiling anstream v1.0.0
[INFO] [stderr]    Compiling const_format_proc_macros v0.2.34
[INFO] [stderr]    Compiling winnow v1.0.3
[INFO] [stderr]     Checking typenum v1.20.0
[INFO] [stderr]     Checking once_cell v1.21.4
[INFO] [stderr]    Compiling clap_builder v4.6.0
[INFO] [stderr]    Compiling cbindgen v0.29.4
[INFO] [stderr]    Compiling bun_mimalloc_sys v0.1.1
[INFO] [stderr]    Compiling bun_boringssl_sys v0.2.0
[INFO] [stderr]    Compiling bun_boringssl_sys v0.1.11
[INFO] [stderr]    Compiling bun_lsquic_sys v0.1.11
[INFO] [stderr]    Compiling bun_uws_sys v0.2.3
[INFO] [stderr]     Checking getrandom v0.3.4
[INFO] [stderr]     Checking rand_core v0.9.5
[INFO] [stderr]     Checking const_format v0.2.36
[INFO] [stderr]    Compiling toml_parser v1.1.2+spec-1.1.0
[INFO] [stderr]    Compiling winnow v0.7.15
[INFO] [stderr]    Compiling itoa v1.0.18
[INFO] [stderr]    Compiling indexmap v2.14.0
[INFO] [stderr]    Compiling log v0.4.33
[INFO] [stderr]    Compiling ahash v0.8.12
[INFO] [stderr]    Compiling num-traits v0.2.19
[INFO] [stderr]    Compiling bun_cares_sys v0.2.0
[INFO] [stderr]     Checking vlq v0.5.1
[INFO] [stderr]    Compiling tempfile v3.27.0
[INFO] [stderr]     Checking bytes v1.11.1
[INFO] [stderr]     Checking foldhash v0.2.0
[INFO] [stderr]    Compiling bun_dotenv v0.2.1
[INFO] [stderr]    Compiling phf_shared v0.13.1
[INFO] [stderr]    Compiling anyhow v1.0.102
[INFO] [stderr]     Checking simd-adler32 v0.3.9
[INFO] [stderr]    Compiling phf_generator v0.13.1
[INFO] [stderr]     Checking miniz_oxide v0.8.9
[INFO] [stderr]    Compiling bun_zlib v0.2.2
[INFO] [stderr]    Compiling icu_locale_data v2.1.2
[INFO] [stderr]    Compiling icu_casemap_data v2.1.1
[INFO] [stderr]     Checking num-integer v0.1.46
[INFO] [stderr]     Checking hashbrown v0.17.1
[INFO] [stderr]    Compiling toml_datetime v0.7.5+spec-1.1.0
[INFO] [stderr]    Compiling serde_spanned v1.1.1
[INFO] [stderr]     Checking tracing-core v0.1.36
[INFO] [stderr]     Checking either v1.16.0
[INFO] [stderr]    Compiling clap v4.6.1
[INFO] [stderr]     Checking flate2 v1.1.9
[INFO] [stderr]    Compiling object v0.37.3
[INFO] [stderr]    Compiling toml v0.9.12+spec-1.1.0
[INFO] [stderr]     Checking ppv-lite86 v0.2.21
[INFO] [stderr]     Checking swc_visit v2.0.1
[INFO] [stderr]     Checking better_scoped_tls v1.0.1
[INFO] [stderr]     Checking hashbrown v0.14.5
[INFO] [stderr]    Compiling bun_crash_handler v0.2.4
[INFO] [stderr]     Checking unicode-width v0.2.2
[INFO] [stderr]     Checking termcolor v1.4.1
[INFO] [stderr] warning: bun_uws_sys@0.2.3: /opt/rustwide/cargo-home/registry/src/index.crates.io-1949cf8c6b5b557f/bun_uws_sys-0.2.3/csrc/bun-usockets/src/bsd.c:207:79: warning: unused parameter 'databuflen' [-Wunused-parameter]
[INFO] [stderr] warning: bun_uws_sys@0.2.3:   207 | void bsd_udp_setup_recvbuf(struct udp_recvbuf *recvbuf, void *databuf, size_t databuflen) {
[INFO] [stderr] warning: bun_uws_sys@0.2.3:       |                                                                               ^
[INFO] [stderr] warning: bun_uws_sys@0.2.3: /opt/rustwide/cargo-home/registry/src/index.crates.io-1949cf8c6b5b557f/bun_uws_sys-0.2.3/csrc/bun-usockets/src/bsd.c:248:15: warning: comparison of integers of different signs: 'size_t' (aka 'unsigned long') and 'int' [-Wsign-compare]
[INFO] [stderr] warning: bun_uws_sys@0.2.3:   248 |     if (count > num) {
[INFO] [stderr] warning: bun_uws_sys@0.2.3:       |         ~~~~~ ^ ~~~
[INFO] [stderr] warning: bun_uws_sys@0.2.3: /opt/rustwide/cargo-home/registry/src/index.crates.io-1949cf8c6b5b557f/bun_uws_sys-0.2.3/csrc/bun-usockets/src/bsd.c:252:23: warning: comparison of integers of different signs: 'int' and 'size_t' (aka 'unsigned long') [-Wsign-compare]
[INFO] [stderr] warning: bun_uws_sys@0.2.3:   252 |     for (int i = 0; i < count; i++) {
[INFO] [stderr] warning: bun_uws_sys@0.2.3:       |                     ~ ^ ~~~~~
[INFO] [stderr] warning: bun_uws_sys@0.2.3: /opt/rustwide/cargo-home/registry/src/index.crates.io-1949cf8c6b5b557f/bun_uws_sys-0.2.3/csrc/bun-usockets/src/bsd.c:1167:9: warning: unused parameter 'port' [-Wunused-parameter]
[INFO] [stderr] warning: bun_uws_sys@0.2.3:  1167 |     int port,
[INFO] [stderr] warning: bun_uws_sys@0.2.3:       |         ^
[INFO] [stderr] warning: bun_uws_sys@0.2.3: /opt/rustwide/cargo-home/registry/src/index.crates.io-1949cf8c6b5b557f/bun_uws_sys-0.2.3/csrc/bun-usockets/src/bsd.c:1477:30: warning: comparison of integers of different signs: 'int' and 'unsigned long' [-Wsign-compare]
[INFO] [stderr] warning: bun_uws_sys@0.2.3:  1477 |             if (sun_path_len >= sizeof(server_address->sun_path) || sun_path_len < 0) {
[INFO] [stderr] warning: bun_uws_sys@0.2.3:       |                 ~~~~~~~~~~~~ ^  ~~~~~~~~~~~~~~~~~~~~~~~~~~~~~~~~
[INFO] [stderr] warning: bun_uws_sys@0.2.3: /opt/rustwide/cargo-home/registry/src/index.crates.io-1949cf8c6b5b557f/bun_uws_sys-0.2.3/csrc/bun-usockets/src/bsd.c:1551:83: warning: unused parameter 'path' [-Wunused-parameter]
[INFO] [stderr] warning: bun_uws_sys@0.2.3:  1551 | static LIBUS_SOCKET_DESCRIPTOR internal_bsd_create_listen_socket_unix(const char* path, int options, struct sockaddr_un* server_address, size_t addrlen, int* error) {
[INFO] [stderr] warning: bun_uws_sys@0.2.3:       |                                                                                   ^
[INFO] [stderr] warning: bun_uws_sys@0.2.3: /opt/rustwide/cargo-home/registry/src/index.crates.io-1949cf8c6b5b557f/bun_uws_sys-0.2.3/csrc/bun-usockets/src/bsd.c:1551:93: warning: unused parameter 'options' [-Wunused-parameter]
[INFO] [stderr] warning: bun_uws_sys@0.2.3:  1551 | static LIBUS_SOCKET_DESCRIPTOR internal_bsd_create_listen_socket_unix(const char* path, int options, struct sockaddr_un* server_address, size_t addrlen, int* error) {
[INFO] [stderr] warning: bun_uws_sys@0.2.3:       |                                                                                             ^
[INFO] [stderr] warning: bun_uws_sys@0.2.3: /opt/rustwide/cargo-home/registry/src/index.crates.io-1949cf8c6b5b557f/bun_uws_sys-0.2.3/csrc/bun-usockets/src/bsd.c:1975:123: warning: unused parameter 'options' [-Wunused-parameter]
[INFO] [stderr] warning: bun_uws_sys@0.2.3:  1975 | LIBUS_SOCKET_DESCRIPTOR bsd_create_connect_socket(struct sockaddr_storage *addr, struct sockaddr_storage *local_addr, int options) {
[INFO] [stderr] warning: bun_uws_sys@0.2.3:       |                                                                                                                           ^
[INFO] [stderr] warning: bun_uws_sys@0.2.3: /opt/rustwide/cargo-home/registry/src/index.crates.io-1949cf8c6b5b557f/bun_uws_sys-0.2.3/csrc/bun-usockets/src/bsd.c:2055:84: warning: unused parameter 'server_path' [-Wunused-parameter]
[INFO] [stderr] warning: bun_uws_sys@0.2.3:  2055 | static LIBUS_SOCKET_DESCRIPTOR internal_bsd_create_connect_socket_unix(const char *server_path, size_t len, int options, struct sockaddr_un* server_address, const size_t addrlen) {
[INFO] [stderr] warning: bun_uws_sys@0.2.3:       |                                                                                    ^
[INFO] [stderr] warning: bun_uws_sys@0.2.3: /opt/rustwide/cargo-home/registry/src/index.crates.io-1949cf8c6b5b557f/bun_uws_sys-0.2.3/csrc/bun-usockets/src/bsd.c:2055:104: warning: unused parameter 'len' [-Wunused-parameter]
[INFO] [stderr] warning: bun_uws_sys@0.2.3:  2055 | static LIBUS_SOCKET_DESCRIPTOR internal_bsd_create_connect_socket_unix(const char *server_path, size_t len, int options, struct sockaddr_un* server_address, const size_t addrlen) {
[INFO] [stderr] warning: bun_uws_sys@0.2.3:       |                                                                                                        ^
[INFO] [stderr] warning: bun_uws_sys@0.2.3: /opt/rustwide/cargo-home/registry/src/index.crates.io-1949cf8c6b5b557f/bun_uws_sys-0.2.3/csrc/bun-usockets/src/bsd.c:2055:113: warning: unused parameter 'options' [-Wunused-parameter]
[INFO] [stderr] warning: bun_uws_sys@0.2.3:  2055 | static LIBUS_SOCKET_DESCRIPTOR internal_bsd_create_connect_socket_unix(const char *server_path, size_t len, int options, struct sockaddr_un* server_address, const size_t addrlen) {
[INFO] [stderr] warning: bun_uws_sys@0.2.3:       |                                                                                                                 ^
[INFO] [stderr] warning: bun_uws_sys@0.2.3: 11 warnings generated.
[INFO] [stderr] warning: bun_uws_sys@0.2.3: In file included from /opt/rustwide/cargo-home/registry/src/index.crates.io-1949cf8c6b5b557f/bun_uws_sys-0.2.3/csrc/bun-usockets/src/context.c:18:
[INFO] [stderr] warning: bun_uws_sys@0.2.3: /opt/rustwide/cargo-home/registry/src/index.crates.io-1949cf8c6b5b557f/bun_uws_sys-0.2.3/csrc/bun-usockets/src/internal/internal.h:47:57: warning: declaration of 'struct us_loop_t' will not be visible outside of this function [-Wvisibility]
[INFO] [stderr] warning: bun_uws_sys@0.2.3:    47 | void us_internal_loop_update_pending_ready_polls(struct us_loop_t *loop,
[INFO] [stderr] warning: bun_uws_sys@0.2.3:       |                                                         ^
[INFO] [stderr] warning: bun_uws_sys@0.2.3: /opt/rustwide/cargo-home/registry/src/index.crates.io-1949cf8c6b5b557f/bun_uws_sys-0.2.3/csrc/bun-usockets/src/internal/internal.h:48:57: warning: declaration of 'struct us_poll_t' will not be visible outside of this function [-Wvisibility]
[INFO] [stderr] warning: bun_uws_sys@0.2.3:    48 |                                                  struct us_poll_t *old_poll,
[INFO] [stderr] warning: bun_uws_sys@0.2.3:       |                                                         ^
[INFO] [stderr] warning: bun_uws_sys@0.2.3: 2 warnings generated.
[INFO] [stderr] warning: bun_uws_sys@0.2.3: /opt/rustwide/cargo-home/registry/src/index.crates.io-1949cf8c6b5b557f/bun_uws_sys-0.2.3/csrc/bun-usockets/src/loop.c:392:62: warning: unused parameter 'loop' [-Wunused-parameter]
[INFO] [stderr] warning: bun_uws_sys@0.2.3:   392 | void us_internal_drain_pending_dns_resolve(struct us_loop_t *loop, struct us_connecting_socket_t *s) {
[INFO] [stderr] warning: bun_uws_sys@0.2.3:       |                                                              ^
[INFO] [stderr] warning: bun_uws_sys@0.2.3: /opt/rustwide/cargo-home/registry/src/index.crates.io-1949cf8c6b5b557f/bun_uws_sys-0.2.3/csrc/bun-usockets/src/loop.c:1123:42: warning: unused parameter 'loop' [-Wunused-parameter]
[INFO] [stderr] warning: bun_uws_sys@0.2.3:  1123 | void us_loop_integrate(struct us_loop_t *loop) {
[INFO] [stderr] warning: bun_uws_sys@0.2.3:       |                                          ^
[INFO] [stderr] warning: bun_uws_sys@0.2.3: 2 warnings generated.
[INFO] [stderr] warning: bun_uws_sys@0.2.3: /opt/rustwide/cargo-home/registry/src/index.crates.io-1949cf8c6b5b557f/bun_uws_sys-0.2.3/csrc/bun-usockets/src/socket.c:393:65: warning: unused parameter 's' [-Wunused-parameter]
[INFO] [stderr] warning: bun_uws_sys@0.2.3:   393 | int us_socket_stalled_write_means_peer_gone(struct us_socket_t *s) {
[INFO] [stderr] warning: bun_uws_sys@0.2.3:       |                                                                 ^
[INFO] [stderr] warning: bun_uws_sys@0.2.3: /opt/rustwide/cargo-home/registry/src/index.crates.io-1949cf8c6b5b557f/bun_uws_sys-0.2.3/csrc/bun-usockets/src/socket.c:470:77: warning: unused parameter 'c' [-Wunused-parameter]
[INFO] [stderr] warning: bun_uws_sys@0.2.3:   470 | void *us_connecting_socket_get_native_handle(struct us_connecting_socket_t *c) {
[INFO] [stderr] warning: bun_uws_sys@0.2.3:       |                                                                             ^
[INFO] [stderr] warning: bun_uws_sys@0.2.3: /opt/rustwide/cargo-home/registry/src/index.crates.io-1949cf8c6b5b557f/bun_uws_sys-0.2.3/csrc/bun-usockets/src/socket.c:740:88: warning: unused parameter 'dest' [-Wunused-parameter]
[INFO] [stderr] warning: bun_uws_sys@0.2.3:   740 | unsigned int us_get_remote_address_info(char *buf, struct us_socket_t *s, const char **dest, int *port, int *is_ipv6)
[INFO] [stderr] warning: bun_uws_sys@0.2.3:       |                                                                                        ^
[INFO] [stderr] warning: bun_uws_sys@0.2.3: /opt/rustwide/cargo-home/registry/src/index.crates.io-1949cf8c6b5b557f/bun_uws_sys-0.2.3/csrc/bun-usockets/src/socket.c:740:110: warning: unused parameter 'is_ipv6' [-Wunused-parameter]
[INFO] [stderr] warning: bun_uws_sys@0.2.3:   740 | unsigned int us_get_remote_address_info(char *buf, struct us_socket_t *s, const char **dest, int *port, int *is_ipv6)
[INFO] [stderr] warning: bun_uws_sys@0.2.3:       |                                                                                                              ^
[INFO] [stderr] warning: bun_uws_sys@0.2.3: /opt/rustwide/cargo-home/registry/src/index.crates.io-1949cf8c6b5b557f/bun_uws_sys-0.2.3/csrc/bun-usockets/src/socket.c:762:87: warning: unused parameter 'dest' [-Wunused-parameter]
[INFO] [stderr] warning: bun_uws_sys@0.2.3:   762 | unsigned int us_get_local_address_info(char *buf, struct us_socket_t *s, const char **dest, int *port, int *is_ipv6)
[INFO] [stderr] warning: bun_uws_sys@0.2.3:       |                                                                                       ^
[INFO] [stderr] warning: bun_uws_sys@0.2.3: /opt/rustwide/cargo-home/registry/src/index.crates.io-1949cf8c6b5b557f/bun_uws_sys-0.2.3/csrc/bun-usockets/src/socket.c:762:109: warning: unused parameter 'is_ipv6' [-Wunused-parameter]
[INFO] [stderr] warning: bun_uws_sys@0.2.3:   762 | unsigned int us_get_local_address_info(char *buf, struct us_socket_t *s, const char **dest, int *port, int *is_ipv6)
[INFO] [stderr] warning: bun_uws_sys@0.2.3:       |                                                                                                             ^
[INFO] [stderr] warning: bun_uws_sys@0.2.3: /opt/rustwide/cargo-home/registry/src/index.crates.io-1949cf8c6b5b557f/bun_uws_sys-0.2.3/csrc/bun-usockets/src/socket.c:780:40: warning: unused parameter 's' [-Wunused-parameter]
[INFO] [stderr] warning: bun_uws_sys@0.2.3:   780 | void us_socket_ref(struct us_socket_t *s) {
[INFO] [stderr] warning: bun_uws_sys@0.2.3:       |                                        ^
[INFO] [stderr] warning: bun_uws_sys@0.2.3: /opt/rustwide/cargo-home/registry/src/index.crates.io-1949cf8c6b5b557f/bun_uws_sys-0.2.3/csrc/bun-usockets/src/socket.c:825:42: warning: unused parameter 's' [-Wunused-parameter]
[INFO] [stderr] warning: bun_uws_sys@0.2.3:   825 | void us_socket_unref(struct us_socket_t *s) {
[INFO] [stderr] warning: bun_uws_sys@0.2.3:       |                                          ^
[INFO] [stderr] warning: bun_uws_sys@0.2.3: 8 warnings generated.
[INFO] [stderr] warning: bun_uws_sys@0.2.3: /opt/rustwide/cargo-home/registry/src/index.crates.io-1949cf8c6b5b557f/bun_uws_sys-0.2.3/csrc/bun-usockets/src/quic.c:206:12: warning: unused function 'us_quic_send_one' [-Wunused-function]
[INFO] [stderr] warning: bun_uws_sys@0.2.3:   206 | static int us_quic_send_one(LIBUS_SOCKET_DESCRIPTOR fd, const struct lsquic_out_spec *spec) {
[INFO] [stderr] warning: bun_uws_sys@0.2.3:       |            ^~~~~~~~~~~~~~~~
[INFO] [stderr] warning: bun_uws_sys@0.2.3: 1 warning generated.
[INFO] [stderr] warning: bun_uws_sys@0.2.3: In file included from /opt/rustwide/cargo-home/registry/src/index.crates.io-1949cf8c6b5b557f/bun_uws_sys-0.2.3/csrc/bun-usockets/src/fault_inject.c:1:
[INFO] [stderr] warning: bun_uws_sys@0.2.3: /opt/rustwide/cargo-home/registry/src/index.crates.io-1949cf8c6b5b557f/bun_uws_sys-0.2.3/csrc/bun-usockets/src/internal/internal.h:47:57: warning: declaration of 'struct us_loop_t' will not be visible outside of this function [-Wvisibility]
[INFO] [stderr] warning: bun_uws_sys@0.2.3:    47 | void us_internal_loop_update_pending_ready_polls(struct us_loop_t *loop,
[INFO] [stderr] warning: bun_uws_sys@0.2.3:       |                                                         ^
[INFO] [stderr] warning: bun_uws_sys@0.2.3: /opt/rustwide/cargo-home/registry/src/index.crates.io-1949cf8c6b5b557f/bun_uws_sys-0.2.3/csrc/bun-usockets/src/internal/internal.h:48:57: warning: declaration of 'struct us_poll_t' will not be visible outside of this function [-Wvisibility]
[INFO] [stderr] warning: bun_uws_sys@0.2.3:    48 |                                                  struct us_poll_t *old_poll,
[INFO] [stderr] warning: bun_uws_sys@0.2.3:       |                                                         ^
[INFO] [stderr] warning: bun_uws_sys@0.2.3: 2 warnings generated.
[INFO] [stderr] warning: bun_uws_sys@0.2.3: /opt/rustwide/cargo-home/registry/src/index.crates.io-1949cf8c6b5b557f/bun_uws_sys-0.2.3/csrc/bun-usockets/src/eventing/epoll_kqueue.c:35:10: fatal error: 'mimalloc.h' file not found
[INFO] [stderr] warning: bun_uws_sys@0.2.3:    35 | #include <mimalloc.h>
[INFO] [stderr] warning: bun_uws_sys@0.2.3:       |          ^~~~~~~~~~~~
[INFO] [stderr] warning: bun_uws_sys@0.2.3: 1 error generated.
[INFO] [stderr] error: failed to run custom build command for `bun_uws_sys v0.2.3`
[INFO] [stderr] note: To improve backtraces for build dependencies, set the CARGO_PROFILE_DEV_BUILD_OVERRIDE_DEBUG=true environment variable to enable debug information generation.
[INFO] [stderr] 
[INFO] [stderr] Caused by:
[INFO] [stderr]   process didn't exit successfully: `/opt/rustwide/target/debug/build/bun_uws_sys/2ff9ce52b5c6ea1e/out/build_script_build` (exit status: 1)
[INFO] [stderr]   --- stdout
[INFO] [stderr]   cargo:rerun-if-env-changed=CC_FORCE_DISABLE
[INFO] [stderr]   CC_FORCE_DISABLE = None
[INFO] [stderr]   cargo:rerun-if-env-changed=CC_ENABLE_DEBUG_OUTPUT
[INFO] [stderr]   cargo:rerun-if-env-changed=CRATE_CC_NO_DEFAULTS
[INFO] [stderr]   CRATE_CC_NO_DEFAULTS = None
[INFO] [stderr]   cargo:rerun-if-env-changed=CFLAGS
[INFO] [stderr]   CFLAGS = None
[INFO] [stderr]   cargo:rerun-if-env-changed=HOST_CFLAGS
[INFO] [stderr]   HOST_CFLAGS = None
[INFO] [stderr]   cargo:rerun-if-env-changed=CFLAGS_x86_64_unknown_linux_gnu
[INFO] [stderr]   CFLAGS_x86_64_unknown_linux_gnu = None
[INFO] [stderr]   cargo:rerun-if-env-changed=CFLAGS_x86_64-unknown-linux-gnu
[INFO] [stderr]   CFLAGS_x86_64-unknown-linux-gnu = None
[INFO] [stderr]   cargo:warning=/opt/rustwide/cargo-home/registry/src/index.crates.io-1949cf8c6b5b557f/bun_uws_sys-0.2.3/csrc/bun-usockets/src/bsd.c:207:79: warning: unused parameter 'databuflen' [-Wunused-parameter]
[INFO] [stderr]   cargo:warning=  207 | void bsd_udp_setup_recvbuf(struct udp_recvbuf *recvbuf, void *databuf, size_t databuflen) {
[INFO] [stderr]   cargo:warning=      |                                                                               ^
[INFO] [stderr]   cargo:warning=/opt/rustwide/cargo-home/registry/src/index.crates.io-1949cf8c6b5b557f/bun_uws_sys-0.2.3/csrc/bun-usockets/src/bsd.c:248:15: warning: comparison of integers of different signs: 'size_t' (aka 'unsigned long') and 'int' [-Wsign-compare]
[INFO] [stderr]   cargo:warning=  248 |     if (count > num) {
[INFO] [stderr]   cargo:warning=      |         ~~~~~ ^ ~~~
[INFO] [stderr]   cargo:warning=/opt/rustwide/cargo-home/registry/src/index.crates.io-1949cf8c6b5b557f/bun_uws_sys-0.2.3/csrc/bun-usockets/src/bsd.c:252:23: warning: comparison of integers of different signs: 'int' and 'size_t' (aka 'unsigned long') [-Wsign-compare]
[INFO] [stderr]   cargo:warning=  252 |     for (int i = 0; i < count; i++) {
[INFO] [stderr]   cargo:warning=      |                     ~ ^ ~~~~~
[INFO] [stderr]   cargo:warning=/opt/rustwide/cargo-home/registry/src/index.crates.io-1949cf8c6b5b557f/bun_uws_sys-0.2.3/csrc/bun-usockets/src/bsd.c:1167:9: warning: unused parameter 'port' [-Wunused-parameter]
[INFO] [stderr]   cargo:warning= 1167 |     int port,
[INFO] [stderr]   cargo:warning=      |         ^
[INFO] [stderr]   cargo:warning=/opt/rustwide/cargo-home/registry/src/index.crates.io-1949cf8c6b5b557f/bun_uws_sys-0.2.3/csrc/bun-usockets/src/bsd.c:1477:30: warning: comparison of integers of different signs: 'int' and 'unsigned long' [-Wsign-compare]
[INFO] [stderr]   cargo:warning= 1477 |             if (sun_path_len >= sizeof(server_address->sun_path) || sun_path_len < 0) {
[INFO] [stderr]   cargo:warning=      |                 ~~~~~~~~~~~~ ^  ~~~~~~~~~~~~~~~~~~~~~~~~~~~~~~~~
[INFO] [stderr]   cargo:warning=/opt/rustwide/cargo-home/registry/src/index.crates.io-1949cf8c6b5b557f/bun_uws_sys-0.2.3/csrc/bun-usockets/src/bsd.c:1551:83: warning: unused parameter 'path' [-Wunused-parameter]
[INFO] [stderr]   cargo:warning= 1551 | static LIBUS_SOCKET_DESCRIPTOR internal_bsd_create_listen_socket_unix(const char* path, int options, struct sockaddr_un* server_address, size_t addrlen, int* error) {
[INFO] [stderr]   cargo:warning=      |                                                                                   ^
[INFO] [stderr]   cargo:warning=/opt/rustwide/cargo-home/registry/src/index.crates.io-1949cf8c6b5b557f/bun_uws_sys-0.2.3/csrc/bun-usockets/src/bsd.c:1551:93: warning: unused parameter 'options' [-Wunused-parameter]
[INFO] [stderr]   cargo:warning= 1551 | static LIBUS_SOCKET_DESCRIPTOR internal_bsd_create_listen_socket_unix(const char* path, int options, struct sockaddr_un* server_address, size_t addrlen, int* error) {
[INFO] [stderr]   cargo:warning=      |                                                                                             ^
[INFO] [stderr]   cargo:warning=/opt/rustwide/cargo-home/registry/src/index.crates.io-1949cf8c6b5b557f/bun_uws_sys-0.2.3/csrc/bun-usockets/src/bsd.c:1975:123: warning: unused parameter 'options' [-Wunused-parameter]
[INFO] [stderr]   cargo:warning= 1975 | LIBUS_SOCKET_DESCRIPTOR bsd_create_connect_socket(struct sockaddr_storage *addr, struct sockaddr_storage *local_addr, int options) {
[INFO] [stderr]   cargo:warning=      |                                                                                                                           ^
[INFO] [stderr]   cargo:warning=/opt/rustwide/cargo-home/registry/src/index.crates.io-1949cf8c6b5b557f/bun_uws_sys-0.2.3/csrc/bun-usockets/src/bsd.c:2055:84: warning: unused parameter 'server_path' [-Wunused-parameter]
[INFO] [stderr]   cargo:warning= 2055 | static LIBUS_SOCKET_DESCRIPTOR internal_bsd_create_connect_socket_unix(const char *server_path, size_t len, int options, struct sockaddr_un* server_address, const size_t addrlen) {
[INFO] [stderr]   cargo:warning=      |                                                                                    ^
[INFO] [stderr]   cargo:warning=/opt/rustwide/cargo-home/registry/src/index.crates.io-1949cf8c6b5b557f/bun_uws_sys-0.2.3/csrc/bun-usockets/src/bsd.c:2055:104: warning: unused parameter 'len' [-Wunused-parameter]
[INFO] [stderr]   cargo:warning= 2055 | static LIBUS_SOCKET_DESCRIPTOR internal_bsd_create_connect_socket_unix(const char *server_path, size_t len, int options, struct sockaddr_un* server_address, const size_t addrlen) {
[INFO] [stderr]   cargo:warning=      |                                                                                                        ^
[INFO] [stderr]   cargo:warning=/opt/rustwide/cargo-home/registry/src/index.crates.io-1949cf8c6b5b557f/bun_uws_sys-0.2.3/csrc/bun-usockets/src/bsd.c:2055:113: warning: unused parameter 'options' [-Wunused-parameter]
[INFO] [stderr]   cargo:warning= 2055 | static LIBUS_SOCKET_DESCRIPTOR internal_bsd_create_connect_socket_unix(const char *server_path, size_t len, int options, struct sockaddr_un* server_address, const size_t addrlen) {
[INFO] [stderr]   cargo:warning=      |                                                                                                                 ^
[INFO] [stderr]   cargo:warning=11 warnings generated.
[INFO] [stderr]   cargo:rerun-if-env-changed=CRATE_CC_NO_DEFAULTS
[INFO] [stderr]   CRATE_CC_NO_DEFAULTS = None
[INFO] [stderr]   cargo:rerun-if-env-changed=CFLAGS
[INFO] [stderr]   CFLAGS = None
[INFO] [stderr]   cargo:rerun-if-env-changed=HOST_CFLAGS
[INFO] [stderr]   HOST_CFLAGS = None
[INFO] [stderr]   cargo:rerun-if-env-changed=CFLAGS_x86_64_unknown_linux_gnu
[INFO] [stderr]   CFLAGS_x86_64_unknown_linux_gnu = None
[INFO] [stderr]   cargo:rerun-if-env-changed=CFLAGS_x86_64-unknown-linux-gnu
[INFO] [stderr]   CFLAGS_x86_64-unknown-linux-gnu = None
[INFO] [stderr]   cargo:warning=In file included from /opt/rustwide/cargo-home/registry/src/index.crates.io-1949cf8c6b5b557f/bun_uws_sys-0.2.3/csrc/bun-usockets/src/context.c:18:
[INFO] [stderr]   cargo:warning=/opt/rustwide/cargo-home/registry/src/index.crates.io-1949cf8c6b5b557f/bun_uws_sys-0.2.3/csrc/bun-usockets/src/internal/internal.h:47:57: warning: declaration of 'struct us_loop_t' will not be visible outside of this function [-Wvisibility]
[INFO] [stderr]   cargo:warning=   47 | void us_internal_loop_update_pending_ready_polls(struct us_loop_t *loop,
[INFO] [stderr]   cargo:warning=      |                                                         ^
[INFO] [stderr]   cargo:warning=/opt/rustwide/cargo-home/registry/src/index.crates.io-1949cf8c6b5b557f/bun_uws_sys-0.2.3/csrc/bun-usockets/src/internal/internal.h:48:57: warning: declaration of 'struct us_poll_t' will not be visible outside of this function [-Wvisibility]
[INFO] [stderr]   cargo:warning=   48 |                                                  struct us_poll_t *old_poll,
[INFO] [stderr]   cargo:warning=      |                                                         ^
[INFO] [stderr]   cargo:warning=2 warnings generated.
[INFO] [stderr]   cargo:rerun-if-env-changed=CRATE_CC_NO_DEFAULTS
[INFO] [stderr]   CRATE_CC_NO_DEFAULTS = None
[INFO] [stderr]   cargo:rerun-if-env-changed=CFLAGS
[INFO] [stderr]   CFLAGS = None
[INFO] [stderr]   cargo:rerun-if-env-changed=HOST_CFLAGS
[INFO] [stderr]   HOST_CFLAGS = None
[INFO] [stderr]   cargo:rerun-if-env-changed=CFLAGS_x86_64_unknown_linux_gnu
[INFO] [stderr]   CFLAGS_x86_64_unknown_linux_gnu = None
[INFO] [stderr]   cargo:rerun-if-env-changed=CFLAGS_x86_64-unknown-linux-gnu
[INFO] [stderr]   CFLAGS_x86_64-unknown-linux-gnu = None
[INFO] [stderr]   cargo:warning=/opt/rustwide/cargo-home/registry/src/index.crates.io-1949cf8c6b5b557f/bun_uws_sys-0.2.3/csrc/bun-usockets/src/loop.c:392:62: warning: unused parameter 'loop' [-Wunused-parameter]
[INFO] [stderr]   cargo:warning=  392 | void us_internal_drain_pending_dns_resolve(struct us_loop_t *loop, struct us_connecting_socket_t *s) {
[INFO] [stderr]   cargo:warning=      |                                                              ^
[INFO] [stderr]   cargo:warning=/opt/rustwide/cargo-home/registry/src/index.crates.io-1949cf8c6b5b557f/bun_uws_sys-0.2.3/csrc/bun-usockets/src/loop.c:1123:42: warning: unused parameter 'loop' [-Wunused-parameter]
[INFO] [stderr]   cargo:warning= 1123 | void us_loop_integrate(struct us_loop_t *loop) {
[INFO] [stderr]   cargo:warning=      |                                          ^
[INFO] [stderr]   cargo:warning=2 warnings generated.
[INFO] [stderr]   cargo:rerun-if-env-changed=CRATE_CC_NO_DEFAULTS
[INFO] [stderr]   CRATE_CC_NO_DEFAULTS = None
[INFO] [stderr]   cargo:rerun-if-env-changed=CFLAGS
[INFO] [stderr]   CFLAGS = None
[INFO] [stderr]   cargo:rerun-if-env-changed=HOST_CFLAGS
[INFO] [stderr]   HOST_CFLAGS = None
[INFO] [stderr]   cargo:rerun-if-env-changed=CFLAGS_x86_64_unknown_linux_gnu
[INFO] [stderr]   CFLAGS_x86_64_unknown_linux_gnu = None
[INFO] [stderr]   cargo:rerun-if-env-changed=CFLAGS_x86_64-unknown-linux-gnu
[INFO] [stderr]   CFLAGS_x86_64-unknown-linux-gnu = None
[INFO] [stderr]   cargo:warning=/opt/rustwide/cargo-home/registry/src/index.crates.io-1949cf8c6b5b557f/bun_uws_sys-0.2.3/csrc/bun-usockets/src/socket.c:393:65: warning: unused parameter 's' [-Wunused-parameter]
[INFO] [stderr]   cargo:warning=  393 | int us_socket_stalled_write_means_peer_gone(struct us_socket_t *s) {
[INFO] [stderr]   cargo:warning=      |                                                                 ^
[INFO] [stderr]   cargo:warning=/opt/rustwide/cargo-home/registry/src/index.crates.io-1949cf8c6b5b557f/bun_uws_sys-0.2.3/csrc/bun-usockets/src/socket.c:470:77: warning: unused parameter 'c' [-Wunused-parameter]
[INFO] [stderr]   cargo:warning=  470 | void *us_connecting_socket_get_native_handle(struct us_connecting_socket_t *c) {
[INFO] [stderr]   cargo:warning=      |                                                                             ^
[INFO] [stderr]   cargo:warning=/opt/rustwide/cargo-home/registry/src/index.crates.io-1949cf8c6b5b557f/bun_uws_sys-0.2.3/csrc/bun-usockets/src/socket.c:740:88: warning: unused parameter 'dest' [-Wunused-parameter]
[INFO] [stderr]   cargo:warning=  740 | unsigned int us_get_remote_address_info(char *buf, struct us_socket_t *s, const char **dest, int *port, int *is_ipv6)
[INFO] [stderr]   cargo:warning=      |                                                                                        ^
[INFO] [stderr]   cargo:warning=/opt/rustwide/cargo-home/registry/src/index.crates.io-1949cf8c6b5b557f/bun_uws_sys-0.2.3/csrc/bun-usockets/src/socket.c:740:110: warning: unused parameter 'is_ipv6' [-Wunused-parameter]
[INFO] [stderr]   cargo:warning=  740 | unsigned int us_get_remote_address_info(char *buf, struct us_socket_t *s, const char **dest, int *port, int *is_ipv6)
[INFO] [stderr]   cargo:warning=      |                                                                                                              ^
[INFO] [stderr]   cargo:warning=/opt/rustwide/cargo-home/registry/src/index.crates.io-1949cf8c6b5b557f/bun_uws_sys-0.2.3/csrc/bun-usockets/src/socket.c:762:87: warning: unused parameter 'dest' [-Wunused-parameter]
[INFO] [stderr]   cargo:warning=  762 | unsigned int us_get_local_address_info(char *buf, struct us_socket_t *s, const char **dest, int *port, int *is_ipv6)
[INFO] [stderr]   cargo:warning=      |                                                                                       ^
[INFO] [stderr]   cargo:warning=/opt/rustwide/cargo-home/registry/src/index.crates.io-1949cf8c6b5b557f/bun_uws_sys-0.2.3/csrc/bun-usockets/src/socket.c:762:109: warning: unused parameter 'is_ipv6' [-Wunused-parameter]
[INFO] [stderr]   cargo:warning=  762 | unsigned int us_get_local_address_info(char *buf, struct us_socket_t *s, const char **dest, int *port, int *is_ipv6)
[INFO] [stderr]   cargo:warning=      |                                                                                                             ^
[INFO] [stderr]   cargo:warning=/opt/rustwide/cargo-home/registry/src/index.crates.io-1949cf8c6b5b557f/bun_uws_sys-0.2.3/csrc/bun-usockets/src/socket.c:780:40: warning: unused parameter 's' [-Wunused-parameter]
[INFO] [stderr]   cargo:warning=  780 | void us_socket_ref(struct us_socket_t *s) {
[INFO] [stderr]   cargo:warning=      |                                        ^
[INFO] [stderr]   cargo:warning=/opt/rustwide/cargo-home/registry/src/index.crates.io-1949cf8c6b5b557f/bun_uws_sys-0.2.3/csrc/bun-usockets/src/socket.c:825:42: warning: unused parameter 's' [-Wunused-parameter]
[INFO] [stderr]   cargo:warning=  825 | void us_socket_unref(struct us_socket_t *s) {
[INFO] [stderr]   cargo:warning=      |                                          ^
[INFO] [stderr]   cargo:warning=8 warnings generated.
[INFO] [stderr]   cargo:rerun-if-env-changed=CRATE_CC_NO_DEFAULTS
[INFO] [stderr]   CRATE_CC_NO_DEFAULTS = None
[INFO] [stderr]   cargo:rerun-if-env-changed=CFLAGS
[INFO] [stderr]   CFLAGS = None
[INFO] [stderr]   cargo:rerun-if-env-changed=HOST_CFLAGS
[INFO] [stderr]   HOST_CFLAGS = None
[INFO] [stderr]   cargo:rerun-if-env-changed=CFLAGS_x86_64_unknown_linux_gnu
[INFO] [stderr]   CFLAGS_x86_64_unknown_linux_gnu = None
[INFO] [stderr]   cargo:rerun-if-env-changed=CFLAGS_x86_64-unknown-linux-gnu
[INFO] [stderr]   CFLAGS_x86_64-unknown-linux-gnu = None
[INFO] [stderr]   cargo:rerun-if-env-changed=CRATE_CC_NO_DEFAULTS
[INFO] [stderr]   CRATE_CC_NO_DEFAULTS = None
[INFO] [stderr]   cargo:rerun-if-env-changed=CFLAGS
[INFO] [stderr]   CFLAGS = None
[INFO] [stderr]   cargo:rerun-if-env-changed=HOST_CFLAGS
[INFO] [stderr]   HOST_CFLAGS = None
[INFO] [stderr]   cargo:rerun-if-env-changed=CFLAGS_x86_64_unknown_linux_gnu
[INFO] [stderr]   CFLAGS_x86_64_unknown_linux_gnu = None
[INFO] [stderr]   cargo:rerun-if-env-changed=CFLAGS_x86_64-unknown-linux-gnu
[INFO] [stderr]   CFLAGS_x86_64-unknown-linux-gnu = None
[INFO] [stderr]   cargo:warning=/opt/rustwide/cargo-home/registry/src/index.crates.io-1949cf8c6b5b557f/bun_uws_sys-0.2.3/csrc/bun-usockets/src/quic.c:206:12: warning: unused function 'us_quic_send_one' [-Wunused-function]
[INFO] [stderr]   cargo:warning=  206 | static int us_quic_send_one(LIBUS_SOCKET_DESCRIPTOR fd, const struct lsquic_out_spec *spec) {
[INFO] [stderr]   cargo:warning=      |            ^~~~~~~~~~~~~~~~
[INFO] [stderr]   cargo:warning=1 warning generated.
[INFO] [stderr]   cargo:rerun-if-env-changed=CRATE_CC_NO_DEFAULTS
[INFO] [stderr]   CRATE_CC_NO_DEFAULTS = None
[INFO] [stderr]   cargo:rerun-if-env-changed=CFLAGS
[INFO] [stderr]   CFLAGS = None
[INFO] [stderr]   cargo:rerun-if-env-changed=HOST_CFLAGS
[INFO] [stderr]   HOST_CFLAGS = None
[INFO] [stderr]   cargo:rerun-if-env-changed=CFLAGS_x86_64_unknown_linux_gnu
[INFO] [stderr]   CFLAGS_x86_64_unknown_linux_gnu = None
[INFO] [stderr]   cargo:rerun-if-env-changed=CFLAGS_x86_64-unknown-linux-gnu
[INFO] [stderr]   CFLAGS_x86_64-unknown-linux-gnu = None
[INFO] [stderr]   cargo:warning=In file included from /opt/rustwide/cargo-home/registry/src/index.crates.io-1949cf8c6b5b557f/bun_uws_sys-0.2.3/csrc/bun-usockets/src/fault_inject.c:1:
[INFO] [stderr]   cargo:warning=/opt/rustwide/cargo-home/registry/src/index.crates.io-1949cf8c6b5b557f/bun_uws_sys-0.2.3/csrc/bun-usockets/src/internal/internal.h:47:57: warning: declaration of 'struct us_loop_t' will not be visible outside of this function [-Wvisibility]
[INFO] [stderr]   cargo:warning=   47 | void us_internal_loop_update_pending_ready_polls(struct us_loop_t *loop,
[INFO] [stderr]   cargo:warning=      |                                                         ^
[INFO] [stderr]   cargo:warning=/opt/rustwide/cargo-home/registry/src/index.crates.io-1949cf8c6b5b557f/bun_uws_sys-0.2.3/csrc/bun-usockets/src/internal/internal.h:48:57: warning: declaration of 'struct us_poll_t' will not be visible outside of this function [-Wvisibility]
[INFO] [stderr]   cargo:warning=   48 |                                                  struct us_poll_t *old_poll,
[INFO] [stderr]   cargo:warning=      |                                                         ^
[INFO] [stderr]   cargo:warning=2 warnings generated.
[INFO] [stderr]   cargo:rerun-if-env-changed=CRATE_CC_NO_DEFAULTS
[INFO] [stderr]   CRATE_CC_NO_DEFAULTS = None
[INFO] [stderr]   cargo:rerun-if-env-changed=CFLAGS
[INFO] [stderr]   CFLAGS = None
[INFO] [stderr]   cargo:rerun-if-env-changed=HOST_CFLAGS
[INFO] [stderr]   HOST_CFLAGS = None
[INFO] [stderr]   cargo:rerun-if-env-changed=CFLAGS_x86_64_unknown_linux_gnu
[INFO] [stderr]   CFLAGS_x86_64_unknown_linux_gnu = None
[INFO] [stderr]   cargo:rerun-if-env-changed=CFLAGS_x86_64-unknown-linux-gnu
[INFO] [stderr]   CFLAGS_x86_64-unknown-linux-gnu = None
[INFO] [stderr]   cargo:warning=/opt/rustwide/cargo-home/registry/src/index.crates.io-1949cf8c6b5b557f/bun_uws_sys-0.2.3/csrc/bun-usockets/src/eventing/epoll_kqueue.c:35:10: fatal error: 'mimalloc.h' file not found
[INFO] [stderr]   cargo:warning=   35 | #include <mimalloc.h>
[INFO] [stderr]   cargo:warning=      |          ^~~~~~~~~~~~
[INFO] [stderr]   cargo:warning=1 error generated.
[INFO] [stderr] 
[INFO] [stderr]   --- stderr
[INFO] [stderr] 
[INFO] [stderr] 
[INFO] [stderr]   error occurred in cc-rs: command did not execute successfully (status code exit status: 1): LC_ALL="C" "clang" "-O1" "-ffunction-sections" "-fdata-sections" "-fPIC" "-g" "-gdwarf-4" "-fno-omit-frame-pointer" "-m64" "--target=x86_64-unknown-linux-gnu" "-I" "/opt/rustwide/cargo-home/registry/src/index.crates.io-1949cf8c6b5b557f/bun_uws_sys-0.2.3/csrc/bun-usockets" "-I" "/opt/rustwide/cargo-home/registry/src/index.crates.io-1949cf8c6b5b557f/bun_uws_sys-0.2.3/csrc/bun-usockets/src" "-I" "/opt/rustwide/cargo-home/registry/src/index.crates.io-1949cf8c6b5b557f/bun_uws_sys-0.2.3/csrc/bun-usockets/src/internal" "-I" "/opt/rustwide/cargo-home/registry/src/index.crates.io-1949cf8c6b5b557f/bun_uws_sys-0.2.3/csrc/bun-usockets/src/internal/networking" "-I" "/opt/rustwide/cargo-home/registry/src/index.crates.io-1949cf8c6b5b557f/bun_uws_sys-0.2.3/csrc/deps/lsquic/include" "-I" "/opt/rustwide/cargo-home/registry/src/index.crates.io-1949cf8c6b5b557f/bun_uws_sys-0.2.3/csrc/deps/lsquic/src/liblsquic" "-I" "/opt/rustwide/cargo-home/registry/src/index.crates.io-1949cf8c6b5b557f/bun_uws_sys-0.2.3/csrc/deps/lsqpack" "-I" "/opt/rustwide/cargo-home/registry/src/index.crates.io-1949cf8c6b5b557f/bun_uws_sys-0.2.3/csrc/deps/lshpack" "-I" "/opt/rustwide/cargo-home/registry/src/index.crates.io-1949cf8c6b5b557f/bun_uws_sys-0.2.3/csrc/boringssl/include" "-Wall" "-Wextra" "-DBUN_DEBUG=1" "-DLIBUS_USE_EPOLL=1" "-DLIBUS_MAX_READY_POLLS=1024" "-DLIBUS_EXT_ALIGNMENT=16" "-DLIBUS_SOCKET_DESCRIPTOR=int" "-DLIBUS_SOCKET_ERROR=-1" "-include/opt/rustwide/cargo-home/registry/src/index.crates.io-1949cf8c6b5b557f/bun_uws_sys-0.2.3/src/_gcc_compat.h" "-DLIBUS_USE_OPENSSL=1" "-DLIBUS_USE_BORINGSSL=1" "-DWITH_BORINGSSL=1" "-o" "/opt/rustwide/target/debug/build/bun_uws_sys/49b823d61880c0f3/out/293d3085606536d2-epoll_kqueue.o" "-c" "/opt/rustwide/cargo-home/registry/src/index.crates.io-1949cf8c6b5b557f/bun_uws_sys-0.2.3/csrc/bun-usockets/src/eventing/epoll_kqueue.c"
[INFO] [stderr] 
[INFO] [stderr] 
[INFO] [stderr] warning: build failed, waiting for other jobs to finish...
[ERROR] error running command: no output for 300 seconds
[INFO] running `Command { std: "docker" "inspect" "9e9e959d9678ab7a0a783bd36c04c8921c21c132ca6d99da931419e98c76a6e4", kill_on_drop: false }`
[INFO] running `Command { std: "docker" "rm" "-f" "9e9e959d9678ab7a0a783bd36c04c8921c21c132ca6d99da931419e98c76a6e4", kill_on_drop: false }`
[INFO] [stdout] 9e9e959d9678ab7a0a783bd36c04c8921c21c132ca6d99da931419e98c76a6e4
