[INFO] fetching crate bao-servo-devtools-traits 0.5.14...
[INFO] checking bao-servo-devtools-traits-0.5.14 against 3154cc1a3e6424e44f438a95007d043ed5ceaaf6 for pr-133502-30
[INFO] extracting crate bao-servo-devtools-traits 0.5.14 into /workspace/builds/worker-2-tc2/source
[INFO] started tweaking crates.io crate bao-servo-devtools-traits 0.5.14
[INFO] finished tweaking crates.io crate bao-servo-devtools-traits 0.5.14
[INFO] tweaked toml for crates.io crate bao-servo-devtools-traits 0.5.14 written to /workspace/builds/worker-2-tc2/source/Cargo.toml
[INFO] validating manifest of crates.io crate bao-servo-devtools-traits 0.5.14 on toolchain 3154cc1a3e6424e44f438a95007d043ed5ceaaf6
[INFO] running `Command { std: CARGO_HOME="/workspace/cargo-home" RUSTUP_HOME="/workspace/rustup-home" "/workspace/cargo-home/bin/cargo" "+3154cc1a3e6424e44f438a95007d043ed5ceaaf6" "metadata" "--manifest-path" "Cargo.toml" "--no-deps", kill_on_drop: false }`
[INFO] crate crates.io crate bao-servo-devtools-traits 0.5.14 already has a lockfile, it will not be regenerated
[INFO] running `Command { std: CARGO_HOME="/workspace/cargo-home" RUSTUP_HOME="/workspace/rustup-home" "/workspace/cargo-home/bin/cargo" "+3154cc1a3e6424e44f438a95007d043ed5ceaaf6" "fetch" "--manifest-path" "Cargo.toml", kill_on_drop: false }`
[INFO] [stderr]     Blocking waiting for file lock on package cache
[INFO] running `Command { std: "docker" "create" "-v" "/var/lib/crater-agent-workspace/builds/worker-2-tc2/source:/opt/rustwide/workdir:ro,Z" "-v" "/var/lib/crater-agent-workspace/builds/worker-2-tc2/target:/opt/rustwide/target:rw,Z" "-v" "/var/lib/crater-agent-workspace/cargo-home:/opt/rustwide/cargo-home:ro,Z" "-v" "/var/lib/crater-agent-workspace/rustup-home:/opt/rustwide/rustup-home:ro,Z" "-m" "1610612736" "--network" "none" "ghcr.io/rust-lang/crates-build-env/linux@sha256:77db811e55d90add9212f6832c23229e3de5f1c1f9905e8cb07319ea15df73ac" "sleep" "infinity", kill_on_drop: false }`
[INFO] [stdout] 7ce592e06fd5ee9df8e70eba0084a9fafb04e8f3aacc97e7195511fbf24cd9d2
[INFO] running `Command { std: "docker" "start" "7ce592e06fd5ee9df8e70eba0084a9fafb04e8f3aacc97e7195511fbf24cd9d2", kill_on_drop: false }`
[INFO] running `Command { std: "docker" "inspect" "7ce592e06fd5ee9df8e70eba0084a9fafb04e8f3aacc97e7195511fbf24cd9d2", kill_on_drop: false }`
[INFO] running `Command { std: "docker" "exec" "-e" "SOURCE_DIR=/opt/rustwide/workdir" "-e" "CARGO_HOME=/opt/rustwide/cargo-home" "-e" "RUSTUP_HOME=/opt/rustwide/rustup-home" "-e" "CARGO_TARGET_DIR=/opt/rustwide/target" "-w" "/opt/rustwide/workdir" "--user" "0:0" "7ce592e06fd5ee9df8e70eba0084a9fafb04e8f3aacc97e7195511fbf24cd9d2" "/opt/rustwide/cargo-home/bin/cargo" "+3154cc1a3e6424e44f438a95007d043ed5ceaaf6" "metadata" "--no-deps" "--format-version=1", kill_on_drop: false }`
[INFO] running `Command { std: "docker" "inspect" "7ce592e06fd5ee9df8e70eba0084a9fafb04e8f3aacc97e7195511fbf24cd9d2", kill_on_drop: false }`
[INFO] running `Command { std: "docker" "exec" "-e" "SOURCE_DIR=/opt/rustwide/workdir" "-e" "CARGO_HOME=/opt/rustwide/cargo-home" "-e" "RUSTUP_HOME=/opt/rustwide/rustup-home" "-e" "CARGO_TARGET_DIR=/opt/rustwide/target" "-e" "CARGO_INCREMENTAL=0" "-e" "RUST_BACKTRACE=full" "-e" "RUSTFLAGS=--cap-lints=forbid" "-e" "RUSTDOCFLAGS=--cap-lints=forbid" "-w" "/opt/rustwide/workdir" "--user" "0:0" "7ce592e06fd5ee9df8e70eba0084a9fafb04e8f3aacc97e7195511fbf24cd9d2" "/opt/rustwide/cargo-home/bin/cargo" "+3154cc1a3e6424e44f438a95007d043ed5ceaaf6" "check" "--frozen" "--all" "--all-targets" "--message-format=json", kill_on_drop: false }`
[INFO] [stderr]    Compiling serde_core v1.0.229
[INFO] [stderr]    Compiling serde v1.0.229
[INFO] [stderr]    Compiling libc v0.2.189
[INFO] [stderr]     Checking stable_deref_trait v1.2.1
[INFO] [stderr]    Compiling version_check v0.9.5
[INFO] [stderr]    Compiling num-traits v0.2.19
[INFO] [stderr]     Checking once_cell v1.21.4
[INFO] [stderr]    Compiling syn v3.0.6
[INFO] [stderr]    Compiling syn v2.0.119
[INFO] [stderr]     Checking log v0.4.34
[INFO] [stderr]    Compiling siphasher v1.0.4
[INFO] [stderr]    Compiling cc v1.5.1
[INFO] [stderr]    Compiling phf_shared v0.14.0
[INFO] [stderr]    Compiling fastrand v2.5.0
[INFO] [stderr]    Compiling phf_generator v0.14.0
[INFO] [stderr]     Checking writeable v0.6.4
[INFO] [stderr]     Checking litemap v0.8.3
[INFO] [stderr]     Checking scopeguard v1.2.0
[INFO] [stderr]     Checking utf8_iter v1.0.4
[INFO] [stderr]    Compiling parking_lot_core v0.9.12
[INFO] [stderr]     Checking arrayvec v0.7.8
[INFO] [stderr]     Checking simd-adler32 v0.3.10
[INFO] [stderr]     Checking bytes v1.12.1
[INFO] [stderr]    Compiling icu_properties_data v2.3.0
[INFO] [stderr]     Checking adler2 v2.0.1
[INFO] [stderr]    Compiling crc32fast v1.5.2
[INFO] [stderr]     Checking new_debug_unreachable v1.0.6
[INFO] [stderr]    Compiling winnow v1.0.4
[INFO] [stderr]    Compiling icu_normalizer_data v2.3.0
[INFO] [stderr]    Compiling generic-array v0.14.7
[INFO] [stderr]    Compiling fnv v1.0.7
[INFO] [stderr]    Compiling khronos_api v3.1.0
[INFO] [stderr]    Compiling rustversion v1.0.23
[INFO] [stderr]     Checking precomputed-hash v0.1.1
[INFO] [stderr]    Compiling ident_case v1.0.1
[INFO] [stderr]     Checking miniz_oxide v0.9.1
[INFO] [stderr]    Compiling string_cache_codegen v0.11.2
[INFO] [stderr]     Checking foldhash v0.2.0
[INFO] [stderr]     Checking typenum v1.20.1
[INFO] [stderr]     Checking hashbrown v0.17.1
[INFO] [stderr]     Checking flate2 v1.1.10
[INFO] [stderr]     Checking bitflags v2.13.2
[INFO] [stderr]     Checking polycool v0.4.0
[INFO] [stderr]    Compiling xml-rs v0.8.29
[INFO] [stderr]    Compiling toml_parser v1.1.3+spec-1.1.0
[INFO] [stderr]     Checking pin-project-lite v0.2.17
[INFO] [stderr]     Checking dtoa v1.0.11
[INFO] [stderr]     Checking percent-encoding v2.3.2
[INFO] [stderr]    Compiling thiserror v2.0.21
[INFO] [stderr]     Checking rustc-hash v2.1.3
[INFO] [stderr]    Compiling vcpkg v0.2.15
[INFO] [stderr]    Compiling toml_datetime v1.1.1+spec-1.1.0
[INFO] [stderr]     Checking dtoa-short v0.3.5
[INFO] [stderr]    Compiling gl_generator v0.14.0
[INFO] [stderr]     Checking http v1.5.0
[INFO] [stderr]     Checking miniz_oxide v0.8.9
[INFO] [stderr]     Checking mio v1.2.3
[INFO] [stderr]    Compiling libz-sys v1.1.29
[INFO] [stderr]     Checking fdeflate v0.3.7
[INFO] [stderr]     Checking either v1.18.0
[INFO] [stderr]     Checking rand_core v0.10.1
[INFO] [stderr]    Compiling synstructure v0.13.2
[INFO] [stderr]    Compiling darling_core v0.20.11
[INFO] [stderr]    Compiling synstructure v0.14.0
[INFO] [stderr]    Compiling getrandom v0.4.3
[INFO] [stderr]    Compiling libm v0.2.16
[INFO] [stderr]     Checking png v0.18.1
[INFO] [stderr]     Checking crypto-common v0.1.7
[INFO] [stderr]     Checking block-buffer v0.10.4
[INFO] [stderr]    Compiling serde_spanned v1.1.1
[INFO] [stderr]     Checking form_urlencoded v1.2.2
[INFO] [stderr]     Checking socket2 v0.6.5
[INFO] [stderr]     Checking crossbeam-channel v0.5.17
[INFO] [stderr]    Compiling toml_writer v1.1.2+spec-1.1.0
[INFO] [stderr]     Checking smallbitvec v2.6.1
[INFO] [stderr]     Checking equivalent v1.0.2
[INFO] [stderr]    Compiling time-core v0.1.9
[INFO] [stderr]     Checking thin-vec v0.2.20
[INFO] [stderr]    Compiling num-conv v0.2.2
[INFO] [stderr]    Compiling toml v1.1.6+spec-1.1.0
[INFO] [stderr]     Checking indexmap v2.14.2
[INFO] [stderr]    Compiling time-macros v0.2.32
[INFO] [stderr]     Checking tokio v1.53.1
[INFO] [stderr]     Checking digest v0.10.7
[INFO] [stderr]    Compiling phf_macros v0.14.0
[INFO] [stderr]    Compiling derive_more-impl v2.1.1
[INFO] [stderr]    Compiling malloc_size_of_derive v0.1.3
[INFO] [stderr]    Compiling serde_derive v1.0.229
[INFO] [stderr]    Compiling zerofrom-derive v0.1.8
[INFO] [stderr]    Compiling displaydoc v0.2.7
[INFO] [stderr]    Compiling yoke-derive v0.8.4
[INFO] [stderr]    Compiling zerovec-derive v0.11.6
[INFO] [stderr]    Compiling bytemuck_derive v1.12.1
[INFO] [stderr]     Checking phf v0.14.0
[INFO] [stderr]     Checking zerofrom v0.1.8
[INFO] [stderr]    Compiling darling_macro v0.20.11
[INFO] [stderr]    Compiling thiserror-impl v2.0.21
[INFO] [stderr]     Checking yoke v0.8.3
[INFO] [stderr]    Compiling darling v0.20.11
[INFO] [stderr]    Compiling cssparser-macros v0.7.1
[INFO] [stderr]     Checking zerotrie v0.2.5
[INFO] [stderr]    Compiling to_shmem_derive v0.2.0
[INFO] [stderr]     Checking derive_more v2.1.1
[INFO] [stderr]     Checking zerovec v0.11.8
[INFO] [stderr]     Checking rayon v1.12.0
[INFO] [stderr]     Checking bytemuck v1.25.2
[INFO] [stderr]    Compiling encoding_rs v0.8.42
[INFO] [stderr]     Checking font-types v0.12.5
[INFO] [stderr]     Checking deranged v0.5.8
[INFO] [stderr]    Compiling freetype-sys v0.23.0
[INFO] [stderr]     Checking read-fonts v0.41.0
[INFO] [stderr]    Compiling glslopt v0.1.14
[INFO] [stderr]    Compiling phf_codegen v0.14.0
[INFO] [stderr]    Compiling slotmap v1.1.1
[INFO] [stderr]    Compiling same-file v1.0.6
[INFO] [stderr]     Checking num_threads v0.1.7
[INFO] [stderr]     Checking powerfmt v0.2.0
[INFO] [stderr]    Compiling icu_locale_fallback_data v2.3.0
[INFO] [stderr]     Checking tinystr v0.8.4
[INFO] [stderr]     Checking potential_utf v0.1.6
[INFO] [stderr]     Checking cpufeatures v0.2.17
[INFO] [stderr]     Checking float-cmp v0.9.0
[INFO] [stderr]     Checking core_maths v0.1.1
[INFO] [stderr]     Checking icu_locale_core v2.3.0
[INFO] [stderr]     Checking strict-num v0.1.1
[INFO] [stderr]     Checking icu_collections v2.3.0
[INFO] [stderr]    Compiling walkdir v2.5.0
[INFO] [stderr]    Compiling web_atoms v0.3.0
[INFO] [stderr]     Checking color v0.3.3
[INFO] [stderr]     Checking time v0.3.55
[INFO] [stderr]     Checking tinystr v0.7.6
[INFO] [stderr]    Compiling stylo_static_prefs v0.22.0
[INFO] [stderr]     Checking smallvec v1.16.2
[INFO] [stderr]     Checking euclid v0.22.14
[INFO] [stderr]     Checking lock_api v0.4.14
[INFO] [stderr]     Checking app_units v0.7.8
[INFO] [stderr]     Checking icu_provider v2.3.1
[INFO] [stderr]     Checking kurbo v0.13.1
[INFO] [stderr]     Checking parking_lot v0.12.5
[INFO] [stderr]     Checking cssparser v0.38.0
[INFO] [stderr]     Checking string_cache v0.11.0
[INFO] [stderr]     Checking servo_arc v0.5.0
[INFO] [stderr]     Checking icu_normalizer v2.3.0
[INFO] [stderr]     Checking icu_properties v2.3.0
[INFO] [stderr]    Compiling jobserver v0.1.35
[INFO] [stderr]     Checking to_shmem v0.6.0
[INFO] [stderr]     Checking selectors v0.41.0
[INFO] [stderr]    Compiling num_cpus v1.17.0
[INFO] [stderr]    Compiling peek-poke-derive v0.3.0
[INFO] [stderr]     Checking serde_bytes v0.11.19
[INFO] [stderr]    Compiling stylo_atoms v0.22.0
[INFO] [stderr]    Compiling tikv-jemalloc-sys v0.6.1+5.3.0-1-ge13ca993e8ccb9ba9847cc330696e02839f328f7
[INFO] [stderr]     Checking aho-corasick v1.1.5
[INFO] [stderr]    Compiling crossbeam-utils v0.8.23
[INFO] [stderr]    Compiling heck v0.5.0
[INFO] [stderr]    Compiling lazy_static v1.5.1
[INFO] [stderr]     Checking roxmltree v0.20.0
[INFO] [stderr]     Checking idna_adapter v1.2.2
[INFO] [stderr]     Checking base64 v0.22.1
[INFO] [stderr]     Checking idna v1.1.0
[INFO] [stderr]     Checking byteorder v1.5.0
[INFO] [stderr]    Compiling icu_segmenter_data v2.3.0
[INFO] [stderr]     Checking url v2.5.8
[INFO] [stderr]     Checking core_detect v1.0.0
[INFO] [stderr]    Compiling multiversion_no_op v1.0.0
[INFO] [stderr]     Checking linebender_resource_handle v0.1.1
[INFO] [stderr]     Checking void v1.0.2
[INFO] [stderr]     Checking regex-syntax v0.8.11
[INFO] [stderr]     Checking arrayref v0.3.9
[INFO] [stderr]     Checking writeable v0.5.5
[INFO] [stderr]     Checking litemap v0.7.5
[INFO] [stderr]    Compiling rustix v1.1.5
[INFO] [stderr]     Checking simdutf8 v0.1.5
[INFO] [stderr]     Checking stylo_malloc_size_of v0.22.0
[INFO] [stderr]     Checking tiny-skia-path v0.12.0
[INFO] [stderr]     Checking icu_locid v1.5.0
[INFO] [stderr]     Checking peniko v0.6.1
[INFO] [stderr]    Compiling webrender_build v0.70.0
[INFO] [stderr]     Checking fontconfig-parser v0.5.8
[INFO] [stderr]    Compiling strum_macros v0.28.0
[INFO] [stderr]    Compiling build-parallel v0.1.2
[INFO] [stderr]     Checking peek-poke v0.3.0
[INFO] [stderr]     Checking guillotiere v0.7.0
[INFO] [stderr]     Checking wr_malloc_size_of v0.2.2
[INFO] [stderr]    Compiling bao-stylo v0.22.0
[INFO] [stderr]    Compiling gleam v0.15.1
[INFO] [stderr]     Checking regex-automata v0.4.18
[INFO] [stderr]     Checking zeitstempel v0.2.2
[INFO] [stderr]     Checking memmap2 v0.9.11
[INFO] [stderr]     Checking fearless_simd v0.4.1
[INFO] [stderr]     Checking tinyvec v1.13.3
[INFO] [stderr]     Checking sha1_smol v1.0.1
[INFO] [stderr]     Checking unic-char-range v0.9.0
[INFO] [stderr]     Checking mime v0.3.17
[INFO] [stderr]     Checking linux-raw-sys v0.12.1
[INFO] [stderr]     Checking base64 v0.23.1
[INFO] [stderr]     Checking byteorder-lite v0.1.0
[INFO] [stderr]     Checking zune-core v0.5.3
[INFO] [stderr]     Checking quick-error v2.0.1
[INFO] [stderr]     Checking weezl v0.1.12
[INFO] [stderr]     Checking unic-common v0.9.0
[INFO] [stderr]     Checking color_quant v1.1.0
[INFO] [stderr]     Checking unic-ucd-version v0.9.0
[INFO] [stderr]     Checking skrifa v0.44.0
[INFO] [stderr]     Checking harfrust v0.12.0
[INFO] [stderr]     Checking gif v0.14.2
[INFO] [stderr]     Checking image-webp v0.2.4
[INFO] [stderr]     Checking regex v1.13.1
[INFO] [stderr]     Checking zune-jpeg v0.5.15
[INFO] [stderr]     Checking strum v0.28.0
[INFO] [stderr]     Checking fontdb v0.24.0
[INFO] [stderr]     Checking unic-char-property v0.9.0
[INFO] [stderr]     Checking uuid v1.26.1
[INFO] [stderr]     Checking webrender_api v0.70.0
[INFO] [stderr]     Checking icu_locale_fallback v2.3.0
[INFO] [stderr]     Checking vello_common v0.2.0
[INFO] [stderr]     Checking freetype v0.8.0
[INFO] [stderr]     Checking svgtypes v0.16.1
[INFO] [stderr]     Checking cobs v0.3.0
[INFO] [stderr]     Checking roxmltree v0.21.1
[INFO] [stderr]     Checking simplecss v0.2.2
[INFO] [stderr]     Checking unicode-bidi v0.3.18
[INFO] [stderr]     Checking unicode-script v0.5.8
[INFO] [stderr]     Checking pico-args v0.5.0
[INFO] [stderr]     Checking unicode-vo v0.1.0
[INFO] [stderr]     Checking tracy-rs v0.1.2
[INFO] [stderr]     Checking xmlwriter v0.1.0
[INFO] [stderr]     Checking svg_fmt v0.4.5
[INFO] [stderr]     Checking imagesize v0.15.0
[INFO] [stderr]     Checking data-url v0.3.2
[INFO] [stderr]     Checking etagere v0.2.15
[INFO] [stderr]     Checking tempfile v3.27.0
[INFO] [stderr]     Checking glifo v0.3.0
[INFO] [stderr]     Checking postcard v1.1.3
[INFO] [stderr]     Checking usvg v0.48.1
[INFO] [stderr]     Checking icu_segmenter v2.3.0
[INFO] [stderr]     Checking stylo_traits v0.22.0
[INFO] [stderr]     Checking unic-ucd-ident v0.9.0
[INFO] [stderr]    Compiling toml_edit v0.25.15+spec-1.1.0
[INFO] [stderr]     Checking tendril v0.5.1
[INFO] [stderr]     Checking tiny-skia v0.12.0
[INFO] [stderr]     Checking stylo_dom v0.22.0
[INFO] [stderr]     Checking plane-split v0.18.0
[INFO] [stderr]     Checking bincode v1.3.3
[INFO] [stderr]     Checking allocator-api2 v0.2.21
[INFO] [stderr]     Checking sha2 v0.10.9
[INFO] [stderr]     Checking rgb v0.8.53
[INFO] [stderr]    Compiling bao-stylo-derive v0.22.0
[INFO] [stderr]    Compiling num-derive v0.4.2
[INFO] [stderr]     Checking ordered-channel v1.2.0
[INFO] [stderr]     Checking itertools v0.14.0
[INFO] [stderr]     Checking uluru v3.1.0
[INFO] [stderr]     Checking num-integer v0.1.47
[INFO] [stderr]     Checking thread_local v1.1.10
[INFO] [stderr]     Checking unicode-segmentation v1.13.3
[INFO] [stderr]    Compiling serde_json v1.0.151
[INFO] [stderr]     Checking atomic_refcell v0.1.14
[INFO] [stderr]     Checking static_assertions v1.1.0
[INFO] [stderr]     Checking topological-sort v0.1.0
[INFO] [stderr]     Checking futures-core v0.3.34
[INFO] [stderr]     Checking keyboard-types v0.8.3
[INFO] [stderr]     Checking vello_cpu v0.2.0
[INFO] [stderr]     Checking resvg v0.48.1
[INFO] [stderr]     Checking content-security-policy v0.8.1
[INFO] [stderr]    Compiling proc-macro-crate v3.5.0
[INFO] [stderr]     Checking markup5ever v0.40.0
[INFO] [stderr]     Checking wr_glyph_rasterizer v0.70.0
[INFO] [stderr]     Checking urlpattern v0.3.0
[INFO] [stderr]     Checking bao-ipc-channel v0.22.0
[INFO] [stderr]     Checking taffy v0.13.0
[INFO] [stderr]    Compiling yoke-derive v0.7.5
[INFO] [stderr]    Compiling num_enum_derive v0.7.6
[INFO] [stderr]    Compiling zerovec-derive v0.10.4
[INFO] [stderr]     Checking tracing-core v0.1.36
[INFO] [stderr]     Checking yoke v0.7.5
[INFO] [stderr]     Checking futures-sink v0.3.34
[INFO] [stderr]     Checking num_enum v0.7.6
[INFO] [stderr]     Checking tokio-util v0.7.19
[INFO] [stderr]    Compiling bao-servo-config-macro v0.5.4
[INFO] [stderr]    Compiling enumn v0.1.14
[INFO] [stderr]     Checking atomic-waker v1.1.2
[INFO] [stderr]     Checking try-lock v0.2.5
[INFO] [stderr]     Checking tracing v0.1.44
[INFO] [stderr]     Checking slab v0.4.12
[INFO] [stderr]    Compiling icu_segmenter_data v1.5.1
[INFO] [stderr]     Checking zerovec v0.10.4
[INFO] [stderr]     Checking want v0.3.1
[INFO] [stderr]     Checking accesskit v0.24.1
[INFO] [stderr]     Checking bao-servo-config v0.5.12
[INFO] [stderr]     Checking futures-channel v0.3.34
[INFO] [stderr]    Compiling icu_provider_macros v1.5.0
[INFO] [stderr]     Checking h2 v0.4.19
[INFO] [stderr]     Checking http-body v1.1.0
[INFO] [stderr]    Compiling cookie v0.16.2
[INFO] [stderr]    Compiling cookie v0.18.2
[INFO] [stderr]     Checking pxfm v0.1.30
[INFO] [stderr]    Compiling thiserror v1.0.69
[INFO] [stderr]     Checking icu_provider v1.5.0
[INFO] [stderr]     Checking icu_collections v1.5.0
[INFO] [stderr]     Checking sha1 v0.10.7
[INFO] [stderr]    Compiling thiserror-impl v1.0.69
[INFO] [stderr]     Checking headers-core v0.3.0
[INFO] [stderr]    Compiling wayland-sys v0.31.11
[INFO] [stderr]    Compiling x11-dl v2.21.0
[INFO] [stderr]     Checking libloading v0.8.9
[INFO] [stderr]     Checking httpdate v1.0.3
[INFO] [stderr]    Compiling cfg_aliases v0.2.2
[INFO] [stderr]    Compiling surfman v0.13.0
[INFO] [stderr]     Checking headers v0.4.2
[INFO] [stderr]     Checking dlib v0.5.3
[INFO] [stderr]     Checking icu_segmenter v1.5.0
[INFO] [stderr]     Checking http v0.2.12
[INFO] [stderr]    Compiling httparse v1.10.1
[INFO] [stderr]    Compiling bao-servo-embedder-traits v0.5.18
[INFO] [stderr]     Checking hyper v1.11.1
[INFO] [stderr]     Checking moxcms v0.8.1
[INFO] [stderr]     Checking glow v0.17.0
[INFO] [stderr]     Checking webdriver v0.53.0
[INFO] [stderr]     Checking bao-servo-hyper-serde v0.5.2
[INFO] [stderr]     Checking cpufeatures v0.3.1
[INFO] [stderr]     Checking futures-task v0.3.34
[INFO] [stderr]     Checking raw-window-handle v0.6.2
[INFO] [stderr]     Checking inventory v0.3.24
[INFO] [stderr]     Checking futures-util v0.3.34
[INFO] [stderr]     Checking chacha20 v0.10.2
[INFO] [stderr] error: could not compile `x11-dl` (lib)
[INFO] [stderr] 
[INFO] [stderr] Caused by:
[INFO] [stderr]   process didn't exit successfully: `/opt/rustwide/rustup-home/toolchains/3154cc1a3e6424e44f438a95007d043ed5ceaaf6/bin/rustc --crate-name x11_dl --edition=2021 /opt/rustwide/cargo-home/registry/src/index.crates.io-1949cf8c6b5b557f/x11-dl-2.21.0/src/lib.rs --error-format=json --json=diagnostic-rendered-ansi,artifacts,future-incompat,unused-externs-silent --crate-type lib --emit=dep-info,metadata -C embed-bitcode=no -C debuginfo=2 --check-cfg 'cfg(docsrs,test)' --check-cfg 'cfg(feature, values())' -C metadata=ea92bed770913102 -C extra-filename=-ab420d32790d96bc --out-dir /opt/rustwide/target/debug/build/x11-dl/ab420d32790d96bc/out --extern libc=/opt/rustwide/target/debug/build/libc/5b122225efee376b/out/liblibc-5b122225efee376b.rmeta --extern once_cell=/opt/rustwide/target/debug/build/once_cell/6f8123b0c2eed634/out/libonce_cell-6f8123b0c2eed634.rmeta --cap-lints allow --cap-lints=forbid --force-warn=unused_crate_dependencies -l dl` (signal: 9, SIGKILL: kill)
[INFO] [stderr] warning: build failed, waiting for other jobs to finish...
[INFO] [stderr] error: could not compile `bao-stylo` (lib)
[INFO] [stderr] 
[INFO] [stderr] Caused by:
[INFO] [stderr]   process didn't exit successfully: `/opt/rustwide/rustup-home/toolchains/3154cc1a3e6424e44f438a95007d043ed5ceaaf6/bin/rustc --crate-name style --edition=2024 /opt/rustwide/cargo-home/registry/src/index.crates.io-1949cf8c6b5b557f/bao-stylo-0.22.0/lib.rs --error-format=json --json=diagnostic-rendered-ansi,artifacts,future-incompat,unused-externs-silent --crate-type lib --emit=dep-info,metadata -C embed-bitcode=no -C debuginfo=2 --cfg 'feature="default"' --cfg 'feature="encoding_rs"' --cfg 'feature="mime"' --cfg 'feature="serde"' --cfg 'feature="servo"' --cfg 'feature="string_cache"' --cfg 'feature="stylo_atoms"' --cfg 'feature="url"' --cfg 'feature="web_atoms"' --check-cfg 'cfg(docsrs,test)' --check-cfg 'cfg(feature, values("bindgen", "default", "encoding_rs", "gecko", "gecko_debug", "gecko_refcount_logging", "mime", "mozbuild", "nsstring", "regex", "serde", "servo", "string_cache", "stylo_atoms", "toml", "url", "web_atoms"))' -C metadata=ee64ea3eca30627d -C extra-filename=-b603c4d91419d892 --out-dir /opt/rustwide/target/debug/build/bao-stylo/b603c4d91419d892/out -L dependency=/opt/rustwide/target/debug/build/app_units/e806c913210b9b86/out -L dependency=/opt/rustwide/target/debug/build/arrayvec/6514fbe103c4fe79/out -L dependency=/opt/rustwide/target/debug/build/bitflags/c986bef194bac164/out -L dependency=/opt/rustwide/target/debug/build/cfg-if/557927e41f083466/out -L dependency=/opt/rustwide/target/debug/build/core_detect/6765e0bee8fa841c/out -L dependency=/opt/rustwide/target/debug/build/core_maths/a353600079564d89/out -L dependency=/opt/rustwide/target/debug/build/crossbeam-deque/eb79672a07f9e1bc/out -L dependency=/opt/rustwide/target/debug/build/crossbeam-epoch/5cd989124969d90b/out -L dependency=/opt/rustwide/target/debug/build/crossbeam-utils/8ed70eae9f05b233/out -L dependency=/opt/rustwide/target/debug/build/cssparser-macros/19e46a99aaa8e151/out -L dependency=/opt/rustwide/target/debug/build/cssparser/d8cec1dc19708b48/out -L dependency=/opt/rustwide/target/debug/build/derive_more-impl/62e08541ed8b466d/out -L dependency=/opt/rustwide/target/debug/build/derive_more/16ae41555f8d96cf/out -L dependency=/opt/rustwide/target/debug/build/displaydoc/7359ae37d6b09037/out -L dependency=/opt/rustwide/target/debug/build/dtoa-short/43c317bf4073f3ae/out -L dependency=/opt/rustwide/target/debug/build/dtoa/87b2b2ffd136ae06/out -L dependency=/opt/rustwide/target/debug/build/either/91f0e0364e264e7b/out -L dependency=/opt/rustwide/target/debug/build/equivalent/d23b026399a51038/out -L dependency=/opt/rustwide/target/debug/build/euclid/474fcf4ebb821d82/out -L dependency=/opt/rustwide/target/debug/build/foldhash/2911a6ebceb426f2/out -L dependency=/opt/rustwide/target/debug/build/form_urlencoded/c198f79a15a99cab/out -L dependency=/opt/rustwide/target/debug/build/hashbrown/729e1033241eafd2/out -L dependency=/opt/rustwide/target/debug/build/icu_collections/d371ec24a80fbe38/out -L dependency=/opt/rustwide/target/debug/build/icu_locale_core/474babbb72900cb9/out -L dependency=/opt/rustwide/target/debug/build/icu_locale_fallback/e7c856611c587edb/out -L dependency=/opt/rustwide/target/debug/build/icu_locale_fallback_data/a3d2260c50b14f31/out -L dependency=/opt/rustwide/target/debug/build/icu_normalizer/96bd31e3d6f955a5/out -L dependency=/opt/rustwide/target/debug/build/icu_normalizer_data/55d53c9d9302ab5f/out -L dependency=/opt/rustwide/target/debug/build/icu_properties/3de61b748ef187ce/out -L dependency=/opt/rustwide/target/debug/build/icu_properties_data/17963fca1444d170/out -L dependency=/opt/rustwide/target/debug/build/icu_provider/2776cd9eff1ec02c/out -L dependency=/opt/rustwide/target/debug/build/icu_segmenter_data/f48421b4e9f4cc16/out -L dependency=/opt/rustwide/target/debug/build/idna/509860886762bad7/out -L dependency=/opt/rustwide/target/debug/build/idna_adapter/81fe8179a04a1bef/out -L dependency=/opt/rustwide/target/debug/build/itoa/488dcf4f13423b18/out -L dependency=/opt/rustwide/target/debug/build/libc/5b122225efee376b/out -L dependency=/opt/rustwide/target/debug/build/libm/89e5b3015da8f563/out -L dependency=/opt/rustwide/target/debug/build/litemap/dad95d7964bc71c0/out -L dependency=/opt/rustwide/target/debug/build/lock_api/707c5d5cb4de4ef5/out -L dependency=/opt/rustwide/target/debug/build/log/2285cdf6cdb2482f/out -L dependency=/opt/rustwide/target/debug/build/malloc_size_of_derive/45cb75b63492c232/out -L dependency=/opt/rustwide/target/debug/build/multiversion_no_op/ec6b228d27e3795b/out -L dependency=/opt/rustwide/target/debug/build/new_debug_unreachable/308576270019a9b4/out -L dependency=/opt/rustwide/target/debug/build/num-traits/89b73ffee7dd0236/out -L dependency=/opt/rustwide/target/debug/build/parking_lot/24962f947d50d74e/out -L dependency=/opt/rustwide/target/debug/build/parking_lot_core/e2f6f5235ca53bc2/out -L dependency=/opt/rustwide/target/debug/build/percent-encoding/f0f3780066f274e0/out -L dependency=/opt/rustwide/target/debug/build/phf/5daa18d42b816605/out -L dependency=/opt/rustwide/target/debug/build/phf_macros/a73eb42228a4d5e3/out -L dependency=/opt/rustwide/target/debug/build/phf_shared/a8a9697b838d7934/out -L dependency=/opt/rustwide/target/debug/build/potential_utf/4fe8452723ec8aaa/out -L dependency=/opt/rustwide/target/debug/build/precomputed-hash/db4b9e568d14bf9d/out -L dependency=/opt/rustwide/target/debug/build/rayon-core/b192274bc1fc9471/out -L dependency=/opt/rustwide/target/debug/build/rustc-hash/9f55c8acc6427e18/out -L dependency=/opt/rustwide/target/debug/build/scopeguard/e7d227cb308b3799/out -L dependency=/opt/rustwide/target/debug/build/selectors/7e8a5d1699ff277f/out -L dependency=/opt/rustwide/target/debug/build/serde/5b079e90dd04d424/out -L dependency=/opt/rustwide/target/debug/build/serde_core/48032791fab7ab4f/out -L dependency=/opt/rustwide/target/debug/build/serde_derive/357ad0878c41dba9/out -L dependency=/opt/rustwide/target/debug/build/servo_arc/5d02424c0f3bdefa/out -L dependency=/opt/rustwide/target/debug/build/simdutf8/91752245f295307f/out -L dependency=/opt/rustwide/target/debug/build/siphasher/c2ff2600990eb1c7/out -L dependency=/opt/rustwide/target/debug/build/smallbitvec/4debc1e99907844b/out -L dependency=/opt/rustwide/target/debug/build/smallvec/d7b18b5b6990341e/out -L dependency=/opt/rustwide/target/debug/build/stable_deref_trait/546b30ce49ff2d08/out -L dependency=/opt/rustwide/target/debug/build/string_cache/770f17f4ad523eec/out -L dependency=/opt/rustwide/target/debug/build/strum_macros/d156d5be929b59a3/out -L dependency=/opt/rustwide/target/debug/build/stylo_atoms/8c37ab0e62b150d7/out -L dependency=/opt/rustwide/target/debug/build/stylo_malloc_size_of/237231d6254ca937/out -L dependency=/opt/rustwide/target/debug/build/thin-vec/d90ba6a6dfebe671/out -L dependency=/opt/rustwide/target/debug/build/tinystr/4bebf952c664fac2/out -L dependency=/opt/rustwide/target/debug/build/to_shmem/e7146de3cdc6b119/out -L dependency=/opt/rustwide/target/debug/build/to_shmem_derive/a96165b2d652eb0e/out -L dependency=/opt/rustwide/target/debug/build/url/dbee61d8afc4a3e2/out -L dependency=/opt/rustwide/target/debug/build/utf8_iter/88f5a358869389d3/out -L dependency=/opt/rustwide/target/debug/build/void/669fea486b2b8b2a/out -L dependency=/opt/rustwide/target/debug/build/writeable/03638860636c24f1/out -L dependency=/opt/rustwide/target/debug/build/yoke-derive/c50cab03bc331d05/out -L dependency=/opt/rustwide/target/debug/build/yoke/1bab59479cc692c4/out -L dependency=/opt/rustwide/target/debug/build/zerofrom-derive/d3d5bf36e638ba1e/out -L dependency=/opt/rustwide/target/debug/build/zerofrom/e5181260c3f4e118/out -L dependency=/opt/rustwide/target/debug/build/zerotrie/4f6f3d0e737afa7c/out -L dependency=/opt/rustwide/target/debug/build/zerovec-derive/5d6ffb31ecbaf1ce/out -L dependency=/opt/rustwide/target/debug/build/zerovec/19d9bf4786096a5f/out --extern app_units=/opt/rustwide/target/debug/build/app_units/e806c913210b9b86/out/libapp_units-e806c913210b9b86.rmeta --extern arrayvec=/opt/rustwide/target/debug/build/arrayvec/6514fbe103c4fe79/out/libarrayvec-6514fbe103c4fe79.rmeta --extern atomic_refcell=/opt/rustwide/target/debug/build/atomic_refcell/13fe18670cee4b4e/out/libatomic_refcell-13fe18670cee4b4e.rmeta --extern style_derive=/opt/rustwide/target/debug/build/bao-stylo-derive/7a03d232670b820d/out/libstylo_derive-7a03d232670b820d.so --extern bitflags=/opt/rustwide/target/debug/build/bitflags/c986bef194bac164/out/libbitflags-c986bef194bac164.rmeta --extern byteorder=/opt/rustwide/target/debug/build/byteorder/d92705dd1d5353b1/out/libbyteorder-d92705dd1d5353b1.rmeta --extern cssparser=/opt/rustwide/target/debug/build/cssparser/d8cec1dc19708b48/out/libcssparser-d8cec1dc19708b48.rmeta --extern derive_more=/opt/rustwide/target/debug/build/derive_more/16ae41555f8d96cf/out/libderive_more-16ae41555f8d96cf.rmeta --extern encoding_rs=/opt/rustwide/target/debug/build/encoding_rs/d586a9ee91789947/out/libencoding_rs-d586a9ee91789947.rmeta --extern euclid=/opt/rustwide/target/debug/build/euclid/474fcf4ebb821d82/out/libeuclid-474fcf4ebb821d82.rmeta --extern icu_segmenter=/opt/rustwide/target/debug/build/icu_segmenter/f1a74c591c8ba3d0/out/libicu_segmenter-f1a74c591c8ba3d0.rmeta --extern indexmap=/opt/rustwide/target/debug/build/indexmap/bf5aec77fd83a286/out/libindexmap-bf5aec77fd83a286.rmeta --extern itertools=/opt/rustwide/target/debug/build/itertools/f74facb2e918a2aa/out/libitertools-f74facb2e918a2aa.rmeta --extern itoa=/opt/rustwide/target/debug/build/itoa/488dcf4f13423b18/out/libitoa-488dcf4f13423b18.rmeta --extern log=/opt/rustwide/target/debug/build/log/2285cdf6cdb2482f/out/liblog-2285cdf6cdb2482f.rmeta --extern malloc_size_of_derive=/opt/rustwide/target/debug/build/malloc_size_of_derive/45cb75b63492c232/out/libmalloc_size_of_derive-45cb75b63492c232.so --extern mime=/opt/rustwide/target/debug/build/mime/719fdfbd841ea854/out/libmime-719fdfbd841ea854.rmeta --extern debug_unreachable=/opt/rustwide/target/debug/build/new_debug_unreachable/308576270019a9b4/out/libdebug_unreachable-308576270019a9b4.rmeta --extern num_derive=/opt/rustwide/target/debug/build/num-derive/3758161f3056d15f/out/libnum_derive-3758161f3056d15f.so --extern num_integer=/opt/rustwide/target/debug/build/num-integer/c39d2fc70809261c/out/libnum_integer-c39d2fc70809261c.rmeta --extern num_traits=/opt/rustwide/target/debug/build/num-traits/89b73ffee7dd0236/out/libnum_traits-89b73ffee7dd0236.rmeta --extern num_cpus=/opt/rustwide/target/debug/build/num_cpus/bf5fa514b557217e/out/libnum_cpus-bf5fa514b557217e.rmeta --extern parking_lot=/opt/rustwide/target/debug/build/parking_lot/24962f947d50d74e/out/libparking_lot-24962f947d50d74e.rmeta --extern precomputed_hash=/opt/rustwide/target/debug/build/precomputed-hash/db4b9e568d14bf9d/out/libprecomputed_hash-db4b9e568d14bf9d.rmeta --extern rayon=/opt/rustwide/target/debug/build/rayon/0e2af83bc265203f/out/librayon-0e2af83bc265203f.rmeta --extern rayon_core=/opt/rustwide/target/debug/build/rayon-core/b192274bc1fc9471/out/librayon_core-b192274bc1fc9471.rmeta --extern rustc_hash=/opt/rustwide/target/debug/build/rustc-hash/9f55c8acc6427e18/out/librustc_hash-9f55c8acc6427e18.rmeta --extern selectors=/opt/rustwide/target/debug/build/selectors/7e8a5d1699ff277f/out/libselectors-7e8a5d1699ff277f.rmeta --extern serde=/opt/rustwide/target/debug/build/serde/5b079e90dd04d424/out/libserde-5b079e90dd04d424.rmeta --extern servo_arc=/opt/rustwide/target/debug/build/servo_arc/5d02424c0f3bdefa/out/libservo_arc-5d02424c0f3bdefa.rmeta --extern smallbitvec=/opt/rustwide/target/debug/build/smallbitvec/4debc1e99907844b/out/libsmallbitvec-4debc1e99907844b.rmeta --extern smallvec=/opt/rustwide/target/debug/build/smallvec/d7b18b5b6990341e/out/libsmallvec-d7b18b5b6990341e.rmeta --extern static_assertions=/opt/rustwide/target/debug/build/static_assertions/f2154b0bf273423d/out/libstatic_assertions-f2154b0bf273423d.rmeta --extern string_cache=/opt/rustwide/target/debug/build/string_cache/770f17f4ad523eec/out/libstring_cache-770f17f4ad523eec.rmeta --extern strum=/opt/rustwide/target/debug/build/strum/e83df75b70b6b357/out/libstrum-e83df75b70b6b357.rmeta --extern strum_macros=/opt/rustwide/target/debug/build/strum_macros/d156d5be929b59a3/out/libstrum_macros-d156d5be929b59a3.so --extern stylo_atoms=/opt/rustwide/target/debug/build/stylo_atoms/8c37ab0e62b150d7/out/libstylo_atoms-8c37ab0e62b150d7.rmeta --extern dom=/opt/rustwide/target/debug/build/stylo_dom/a8aa3b3ab22f3de5/out/libstylo_dom-a8aa3b3ab22f3de5.rmeta --extern malloc_size_of=/opt/rustwide/target/debug/build/stylo_malloc_size_of/237231d6254ca937/out/libstylo_malloc_size_of-237231d6254ca937.rmeta --extern static_prefs=/opt/rustwide/target/debug/build/stylo_static_prefs/443aaef1e5a16c6d/out/libstylo_static_prefs-443aaef1e5a16c6d.rmeta --extern style_traits=/opt/rustwide/target/debug/build/stylo_traits/511e316d5ca616d1/out/libstyle_traits-511e316d5ca616d1.rmeta --extern thin_vec=/opt/rustwide/target/debug/build/thin-vec/d90ba6a6dfebe671/out/libthin_vec-d90ba6a6dfebe671.rmeta --extern to_shmem=/opt/rustwide/target/debug/build/to_shmem/e7146de3cdc6b119/out/libto_shmem-e7146de3cdc6b119.rmeta --extern to_shmem_derive=/opt/rustwide/target/debug/build/to_shmem_derive/a96165b2d652eb0e/out/libto_shmem_derive-a96165b2d652eb0e.so --extern uluru=/opt/rustwide/target/debug/build/uluru/36bf017ea8dab716/out/libuluru-36bf017ea8dab716.rmeta --extern url=/opt/rustwide/target/debug/build/url/dbee61d8afc4a3e2/out/liburl-dbee61d8afc4a3e2.rmeta --extern void=/opt/rustwide/target/debug/build/void/669fea486b2b8b2a/out/libvoid-669fea486b2b8b2a.rmeta --extern web_atoms=/opt/rustwide/target/debug/build/web_atoms/c12a76d404a474fb/out/libweb_atoms-c12a76d404a474fb.rmeta --cap-lints allow --cap-lints=forbid --force-warn=unused_crate_dependencies` (signal: 9, SIGKILL: kill)
[INFO] [stderr] error: failed to run custom build command for `tikv-jemalloc-sys v0.6.1+5.3.0-1-ge13ca993e8ccb9ba9847cc330696e02839f328f7`
[INFO] [stderr] note: To improve backtraces for build dependencies, set the CARGO_PROFILE_DEV_BUILD_OVERRIDE_DEBUG=true environment variable to enable debug information generation.
[INFO] [stderr] 
[INFO] [stderr] Caused by:
[INFO] [stderr]   process didn't exit successfully: `/opt/rustwide/target/debug/build/tikv-jemalloc-sys/dbd793f99eaca5af/out/build_script_build` (exit status: 101)
[INFO] [stderr]   --- stdout
[INFO] [stderr]   TARGET=x86_64-unknown-linux-gnu
[INFO] [stderr]   HOST=x86_64-unknown-linux-gnu
[INFO] [stderr]   NUM_JOBS=8
[INFO] [stderr]   OUT_DIR="/opt/rustwide/target/debug/build/tikv-jemalloc-sys/b51a40964bb06af9/out"
[INFO] [stderr]   BUILD_DIR="/opt/rustwide/target/debug/build/tikv-jemalloc-sys/b51a40964bb06af9/out/build"
[INFO] [stderr]   SRC_DIR="/opt/rustwide/cargo-home/registry/src/index.crates.io-1949cf8c6b5b557f/tikv-jemalloc-sys-0.6.1+5.3.0-1-ge13ca993e8ccb9ba9847cc330696e02839f328f7"
[INFO] [stderr]   cargo:rustc-cfg=prefixed
[INFO] [stderr]   cargo:rerun-if-env-changed=X86_64_UNKNOWN_LINUX_GNU_JEMALLOC_OVERRIDE
[INFO] [stderr]   cargo:rerun-if-env-changed=JEMALLOC_OVERRIDE
[INFO] [stderr]   cargo:rerun-if-env-changed=CC_x86_64-unknown-linux-gnu
[INFO] [stderr]   CC_x86_64-unknown-linux-gnu = None
[INFO] [stderr]   cargo:rerun-if-env-changed=CC_x86_64_unknown_linux_gnu
[INFO] [stderr]   CC_x86_64_unknown_linux_gnu = None
[INFO] [stderr]   cargo:rerun-if-env-changed=HOST_CC
[INFO] [stderr]   HOST_CC = None
[INFO] [stderr]   cargo:rerun-if-env-changed=CC
[INFO] [stderr]   CC = None
[INFO] [stderr]   cargo:rerun-if-env-changed=CC_ENABLE_DEBUG_OUTPUT
[INFO] [stderr]   cargo:rerun-if-env-changed=CRATE_CC_NO_DEFAULTS
[INFO] [stderr]   CRATE_CC_NO_DEFAULTS = None
[INFO] [stderr]   cargo:rerun-if-env-changed=CRATE_CC_NO_DEFAULTS
[INFO] [stderr]   CRATE_CC_NO_DEFAULTS = None
[INFO] [stderr]   cargo:rerun-if-env-changed=CFLAGS
[INFO] [stderr]   CFLAGS = None
[INFO] [stderr]   cargo:rerun-if-env-changed=HOST_CFLAGS
[INFO] [stderr]   HOST_CFLAGS = None
[INFO] [stderr]   cargo:rerun-if-env-changed=CFLAGS_x86_64_unknown_linux_gnu
[INFO] [stderr]   CFLAGS_x86_64_unknown_linux_gnu = None
[INFO] [stderr]   cargo:rerun-if-env-changed=CFLAGS_x86_64-unknown-linux-gnu
[INFO] [stderr]   CFLAGS_x86_64-unknown-linux-gnu = None
[INFO] [stderr]   cargo:rerun-if-env-changed=CFLAGS
[INFO] [stderr]   CFLAGS = None
[INFO] [stderr]   cargo:rerun-if-env-changed=HOST_CFLAGS
[INFO] [stderr]   HOST_CFLAGS = None
[INFO] [stderr]   cargo:rerun-if-env-changed=CFLAGS_x86_64_unknown_linux_gnu
[INFO] [stderr]   CFLAGS_x86_64_unknown_linux_gnu = None
[INFO] [stderr]   cargo:rerun-if-env-changed=CFLAGS_x86_64-unknown-linux-gnu
[INFO] [stderr]   CFLAGS_x86_64-unknown-linux-gnu = None
[INFO] [stderr]   CC="cc"
[INFO] [stderr]   CFLAGS="-O0 -ffunction-sections -fdata-sections -fPIC -g -gdwarf-4 -fno-omit-frame-pointer -mno-omit-leaf-frame-pointer -m64 -Wall"
[INFO] [stderr]   JEMALLOC_REPO_DIR="jemalloc"
[INFO] [stderr]   cargo:rerun-if-env-changed=X86_64_UNKNOWN_LINUX_GNU_JEMALLOC_SYS_WITH_MALLOC_CONF
[INFO] [stderr]   cargo:rerun-if-env-changed=JEMALLOC_SYS_WITH_MALLOC_CONF
[INFO] [stderr]   cargo:rerun-if-env-changed=X86_64_UNKNOWN_LINUX_GNU_JEMALLOC_SYS_WITH_LG_PAGE
[INFO] [stderr]   cargo:rerun-if-env-changed=JEMALLOC_SYS_WITH_LG_PAGE
[INFO] [stderr]   cargo:rerun-if-env-changed=X86_64_UNKNOWN_LINUX_GNU_JEMALLOC_SYS_WITH_LG_HUGEPAGE
[INFO] [stderr]   cargo:rerun-if-env-changed=JEMALLOC_SYS_WITH_LG_HUGEPAGE
[INFO] [stderr]   cargo:rerun-if-env-changed=X86_64_UNKNOWN_LINUX_GNU_JEMALLOC_SYS_WITH_LG_QUANTUM
[INFO] [stderr]   cargo:rerun-if-env-changed=JEMALLOC_SYS_WITH_LG_QUANTUM
[INFO] [stderr]   cargo:rerun-if-env-changed=X86_64_UNKNOWN_LINUX_GNU_JEMALLOC_SYS_WITH_LG_VADDR
[INFO] [stderr]   cargo:rerun-if-env-changed=JEMALLOC_SYS_WITH_LG_VADDR
[INFO] [stderr]   --with-jemalloc-prefix=_rjem_
[INFO] [stderr]   CARGO_FEATURE_STATS set
[INFO] [stderr]   running: cd "/opt/rustwide/target/debug/build/tikv-jemalloc-sys/b51a40964bb06af9/out/build" && CC="cc" CFLAGS="-O0 -ffunction-sections -fdata-sections -fPIC -g -gdwarf-4 -fno-omit-frame-pointer -mno-omit-leaf-frame-pointer -m64 -Wall" CPPFLAGS="-O0 -ffunction-sections -fdata-sections -fPIC -g -gdwarf-4 -fno-omit-frame-pointer -mno-omit-leaf-frame-pointer -m64 -Wall" LDFLAGS="-O0 -ffunction-sections -fdata-sections -fPIC -g -gdwarf-4 -fno-omit-frame-pointer -mno-omit-leaf-frame-pointer -m64 -Wall" "sh" "/opt/rustwide/target/debug/build/tikv-jemalloc-sys/b51a40964bb06af9/out/build/configure" "--with-version=5.3.0-1-ge13ca993e8ccb9ba9847cc330696e02839f328f7" "--disable-cxx" "--enable-doc=no" "--enable-shared=no" "--with-jemalloc-prefix=_rjem_" "--with-private-namespace=_rjem_" "--enable-stats" "--host=x86_64-unknown-linux-gnu" "--build=x86_64-unknown-linux-gnu" "--prefix=/opt/rustwide/target/debug/build/tikv-jemalloc-sys/b51a40964bb06af9/out"
[INFO] [stderr]   checking for xsltproc... false
[INFO] [stderr]   checking for x86_64-unknown-linux-gnu-gcc... cc
[INFO] [stderr]   checking whether the C compiler works... yes
[INFO] [stderr]   checking for C compiler default output file name... a.out
[INFO] [stderr]   checking for suffix of executables... 
[INFO] [stderr]   checking whether we are cross compiling... no
[INFO] [stderr]   checking for suffix of object files... o
[INFO] [stderr]   checking whether we are using the GNU C compiler... yes
[INFO] [stderr]   checking whether cc accepts -g... yes
[INFO] [stderr]   checking for cc option to accept ISO C89... none needed
[INFO] [stderr]   checking whether compiler is cray... no
[INFO] [stderr]   checking whether compiler supports -std=gnu11... yes
[INFO] [stderr]   checking whether compiler supports -Werror=unknown-warning-option... no
[INFO] [stderr]   checking whether compiler supports -Wall... yes
[INFO] [stderr]   checking whether compiler supports -Wextra... yes
[INFO] [stderr]   checking whether compiler supports -Wshorten-64-to-32... no
[INFO] [stderr]   checking whether compiler supports -Wsign-compare... yes
[INFO] [stderr]   checking whether compiler supports -Wundef... yes
[INFO] [stderr]   checking whether compiler supports -Wno-format-zero-length... yes
[INFO] [stderr]   checking whether compiler supports -Wpointer-arith... yes
[INFO] [stderr]   checking whether compiler supports -Wno-missing-braces... yes
[INFO] [stderr]   checking whether compiler supports -Wno-missing-field-initializers... yes
[INFO] [stderr]   checking whether compiler supports -Wno-missing-attributes... yes
[INFO] [stderr]   checking whether compiler supports -pipe... yes
[INFO] [stderr]   checking whether compiler supports -g3... yes
[INFO] [stderr]   checking how to run the C preprocessor... cc -E
[INFO] [stderr]   checking for grep that handles long lines and -e... /usr/bin/grep
[INFO] [stderr]   checking for egrep... /usr/bin/grep -E
[INFO] [stderr]   checking for ANSI C header files... yes
[INFO] [stderr]   checking for sys/types.h... yes
[INFO] [stderr]   checking for sys/stat.h... yes
[INFO] [stderr]   checking for stdlib.h... yes
[INFO] [stderr]   checking for string.h... yes
[INFO] [stderr]   checking for memory.h... yes
[INFO] [stderr]   checking for strings.h... yes
[INFO] [stderr]   checking for inttypes.h... yes
[INFO] [stderr]   checking for stdint.h... yes
[INFO] [stderr]   checking for unistd.h... yes
[INFO] [stderr]   checking whether byte ordering is bigendian... no
[INFO] [stderr]   checking size of void *... 8
[INFO] [stderr]   checking size of int... 4
[INFO] [stderr]   checking size of long... 8
[INFO] [stderr]   checking size of long long... 8
[INFO] [stderr]   checking size of intmax_t... 8
[INFO] [stderr]   checking build system type... x86_64-unknown-linux-gnu
[INFO] [stderr]   checking host system type... x86_64-unknown-linux-gnu
[INFO] [stderr]   checking whether pause instruction is compilable... yes
[INFO] [stderr]   checking number of significant virtual address bits... 48
[INFO] [stderr]   checking for x86_64-unknown-linux-gnu-ar... no
[INFO] [stderr]   checking for ar... ar
[INFO] [stderr]   checking for x86_64-unknown-linux-gnu-nm... no
[INFO] [stderr]   checking for nm... nm
[INFO] [stderr]   checking for gawk... no
[INFO] [stderr]   checking for mawk... mawk
[INFO] [stderr]   checking malloc.h usability... yes
[INFO] [stderr]   checking malloc.h presence... yes
[INFO] [stderr]   checking for malloc.h... yes
[INFO] [stderr]   checking whether malloc_usable_size definition can use const argument... no
[INFO] [stderr]   checking for library containing log... -lm
[INFO] [stderr]   checking whether __attribute__ syntax is compilable... yes
[INFO] [stderr]   checking whether compiler supports -fvisibility=hidden... yes
[INFO] [stderr]   checking whether compiler supports -fvisibility=hidden... no
[INFO] [stderr]   checking whether compiler supports -Werror... yes
[INFO] [stderr]   checking whether compiler supports -herror_on_warning... no
[INFO] [stderr]   checking whether tls_model attribute is compilable... yes
[INFO] [stderr]   checking whether compiler supports -Werror... yes
[INFO] [stderr]   checking whether compiler supports -herror_on_warning... no
[INFO] [stderr]   checking whether alloc_size attribute is compilable... yes
[INFO] [stderr]   checking whether compiler supports -Werror... yes
[INFO] [stderr]   checking whether compiler supports -herror_on_warning... no
[INFO] [stderr]   checking whether format(gnu_printf, ...) attribute is compilable... yes
[INFO] [stderr]   checking whether compiler supports -Werror... yes
[INFO] [stderr]   checking whether compiler supports -herror_on_warning... no
[INFO] [stderr]   checking whether format(printf, ...) attribute is compilable... yes
[INFO] [stderr]   checking whether compiler supports -Werror... yes
[INFO] [stderr]   checking whether compiler supports -herror_on_warning... no
[INFO] [stderr]   checking whether format(printf, ...) attribute is compilable... yes
[INFO] [stderr]   checking whether compiler supports -Wimplicit-fallthrough... yes
[INFO] [stderr]   checking whether fallthrough attribute is compilable... yes
[INFO] [stderr]   checking whether compiler supports -Wimplicit-fallthrough... yes
[INFO] [stderr]   checking whether compiler supports -Wimplicit-fallthrough... no
[INFO] [stderr]   checking whether compiler supports -Werror... yes
[INFO] [stderr]   checking whether compiler supports -herror_on_warning... no
[INFO] [stderr]   checking whether cold attribute is compilable... yes
[INFO] [stderr]   checking whether vm_make_tag is compilable... no
[INFO] [stderr]   checking for a BSD-compatible install... /usr/bin/install -c
[INFO] [stderr]   checking for x86_64-unknown-linux-gnu-ranlib... no
[INFO] [stderr]   checking for ranlib... ranlib
[INFO] [stderr]   checking for ld... /usr/bin/ld
[INFO] [stderr]   checking for autoconf... /usr/bin/autoconf
[INFO] [stderr]   checking for memalign... yes
[INFO] [stderr]   checking for valloc... yes
[INFO] [stderr]   checking for malloc_size... no
[INFO] [stderr]   checking whether compiler supports -O3... yes
[INFO] [stderr]   checking whether compiler supports -O3... no
[INFO] [stderr]   checking whether compiler supports -funroll-loops... yes
[INFO] [stderr]   checking configured backtracing method... N/A
[INFO] [stderr]   checking for sbrk... yes
[INFO] [stderr]   checking whether utrace(2) is compilable... no
[INFO] [stderr]   checking whether utrace(2) with label is compilable... no
[INFO] [stderr]   checking whether a program using __builtin_unreachable is compilable... yes
[INFO] [stderr]   checking whether a program using __builtin_ffsl is compilable... yes
[INFO] [stderr]   checking whether a program using __builtin_popcountl is compilable... yes
[INFO] [stderr]   checking LG_PAGE... 12
[INFO] [stderr]   checking pthread.h usability... yes
[INFO] [stderr]   checking pthread.h presence... yes
[INFO] [stderr]   checking for pthread.h... yes
[INFO] [stderr]   checking for pthread_create in -lpthread... yes
[INFO] [stderr]   checking dlfcn.h usability... yes
[INFO] [stderr]   checking dlfcn.h presence... yes
[INFO] [stderr]   checking for dlfcn.h... yes
[INFO] [stderr]   checking for dlsym... yes
[INFO] [stderr]   checking whether pthread_atfork(3) is compilable... yes
[INFO] [stderr]   checking whether pthread_setname_np(3) is compilable... yes
[INFO] [stderr]   checking whether pthread_getname_np(3) is compilable... yes
[INFO] [stderr]   checking whether pthread_get_name_np(3) is compilable... no
[INFO] [stderr]   checking for library containing clock_gettime... none required
[INFO] [stderr]   checking whether clock_gettime(CLOCK_MONOTONIC_COARSE, ...) is compilable... yes
[INFO] [stderr]   checking whether clock_gettime(CLOCK_MONOTONIC, ...) is compilable... yes
[INFO] [stderr]   checking whether mach_absolute_time() is compilable... no
[INFO] [stderr]   checking whether clock_gettime(CLOCK_REALTIME, ...) is compilable... yes
[INFO] [stderr]   checking whether compiler supports -Werror... yes
[INFO] [stderr]   checking whether syscall(2) is compilable... yes
[INFO] [stderr]   checking for secure_getenv... yes
[INFO] [stderr]   checking for sched_getcpu... yes
[INFO] [stderr]   checking for sched_setaffinity... yes
[INFO] [stderr]   checking for issetugid... no
[INFO] [stderr]   checking for _malloc_thread_cleanup... no
[INFO] [stderr]   checking for _pthread_mutex_init_calloc_cb... no
[INFO] [stderr]   checking for memcntl... no
[INFO] [stderr]   checking for TLS... yes
[INFO] [stderr]   checking whether C11 atomics is compilable... yes
[INFO] [stderr]   checking whether GCC __atomic atomics is compilable... yes
[INFO] [stderr]   checking whether GCC 8-bit __atomic atomics is compilable... yes
[INFO] [stderr]   checking whether GCC __sync atomics is compilable... yes
[INFO] [stderr]   checking whether GCC 8-bit __sync atomics is compilable... yes
[INFO] [stderr]   checking whether Darwin OSAtomic*() is compilable... no
[INFO] [stderr]   checking whether madvise(2) is compilable... yes
[INFO] [stderr]   checking whether madvise(..., MADV_FREE) is compilable... yes
[INFO] [stderr]   checking whether madvise(..., MADV_DONTNEED) is compilable... yes
[INFO] [stderr]   checking whether madvise(..., MADV_DO[NT]DUMP) is compilable... yes
[INFO] [stderr]   checking whether madvise(..., MADV_[NO]HUGEPAGE) is compilable... yes
[INFO] [stderr]   checking whether madvise(..., MADV_[NO]CORE) is compilable... no
[INFO] [stderr]   checking whether mprotect(2) is compilable... yes
[INFO] [stderr]   checking for __builtin_clz... yes
[INFO] [stderr]   checking whether Darwin os_unfair_lock_*() is compilable... no
[INFO] [stderr]   checking whether glibc malloc hook is compilable... no
[INFO] [stderr]   checking whether glibc memalign hook is compilable... no
[INFO] [stderr]   checking whether pthreads adaptive mutexes is compilable... yes
[INFO] [stderr]   checking whether compiler supports -D_GNU_SOURCE... yes
[INFO] [stderr]   checking whether compiler supports -Werror... yes
[INFO] [stderr]   checking whether compiler supports -herror_on_warning... no
[INFO] [stderr]   checking whether strerror_r returns char with gnu source is compilable... yes
[INFO] [stderr]   checking for stdbool.h that conforms to C99... yes
[INFO] [stderr]   checking for _Bool... yes
[INFO] [stderr]   configure: creating ./config.status
[INFO] [stderr]   config.status: creating Makefile
[INFO] [stderr]   config.status: creating jemalloc.pc
[INFO] [stderr]   config.status: creating doc/html.xsl
[INFO] [stderr]   config.status: creating doc/manpages.xsl
[INFO] [stderr]   config.status: creating doc/jemalloc.xml
[INFO] [stderr]   config.status: creating include/jemalloc/jemalloc_macros.h
[INFO] [stderr]   config.status: creating include/jemalloc/jemalloc_protos.h
[INFO] [stderr]   config.status: creating include/jemalloc/jemalloc_typedefs.h
[INFO] [stderr]   config.status: creating include/jemalloc/internal/jemalloc_preamble.h
[INFO] [stderr]   config.status: creating test/test.sh
[INFO] [stderr]   config.status: creating test/include/test/jemalloc_test.h
[INFO] [stderr]   config.status: creating config.stamp
[INFO] [stderr]   config.status: creating bin/jemalloc-config
[INFO] [stderr]   config.status: creating bin/jemalloc.sh
[INFO] [stderr]   config.status: creating bin/jeprof
[INFO] [stderr]   config.status: creating include/jemalloc/jemalloc_defs.h
[INFO] [stderr]   config.status: creating include/jemalloc/internal/jemalloc_internal_defs.h
[INFO] [stderr]   config.status: creating test/include/test/jemalloc_test_defs.h
[INFO] [stderr]   config.status: executing include/jemalloc/internal/public_symbols.txt commands
[INFO] [stderr]   config.status: executing include/jemalloc/internal/private_symbols.awk commands
[INFO] [stderr]   config.status: executing include/jemalloc/internal/private_symbols_jet.awk commands
[INFO] [stderr]   config.status: executing include/jemalloc/internal/public_namespace.h commands
[INFO] [stderr]   config.status: executing include/jemalloc/internal/public_unnamespace.h commands
[INFO] [stderr]   config.status: executing include/jemalloc/jemalloc_protos_jet.h commands
[INFO] [stderr]   config.status: executing include/jemalloc/jemalloc_rename.h commands
[INFO] [stderr]   config.status: executing include/jemalloc/jemalloc_mangle.h commands
[INFO] [stderr]   config.status: executing include/jemalloc/jemalloc_mangle_jet.h commands
[INFO] [stderr]   config.status: executing include/jemalloc/jemalloc.h commands
[INFO] [stderr]   ===============================================================================
[INFO] [stderr]   jemalloc version   : 5.3.0-1-ge13ca993e8ccb9ba9847cc330696e02839f328f7
[INFO] [stderr]   library revision   : 2
[INFO] [stderr] 
[INFO] [stderr]   CONFIG             : --with-version=5.3.0-1-ge13ca993e8ccb9ba9847cc330696e02839f328f7 --disable-cxx --enable-doc=no --enable-shared=no --with-jemalloc-prefix=_rjem_ --with-private-namespace=_rjem_ --enable-stats --host=x86_64-unknown-linux-gnu --build=x86_64-unknown-linux-gnu --prefix=/opt/rustwide/target/debug/build/tikv-jemalloc-sys/b51a40964bb06af9/out build_alias=x86_64-unknown-linux-gnu host_alias=x86_64-unknown-linux-gnu CC=cc 'CFLAGS=-O0 -ffunction-sections -fdata-sections -fPIC -g -gdwarf-4 -fno-omit-frame-pointer -mno-omit-leaf-frame-pointer -m64 -Wall' 'LDFLAGS=-O0 -ffunction-sections -fdata-sections -fPIC -g -gdwarf-4 -fno-omit-frame-pointer -mno-omit-leaf-frame-pointer -m64 -Wall' 'CPPFLAGS=-O0 -ffunction-sections -fdata-sections -fPIC -g -gdwarf-4 -fno-omit-frame-pointer -mno-omit-leaf-frame-pointer -m64 -Wall'
[INFO] [stderr]   CC                 : cc
[INFO] [stderr]   CONFIGURE_CFLAGS   : -std=gnu11 -Wall -Wextra -Wsign-compare -Wundef -Wno-format-zero-length -Wpointer-arith -Wno-missing-braces -Wno-missing-field-initializers -Wno-missing-attributes -pipe -g3 -fvisibility=hidden -Wimplicit-fallthrough -O3 -funroll-loops
[INFO] [stderr]   SPECIFIED_CFLAGS   : -O0 -ffunction-sections -fdata-sections -fPIC -g -gdwarf-4 -fno-omit-frame-pointer -mno-omit-leaf-frame-pointer -m64 -Wall
[INFO] [stderr]   EXTRA_CFLAGS       : 
[INFO] [stderr]   CPPFLAGS           : -O0 -ffunction-sections -fdata-sections -fPIC -g -gdwarf-4 -fno-omit-frame-pointer -mno-omit-leaf-frame-pointer -m64 -Wall -D_GNU_SOURCE -D_REENTRANT
[INFO] [stderr]   CXX                : 
[INFO] [stderr]   CONFIGURE_CXXFLAGS : 
[INFO] [stderr]   SPECIFIED_CXXFLAGS : 
[INFO] [stderr]   EXTRA_CXXFLAGS     : 
[INFO] [stderr]   LDFLAGS            : -O0 -ffunction-sections -fdata-sections -fPIC -g -gdwarf-4 -fno-omit-frame-pointer -mno-omit-leaf-frame-pointer -m64 -Wall
[INFO] [stderr]   EXTRA_LDFLAGS      : 
[INFO] [stderr]   DSO_LDFLAGS        : -shared -Wl,-soname,$(@F)
[INFO] [stderr]   LIBS               : -lm  -pthread
[INFO] [stderr]   RPATH_EXTRA        : 
[INFO] [stderr] 
[INFO] [stderr]   XSLTPROC           : false
[INFO] [stderr]   XSLROOT            : 
[INFO] [stderr] 
[INFO] [stderr]   PREFIX             : /opt/rustwide/target/debug/build/tikv-jemalloc-sys/b51a40964bb06af9/out
[INFO] [stderr]   BINDIR             : /opt/rustwide/target/debug/build/tikv-jemalloc-sys/b51a40964bb06af9/out/bin
[INFO] [stderr]   DATADIR            : /opt/rustwide/target/debug/build/tikv-jemalloc-sys/b51a40964bb06af9/out/share
[INFO] [stderr]   INCLUDEDIR         : /opt/rustwide/target/debug/build/tikv-jemalloc-sys/b51a40964bb06af9/out/include
[INFO] [stderr]   LIBDIR             : /opt/rustwide/target/debug/build/tikv-jemalloc-sys/b51a40964bb06af9/out/lib
[INFO] [stderr]   MANDIR             : /opt/rustwide/target/debug/build/tikv-jemalloc-sys/b51a40964bb06af9/out/share/man
[INFO] [stderr] 
[INFO] [stderr]   srcroot            : 
[INFO] [stderr]   abs_srcroot        : /opt/rustwide/target/debug/build/tikv-jemalloc-sys/b51a40964bb06af9/out/build/
[INFO] [stderr]   objroot            : 
[INFO] [stderr]   abs_objroot        : /opt/rustwide/target/debug/build/tikv-jemalloc-sys/b51a40964bb06af9/out/build/
[INFO] [stderr] 
[INFO] [stderr]   JEMALLOC_PREFIX    : _rjem_
[INFO] [stderr]   JEMALLOC_PRIVATE_NAMESPACE
[INFO] [stderr]                      : _rjem_je_
[INFO] [stderr]   install_suffix     : 
[INFO] [stderr]   malloc_conf        : 
[INFO] [stderr]   documentation      : 0
[INFO] [stderr]   shared libs        : 0
[INFO] [stderr]   static libs        : 1
[INFO] [stderr]   autogen            : 0
[INFO] [stderr]   debug              : 0
[INFO] [stderr]   stats              : 1
[INFO] [stderr]   experimental_smallocx : 0
[INFO] [stderr]   prof               : 0
[INFO] [stderr]   prof-libunwind     : 0
[INFO] [stderr]   prof-libgcc        : 0
[INFO] [stderr]   prof-gcc           : 0
[INFO] [stderr]   fill               : 1
[INFO] [stderr]   utrace             : 0
[INFO] [stderr]   xmalloc            : 0
[INFO] [stderr]   log                : 0
[INFO] [stderr]   lazy_lock          : 0
[INFO] [stderr]   cache-oblivious    : 1
[INFO] [stderr]   cxx                : 0
[INFO] [stderr]   ===============================================================================
[INFO] [stderr]   running: cd "/opt/rustwide/target/debug/build/tikv-jemalloc-sys/b51a40964bb06af9/out/build" && MAKEFLAGS="-j --jobserver-fds=4,5 --jobserver-auth=4,5" "make"
[INFO] [stderr]   cc -std=gnu11 -Wall -Wextra -Wsign-compare -Wundef -Wno-format-zero-length -Wpointer-arith -Wno-missing-braces -Wno-missing-field-initializers -Wno-missing-attributes -pipe -g3 -fvisibility=hidden -Wimplicit-fallthrough -O3 -funroll-loops -O0 -ffunction-sections -fdata-sections -fPIC -g -gdwarf-4 -fno-omit-frame-pointer -mno-omit-leaf-frame-pointer -m64 -Wall -c -O0 -ffunction-sections -fdata-sections -fPIC -g -gdwarf-4 -fno-omit-frame-pointer -mno-omit-leaf-frame-pointer -m64 -Wall -D_GNU_SOURCE -D_REENTRANT -Iinclude -Iinclude -DJEMALLOC_NO_PRIVATE_NAMESPACE -o src/jemalloc.sym.o src/jemalloc.c
[INFO] [stderr]   cc -std=gnu11 -Wall -Wextra -Wsign-compare -Wundef -Wno-format-zero-length -Wpointer-arith -Wno-missing-braces -Wno-missing-field-initializers -Wno-missing-attributes -pipe -g3 -fvisibility=hidden -Wimplicit-fallthrough -O3 -funroll-loops -O0 -ffunction-sections -fdata-sections -fPIC -g -gdwarf-4 -fno-omit-frame-pointer -mno-omit-leaf-frame-pointer -m64 -Wall -c -O0 -ffunction-sections -fdata-sections -fPIC -g -gdwarf-4 -fno-omit-frame-pointer -mno-omit-leaf-frame-pointer -m64 -Wall -D_GNU_SOURCE -D_REENTRANT -Iinclude -Iinclude -DJEMALLOC_NO_PRIVATE_NAMESPACE -o src/arena.sym.o src/arena.c
[INFO] [stderr]   cc -std=gnu11 -Wall -Wextra -Wsign-compare -Wundef -Wno-format-zero-length -Wpointer-arith -Wno-missing-braces -Wno-missing-field-initializers -Wno-missing-attributes -pipe -g3 -fvisibility=hidden -Wimplicit-fallthrough -O3 -funroll-loops -O0 -ffunction-sections -fdata-sections -fPIC -g -gdwarf-4 -fno-omit-frame-pointer -mno-omit-leaf-frame-pointer -m64 -Wall -c -O0 -ffunction-sections -fdata-sections -fPIC -g -gdwarf-4 -fno-omit-frame-pointer -mno-omit-leaf-frame-pointer -m64 -Wall -D_GNU_SOURCE -D_REENTRANT -Iinclude -Iinclude -DJEMALLOC_NO_PRIVATE_NAMESPACE -o src/background_thread.sym.o src/background_thread.c
[INFO] [stderr]   cc -std=gnu11 -Wall -Wextra -Wsign-compare -Wundef -Wno-format-zero-length -Wpointer-arith -Wno-missing-braces -Wno-missing-field-initializers -Wno-missing-attributes -pipe -g3 -fvisibility=hidden -Wimplicit-fallthrough -O3 -funroll-loops -O0 -ffunction-sections -fdata-sections -fPIC -g -gdwarf-4 -fno-omit-frame-pointer -mno-omit-leaf-frame-pointer -m64 -Wall -c -O0 -ffunction-sections -fdata-sections -fPIC -g -gdwarf-4 -fno-omit-frame-pointer -mno-omit-leaf-frame-pointer -m64 -Wall -D_GNU_SOURCE -D_REENTRANT -Iinclude -Iinclude -DJEMALLOC_NO_PRIVATE_NAMESPACE -o src/base.sym.o src/base.c
[INFO] [stderr] 
[INFO] [stderr]   --- stderr
[INFO] [stderr]   Assembler messages:
[INFO] [stderr]   {standard input}:392485: Warning: end of file not at end of a line; newline inserted
[INFO] [stderr]   {standard input}: Error: open CFI at the end of file; missing .cfi_endproc directive
[INFO] [stderr]   cc: fatal error: Killed signal terminated program cc1
[INFO] [stderr]   compilation terminated.
[INFO] [stderr]   make: *** [Makefile:479: src/jemalloc.sym.o] Error 1
[INFO] [stderr]   make: *** Waiting for unfinished jobs....
[INFO] [stderr] 
[INFO] [stderr]   thread 'main' (2009) panicked at /opt/rustwide/cargo-home/registry/src/index.crates.io-1949cf8c6b5b557f/tikv-jemalloc-sys-0.6.1+5.3.0-1-ge13ca993e8ccb9ba9847cc330696e02839f328f7/build.rs:411:9:
[INFO] [stderr]   command did not execute successfully: cd "/opt/rustwide/target/debug/build/tikv-jemalloc-sys/b51a40964bb06af9/out/build" && MAKEFLAGS="-j --jobserver-fds=4,5 --jobserver-auth=4,5" "make"
[INFO] [stderr]   expected success, got: exit status: 2
[INFO] [stderr]   stack backtrace:
[INFO] [stderr]      0:     0x55c8cadbb7f1 - std[3164a59e47d3bde]::backtrace_rs::backtrace::libunwind::trace
[INFO] [stderr]                                  at /rustc/3154cc1a3e6424e44f438a95007d043ed5ceaaf6/library/std/src/../../backtrace/src/backtrace/libunwind.rs:117:9
[INFO] [stderr]      1:     0x55c8cadbb7f1 - std[3164a59e47d3bde]::backtrace_rs::backtrace::trace_unsynchronized::<std[3164a59e47d3bde]::sys::backtrace::_print_fmt::{closure#1}>
[INFO] [stderr]                                  at /rustc/3154cc1a3e6424e44f438a95007d043ed5ceaaf6/library/std/src/../../backtrace/src/backtrace/mod.rs:66:14
[INFO] [stderr]      2:     0x55c8cadbb7f1 - std[3164a59e47d3bde]::sys::backtrace::_print_fmt
[INFO] [stderr]                                  at /rustc/3154cc1a3e6424e44f438a95007d043ed5ceaaf6/library/std/src/sys/backtrace.rs:74:9
[INFO] [stderr]      3:     0x55c8cadbb7f1 - <<std[3164a59e47d3bde]::sys::backtrace::BacktraceLock>::print::DisplayBacktrace as core[934024a1e6126fb4]::fmt::Display>::fmt
[INFO] [stderr]                                  at /rustc/3154cc1a3e6424e44f438a95007d043ed5ceaaf6/library/std/src/sys/backtrace.rs:44:26
[INFO] [stderr]      4:     0x55c8cadd057a - <core[934024a1e6126fb4]::fmt::rt::Argument>::fmt
[INFO] [stderr]                                  at /rustc/3154cc1a3e6424e44f438a95007d043ed5ceaaf6/library/core/src/fmt/rt.rs:152:76
[INFO] [stderr]      5:     0x55c8cadd057a - core[934024a1e6126fb4]::fmt::write
[INFO] [stderr]      6:     0x55c8cadc11dc - core[934024a1e6126fb4]::io::write::default_write_fmt::<std[3164a59e47d3bde]::sys::stdio::unix::Stderr>
[INFO] [stderr]                                  at /rustc/3154cc1a3e6424e44f438a95007d043ed5ceaaf6/library/core/src/io/write.rs:402:11
[INFO] [stderr]      7:     0x55c8cadc11dc - <std[3164a59e47d3bde]::sys::stdio::unix::Stderr as core[934024a1e6126fb4]::io::write::Write>::write_fmt
[INFO] [stderr]                                  at /rustc/3154cc1a3e6424e44f438a95007d043ed5ceaaf6/library/core/src/io/write.rs:335:13
[INFO] [stderr]      8:     0x55c8cad98d96 - <std[3164a59e47d3bde]::sys::backtrace::BacktraceLock>::print
[INFO] [stderr]                                  at /rustc/3154cc1a3e6424e44f438a95007d043ed5ceaaf6/library/std/src/sys/backtrace.rs:47:9
[INFO] [stderr]      9:     0x55c8cad98d96 - std[3164a59e47d3bde]::panicking::default_hook::{closure#0}
[INFO] [stderr]                                  at /rustc/3154cc1a3e6424e44f438a95007d043ed5ceaaf6/library/std/src/panicking.rs:289:27
[INFO] [stderr]     10:     0x55c8cadb5561 - std[3164a59e47d3bde]::panicking::default_hook
[INFO] [stderr]                                  at /rustc/3154cc1a3e6424e44f438a95007d043ed5ceaaf6/library/std/src/panicking.rs:316:9
[INFO] [stderr]     11:     0x55c8cadb571b - std[3164a59e47d3bde]::panicking::panic_with_hook
[INFO] [stderr]                                  at /rustc/3154cc1a3e6424e44f438a95007d043ed5ceaaf6/library/std/src/panicking.rs:811:13
[INFO] [stderr]     12:     0x55c8cad98e42 - std[3164a59e47d3bde]::panicking::panic_handler::{closure#0}
[INFO] [stderr]                                  at /rustc/3154cc1a3e6424e44f438a95007d043ed5ceaaf6/library/std/src/panicking.rs:685:13
[INFO] [stderr]     13:     0x55c8cad919d9 - std[3164a59e47d3bde]::sys::backtrace::__rust_end_short_backtrace::<std[3164a59e47d3bde]::panicking::panic_handler::{closure#0}, !>
[INFO] [stderr]                                  at /rustc/3154cc1a3e6424e44f438a95007d043ed5ceaaf6/library/std/src/sys/backtrace.rs:182:18
[INFO] [stderr]     14:     0x55c8cad9971d - __rustc[2e7b49d4226056d3]::rust_begin_unwind
[INFO] [stderr]                                  at /rustc/3154cc1a3e6424e44f438a95007d043ed5ceaaf6/library/std/src/panicking.rs:676:5
[INFO] [stderr]     15:     0x55c8cadd0d6c - core[934024a1e6126fb4]::panicking::panic_fmt
[INFO] [stderr]                                  at /rustc/3154cc1a3e6424e44f438a95007d043ed5ceaaf6/library/core/src/panicking.rs:80:14
[INFO] [stderr]     16:     0x55c8cad03b0f - build_script_build[28042199d1f0c0fe]::execute::<build_script_build[28042199d1f0c0fe]::run::{closure#0}>
[INFO] [stderr]     17:     0x55c8cad0797e - build_script_build[28042199d1f0c0fe]::run
[INFO] [stderr]     18:     0x55c8cad0b0a3 - build_script_build[28042199d1f0c0fe]::main
[INFO] [stderr]     19:     0x55c8cad0df23 - <fn() as core[934024a1e6126fb4]::ops::function::FnOnce<()>>::call_once
[INFO] [stderr]     20:     0x55c8cad05eee - std[3164a59e47d3bde]::sys::backtrace::__rust_begin_short_backtrace::<fn(), ()>
[INFO] [stderr]     21:     0x55c8cad064e9 - std[3164a59e47d3bde]::rt::lang_start::<()>::{closure#0}
[INFO] [stderr]     22:     0x55c8cadb4868 - <&dyn core[934024a1e6126fb4]::ops::function::Fn<(), Output = i32> + core[934024a1e6126fb4]::marker::Sync + core[934024a1e6126fb4]::panic::unwind_safe::RefUnwindSafe as core[934024a1e6126fb4]::ops::function::FnOnce<()>>::call_once
[INFO] [stderr]                                  at /rustc/3154cc1a3e6424e44f438a95007d043ed5ceaaf6/library/core/src/ops/function.rs:287:21
[INFO] [stderr]     23:     0x55c8cadb4868 - std[3164a59e47d3bde]::panicking::catch_unwind::do_call::<&dyn core[934024a1e6126fb4]::ops::function::Fn<(), Output = i32> + core[934024a1e6126fb4]::marker::Sync + core[934024a1e6126fb4]::panic::unwind_safe::RefUnwindSafe, i32>
[INFO] [stderr]                                  at /rustc/3154cc1a3e6424e44f438a95007d043ed5ceaaf6/library/std/src/panicking.rs:573:43
[INFO] [stderr]     24:     0x55c8cadb4868 - std[3164a59e47d3bde]::panicking::catch_unwind::<i32, &dyn core[934024a1e6126fb4]::ops::function::Fn<(), Output = i32> + core[934024a1e6126fb4]::marker::Sync + core[934024a1e6126fb4]::panic::unwind_safe::RefUnwindSafe>
[INFO] [stderr]                                  at /rustc/3154cc1a3e6424e44f438a95007d043ed5ceaaf6/library/std/src/panicking.rs:541:19
[INFO] [stderr]     25:     0x55c8cadb4868 - std[3164a59e47d3bde]::panic::catch_unwind::<&dyn core[934024a1e6126fb4]::ops::function::Fn<(), Output = i32> + core[934024a1e6126fb4]::marker::Sync + core[934024a1e6126fb4]::panic::unwind_safe::RefUnwindSafe, i32>
[INFO] [stderr]                                  at /rustc/3154cc1a3e6424e44f438a95007d043ed5ceaaf6/library/std/src/panic.rs:359:14
[INFO] [stderr]     26:     0x55c8cadb4868 - std[3164a59e47d3bde]::rt::lang_start_internal::{closure#0}
[INFO] [stderr]                                  at /rustc/3154cc1a3e6424e44f438a95007d043ed5ceaaf6/library/std/src/rt.rs:175:24
[INFO] [stderr]     27:     0x55c8cadb4868 - std[3164a59e47d3bde]::panicking::catch_unwind::do_call::<std[3164a59e47d3bde]::rt::lang_start_internal::{closure#0}, isize>
[INFO] [stderr]                                  at /rustc/3154cc1a3e6424e44f438a95007d043ed5ceaaf6/library/std/src/panicking.rs:573:43
[INFO] [stderr]     28:     0x55c8cadb4868 - std[3164a59e47d3bde]::panicking::catch_unwind::<isize, std[3164a59e47d3bde]::rt::lang_start_internal::{closure#0}>
[INFO] [stderr]                                  at /rustc/3154cc1a3e6424e44f438a95007d043ed5ceaaf6/library/std/src/panicking.rs:541:19
[INFO] [stderr]     29:     0x55c8cadb4868 - std[3164a59e47d3bde]::panic::catch_unwind::<std[3164a59e47d3bde]::rt::lang_start_internal::{closure#0}, isize>
[INFO] [stderr]                                  at /rustc/3154cc1a3e6424e44f438a95007d043ed5ceaaf6/library/std/src/panic.rs:359:14
[INFO] [stderr]     30:     0x55c8cadb4868 - std[3164a59e47d3bde]::rt::lang_start_internal
[INFO] [stderr]                                  at /rustc/3154cc1a3e6424e44f438a95007d043ed5ceaaf6/library/std/src/rt.rs:171:5
[INFO] [stderr]     31:     0x55c8cad05ee1 - std[3164a59e47d3bde]::rt::lang_start::<()>
[INFO] [stderr]     32:     0x55c8cad0df95 - main
[INFO] [stderr]     33:     0x7dd7bc8c0601 - <unknown>
[INFO] [stderr]     34:     0x7dd7bc8c0718 - __libc_start_main
[INFO] [stderr]     35:     0x55c8cad02c15 - _start
[INFO] [stderr]     36:                0x0 - <unknown>
[INFO] running `Command { std: "docker" "inspect" "7ce592e06fd5ee9df8e70eba0084a9fafb04e8f3aacc97e7195511fbf24cd9d2", kill_on_drop: false }`
[INFO] running `Command { std: "docker" "rm" "-f" "7ce592e06fd5ee9df8e70eba0084a9fafb04e8f3aacc97e7195511fbf24cd9d2", kill_on_drop: false }`
[INFO] [stdout] 7ce592e06fd5ee9df8e70eba0084a9fafb04e8f3aacc97e7195511fbf24cd9d2
