[INFO] fetching crate bao-mozjs-icu-normalizer 153.3.0...
[INFO] checking bao-mozjs-icu-normalizer-153.3.0 against 3154cc1a3e6424e44f438a95007d043ed5ceaaf6+rustflags=-Znext-solver=coherence for pr-133502-30
[INFO] extracting crate bao-mozjs-icu-normalizer 153.3.0 into /workspace/builds/worker-5-tc1/source
[INFO] started tweaking crates.io crate bao-mozjs-icu-normalizer 153.3.0
[INFO] removed 0 missing tests
[INFO] finished tweaking crates.io crate bao-mozjs-icu-normalizer 153.3.0
[INFO] tweaked toml for crates.io crate bao-mozjs-icu-normalizer 153.3.0 written to /workspace/builds/worker-5-tc1/source/Cargo.toml
[INFO] validating manifest of crates.io crate bao-mozjs-icu-normalizer 153.3.0 on toolchain 3154cc1a3e6424e44f438a95007d043ed5ceaaf6
[INFO] running `Command { std: CARGO_HOME="/workspace/cargo-home" RUSTUP_HOME="/workspace/rustup-home" "/workspace/cargo-home/bin/cargo" "+3154cc1a3e6424e44f438a95007d043ed5ceaaf6" "metadata" "--manifest-path" "Cargo.toml" "--no-deps", kill_on_drop: false }`
[INFO] crate crates.io crate bao-mozjs-icu-normalizer 153.3.0 already has a lockfile, it will not be regenerated
[INFO] running `Command { std: CARGO_HOME="/workspace/cargo-home" RUSTUP_HOME="/workspace/rustup-home" "/workspace/cargo-home/bin/cargo" "+3154cc1a3e6424e44f438a95007d043ed5ceaaf6" "fetch" "--manifest-path" "Cargo.toml", kill_on_drop: false }`
[INFO] [stderr]     Updating crates.io index
[INFO] [stderr]  Downloading crates ...
[INFO] [stderr]   Downloaded detone v1.0.1
[INFO] [stderr]   Downloaded databake-derive v0.2.2
[INFO] [stderr]   Downloaded harfbuzz-traits v0.6.0
[INFO] [stderr]   Downloaded databake v0.2.1
[INFO] [stderr]   Downloaded bao-mozjs-utf8-iter v153.3.0
[INFO] [stderr]   Downloaded bao-mozjs-utf16-iter v153.3.0
[INFO] [stderr]   Downloaded arraystring v0.3.0
[INFO] [stderr]   Downloaded icu_casemap v2.1.1
[INFO] [stderr]   Downloaded bao-mozjs-icu-normalizer-data v153.3.0
[INFO] [stderr]   Downloaded zerocopy-derive v0.8.49
[INFO] [stderr]   Downloaded bao-mozjs-icu-collections v153.3.0
[INFO] [stderr]   Downloaded zerocopy v0.8.49
[INFO] running `Command { std: "docker" "create" "-v" "/var/lib/crater-agent-workspace/builds/worker-5-tc1/source:/opt/rustwide/workdir:ro,Z" "-v" "/var/lib/crater-agent-workspace/builds/worker-5-tc1/target:/opt/rustwide/target:rw,Z" "-v" "/var/lib/crater-agent-workspace/cargo-home:/opt/rustwide/cargo-home:ro,Z" "-v" "/var/lib/crater-agent-workspace/rustup-home:/opt/rustwide/rustup-home:ro,Z" "-m" "1610612736" "--network" "none" "ghcr.io/rust-lang/crates-build-env/linux@sha256:77db811e55d90add9212f6832c23229e3de5f1c1f9905e8cb07319ea15df73ac" "sleep" "infinity", kill_on_drop: false }`
[INFO] [stdout] ca4d4e1c28566f2952c6de2a1518716135502b581e0992b2f3524688af46a058
[INFO] running `Command { std: "docker" "start" "ca4d4e1c28566f2952c6de2a1518716135502b581e0992b2f3524688af46a058", kill_on_drop: false }`
[INFO] running `Command { std: "docker" "inspect" "ca4d4e1c28566f2952c6de2a1518716135502b581e0992b2f3524688af46a058", kill_on_drop: false }`
[INFO] running `Command { std: "docker" "exec" "-e" "SOURCE_DIR=/opt/rustwide/workdir" "-e" "CARGO_HOME=/opt/rustwide/cargo-home" "-e" "RUSTUP_HOME=/opt/rustwide/rustup-home" "-e" "CARGO_TARGET_DIR=/opt/rustwide/target" "-w" "/opt/rustwide/workdir" "--user" "0:0" "ca4d4e1c28566f2952c6de2a1518716135502b581e0992b2f3524688af46a058" "/opt/rustwide/cargo-home/bin/cargo" "+3154cc1a3e6424e44f438a95007d043ed5ceaaf6" "metadata" "--no-deps" "--format-version=1", kill_on_drop: false }`
[INFO] running `Command { std: "docker" "inspect" "ca4d4e1c28566f2952c6de2a1518716135502b581e0992b2f3524688af46a058", kill_on_drop: false }`
[INFO] running `Command { std: "docker" "exec" "-e" "SOURCE_DIR=/opt/rustwide/workdir" "-e" "CARGO_HOME=/opt/rustwide/cargo-home" "-e" "RUSTUP_HOME=/opt/rustwide/rustup-home" "-e" "CARGO_TARGET_DIR=/opt/rustwide/target" "-e" "CARGO_INCREMENTAL=0" "-e" "RUST_BACKTRACE=full" "-e" "RUSTFLAGS=--cap-lints=forbid -Znext-solver=coherence" "-e" "RUSTDOCFLAGS=--cap-lints=forbid" "-w" "/opt/rustwide/workdir" "--user" "0:0" "ca4d4e1c28566f2952c6de2a1518716135502b581e0992b2f3524688af46a058" "/opt/rustwide/cargo-home/bin/cargo" "+3154cc1a3e6424e44f438a95007d043ed5ceaaf6" "check" "--frozen" "--all" "--all-targets" "--message-format=json", kill_on_drop: false }`
[INFO] [stderr]     Checking writeable v0.6.3
[INFO] [stderr]     Checking litemap v0.8.2
[INFO] [stderr]    Compiling zerocopy v0.8.49
[INFO] [stderr]     Checking either v1.16.0
[INFO] [stderr]    Compiling serde_json v1.0.150
[INFO] [stderr]     Checking regex-syntax v0.8.10
[INFO] [stderr]     Checking memchr v2.8.1
[INFO] [stderr]    Compiling bao-mozjs-icu-normalizer-data v153.3.0
[INFO] [stderr]     Checking ciborium-io v0.2.2
[INFO] [stderr]    Compiling zerovec-derive v0.11.3
[INFO] [stderr]    Compiling displaydoc v0.2.6
[INFO] [stderr]    Compiling zerocopy-derive v0.8.49
[INFO] [stderr]     Checking clap_builder v4.6.0
[INFO] [stderr]    Compiling zerofrom-derive v0.1.7
[INFO] [stderr]    Compiling yoke-derive v0.8.2
[INFO] [stderr]     Checking serde v1.0.228
[INFO] [stderr]     Checking arrayvec v0.7.6
[INFO] [stderr]     Checking smallvec v1.15.1
[INFO] [stderr]     Checking cast v0.3.0
[INFO] [stderr]     Checking plotters v0.3.7
[INFO] [stderr]     Checking is-terminal v0.4.17
[INFO] [stderr]     Checking anes v0.1.6
[INFO] [stderr]     Checking oorandom v11.1.5
[INFO] [stderr]     Checking arraystring v0.3.0
[INFO] [stderr]     Checking atoi v2.0.0
[INFO] [stderr]     Checking write16 v1.0.0
[INFO] [stderr]     Checking detone v1.0.1
[INFO] [stderr]     Checking itertools v0.10.5
[INFO] [stderr]     Checking rayon v1.12.0
[INFO] [stderr]     Checking zerofrom v0.1.8
[INFO] [stderr]     Checking yoke v0.8.2
[INFO] [stderr]     Checking zerovec v0.11.6
[INFO] [stderr]     Checking zerotrie v0.2.4
[INFO] [stderr]     Checking regex-automata v0.4.14
[INFO] [stderr]     Checking tinytemplate v1.2.1
[INFO] [stderr]     Checking criterion-plot v0.5.0
[INFO] [stderr]     Checking clap v4.6.1
[INFO] [stderr]     Checking tinystr v0.8.3
[INFO] [stderr]     Checking potential_utf v0.1.5
[INFO] [stderr]     Checking icu_locale_core v2.2.0
[INFO] [stderr]     Checking icu_collections v2.1.1
[INFO] [stderr]     Checking icu_provider v2.2.0
[INFO] [stderr]     Checking regex v1.12.3
[INFO] [stderr]     Checking icu_properties v2.1.2
[INFO] [stderr]     Checking icu_casemap v2.1.1
[INFO] [stderr]     Checking bao-mozjs-icu-collections v153.3.0
[INFO] [stderr]     Checking bao-mozjs-utf16-iter v153.3.0
[INFO] [stderr]     Checking bao-mozjs-utf8-iter v153.3.0
[INFO] [stderr]     Checking bao-mozjs-icu-normalizer v153.3.0 (/opt/rustwide/workdir)
[INFO] [stderr]     Checking half v2.7.1
[INFO] [stderr]     Checking ciborium-ll v0.2.2
[INFO] [stderr]     Checking ciborium v0.2.2
[INFO] [stderr]     Checking criterion v0.5.1
[INFO] [stdout] error[E0433]: cannot find module or crate `icu_properties` in this scope
[INFO] [stdout]    --> tests/tests.rs:807:5
[INFO] [stdout]     |
[INFO] [stdout] 807 | use icu_properties::props::CanonicalCombiningClass;
[INFO] [stdout]     |     ^^^^^^^^^^^^^^ use of unresolved module or unlinked crate `icu_properties`
[INFO] [stdout]     |
[INFO] [stdout]     = help: if you wanted to use a crate named `icu_properties`, use `cargo add icu_properties` to add it to your `Cargo.toml`
[INFO] [stdout] 
[INFO] [stdout] 
[INFO] [stdout] error[E0433]: cannot find module or crate `icu_properties` in this scope
[INFO] [stdout]     --> tests/tests.rs:1650:13
[INFO] [stdout]      |
[INFO] [stdout] 1650 |             icu_properties::CodePointMapData::<CanonicalCombiningClass>::new().get32(u)
[INFO] [stdout]      |             ^^^^^^^^^^^^^^ use of unresolved module or unlinked crate `icu_properties`
[INFO] [stdout]      |
[INFO] [stdout]      = help: if you wanted to use a crate named `icu_properties`, use `cargo add icu_properties` to add it to your `Cargo.toml`
[INFO] [stdout] 
[INFO] [stdout] 
[INFO] [stdout] error[E0433]: cannot find module or crate `icu_properties` in this scope
[INFO] [stdout]     --> tests/tests.rs:1663:13
[INFO] [stdout]      |
[INFO] [stdout] 1663 |             icu_properties::CodePointMapData::<CanonicalCombiningClass>::new().get32(u)
[INFO] [stdout]      |             ^^^^^^^^^^^^^^ use of unresolved module or unlinked crate `icu_properties`
[INFO] [stdout]      |
[INFO] [stdout]      = help: if you wanted to use a crate named `icu_properties`, use `cargo add icu_properties` to add it to your `Cargo.toml`
[INFO] [stdout] 
[INFO] [stdout] 
[INFO] [stdout] error[E0599]: no method named `get32` found for struct `CanonicalCombiningClassMapBorrowed<'a>` in the current scope
[INFO] [stdout]     --> tests/tests.rs:1649:17
[INFO] [stdout]      |
[INFO] [stdout] 1649 |             map.get32(u),
[INFO] [stdout]      |                 ^^^^^
[INFO] [stdout]      |
[INFO] [stdout] help: there is a method `get32_u8` with a similar name
[INFO] [stdout]      |
[INFO] [stdout] 1649 |             map.get32_u8(u),
[INFO] [stdout]      |                      +++
[INFO] [stdout] 
[INFO] [stdout] 
[INFO] [stdout] error[E0599]: no method named `get32` found for struct `CanonicalCombiningClassMapBorrowed<'a>` in the current scope
[INFO] [stdout]     --> tests/tests.rs:1662:17
[INFO] [stdout]      |
[INFO] [stdout] 1662 |             map.get32(u),
[INFO] [stdout]      |                 ^^^^^
[INFO] [stdout]      |
[INFO] [stdout] help: there is a method `get32_u8` with a similar name
[INFO] [stdout]      |
[INFO] [stdout] 1662 |             map.get32_u8(u),
[INFO] [stdout]      |                      +++
[INFO] [stdout] 
[INFO] [stdout] 
[INFO] [stdout] Some errors have detailed explanations: E0433, E0599.
[INFO] [stdout] 
[INFO] [stdout] For more information about an error, try `rustc --explain E0433`.
[INFO] [stdout] 
[INFO] [stderr] error: could not compile `bao-mozjs-icu-normalizer` (test "tests") due to 5 previous errors
[INFO] [stderr] warning: build failed, waiting for other jobs to finish...
[INFO] running `Command { std: "docker" "inspect" "ca4d4e1c28566f2952c6de2a1518716135502b581e0992b2f3524688af46a058", kill_on_drop: false }`
[INFO] running `Command { std: "docker" "rm" "-f" "ca4d4e1c28566f2952c6de2a1518716135502b581e0992b2f3524688af46a058", kill_on_drop: false }`
[INFO] [stdout] ca4d4e1c28566f2952c6de2a1518716135502b581e0992b2f3524688af46a058
