[INFO] fetching crate bao-mozjs-icu-collections 153.3.0...
[INFO] checking bao-mozjs-icu-collections-153.3.0 against 3154cc1a3e6424e44f438a95007d043ed5ceaaf6 for pr-133502-30
[INFO] extracting crate bao-mozjs-icu-collections 153.3.0 into /workspace/builds/worker-3-tc2/source
[INFO] started tweaking crates.io crate bao-mozjs-icu-collections 153.3.0
[INFO] removed 0 missing tests
[INFO] finished tweaking crates.io crate bao-mozjs-icu-collections 153.3.0
[INFO] tweaked toml for crates.io crate bao-mozjs-icu-collections 153.3.0 written to /workspace/builds/worker-3-tc2/source/Cargo.toml
[INFO] validating manifest of crates.io crate bao-mozjs-icu-collections 153.3.0 on toolchain 3154cc1a3e6424e44f438a95007d043ed5ceaaf6
[INFO] running `Command { std: CARGO_HOME="/workspace/cargo-home" RUSTUP_HOME="/workspace/rustup-home" "/workspace/cargo-home/bin/cargo" "+3154cc1a3e6424e44f438a95007d043ed5ceaaf6" "metadata" "--manifest-path" "Cargo.toml" "--no-deps", kill_on_drop: false }`
[INFO] crate crates.io crate bao-mozjs-icu-collections 153.3.0 already has a lockfile, it will not be regenerated
[INFO] running `Command { std: CARGO_HOME="/workspace/cargo-home" RUSTUP_HOME="/workspace/rustup-home" "/workspace/cargo-home/bin/cargo" "+3154cc1a3e6424e44f438a95007d043ed5ceaaf6" "fetch" "--manifest-path" "Cargo.toml", kill_on_drop: false }`
[INFO] running `Command { std: "docker" "create" "-v" "/var/lib/crater-agent-workspace/builds/worker-3-tc2/source:/opt/rustwide/workdir:ro,Z" "-v" "/var/lib/crater-agent-workspace/builds/worker-3-tc2/target:/opt/rustwide/target:rw,Z" "-v" "/var/lib/crater-agent-workspace/cargo-home:/opt/rustwide/cargo-home:ro,Z" "-v" "/var/lib/crater-agent-workspace/rustup-home:/opt/rustwide/rustup-home:ro,Z" "-m" "1610612736" "--network" "none" "ghcr.io/rust-lang/crates-build-env/linux@sha256:77db811e55d90add9212f6832c23229e3de5f1c1f9905e8cb07319ea15df73ac" "sleep" "infinity", kill_on_drop: false }`
[INFO] [stdout] b5376c4d8f9cbad7af8b3ae5ec5852908b7c5a841d655709ea85d0e289155798
[INFO] running `Command { std: "docker" "start" "b5376c4d8f9cbad7af8b3ae5ec5852908b7c5a841d655709ea85d0e289155798", kill_on_drop: false }`
[INFO] running `Command { std: "docker" "inspect" "b5376c4d8f9cbad7af8b3ae5ec5852908b7c5a841d655709ea85d0e289155798", kill_on_drop: false }`
[INFO] running `Command { std: "docker" "exec" "-e" "SOURCE_DIR=/opt/rustwide/workdir" "-e" "CARGO_HOME=/opt/rustwide/cargo-home" "-e" "RUSTUP_HOME=/opt/rustwide/rustup-home" "-e" "CARGO_TARGET_DIR=/opt/rustwide/target" "-w" "/opt/rustwide/workdir" "--user" "0:0" "b5376c4d8f9cbad7af8b3ae5ec5852908b7c5a841d655709ea85d0e289155798" "/opt/rustwide/cargo-home/bin/cargo" "+3154cc1a3e6424e44f438a95007d043ed5ceaaf6" "metadata" "--no-deps" "--format-version=1", kill_on_drop: false }`
[INFO] running `Command { std: "docker" "inspect" "b5376c4d8f9cbad7af8b3ae5ec5852908b7c5a841d655709ea85d0e289155798", kill_on_drop: false }`
[INFO] running `Command { std: "docker" "exec" "-e" "SOURCE_DIR=/opt/rustwide/workdir" "-e" "CARGO_HOME=/opt/rustwide/cargo-home" "-e" "RUSTUP_HOME=/opt/rustwide/rustup-home" "-e" "CARGO_TARGET_DIR=/opt/rustwide/target" "-e" "CARGO_INCREMENTAL=0" "-e" "RUST_BACKTRACE=full" "-e" "RUSTFLAGS=--cap-lints=forbid" "-e" "RUSTDOCFLAGS=--cap-lints=forbid" "-w" "/opt/rustwide/workdir" "--user" "0:0" "b5376c4d8f9cbad7af8b3ae5ec5852908b7c5a841d655709ea85d0e289155798" "/opt/rustwide/cargo-home/bin/cargo" "+3154cc1a3e6424e44f438a95007d043ed5ceaaf6" "check" "--frozen" "--all" "--all-targets" "--message-format=json", kill_on_drop: false }`
[INFO] [stderr]    Compiling quote v1.0.45
[INFO] [stderr]    Compiling serde_core v1.0.228
[INFO] [stderr]    Compiling serde v1.0.228
[INFO] [stderr]    Compiling crossbeam-utils v0.8.21
[INFO] [stderr]    Compiling zerocopy v0.8.49
[INFO] [stderr]    Compiling zmij v1.0.21
[INFO] [stderr]    Compiling thiserror v2.0.18
[INFO] [stderr]    Compiling num-traits v0.2.19
[INFO] [stderr]    Compiling serde_json v1.0.150
[INFO] [stderr]     Checking either v1.16.0
[INFO] [stderr]     Checking plotters-backend v0.3.7
[INFO] [stderr]     Checking memchr v2.8.1
[INFO] [stderr]     Checking anstyle v1.0.14
[INFO] [stderr]     Checking clap_lex v1.1.0
[INFO] [stderr]     Checking regex-syntax v0.8.10
[INFO] [stderr]     Checking ciborium-io v0.2.2
[INFO] [stderr]     Checking cast v0.3.0
[INFO] [stderr]     Checking same-file v1.0.6
[INFO] [stderr]     Checking is-terminal v0.4.17
[INFO] [stderr]     Checking anes v0.1.6
[INFO] [stderr]     Checking walkdir v2.5.0
[INFO] [stderr]     Checking clap_builder v4.6.0
[INFO] [stderr]     Checking oorandom v11.1.5
[INFO] [stderr]     Checking iai v0.1.1
[INFO] [stderr]     Checking plotters-svg v0.3.7
[INFO] [stderr]     Checking crossbeam-epoch v0.9.18
[INFO] [stderr]     Checking itertools v0.10.5
[INFO] [stderr]     Checking crossbeam-deque v0.8.6
[INFO] [stderr]    Compiling syn v2.0.117
[INFO] [stderr]     Checking rayon-core v1.13.0
[INFO] [stderr]     Checking rayon v1.12.0
[INFO] [stderr]     Checking plotters v0.3.7
[INFO] [stderr]     Checking regex-automata v0.4.14
[INFO] [stderr]     Checking clap v4.6.1
[INFO] [stderr]     Checking criterion-plot v0.5.0
[INFO] [stderr]     Checking regex v1.12.3
[INFO] [stderr]    Compiling synstructure v0.13.2
[INFO] [stderr]    Compiling zerofrom-derive v0.1.7
[INFO] [stderr]    Compiling yoke-derive v0.8.2
[INFO] [stderr]    Compiling serde_derive v1.0.228
[INFO] [stderr]    Compiling zerovec-derive v0.11.3
[INFO] [stderr]    Compiling displaydoc v0.2.6
[INFO] [stderr]    Compiling zerocopy-derive v0.8.49
[INFO] [stderr]    Compiling thiserror-impl v2.0.18
[INFO] [stderr]     Checking zerofrom v0.1.8
[INFO] [stderr]     Checking yoke v0.8.2
[INFO] [stderr]     Checking cobs v0.3.0
[INFO] [stderr]     Checking zerovec v0.11.6
[INFO] [stderr]     Checking zerotrie v0.2.4
[INFO] [stderr]     Checking tinystr v0.8.3
[INFO] [stderr]     Checking potential_utf v0.1.5
[INFO] [stderr]     Checking icu_collections v2.1.1
[INFO] [stderr]     Checking icu_locale_core v2.2.0
[INFO] [stderr]     Checking icu_provider v2.2.0
[INFO] [stderr]     Checking icu_properties v2.1.2
[INFO] [stderr]     Checking serde_spanned v0.6.9
[INFO] [stderr]     Checking toml_datetime v0.6.11
[INFO] [stderr]     Checking tinytemplate v1.2.1
[INFO] [stderr]     Checking postcard v1.1.3
[INFO] [stderr]     Checking toml_edit v0.22.27
[INFO] [stderr]     Checking icu_casemap v2.1.1
[INFO] [stderr]     Checking bao-mozjs-icu-collections v153.3.0 (/opt/rustwide/workdir)
[INFO] [stderr]     Checking toml v0.8.23
[INFO] [stderr]     Checking half v2.7.1
[INFO] [stderr]     Checking ciborium-ll v0.2.2
[INFO] [stderr]     Checking ciborium v0.2.2
[INFO] [stderr]     Checking criterion v0.5.1
[INFO] [stdout] error[E0599]: no associated function or constant named `try_from_u32_inversion_list_slice` found for struct `CodePointInversionList<'data>` in the current scope
[INFO] [stdout]    --> benches/inv_list.rs:11:47
[INFO] [stdout]     |
[INFO] [stdout]  11 |     let best_sample = CodePointInversionList::try_from_u32_inversion_list_slice(&best_ex).unwrap();
[INFO] [stdout]     |                                               ^^^^^^^^^^^^^^^^^^^^^^^^^^^^^^^^^ associated function or constant not found in `CodePointInversionList<'_>`
[INFO] [stdout]     |
[INFO] [stdout] note: if you're trying to build a new `CodePointInversionList<'_>` consider using one of the following associated functions:
[INFO] [stdout]       CodePointInversionList::<'data>::try_from_inversion_list
[INFO] [stdout]       CodePointInversionList::<'data>::from_parts_unchecked
[INFO] [stdout]       CodePointInversionList::<'data>::all
[INFO] [stdout]       CodePointInversionList::<'data>::bmp
[INFO] [stdout]    --> src/codepointinvlist/cpinvlist.rs:221:5
[INFO] [stdout]     |
[INFO] [stdout] 221 | /     pub fn try_from_inversion_list(
[INFO] [stdout] 222 | |         inv_list: ZeroVec<'data, PotentialCodePoint>,
[INFO] [stdout] 223 | |     ) -> Result<Self, InvalidSetError> {
[INFO] [stdout]     | |______________________________________^
[INFO] [stdout] ...
[INFO] [stdout] 245 | /     pub const unsafe fn from_parts_unchecked(
[INFO] [stdout] 246 | |         inv_list: ZeroVec<'data, PotentialCodePoint>,
[INFO] [stdout] 247 | |         size: u32,
[INFO] [stdout] 248 | |     ) -> Self {
[INFO] [stdout]     | |_____________^
[INFO] [stdout] ...
[INFO] [stdout] 332 |       pub const fn all() -> Self {
[INFO] [stdout]     |       ^^^^^^^^^^^^^^^^^^^^^^^^^^
[INFO] [stdout] ...
[INFO] [stdout] 360 |       pub fn bmp() -> Self {
[INFO] [stdout]     |       ^^^^^^^^^^^^^^^^^^^^
[INFO] [stdout] help: there is an associated function `try_from_inversion_list` with a similar name
[INFO] [stdout]     |
[INFO] [stdout]  11 -     let best_sample = CodePointInversionList::try_from_u32_inversion_list_slice(&best_ex).unwrap();
[INFO] [stdout]  11 +     let best_sample = CodePointInversionList::try_from_inversion_list(&best_ex).unwrap();
[INFO] [stdout]     |
[INFO] [stdout] 
[INFO] [stdout] 
[INFO] [stdout] error[E0599]: no associated function or constant named `try_from_u32_inversion_list_slice` found for struct `CodePointInversionList<'data>` in the current scope
[INFO] [stdout]    --> benches/inv_list.rs:14:33
[INFO] [stdout]     |
[INFO] [stdout]  14 |         CodePointInversionList::try_from_u32_inversion_list_slice(&worst_ex).unwrap();
[INFO] [stdout]     |                                 ^^^^^^^^^^^^^^^^^^^^^^^^^^^^^^^^^ associated function or constant not found in `CodePointInversionList<'_>`
[INFO] [stdout]     |
[INFO] [stdout] note: if you're trying to build a new `CodePointInversionList<'_>` consider using one of the following associated functions:
[INFO] [stdout]       CodePointInversionList::<'data>::try_from_inversion_list
[INFO] [stdout]       CodePointInversionList::<'data>::from_parts_unchecked
[INFO] [stdout]       CodePointInversionList::<'data>::all
[INFO] [stdout]       CodePointInversionList::<'data>::bmp
[INFO] [stdout]    --> src/codepointinvlist/cpinvlist.rs:221:5
[INFO] [stdout]     |
[INFO] [stdout] 221 | /     pub fn try_from_inversion_list(
[INFO] [stdout] 222 | |         inv_list: ZeroVec<'data, PotentialCodePoint>,
[INFO] [stdout] 223 | |     ) -> Result<Self, InvalidSetError> {
[INFO] [stdout]     | |______________________________________^
[INFO] [stdout] ...
[INFO] [stdout] 245 | /     pub const unsafe fn from_parts_unchecked(
[INFO] [stdout] 246 | |         inv_list: ZeroVec<'data, PotentialCodePoint>,
[INFO] [stdout] 247 | |         size: u32,
[INFO] [stdout] 248 | |     ) -> Self {
[INFO] [stdout]     | |_____________^
[INFO] [stdout] ...
[INFO] [stdout] 332 |       pub const fn all() -> Self {
[INFO] [stdout]     |       ^^^^^^^^^^^^^^^^^^^^^^^^^^
[INFO] [stdout] ...
[INFO] [stdout] 360 |       pub fn bmp() -> Self {
[INFO] [stdout]     |       ^^^^^^^^^^^^^^^^^^^^
[INFO] [stdout] help: there is an associated function `try_from_inversion_list` with a similar name
[INFO] [stdout]     |
[INFO] [stdout]  14 -         CodePointInversionList::try_from_u32_inversion_list_slice(&worst_ex).unwrap();
[INFO] [stdout]  14 +         CodePointInversionList::try_from_inversion_list(&worst_ex).unwrap();
[INFO] [stdout]     |
[INFO] [stdout] 
[INFO] [stdout] 
[INFO] [stdout] error[E0433]: cannot find module or crate `alloc` in this scope
[INFO] [stdout]     --> src/codepointtrie/cptrie.rs:2183:9
[INFO] [stdout]      |
[INFO] [stdout] 2183 |     use alloc::vec::Vec;
[INFO] [stdout]      |         ^^^^^ use of unresolved module or unlinked crate `alloc`
[INFO] [stdout]      |
[INFO] [stdout]      = help: add `extern crate alloc` to use the `alloc` crate
[INFO] [stdout] 
[INFO] [stdout] 
[INFO] [stdout] error[E0433]: cannot find module or crate `icu` in this scope
[INFO] [stdout]   --> src/iterator_utils.rs:64:9
[INFO] [stdout]    |
[INFO] [stdout] 64 |     use icu::collections::codepointinvlist::CodePointInversionListBuilder;
[INFO] [stdout]    |         ^^^ use of unresolved module or unlinked crate `icu`
[INFO] [stdout]    |
[INFO] [stdout]    = help: if you wanted to use a crate named `icu`, use `cargo add icu` to add it to your `Cargo.toml`
[INFO] [stdout] 
[INFO] [stdout] 
[INFO] [stdout] error[E0433]: cannot find module or crate `icu` in this scope
[INFO] [stdout]   --> src/iterator_utils.rs:65:9
[INFO] [stdout]    |
[INFO] [stdout] 65 |     use icu::properties::props::{BinaryProperty, EnumeratedProperty};
[INFO] [stdout]    |         ^^^ use of unresolved module or unlinked crate `icu`
[INFO] [stdout]    |
[INFO] [stdout]    = help: if you wanted to use a crate named `icu`, use `cargo add icu` to add it to your `Cargo.toml`
[INFO] [stdout] 
[INFO] [stdout] 
[INFO] [stdout] error[E0433]: cannot find module or crate `icu` in this scope
[INFO] [stdout]   --> src/iterator_utils.rs:66:9
[INFO] [stdout]    |
[INFO] [stdout] 66 |     use icu::properties::{CodePointMapData, CodePointSetData};
[INFO] [stdout]    |         ^^^ use of unresolved module or unlinked crate `icu`
[INFO] [stdout]    |
[INFO] [stdout]    = help: if you wanted to use a crate named `icu`, use `cargo add icu` to add it to your `Cargo.toml`
[INFO] [stdout] 
[INFO] [stdout] 
[INFO] [stdout] error[E0433]: cannot find module or crate `icu` in this scope
[INFO] [stdout]    --> src/iterator_utils.rs:109:13
[INFO] [stdout]     |
[INFO] [stdout] 109 |         use icu::properties::props::*;
[INFO] [stdout]     |             ^^^ use of unresolved module or unlinked crate `icu`
[INFO] [stdout]     |
[INFO] [stdout]     = help: if you wanted to use a crate named `icu`, use `cargo add icu` to add it to your `Cargo.toml`
[INFO] [stdout] 
[INFO] [stdout] 
[INFO] [stdout] error[E0433]: cannot find module or crate `icu` in this scope
[INFO] [stdout]    --> src/iterator_utils.rs:181:13
[INFO] [stdout]     |
[INFO] [stdout] 181 |         use icu::properties::props::{GeneralCategory, Script};
[INFO] [stdout]     |             ^^^ use of unresolved module or unlinked crate `icu`
[INFO] [stdout]     |
[INFO] [stdout]     = help: if you wanted to use a crate named `icu`, use `cargo add icu` to add it to your `Cargo.toml`
[INFO] [stdout] 
[INFO] [stdout] 
[INFO] [stdout] error[E0433]: cannot find module or crate `databake` in this scope
[INFO] [stdout]     --> src/codepointinvlist/cpinvlist.rs:1052:9
[INFO] [stdout]      |
[INFO] [stdout] 1052 |         databake::test_bake!(
[INFO] [stdout]      |         ^^^^^^^^ function `databake` is not a crate or module
[INFO] [stdout] 
[INFO] [stdout] 
[INFO] [stdout] error[E0433]: cannot find module or crate `databake` in this scope
[INFO] [stdout]     --> src/codepointtrie/cptrie.rs:2513:9
[INFO] [stdout]      |
[INFO] [stdout] 2513 |         databake::test_bake!(
[INFO] [stdout]      |         ^^^^^^^^ function `databake` is not a crate or module
[INFO] [stdout] 
[INFO] [stdout] 
[INFO] [stdout] error[E0433]: cannot find module or crate `databake` in this scope
[INFO] [stdout]     --> src/codepointtrie/cptrie.rs:2539:9
[INFO] [stdout]      |
[INFO] [stdout] 2539 |         databake::test_bake!(
[INFO] [stdout]      |         ^^^^^^^^ function `databake` is not a crate or module
[INFO] [stdout] 
[INFO] [stdout] 
[INFO] [stdout] error[E0433]: cannot find module or crate `databake` in this scope
[INFO] [stdout]     --> src/codepointtrie/cptrie.rs:2565:9
[INFO] [stdout]      |
[INFO] [stdout] 2565 |         databake::test_bake!(
[INFO] [stdout]      |         ^^^^^^^^ function `databake` is not a crate or module
[INFO] [stdout] 
[INFO] [stdout] 
[INFO] [stdout] For more information about this error, try `rustc --explain E0599`.
[INFO] [stdout] 
[INFO] [stderr] error: could not compile `bao-mozjs-icu-collections` (bench "inv_list") due to 2 previous errors
[INFO] [stderr] warning: build failed, waiting for other jobs to finish...
[INFO] [stdout] error[E0425]: cannot find type `AsciiHexDigit` in this scope
[INFO] [stdout]    --> src/iterator_utils.rs:112:20
[INFO] [stdout]     |
[INFO] [stdout] 112 |         test_set::<AsciiHexDigit>("ASCII_Hex_Digit");
[INFO] [stdout]     |                    ^^^^^^^^^^^^^ not found in this scope
[INFO] [stdout]     |
[INFO] [stdout] help: you might be missing a type parameter
[INFO] [stdout]     |
[INFO] [stdout] 108 |     fn test_complement_sets<AsciiHexDigit>() {
[INFO] [stdout]     |                            +++++++++++++++
[INFO] [stdout] 
[INFO] [stdout] 
[INFO] [stdout] error[E0425]: cannot find type `Alnum` in this scope
[INFO] [stdout]    --> src/iterator_utils.rs:113:20
[INFO] [stdout]     |
[INFO] [stdout] 113 |         test_set::<Alnum>("Alnum");
[INFO] [stdout]     |                    ^^^^^ not found in this scope
[INFO] [stdout]     |
[INFO] [stdout] help: you might be missing a type parameter
[INFO] [stdout]     |
[INFO] [stdout] 108 |     fn test_complement_sets<Alnum>() {
[INFO] [stdout]     |                            +++++++
[INFO] [stdout] 
[INFO] [stdout] 
[INFO] [stdout] error[E0425]: cannot find type `Alphabetic` in this scope
[INFO] [stdout]    --> src/iterator_utils.rs:114:20
[INFO] [stdout]     |
[INFO] [stdout] 114 |         test_set::<Alphabetic>("Alphabetic");
[INFO] [stdout]     |                    ^^^^^^^^^^ not found in this scope
[INFO] [stdout]     |
[INFO] [stdout] help: you might be missing a type parameter
[INFO] [stdout]     |
[INFO] [stdout] 108 |     fn test_complement_sets<Alphabetic>() {
[INFO] [stdout]     |                            ++++++++++++
[INFO] [stdout] 
[INFO] [stdout] 
[INFO] [stdout] error[E0425]: cannot find type `BidiControl` in this scope
[INFO] [stdout]    --> src/iterator_utils.rs:115:20
[INFO] [stdout]     |
[INFO] [stdout] 115 |         test_set::<BidiControl>("Bidi_Control");
[INFO] [stdout]     |                    ^^^^^^^^^^^ not found in this scope
[INFO] [stdout]     |
[INFO] [stdout] help: you might be missing a type parameter
[INFO] [stdout]     |
[INFO] [stdout] 108 |     fn test_complement_sets<BidiControl>() {
[INFO] [stdout]     |                            +++++++++++++
[INFO] [stdout] 
[INFO] [stdout] 
[INFO] [stdout] error[E0425]: cannot find type `BidiMirrored` in this scope
[INFO] [stdout]    --> src/iterator_utils.rs:116:20
[INFO] [stdout]     |
[INFO] [stdout] 116 |         test_set::<BidiMirrored>("Bidi_Mirrored");
[INFO] [stdout]     |                    ^^^^^^^^^^^^ not found in this scope
[INFO] [stdout]     |
[INFO] [stdout] help: you might be missing a type parameter
[INFO] [stdout]     |
[INFO] [stdout] 108 |     fn test_complement_sets<BidiMirrored>() {
[INFO] [stdout]     |                            ++++++++++++++
[INFO] [stdout] 
[INFO] [stdout] 
[INFO] [stdout] error[E0425]: cannot find type `Blank` in this scope
[INFO] [stdout]    --> src/iterator_utils.rs:117:20
[INFO] [stdout]     |
[INFO] [stdout] 117 |         test_set::<Blank>("Blank");
[INFO] [stdout]     |                    ^^^^^ not found in this scope
[INFO] [stdout]     |
[INFO] [stdout] help: you might be missing a type parameter
[INFO] [stdout]     |
[INFO] [stdout] 108 |     fn test_complement_sets<Blank>() {
[INFO] [stdout]     |                            +++++++
[INFO] [stdout] 
[INFO] [stdout] 
[INFO] [stdout] error[E0425]: cannot find type `Cased` in this scope
[INFO] [stdout]    --> src/iterator_utils.rs:118:20
[INFO] [stdout]     |
[INFO] [stdout] 118 |         test_set::<Cased>("Cased");
[INFO] [stdout]     |                    ^^^^^ not found in this scope
[INFO] [stdout]     |
[INFO] [stdout] help: you might be missing a type parameter
[INFO] [stdout]     |
[INFO] [stdout] 108 |     fn test_complement_sets<Cased>() {
[INFO] [stdout]     |                            +++++++
[INFO] [stdout] 
[INFO] [stdout] 
[INFO] [stdout] error[E0425]: cannot find type `CaseIgnorable` in this scope
[INFO] [stdout]    --> src/iterator_utils.rs:119:20
[INFO] [stdout]     |
[INFO] [stdout] 119 |         test_set::<CaseIgnorable>("Case_Ignorable");
[INFO] [stdout]     |                    ^^^^^^^^^^^^^ not found in this scope
[INFO] [stdout]     |
[INFO] [stdout] help: you might be missing a type parameter
[INFO] [stdout]     |
[INFO] [stdout] 108 |     fn test_complement_sets<CaseIgnorable>() {
[INFO] [stdout]     |                            +++++++++++++++
[INFO] [stdout] 
[INFO] [stdout] 
[INFO] [stdout] error[E0425]: cannot find type `FullCompositionExclusion` in this scope
[INFO] [stdout]    --> src/iterator_utils.rs:120:20
[INFO] [stdout]     |
[INFO] [stdout] 120 |         test_set::<FullCompositionExclusion>("Full_Composition_Exclusion");
[INFO] [stdout]     |                    ^^^^^^^^^^^^^^^^^^^^^^^^ not found in this scope
[INFO] [stdout]     |
[INFO] [stdout] help: you might be missing a type parameter
[INFO] [stdout]     |
[INFO] [stdout] 108 |     fn test_complement_sets<FullCompositionExclusion>() {
[INFO] [stdout]     |                            ++++++++++++++++++++++++++
[INFO] [stdout] 
[INFO] [stdout] 
[INFO] [stdout] error[E0425]: cannot find type `ChangesWhenCasefolded` in this scope
[INFO] [stdout]    --> src/iterator_utils.rs:121:20
[INFO] [stdout]     |
[INFO] [stdout] 121 |         test_set::<ChangesWhenCasefolded>("Changes_When_Casefolded");
[INFO] [stdout]     |                    ^^^^^^^^^^^^^^^^^^^^^ not found in this scope
[INFO] [stdout]     |
[INFO] [stdout] help: you might be missing a type parameter
[INFO] [stdout]     |
[INFO] [stdout] 108 |     fn test_complement_sets<ChangesWhenCasefolded>() {
[INFO] [stdout]     |                            +++++++++++++++++++++++
[INFO] [stdout] 
[INFO] [stdout] 
[INFO] [stdout] error[E0425]: cannot find type `ChangesWhenCasemapped` in this scope
[INFO] [stdout]    --> src/iterator_utils.rs:122:20
[INFO] [stdout]     |
[INFO] [stdout] 122 |         test_set::<ChangesWhenCasemapped>("Changes_When_Casemapped");
[INFO] [stdout]     |                    ^^^^^^^^^^^^^^^^^^^^^ not found in this scope
[INFO] [stdout]     |
[INFO] [stdout] help: you might be missing a type parameter
[INFO] [stdout]     |
[INFO] [stdout] 108 |     fn test_complement_sets<ChangesWhenCasemapped>() {
[INFO] [stdout]     |                            +++++++++++++++++++++++
[INFO] [stdout] 
[INFO] [stdout] 
[INFO] [stdout] error[E0425]: cannot find type `ChangesWhenNfkcCasefolded` in this scope
[INFO] [stdout]    --> src/iterator_utils.rs:123:20
[INFO] [stdout]     |
[INFO] [stdout] 123 |         test_set::<ChangesWhenNfkcCasefolded>("Changes_When_NFKC_Casefolded");
[INFO] [stdout]     |                    ^^^^^^^^^^^^^^^^^^^^^^^^^ not found in this scope
[INFO] [stdout]     |
[INFO] [stdout] help: you might be missing a type parameter
[INFO] [stdout]     |
[INFO] [stdout] 108 |     fn test_complement_sets<ChangesWhenNfkcCasefolded>() {
[INFO] [stdout]     |                            +++++++++++++++++++++++++++
[INFO] [stdout] 
[INFO] [stdout] 
[INFO] [stdout] error[E0425]: cannot find type `ChangesWhenLowercased` in this scope
[INFO] [stdout]    --> src/iterator_utils.rs:124:20
[INFO] [stdout]     |
[INFO] [stdout] 124 |         test_set::<ChangesWhenLowercased>("Changes_When_Lowercased");
[INFO] [stdout]     |                    ^^^^^^^^^^^^^^^^^^^^^ not found in this scope
[INFO] [stdout]     |
[INFO] [stdout] help: you might be missing a type parameter
[INFO] [stdout]     |
[INFO] [stdout] 108 |     fn test_complement_sets<ChangesWhenLowercased>() {
[INFO] [stdout]     |                            +++++++++++++++++++++++
[INFO] [stdout] 
[INFO] [stdout] 
[INFO] [stdout] error[E0425]: cannot find type `ChangesWhenTitlecased` in this scope
[INFO] [stdout]    --> src/iterator_utils.rs:125:20
[INFO] [stdout]     |
[INFO] [stdout] 125 |         test_set::<ChangesWhenTitlecased>("Changes_When_Titlecased");
[INFO] [stdout]     |                    ^^^^^^^^^^^^^^^^^^^^^ not found in this scope
[INFO] [stdout]     |
[INFO] [stdout] help: you might be missing a type parameter
[INFO] [stdout]     |
[INFO] [stdout] 108 |     fn test_complement_sets<ChangesWhenTitlecased>() {
[INFO] [stdout]     |                            +++++++++++++++++++++++
[INFO] [stdout] 
[INFO] [stdout] 
[INFO] [stdout] error[E0425]: cannot find type `ChangesWhenUppercased` in this scope
[INFO] [stdout]    --> src/iterator_utils.rs:126:20
[INFO] [stdout]     |
[INFO] [stdout] 126 |         test_set::<ChangesWhenUppercased>("Changes_When_Uppercased");
[INFO] [stdout]     |                    ^^^^^^^^^^^^^^^^^^^^^ not found in this scope
[INFO] [stdout]     |
[INFO] [stdout] help: you might be missing a type parameter
[INFO] [stdout]     |
[INFO] [stdout] 108 |     fn test_complement_sets<ChangesWhenUppercased>() {
[INFO] [stdout]     |                            +++++++++++++++++++++++
[INFO] [stdout] 
[INFO] [stdout] 
[INFO] [stdout] error[E0425]: cannot find type `Dash` in this scope
[INFO] [stdout]    --> src/iterator_utils.rs:127:20
[INFO] [stdout]     |
[INFO] [stdout] 127 |         test_set::<Dash>("Dash");
[INFO] [stdout]     |                    ^^^^ not found in this scope
[INFO] [stdout]     |
[INFO] [stdout] help: you might be missing a type parameter
[INFO] [stdout]     |
[INFO] [stdout] 108 |     fn test_complement_sets<Dash>() {
[INFO] [stdout]     |                            ++++++
[INFO] [stdout] 
[INFO] [stdout] 
[INFO] [stdout] error[E0425]: cannot find type `Deprecated` in this scope
[INFO] [stdout]    --> src/iterator_utils.rs:128:20
[INFO] [stdout]     |
[INFO] [stdout] 128 |         test_set::<Deprecated>("Deprecated");
[INFO] [stdout]     |                    ^^^^^^^^^^ not found in this scope
[INFO] [stdout]     |
[INFO] [stdout] help: you might be missing a type parameter
[INFO] [stdout]     |
[INFO] [stdout] 108 |     fn test_complement_sets<Deprecated>() {
[INFO] [stdout]     |                            ++++++++++++
[INFO] [stdout] 
[INFO] [stdout] 
[INFO] [stdout] error[E0425]: cannot find type `DefaultIgnorableCodePoint` in this scope
[INFO] [stdout]    --> src/iterator_utils.rs:129:20
[INFO] [stdout]     |
[INFO] [stdout] 129 |         test_set::<DefaultIgnorableCodePoint>("Default_Ignorable_Code_Point");
[INFO] [stdout]     |                    ^^^^^^^^^^^^^^^^^^^^^^^^^ not found in this scope
[INFO] [stdout]     |
[INFO] [stdout] help: you might be missing a type parameter
[INFO] [stdout]     |
[INFO] [stdout] 108 |     fn test_complement_sets<DefaultIgnorableCodePoint>() {
[INFO] [stdout]     |                            +++++++++++++++++++++++++++
[INFO] [stdout] 
[INFO] [stdout] 
[INFO] [stdout] error[E0425]: cannot find type `Diacritic` in this scope
[INFO] [stdout]    --> src/iterator_utils.rs:130:20
[INFO] [stdout]     |
[INFO] [stdout] 130 |         test_set::<Diacritic>("Diacritic");
[INFO] [stdout]     |                    ^^^^^^^^^ not found in this scope
[INFO] [stdout]     |
[INFO] [stdout] help: you might be missing a type parameter
[INFO] [stdout]     |
[INFO] [stdout] 108 |     fn test_complement_sets<Diacritic>() {
[INFO] [stdout]     |                            +++++++++++
[INFO] [stdout] 
[INFO] [stdout] 
[INFO] [stdout] error[E0425]: cannot find type `EmojiModifierBase` in this scope
[INFO] [stdout]    --> src/iterator_utils.rs:131:20
[INFO] [stdout]     |
[INFO] [stdout] 131 |         test_set::<EmojiModifierBase>("Emoji_Modifier_Base");
[INFO] [stdout]     |                    ^^^^^^^^^^^^^^^^^ not found in this scope
[INFO] [stdout]     |
[INFO] [stdout] help: you might be missing a type parameter
[INFO] [stdout]     |
[INFO] [stdout] 108 |     fn test_complement_sets<EmojiModifierBase>() {
[INFO] [stdout]     |                            +++++++++++++++++++
[INFO] [stdout] 
[INFO] [stdout] 
[INFO] [stdout] error[E0425]: cannot find type `EmojiComponent` in this scope
[INFO] [stdout]    --> src/iterator_utils.rs:132:20
[INFO] [stdout]     |
[INFO] [stdout] 132 |         test_set::<EmojiComponent>("Emoji_Component");
[INFO] [stdout]     |                    ^^^^^^^^^^^^^^ not found in this scope
[INFO] [stdout]     |
[INFO] [stdout] help: you might be missing a type parameter
[INFO] [stdout]     |
[INFO] [stdout] 108 |     fn test_complement_sets<EmojiComponent>() {
[INFO] [stdout]     |                            ++++++++++++++++
[INFO] [stdout] 
[INFO] [stdout] 
[INFO] [stdout] error[E0425]: cannot find type `EmojiModifier` in this scope
[INFO] [stdout]    --> src/iterator_utils.rs:133:20
[INFO] [stdout]     |
[INFO] [stdout] 133 |         test_set::<EmojiModifier>("Emoji_Modifier");
[INFO] [stdout]     |                    ^^^^^^^^^^^^^ not found in this scope
[INFO] [stdout]     |
[INFO] [stdout] help: you might be missing a type parameter
[INFO] [stdout]     |
[INFO] [stdout] 108 |     fn test_complement_sets<EmojiModifier>() {
[INFO] [stdout]     |                            +++++++++++++++
[INFO] [stdout] 
[INFO] [stdout] 
[INFO] [stdout] error[E0425]: cannot find type `Emoji` in this scope
[INFO] [stdout]    --> src/iterator_utils.rs:134:20
[INFO] [stdout]     |
[INFO] [stdout] 134 |         test_set::<Emoji>("Emoji");
[INFO] [stdout]     |                    ^^^^^ not found in this scope
[INFO] [stdout]     |
[INFO] [stdout] help: you might be missing a type parameter
[INFO] [stdout]     |
[INFO] [stdout] 108 |     fn test_complement_sets<Emoji>() {
[INFO] [stdout]     |                            +++++++
[INFO] [stdout] 
[INFO] [stdout] 
[INFO] [stdout] error[E0425]: cannot find type `EmojiPresentation` in this scope
[INFO] [stdout]    --> src/iterator_utils.rs:135:20
[INFO] [stdout]     |
[INFO] [stdout] 135 |         test_set::<EmojiPresentation>("Emoji_Presentation");
[INFO] [stdout]     |                    ^^^^^^^^^^^^^^^^^ not found in this scope
[INFO] [stdout]     |
[INFO] [stdout] help: you might be missing a type parameter
[INFO] [stdout]     |
[INFO] [stdout] 108 |     fn test_complement_sets<EmojiPresentation>() {
[INFO] [stdout]     |                            +++++++++++++++++++
[INFO] [stdout] 
[INFO] [stdout] 
[INFO] [stdout] error[E0425]: cannot find type `Extender` in this scope
[INFO] [stdout]    --> src/iterator_utils.rs:136:20
[INFO] [stdout]     |
[INFO] [stdout] 136 |         test_set::<Extender>("Extender");
[INFO] [stdout]     |                    ^^^^^^^^ not found in this scope
[INFO] [stdout]     |
[INFO] [stdout] note: similarly named trait `Extend` defined here
[INFO] [stdout]    --> /rustc/3154cc1a3e6424e44f438a95007d043ed5ceaaf6/library/core/src/iter/traits/collect.rs:397:0
[INFO] [stdout] help: a trait with a similar name exists
[INFO] [stdout]     |
[INFO] [stdout] 136 -         test_set::<Extender>("Extender");
[INFO] [stdout] 136 +         test_set::<Extend>("Extender");
[INFO] [stdout]     |
[INFO] [stdout] help: you might be missing a type parameter
[INFO] [stdout]     |
[INFO] [stdout] 108 |     fn test_complement_sets<Extender>() {
[INFO] [stdout]     |                            ++++++++++
[INFO] [stdout] 
[INFO] [stdout] 
[INFO] [stdout] error[E0425]: cannot find type `ExtendedPictographic` in this scope
[INFO] [stdout]    --> src/iterator_utils.rs:137:20
[INFO] [stdout]     |
[INFO] [stdout] 137 |         test_set::<ExtendedPictographic>("Extended_Pictographic");
[INFO] [stdout]     |                    ^^^^^^^^^^^^^^^^^^^^ not found in this scope
[INFO] [stdout]     |
[INFO] [stdout] help: you might be missing a type parameter
[INFO] [stdout]     |
[INFO] [stdout] 108 |     fn test_complement_sets<ExtendedPictographic>() {
[INFO] [stdout]     |                            ++++++++++++++++++++++
[INFO] [stdout] 
[INFO] [stdout] 
[INFO] [stdout] error[E0425]: cannot find type `Graph` in this scope
[INFO] [stdout]    --> src/iterator_utils.rs:138:20
[INFO] [stdout]     |
[INFO] [stdout] 138 |         test_set::<Graph>("Graph");
[INFO] [stdout]     |                    ^^^^^ not found in this scope
[INFO] [stdout]     |
[INFO] [stdout] help: you might be missing a type parameter
[INFO] [stdout]     |
[INFO] [stdout] 108 |     fn test_complement_sets<Graph>() {
[INFO] [stdout]     |                            +++++++
[INFO] [stdout] 
[INFO] [stdout] 
[INFO] [stdout] error[E0425]: cannot find type `GraphemeBase` in this scope
[INFO] [stdout]    --> src/iterator_utils.rs:139:20
[INFO] [stdout]     |
[INFO] [stdout] 139 |         test_set::<GraphemeBase>("Grapheme_Base");
[INFO] [stdout]     |                    ^^^^^^^^^^^^ not found in this scope
[INFO] [stdout]     |
[INFO] [stdout] help: you might be missing a type parameter
[INFO] [stdout]     |
[INFO] [stdout] 108 |     fn test_complement_sets<GraphemeBase>() {
[INFO] [stdout]     |                            ++++++++++++++
[INFO] [stdout] 
[INFO] [stdout] 
[INFO] [stdout] error[E0425]: cannot find type `GraphemeExtend` in this scope
[INFO] [stdout]    --> src/iterator_utils.rs:140:20
[INFO] [stdout]     |
[INFO] [stdout] 140 |         test_set::<GraphemeExtend>("Grapheme_Extend");
[INFO] [stdout]     |                    ^^^^^^^^^^^^^^ not found in this scope
[INFO] [stdout]     |
[INFO] [stdout] help: you might be missing a type parameter
[INFO] [stdout]     |
[INFO] [stdout] 108 |     fn test_complement_sets<GraphemeExtend>() {
[INFO] [stdout]     |                            ++++++++++++++++
[INFO] [stdout] 
[INFO] [stdout] 
[INFO] [stdout] error[E0425]: cannot find type `GraphemeLink` in this scope
[INFO] [stdout]    --> src/iterator_utils.rs:141:20
[INFO] [stdout]     |
[INFO] [stdout] 141 |         test_set::<GraphemeLink>("Grapheme_Link");
[INFO] [stdout]     |                    ^^^^^^^^^^^^ not found in this scope
[INFO] [stdout]     |
[INFO] [stdout] help: you might be missing a type parameter
[INFO] [stdout]     |
[INFO] [stdout] 108 |     fn test_complement_sets<GraphemeLink>() {
[INFO] [stdout]     |                            ++++++++++++++
[INFO] [stdout] 
[INFO] [stdout] 
[INFO] [stdout] error[E0425]: cannot find type `HexDigit` in this scope
[INFO] [stdout]    --> src/iterator_utils.rs:142:20
[INFO] [stdout]     |
[INFO] [stdout] 142 |         test_set::<HexDigit>("Hex_Digit");
[INFO] [stdout]     |                    ^^^^^^^^ not found in this scope
[INFO] [stdout]     |
[INFO] [stdout] help: you might be missing a type parameter
[INFO] [stdout]     |
[INFO] [stdout] 108 |     fn test_complement_sets<HexDigit>() {
[INFO] [stdout]     |                            ++++++++++
[INFO] [stdout] 
[INFO] [stdout] 
[INFO] [stdout] error[E0425]: cannot find type `Hyphen` in this scope
[INFO] [stdout]    --> src/iterator_utils.rs:143:20
[INFO] [stdout]     |
[INFO] [stdout] 143 |         test_set::<Hyphen>("Hyphen");
[INFO] [stdout]     |                    ^^^^^^ not found in this scope
[INFO] [stdout]     |
[INFO] [stdout] help: you might be missing a type parameter
[INFO] [stdout]     |
[INFO] [stdout] 108 |     fn test_complement_sets<Hyphen>() {
[INFO] [stdout]     |                            ++++++++
[INFO] [stdout] 
[INFO] [stdout] 
[INFO] [stdout] error[E0425]: cannot find type `IdContinue` in this scope
[INFO] [stdout]    --> src/iterator_utils.rs:144:20
[INFO] [stdout]     |
[INFO] [stdout] 144 |         test_set::<IdContinue>("Id_Continue");
[INFO] [stdout]     |                    ^^^^^^^^^^ not found in this scope
[INFO] [stdout]     |
[INFO] [stdout] help: you might be missing a type parameter
[INFO] [stdout]     |
[INFO] [stdout] 108 |     fn test_complement_sets<IdContinue>() {
[INFO] [stdout]     |                            ++++++++++++
[INFO] [stdout] 
[INFO] [stdout] 
[INFO] [stdout] error[E0425]: cannot find type `Ideographic` in this scope
[INFO] [stdout]    --> src/iterator_utils.rs:145:20
[INFO] [stdout]     |
[INFO] [stdout] 145 |         test_set::<Ideographic>("Ideographic");
[INFO] [stdout]     |                    ^^^^^^^^^^^ not found in this scope
[INFO] [stdout]     |
[INFO] [stdout] help: you might be missing a type parameter
[INFO] [stdout]     |
[INFO] [stdout] 108 |     fn test_complement_sets<Ideographic>() {
[INFO] [stdout]     |                            +++++++++++++
[INFO] [stdout] 
[INFO] [stdout] 
[INFO] [stdout] error[E0425]: cannot find type `IdStart` in this scope
[INFO] [stdout]    --> src/iterator_utils.rs:146:20
[INFO] [stdout]     |
[INFO] [stdout] 146 |         test_set::<IdStart>("Id_Start");
[INFO] [stdout]     |                    ^^^^^^^ not found in this scope
[INFO] [stdout]     |
[INFO] [stdout] help: you might be missing a type parameter
[INFO] [stdout]     |
[INFO] [stdout] 108 |     fn test_complement_sets<IdStart>() {
[INFO] [stdout]     |                            +++++++++
[INFO] [stdout] 
[INFO] [stdout] 
[INFO] [stdout] error[E0425]: cannot find type `IdsBinaryOperator` in this scope
[INFO] [stdout]    --> src/iterator_utils.rs:147:20
[INFO] [stdout]     |
[INFO] [stdout] 147 |         test_set::<IdsBinaryOperator>("Ids_Binary_Operator");
[INFO] [stdout]     |                    ^^^^^^^^^^^^^^^^^ not found in this scope
[INFO] [stdout]     |
[INFO] [stdout] help: you might be missing a type parameter
[INFO] [stdout]     |
[INFO] [stdout] 108 |     fn test_complement_sets<IdsBinaryOperator>() {
[INFO] [stdout]     |                            +++++++++++++++++++
[INFO] [stdout] 
[INFO] [stdout] 
[INFO] [stdout] error[E0425]: cannot find type `IdsTrinaryOperator` in this scope
[INFO] [stdout]    --> src/iterator_utils.rs:148:20
[INFO] [stdout]     |
[INFO] [stdout] 148 |         test_set::<IdsTrinaryOperator>("Ids_Trinary_Operator");
[INFO] [stdout]     |                    ^^^^^^^^^^^^^^^^^^ not found in this scope
[INFO] [stdout]     |
[INFO] [stdout] help: you might be missing a type parameter
[INFO] [stdout]     |
[INFO] [stdout] 108 |     fn test_complement_sets<IdsTrinaryOperator>() {
[INFO] [stdout]     |                            ++++++++++++++++++++
[INFO] [stdout] 
[INFO] [stdout] 
[INFO] [stdout] error[E0425]: cannot find type `JoinControl` in this scope
[INFO] [stdout]    --> src/iterator_utils.rs:149:20
[INFO] [stdout]     |
[INFO] [stdout] 149 |         test_set::<JoinControl>("Join_Control");
[INFO] [stdout]     |                    ^^^^^^^^^^^ not found in this scope
[INFO] [stdout]     |
[INFO] [stdout] help: you might be missing a type parameter
[INFO] [stdout]     |
[INFO] [stdout] 108 |     fn test_complement_sets<JoinControl>() {
[INFO] [stdout]     |                            +++++++++++++
[INFO] [stdout] 
[INFO] [stdout] 
[INFO] [stdout] error[E0425]: cannot find type `LogicalOrderException` in this scope
[INFO] [stdout]    --> src/iterator_utils.rs:150:20
[INFO] [stdout]     |
[INFO] [stdout] 150 |         test_set::<LogicalOrderException>("Logical_Order_Exception");
[INFO] [stdout]     |                    ^^^^^^^^^^^^^^^^^^^^^ not found in this scope
[INFO] [stdout]     |
[INFO] [stdout] help: you might be missing a type parameter
[INFO] [stdout]     |
[INFO] [stdout] 108 |     fn test_complement_sets<LogicalOrderException>() {
[INFO] [stdout]     |                            +++++++++++++++++++++++
[INFO] [stdout] 
[INFO] [stdout] 
[INFO] [stdout] error[E0425]: cannot find type `Lowercase` in this scope
[INFO] [stdout]    --> src/iterator_utils.rs:151:20
[INFO] [stdout]     |
[INFO] [stdout] 151 |         test_set::<Lowercase>("Lowercase");
[INFO] [stdout]     |                    ^^^^^^^^^ not found in this scope
[INFO] [stdout]     |
[INFO] [stdout] help: you might be missing a type parameter
[INFO] [stdout]     |
[INFO] [stdout] 108 |     fn test_complement_sets<Lowercase>() {
[INFO] [stdout]     |                            +++++++++++
[INFO] [stdout] 
[INFO] [stdout] 
[INFO] [stdout] error[E0425]: cannot find type `Math` in this scope
[INFO] [stdout]    --> src/iterator_utils.rs:152:20
[INFO] [stdout]     |
[INFO] [stdout] 152 |         test_set::<Math>("Math");
[INFO] [stdout]     |                    ^^^^ not found in this scope
[INFO] [stdout]     |
[INFO] [stdout] help: you might be missing a type parameter
[INFO] [stdout]     |
[INFO] [stdout] 108 |     fn test_complement_sets<Math>() {
[INFO] [stdout]     |                            ++++++
[INFO] [stdout] 
[INFO] [stdout] 
[INFO] [stdout] error[E0425]: cannot find type `NoncharacterCodePoint` in this scope
[INFO] [stdout]    --> src/iterator_utils.rs:153:20
[INFO] [stdout]     |
[INFO] [stdout] 153 |         test_set::<NoncharacterCodePoint>("Noncharacter_Code_Point");
[INFO] [stdout]     |                    ^^^^^^^^^^^^^^^^^^^^^ not found in this scope
[INFO] [stdout]     |
[INFO] [stdout] help: you might be missing a type parameter
[INFO] [stdout]     |
[INFO] [stdout] 108 |     fn test_complement_sets<NoncharacterCodePoint>() {
[INFO] [stdout]     |                            +++++++++++++++++++++++
[INFO] [stdout] 
[INFO] [stdout] 
[INFO] [stdout] error[E0425]: cannot find type `NfcInert` in this scope
[INFO] [stdout]    --> src/iterator_utils.rs:154:20
[INFO] [stdout]     |
[INFO] [stdout] 154 |         test_set::<NfcInert>("NFC_Inert");
[INFO] [stdout]     |                    ^^^^^^^^ not found in this scope
[INFO] [stdout]     |
[INFO] [stdout] help: you might be missing a type parameter
[INFO] [stdout]     |
[INFO] [stdout] 108 |     fn test_complement_sets<NfcInert>() {
[INFO] [stdout]     |                            ++++++++++
[INFO] [stdout] 
[INFO] [stdout] 
[INFO] [stdout] error[E0425]: cannot find type `NfdInert` in this scope
[INFO] [stdout]    --> src/iterator_utils.rs:155:20
[INFO] [stdout]     |
[INFO] [stdout] 155 |         test_set::<NfdInert>("NFD_Inert");
[INFO] [stdout]     |                    ^^^^^^^^ not found in this scope
[INFO] [stdout]     |
[INFO] [stdout] help: you might be missing a type parameter
[INFO] [stdout]     |
[INFO] [stdout] 108 |     fn test_complement_sets<NfdInert>() {
[INFO] [stdout]     |                            ++++++++++
[INFO] [stdout] 
[INFO] [stdout] 
[INFO] [stdout] error[E0425]: cannot find type `NfkcInert` in this scope
[INFO] [stdout]    --> src/iterator_utils.rs:156:20
[INFO] [stdout]     |
[INFO] [stdout] 156 |         test_set::<NfkcInert>("NFKC_Inert");
[INFO] [stdout]     |                    ^^^^^^^^^ not found in this scope
[INFO] [stdout]     |
[INFO] [stdout] help: you might be missing a type parameter
[INFO] [stdout]     |
[INFO] [stdout] 108 |     fn test_complement_sets<NfkcInert>() {
[INFO] [stdout]     |                            +++++++++++
[INFO] [stdout] 
[INFO] [stdout] 
[INFO] [stdout] error[E0425]: cannot find type `NfkdInert` in this scope
[INFO] [stdout]    --> src/iterator_utils.rs:157:20
[INFO] [stdout]     |
[INFO] [stdout] 157 |         test_set::<NfkdInert>("NFKD_Inert");
[INFO] [stdout]     |                    ^^^^^^^^^ not found in this scope
[INFO] [stdout]     |
[INFO] [stdout] help: you might be missing a type parameter
[INFO] [stdout]     |
[INFO] [stdout] 108 |     fn test_complement_sets<NfkdInert>() {
[INFO] [stdout]     |                            +++++++++++
[INFO] [stdout] 
[INFO] [stdout] 
[INFO] [stdout] error[E0425]: cannot find type `PatternSyntax` in this scope
[INFO] [stdout]    --> src/iterator_utils.rs:158:20
[INFO] [stdout]     |
[INFO] [stdout] 158 |         test_set::<PatternSyntax>("Pattern_Syntax");
[INFO] [stdout]     |                    ^^^^^^^^^^^^^ not found in this scope
[INFO] [stdout]     |
[INFO] [stdout] help: you might be missing a type parameter
[INFO] [stdout]     |
[INFO] [stdout] 108 |     fn test_complement_sets<PatternSyntax>() {
[INFO] [stdout]     |                            +++++++++++++++
[INFO] [stdout] 
[INFO] [stdout] 
[INFO] [stdout] error[E0425]: cannot find type `PatternWhiteSpace` in this scope
[INFO] [stdout]    --> src/iterator_utils.rs:159:20
[INFO] [stdout]     |
[INFO] [stdout] 159 |         test_set::<PatternWhiteSpace>("Pattern_White_Space");
[INFO] [stdout]     |                    ^^^^^^^^^^^^^^^^^ not found in this scope
[INFO] [stdout]     |
[INFO] [stdout] help: you might be missing a type parameter
[INFO] [stdout]     |
[INFO] [stdout] 108 |     fn test_complement_sets<PatternWhiteSpace>() {
[INFO] [stdout]     |                            +++++++++++++++++++
[INFO] [stdout] 
[INFO] [stdout] 
[INFO] [stdout] error[E0425]: cannot find type `PrependedConcatenationMark` in this scope
[INFO] [stdout]    --> src/iterator_utils.rs:160:20
[INFO] [stdout]     |
[INFO] [stdout] 160 |         test_set::<PrependedConcatenationMark>("Prepended_Concatenation_Mark");
[INFO] [stdout]     |                    ^^^^^^^^^^^^^^^^^^^^^^^^^^ not found in this scope
[INFO] [stdout]     |
[INFO] [stdout] help: you might be missing a type parameter
[INFO] [stdout]     |
[INFO] [stdout] 108 |     fn test_complement_sets<PrependedConcatenationMark>() {
[INFO] [stdout]     |                            ++++++++++++++++++++++++++++
[INFO] [stdout] 
[INFO] [stdout] 
[INFO] [stdout] error[E0425]: cannot find type `Print` in this scope
[INFO] [stdout]    --> src/iterator_utils.rs:161:20
[INFO] [stdout]     |
[INFO] [stdout] 161 |         test_set::<Print>("Print");
[INFO] [stdout]     |                    ^^^^^ not found in this scope
[INFO] [stdout]     |
[INFO] [stdout] help: you might be missing a type parameter
[INFO] [stdout]     |
[INFO] [stdout] 108 |     fn test_complement_sets<Print>() {
[INFO] [stdout]     |                            +++++++
[INFO] [stdout] 
[INFO] [stdout] 
[INFO] [stdout] error[E0425]: cannot find type `QuotationMark` in this scope
[INFO] [stdout]    --> src/iterator_utils.rs:162:20
[INFO] [stdout]     |
[INFO] [stdout] 162 |         test_set::<QuotationMark>("Quotation_Mark");
[INFO] [stdout]     |                    ^^^^^^^^^^^^^ not found in this scope
[INFO] [stdout]     |
[INFO] [stdout] help: there is an enum variant `core::ascii::Char::QuotationMark` and 1 other; try using the variant's enum
[INFO] [stdout]     |
[INFO] [stdout] 162 -         test_set::<QuotationMark>("Quotation_Mark");
[INFO] [stdout] 162 +         test_set::<core::ascii::Char>("Quotation_Mark");
[INFO] [stdout]     |
[INFO] [stdout] 162 -         test_set::<QuotationMark>("Quotation_Mark");
[INFO] [stdout] 162 +         test_set::<std::ascii::Char>("Quotation_Mark");
[INFO] [stdout]     |
[INFO] [stdout] help: you might be missing a type parameter
[INFO] [stdout]     |
[INFO] [stdout] 108 |     fn test_complement_sets<QuotationMark>() {
[INFO] [stdout]     |                            +++++++++++++++
[INFO] [stdout] 
[INFO] [stdout] 
[INFO] [stdout] error[E0425]: cannot find type `Radical` in this scope
[INFO] [stdout]    --> src/iterator_utils.rs:163:20
[INFO] [stdout]     |
[INFO] [stdout] 163 |         test_set::<Radical>("Radical");
[INFO] [stdout]     |                    ^^^^^^^ not found in this scope
[INFO] [stdout]     |
[INFO] [stdout] help: you might be missing a type parameter
[INFO] [stdout]     |
[INFO] [stdout] 108 |     fn test_complement_sets<Radical>() {
[INFO] [stdout]     |                            +++++++++
[INFO] [stdout] 
[INFO] [stdout] 
[INFO] [stdout] error[E0425]: cannot find type `RegionalIndicator` in this scope
[INFO] [stdout]    --> src/iterator_utils.rs:164:20
[INFO] [stdout]     |
[INFO] [stdout] 164 |         test_set::<RegionalIndicator>("Regional_Indicator");
[INFO] [stdout]     |                    ^^^^^^^^^^^^^^^^^ not found in this scope
[INFO] [stdout]     |
[INFO] [stdout] help: you might be missing a type parameter
[INFO] [stdout]     |
[INFO] [stdout] 108 |     fn test_complement_sets<RegionalIndicator>() {
[INFO] [stdout]     |                            +++++++++++++++++++
[INFO] [stdout] 
[INFO] [stdout] 
[INFO] [stdout] error[E0425]: cannot find type `SoftDotted` in this scope
[INFO] [stdout]    --> src/iterator_utils.rs:165:20
[INFO] [stdout]     |
[INFO] [stdout] 165 |         test_set::<SoftDotted>("Soft_Dotted");
[INFO] [stdout]     |                    ^^^^^^^^^^ not found in this scope
[INFO] [stdout]     |
[INFO] [stdout] help: there is an enum variant `icu_casemap::provider::data::DotType::SoftDotted`; try using the variant's enum
[INFO] [stdout]     |
[INFO] [stdout] 165 -         test_set::<SoftDotted>("Soft_Dotted");
[INFO] [stdout] 165 +         test_set::<icu_casemap::provider::data::DotType>("Soft_Dotted");
[INFO] [stdout]     |
[INFO] [stdout] help: you might be missing a type parameter
[INFO] [stdout]     |
[INFO] [stdout] 108 |     fn test_complement_sets<SoftDotted>() {
[INFO] [stdout]     |                            ++++++++++++
[INFO] [stdout] 
[INFO] [stdout] 
[INFO] [stdout] error[E0425]: cannot find type `SegmentStarter` in this scope
[INFO] [stdout]    --> src/iterator_utils.rs:166:20
[INFO] [stdout]     |
[INFO] [stdout] 166 |         test_set::<SegmentStarter>("Segment_Starter");
[INFO] [stdout]     |                    ^^^^^^^^^^^^^^ not found in this scope
[INFO] [stdout]     |
[INFO] [stdout] help: you might be missing a type parameter
[INFO] [stdout]     |
[INFO] [stdout] 108 |     fn test_complement_sets<SegmentStarter>() {
[INFO] [stdout]     |                            ++++++++++++++++
[INFO] [stdout] 
[INFO] [stdout] 
[INFO] [stdout] error[E0425]: cannot find type `CaseSensitive` in this scope
[INFO] [stdout]    --> src/iterator_utils.rs:167:20
[INFO] [stdout]     |
[INFO] [stdout] 167 |         test_set::<CaseSensitive>("Case_Sensitive");
[INFO] [stdout]     |                    ^^^^^^^^^^^^^ not found in this scope
[INFO] [stdout]     |
[INFO] [stdout] help: you might be missing a type parameter
[INFO] [stdout]     |
[INFO] [stdout] 108 |     fn test_complement_sets<CaseSensitive>() {
[INFO] [stdout]     |                            +++++++++++++++
[INFO] [stdout] 
[INFO] [stdout] 
[INFO] [stdout] error[E0425]: cannot find type `SentenceTerminal` in this scope
[INFO] [stdout]    --> src/iterator_utils.rs:168:20
[INFO] [stdout]     |
[INFO] [stdout] 168 |         test_set::<SentenceTerminal>("Sentence_Terminal");
[INFO] [stdout]     |                    ^^^^^^^^^^^^^^^^ not found in this scope
[INFO] [stdout]     |
[INFO] [stdout] help: you might be missing a type parameter
[INFO] [stdout]     |
[INFO] [stdout] 108 |     fn test_complement_sets<SentenceTerminal>() {
[INFO] [stdout]     |                            ++++++++++++++++++
[INFO] [stdout] 
[INFO] [stdout] 
[INFO] [stdout] error[E0425]: cannot find type `TerminalPunctuation` in this scope
[INFO] [stdout]    --> src/iterator_utils.rs:169:20
[INFO] [stdout]     |
[INFO] [stdout] 169 |         test_set::<TerminalPunctuation>("Terminal_Punctuation");
[INFO] [stdout]     |                    ^^^^^^^^^^^^^^^^^^^ not found in this scope
[INFO] [stdout]     |
[INFO] [stdout] help: you might be missing a type parameter
[INFO] [stdout]     |
[INFO] [stdout] 108 |     fn test_complement_sets<TerminalPunctuation>() {
[INFO] [stdout]     |                            +++++++++++++++++++++
[INFO] [stdout] 
[INFO] [stdout] 
[INFO] [stdout] error[E0425]: cannot find type `UnifiedIdeograph` in this scope
[INFO] [stdout]    --> src/iterator_utils.rs:170:20
[INFO] [stdout]     |
[INFO] [stdout] 170 |         test_set::<UnifiedIdeograph>("Unified_Ideograph");
[INFO] [stdout]     |                    ^^^^^^^^^^^^^^^^ not found in this scope
[INFO] [stdout]     |
[INFO] [stdout] help: you might be missing a type parameter
[INFO] [stdout]     |
[INFO] [stdout] 108 |     fn test_complement_sets<UnifiedIdeograph>() {
[INFO] [stdout]     |                            ++++++++++++++++++
[INFO] [stdout] 
[INFO] [stdout] 
[INFO] [stdout] error[E0425]: cannot find type `Uppercase` in this scope
[INFO] [stdout]    --> src/iterator_utils.rs:171:20
[INFO] [stdout]     |
[INFO] [stdout] 171 |         test_set::<Uppercase>("Uppercase");
[INFO] [stdout]     |                    ^^^^^^^^^ not found in this scope
[INFO] [stdout]     |
[INFO] [stdout] help: you might be missing a type parameter
[INFO] [stdout]     |
[INFO] [stdout] 108 |     fn test_complement_sets<Uppercase>() {
[INFO] [stdout]     |                            +++++++++++
[INFO] [stdout] 
[INFO] [stdout] 
[INFO] [stdout] error[E0425]: cannot find type `VariationSelector` in this scope
[INFO] [stdout]    --> src/iterator_utils.rs:172:20
[INFO] [stdout]     |
[INFO] [stdout] 172 |         test_set::<VariationSelector>("Variation_Selector");
[INFO] [stdout]     |                    ^^^^^^^^^^^^^^^^^ not found in this scope
[INFO] [stdout]     |
[INFO] [stdout] help: you might be missing a type parameter
[INFO] [stdout]     |
[INFO] [stdout] 108 |     fn test_complement_sets<VariationSelector>() {
[INFO] [stdout]     |                            +++++++++++++++++++
[INFO] [stdout] 
[INFO] [stdout] 
[INFO] [stdout] error[E0425]: cannot find type `WhiteSpace` in this scope
[INFO] [stdout]    --> src/iterator_utils.rs:173:20
[INFO] [stdout]     |
[INFO] [stdout] 173 |         test_set::<WhiteSpace>("White_Space");
[INFO] [stdout]     |                    ^^^^^^^^^^ not found in this scope
[INFO] [stdout]     |
[INFO] [stdout] help: you might be missing a type parameter
[INFO] [stdout]     |
[INFO] [stdout] 108 |     fn test_complement_sets<WhiteSpace>() {
[INFO] [stdout]     |                            ++++++++++++
[INFO] [stdout] 
[INFO] [stdout] 
[INFO] [stdout] error[E0425]: cannot find type `Xdigit` in this scope
[INFO] [stdout]    --> src/iterator_utils.rs:174:20
[INFO] [stdout]     |
[INFO] [stdout] 174 |         test_set::<Xdigit>("Xdigit");
[INFO] [stdout]     |                    ^^^^^^ not found in this scope
[INFO] [stdout]     |
[INFO] [stdout] help: you might be missing a type parameter
[INFO] [stdout]     |
[INFO] [stdout] 108 |     fn test_complement_sets<Xdigit>() {
[INFO] [stdout]     |                            ++++++++
[INFO] [stdout] 
[INFO] [stdout] 
[INFO] [stdout] error[E0425]: cannot find type `XidContinue` in this scope
[INFO] [stdout]    --> src/iterator_utils.rs:175:20
[INFO] [stdout]     |
[INFO] [stdout] 175 |         test_set::<XidContinue>("XID_Continue");
[INFO] [stdout]     |                    ^^^^^^^^^^^ not found in this scope
[INFO] [stdout]     |
[INFO] [stdout] help: you might be missing a type parameter
[INFO] [stdout]     |
[INFO] [stdout] 108 |     fn test_complement_sets<XidContinue>() {
[INFO] [stdout]     |                            +++++++++++++
[INFO] [stdout] 
[INFO] [stdout] 
[INFO] [stdout] error[E0425]: cannot find type `XidStart` in this scope
[INFO] [stdout]    --> src/iterator_utils.rs:176:20
[INFO] [stdout]     |
[INFO] [stdout] 176 |         test_set::<XidStart>("XID_Start");
[INFO] [stdout]     |                    ^^^^^^^^ not found in this scope
[INFO] [stdout]     |
[INFO] [stdout] help: you might be missing a type parameter
[INFO] [stdout]     |
[INFO] [stdout] 108 |     fn test_complement_sets<XidStart>() {
[INFO] [stdout]     |                            ++++++++++
[INFO] [stdout] 
[INFO] [stdout] 
[INFO] [stdout] Some errors have detailed explanations: E0425, E0433.
[INFO] [stdout] 
[INFO] [stdout] For more information about an error, try `rustc --explain E0425`.
[INFO] [stdout] 
[INFO] [stderr] error: could not compile `bao-mozjs-icu-collections` (lib test) due to 75 previous errors
[INFO] [stderr] warning: unused dependency `icu_casemap`
[INFO] [stderr]   --> Cargo.toml:26:15
[INFO] [stderr]    |
[INFO] [stderr] 26 | [dependencies.icu_casemap]
[INFO] [stderr]    |               ^^^^^^^^^^^^
[INFO] [stderr]    |
[INFO] [stderr]    = note: `cargo::unused_dependencies` is set to `warn` by default
[INFO] [stderr] help: consider removing the dependency on `icu_casemap`
[INFO] [stderr] warning: `bao-mozjs-icu-collections` (manifest) generated 1 warning
[INFO] running `Command { std: "docker" "inspect" "b5376c4d8f9cbad7af8b3ae5ec5852908b7c5a841d655709ea85d0e289155798", kill_on_drop: false }`
[INFO] running `Command { std: "docker" "rm" "-f" "b5376c4d8f9cbad7af8b3ae5ec5852908b7c5a841d655709ea85d0e289155798", kill_on_drop: false }`
[INFO] [stdout] b5376c4d8f9cbad7af8b3ae5ec5852908b7c5a841d655709ea85d0e289155798
