[INFO] fetching crate banter 0.1.0...
[INFO] checking banter-0.1.0 against 3154cc1a3e6424e44f438a95007d043ed5ceaaf6+rustflags=-Znext-solver=coherence for pr-133502-30
[INFO] extracting crate banter 0.1.0 into /workspace/builds/worker-6-tc1/source
[INFO] started tweaking crates.io crate banter 0.1.0
[INFO] removed 0 missing examples
[INFO] removed 0 missing tests
[INFO] finished tweaking crates.io crate banter 0.1.0
[INFO] tweaked toml for crates.io crate banter 0.1.0 written to /workspace/builds/worker-6-tc1/source/Cargo.toml
[INFO] validating manifest of crates.io crate banter 0.1.0 on toolchain 3154cc1a3e6424e44f438a95007d043ed5ceaaf6
[INFO] running `Command { std: CARGO_HOME="/workspace/cargo-home" RUSTUP_HOME="/workspace/rustup-home" "/workspace/cargo-home/bin/cargo" "+3154cc1a3e6424e44f438a95007d043ed5ceaaf6" "metadata" "--manifest-path" "Cargo.toml" "--no-deps", kill_on_drop: false }`
[INFO] crate crates.io crate banter 0.1.0 already has a lockfile, it will not be regenerated
[INFO] running `Command { std: CARGO_HOME="/workspace/cargo-home" RUSTUP_HOME="/workspace/rustup-home" "/workspace/cargo-home/bin/cargo" "+3154cc1a3e6424e44f438a95007d043ed5ceaaf6" "fetch" "--manifest-path" "Cargo.toml", kill_on_drop: false }`
[INFO] [stderr]     Updating crates.io index
[INFO] [stderr]  Downloading crates ...
[INFO] [stderr]   Downloaded banter-macros v0.1.0
[INFO] [stderr]   Downloaded mutants v0.0.3
[INFO] [stderr]   Downloaded unsynn v0.3.0
[INFO] running `Command { std: "docker" "create" "-v" "/var/lib/crater-agent-workspace/builds/worker-6-tc1/source:/opt/rustwide/workdir:ro,Z" "-v" "/var/lib/crater-agent-workspace/builds/worker-6-tc1/target:/opt/rustwide/target:rw,Z" "-v" "/var/lib/crater-agent-workspace/cargo-home:/opt/rustwide/cargo-home:ro,Z" "-v" "/var/lib/crater-agent-workspace/rustup-home:/opt/rustwide/rustup-home:ro,Z" "-m" "1610612736" "--network" "none" "ghcr.io/rust-lang/crates-build-env/linux@sha256:77db811e55d90add9212f6832c23229e3de5f1c1f9905e8cb07319ea15df73ac" "sleep" "infinity", kill_on_drop: false }`
[INFO] [stdout] 05cbd91de371f98d18cd12c5aef5924b7dde3b0deb11e3dba16090ed8f519c01
[INFO] running `Command { std: "docker" "start" "05cbd91de371f98d18cd12c5aef5924b7dde3b0deb11e3dba16090ed8f519c01", kill_on_drop: false }`
[INFO] running `Command { std: "docker" "inspect" "05cbd91de371f98d18cd12c5aef5924b7dde3b0deb11e3dba16090ed8f519c01", kill_on_drop: false }`
[INFO] running `Command { std: "docker" "exec" "-e" "SOURCE_DIR=/opt/rustwide/workdir" "-e" "CARGO_HOME=/opt/rustwide/cargo-home" "-e" "RUSTUP_HOME=/opt/rustwide/rustup-home" "-e" "CARGO_TARGET_DIR=/opt/rustwide/target" "-w" "/opt/rustwide/workdir" "--user" "0:0" "05cbd91de371f98d18cd12c5aef5924b7dde3b0deb11e3dba16090ed8f519c01" "/opt/rustwide/cargo-home/bin/cargo" "+3154cc1a3e6424e44f438a95007d043ed5ceaaf6" "metadata" "--no-deps" "--format-version=1", kill_on_drop: false }`
[INFO] running `Command { std: "docker" "inspect" "05cbd91de371f98d18cd12c5aef5924b7dde3b0deb11e3dba16090ed8f519c01", kill_on_drop: false }`
[INFO] running `Command { std: "docker" "exec" "-e" "SOURCE_DIR=/opt/rustwide/workdir" "-e" "CARGO_HOME=/opt/rustwide/cargo-home" "-e" "RUSTUP_HOME=/opt/rustwide/rustup-home" "-e" "CARGO_TARGET_DIR=/opt/rustwide/target" "-e" "CARGO_INCREMENTAL=0" "-e" "RUST_BACKTRACE=full" "-e" "RUSTFLAGS=--cap-lints=forbid -Znext-solver=coherence" "-e" "RUSTDOCFLAGS=--cap-lints=forbid" "-w" "/opt/rustwide/workdir" "--user" "0:0" "05cbd91de371f98d18cd12c5aef5924b7dde3b0deb11e3dba16090ed8f519c01" "/opt/rustwide/cargo-home/bin/cargo" "+3154cc1a3e6424e44f438a95007d043ed5ceaaf6" "check" "--frozen" "--all" "--all-targets" "--message-format=json", kill_on_drop: false }`
[INFO] [stderr]    Compiling proc-macro2 v1.0.107
[INFO] [stderr]    Compiling mutants v0.0.3
[INFO] [stderr]    Compiling unsynn v0.3.0
[INFO] [stderr]    Compiling banter-macros v0.1.0
[INFO] [stderr]     Checking banter v0.1.0 (/opt/rustwide/workdir)
[INFO] [stdout] error[E0432]: unresolved import `banter::testing`
[INFO] [stdout]   --> tests/macros.rs:5:56
[INFO] [stdout]    |
[INFO] [stdout]  5 | use banter::{Commands, FromArg, Kind, Result, Session, testing::Script};
[INFO] [stdout]    |                                                        ^^^^^^^ could not find `testing` in `banter`
[INFO] [stdout]    |
[INFO] [stdout] note: found an item that was configured out
[INFO] [stdout]   --> src/lib.rs:67:9
[INFO] [stdout]    |
[INFO] [stdout] 66 | #[cfg(feature = "testing")]
[INFO] [stdout]    |       ------------------- the item is gated behind the `testing` feature
[INFO] [stdout] 67 | pub mod testing;
[INFO] [stdout]    |         ^^^^^^^
[INFO] [stdout] 
[INFO] [stdout] 
[INFO] [stdout] error[E0432]: unresolved import `banter::testing`
[INFO] [stdout]   --> tests/hooks.rs:10:42
[INFO] [stdout]    |
[INFO] [stdout] 10 | use banter::{App, Flow, Session, ensure, testing::Script};
[INFO] [stdout]    |                                          ^^^^^^^ could not find `testing` in `banter`
[INFO] [stdout]    |
[INFO] [stdout] note: found an item that was configured out
[INFO] [stdout]   --> src/lib.rs:67:9
[INFO] [stdout]    |
[INFO] [stdout] 66 | #[cfg(feature = "testing")]
[INFO] [stdout]    |       ------------------- the item is gated behind the `testing` feature
[INFO] [stdout] 67 | pub mod testing;
[INFO] [stdout]    |         ^^^^^^^
[INFO] [stdout] 
[INFO] [stdout] 
[INFO] [stdout] error[E0432]: unresolved import `banter::testing`
[INFO] [stdout]   --> tests/repl.rs:9:5
[INFO] [stdout]    |
[INFO] [stdout]  9 |     testing::{Client, Script},
[INFO] [stdout]    |     ^^^^^^^ could not find `testing` in `banter`
[INFO] [stdout]    |
[INFO] [stdout] note: found an item that was configured out
[INFO] [stdout]   --> src/lib.rs:67:9
[INFO] [stdout]    |
[INFO] [stdout] 66 | #[cfg(feature = "testing")]
[INFO] [stdout]    |       ------------------- the item is gated behind the `testing` feature
[INFO] [stdout] 67 | pub mod testing;
[INFO] [stdout]    |         ^^^^^^^
[INFO] [stdout] 
[INFO] [stdout] 
[INFO] [stdout] error[E0432]: unresolved imports `banter::output::Ansi`, `banter::output::Paint`, `banter::output::Palette`, `banter::pow`, `banter::testing`
[INFO] [stdout]   --> tests/gates.rs:7:14
[INFO] [stdout]    |
[INFO] [stdout]  7 |     output::{Ansi, Paint, Palette},
[INFO] [stdout]    |              ^^^^  ^^^^^  ^^^^^^^ no `Palette` in `output`
[INFO] [stdout]    |              |     |
[INFO] [stdout]    |              |     no `Paint` in `output`
[INFO] [stdout]    |              no `Ansi` in `output`
[INFO] [stdout]  8 |     pow::{Challenge, Pow},
[INFO] [stdout]    |     ^^^ could not find `pow` in `banter`
[INFO] [stdout]  9 |     testing::{Client, Script},
[INFO] [stdout]    |     ^^^^^^^ could not find `testing` in `banter`
[INFO] [stdout]    |
[INFO] [stdout] note: found an item that was configured out
[INFO] [stdout]   --> src/output/mod.rs:10:17
[INFO] [stdout]    |
[INFO] [stdout]  9 | #[cfg(feature = "style")]
[INFO] [stdout]    |       ----------------- the item is gated behind the `style` feature
[INFO] [stdout] 10 | pub use style::{Ansi, Attr, Base, Color, Paint, Palette};
[INFO] [stdout]    |                 ^^^^
[INFO] [stdout] note: found an item that was configured out
[INFO] [stdout]   --> src/output/mod.rs:10:42
[INFO] [stdout]    |
[INFO] [stdout]  9 | #[cfg(feature = "style")]
[INFO] [stdout]    |       ----------------- the item is gated behind the `style` feature
[INFO] [stdout] 10 | pub use style::{Ansi, Attr, Base, Color, Paint, Palette};
[INFO] [stdout]    |                                          ^^^^^
[INFO] [stdout] note: found an item that was configured out
[INFO] [stdout]   --> src/output/mod.rs:10:49
[INFO] [stdout]    |
[INFO] [stdout]  9 | #[cfg(feature = "style")]
[INFO] [stdout]    |       ----------------- the item is gated behind the `style` feature
[INFO] [stdout] 10 | pub use style::{Ansi, Attr, Base, Color, Paint, Palette};
[INFO] [stdout]    |                                                 ^^^^^^^
[INFO] [stdout] note: found an item that was configured out
[INFO] [stdout]   --> src/lib.rs:65:9
[INFO] [stdout]    |
[INFO] [stdout] 64 | #[cfg(feature = "pow")]
[INFO] [stdout]    |       --------------- the item is gated behind the `pow` feature
[INFO] [stdout] 65 | pub mod pow;
[INFO] [stdout]    |         ^^^
[INFO] [stdout] note: found an item that was configured out
[INFO] [stdout]   --> src/lib.rs:67:9
[INFO] [stdout]    |
[INFO] [stdout] 66 | #[cfg(feature = "testing")]
[INFO] [stdout]    |       ------------------- the item is gated behind the `testing` feature
[INFO] [stdout] 67 | pub mod testing;
[INFO] [stdout]    |         ^^^^^^^
[INFO] [stdout] 
[INFO] [stdout] 
[INFO] [stdout] For more information about this error, try `rustc --explain E0432`.
[INFO] [stdout] 
[INFO] [stderr] error: could not compile `banter` (test "macros") due to 1 previous error
[INFO] [stderr] warning: build failed, waiting for other jobs to finish...
[INFO] [stdout] For more information about this error, try `rustc --explain E0432`.
[INFO] [stdout] 
[INFO] [stderr] error: could not compile `banter` (test "hooks") due to 1 previous error
[INFO] [stdout] For more information about this error, try `rustc --explain E0432`.
[INFO] [stdout] 
[INFO] [stderr] error: could not compile `banter` (test "repl") due to 1 previous error
[INFO] [stdout] For more information about this error, try `rustc --explain E0432`.
[INFO] [stdout] 
[INFO] [stderr] error: could not compile `banter` (test "gates") due to 1 previous error
[INFO] running `Command { std: "docker" "inspect" "05cbd91de371f98d18cd12c5aef5924b7dde3b0deb11e3dba16090ed8f519c01", kill_on_drop: false }`
[INFO] running `Command { std: "docker" "rm" "-f" "05cbd91de371f98d18cd12c5aef5924b7dde3b0deb11e3dba16090ed8f519c01", kill_on_drop: false }`
[INFO] [stdout] 05cbd91de371f98d18cd12c5aef5924b7dde3b0deb11e3dba16090ed8f519c01
