[INFO] fetching crate bambu-3mf-cli 0.1.0...
[INFO] checking bambu-3mf-cli-0.1.0 against 3154cc1a3e6424e44f438a95007d043ed5ceaaf6+rustflags=-Znext-solver=coherence for pr-133502-30
[INFO] extracting crate bambu-3mf-cli 0.1.0 into /workspace/builds/worker-3-tc1/source
[INFO] started tweaking crates.io crate bambu-3mf-cli 0.1.0
[INFO] finished tweaking crates.io crate bambu-3mf-cli 0.1.0
[INFO] tweaked toml for crates.io crate bambu-3mf-cli 0.1.0 written to /workspace/builds/worker-3-tc1/source/Cargo.toml
[INFO] validating manifest of crates.io crate bambu-3mf-cli 0.1.0 on toolchain 3154cc1a3e6424e44f438a95007d043ed5ceaaf6
[INFO] running `Command { std: CARGO_HOME="/workspace/cargo-home" RUSTUP_HOME="/workspace/rustup-home" "/workspace/cargo-home/bin/cargo" "+3154cc1a3e6424e44f438a95007d043ed5ceaaf6" "metadata" "--manifest-path" "Cargo.toml" "--no-deps", kill_on_drop: false }`
[INFO] crate crates.io crate bambu-3mf-cli 0.1.0 already has a lockfile, it will not be regenerated
[INFO] running `Command { std: CARGO_HOME="/workspace/cargo-home" RUSTUP_HOME="/workspace/rustup-home" "/workspace/cargo-home/bin/cargo" "+3154cc1a3e6424e44f438a95007d043ed5ceaaf6" "fetch" "--manifest-path" "Cargo.toml", kill_on_drop: false }`
[INFO] [stderr]     Blocking waiting for file lock on package cache
[INFO] [stderr]     Updating crates.io index
[INFO] [stderr]     Blocking waiting for file lock on package cache
[INFO] [stderr]  Downloading crates ...
[INFO] [stderr]   Downloaded zstd v0.13.3
[INFO] [stderr]   Downloaded zip v2.4.2
[INFO] [stderr]   Downloaded matchit v0.7.3
[INFO] [stderr]   Downloaded zeroize_derive v1.5.0
[INFO] [stderr]   Downloaded generic-array v0.14.7
[INFO] [stderr]   Downloaded crypto-common v0.1.7
[INFO] [stderr]   Downloaded version_check v0.9.5
[INFO] [stderr]   Downloaded zstd-safe v7.3.0
[INFO] [stderr]   Downloaded block-buffer v0.10.4
[INFO] [stderr]   Downloaded bitflags v1.3.2
[INFO] [stderr]   Downloaded prost v0.12.6
[INFO] [stderr]   Downloaded httpdate v1.0.3
[INFO] [stderr]   Downloaded time-core v0.1.9
[INFO] [stderr]   Downloaded sha1 v0.10.7
[INFO] [stderr]   Downloaded tokio-io-timeout v1.2.1
[INFO] [stderr]   Downloaded crc v3.4.0
[INFO] [stderr]   Downloaded inout v0.1.4
[INFO] [stderr]   Downloaded base64 v0.21.7
[INFO] [stderr]   Downloaded sync_wrapper v0.1.2
[INFO] [stderr]   Downloaded want v0.3.1
[INFO] [stderr]   Downloaded ferrox-transports v0.1.0
[INFO] [stderr]   Downloaded windows-link v0.2.1
[INFO] [stderr]   Downloaded cfg-if v1.0.4
[INFO] [stderr]   Downloaded num-conv v0.2.2
[INFO] [stderr]   Downloaded cpufeatures v0.2.17
[INFO] [stderr]   Downloaded derive_arbitrary v1.4.2
[INFO] [stderr]   Downloaded tokio-macros v2.7.2
[INFO] [stderr]   Downloaded wasm-bindgen-macro v0.2.128
[INFO] [stderr]   Downloaded http-body v0.4.6
[INFO] [stderr]   Downloaded pbkdf2 v0.12.2
[INFO] [stderr]   Downloaded digest v0.10.7
[INFO] [stderr]   Downloaded crc-catalog v2.5.0
[INFO] [stderr]   Downloaded wasm-bindgen-shared v0.2.128
[INFO] [stderr]   Downloaded redox_syscall v0.5.18
[INFO] [stderr]   Downloaded autocfg v1.5.1
[INFO] [stderr]   Downloaded android_system_properties v0.1.6
[INFO] [stderr]   Downloaded ferrox-errors v0.1.0
[INFO] [stderr]   Downloaded async-stream v0.3.6
[INFO] [stderr]   Downloaded lazy-regex v3.6.1
[INFO] [stderr]   Downloaded yoke-derive v0.8.2
[INFO] [stderr]   Downloaded clap_lex v1.1.0
[INFO] [stderr]   Downloaded zmij v1.0.23
[INFO] [stderr]   Downloaded prost-derive v0.12.6
[INFO] [stderr]   Downloaded zeroize v1.9.0
[INFO] [stderr]   Downloaded either v1.18.0
[INFO] [stderr]   Downloaded smallvec v1.16.0
[INFO] [stderr]   Downloaded windows-implement v0.60.2
[INFO] [stderr]   Downloaded parking v2.2.1
[INFO] [stderr]   Downloaded lzma-rs v0.3.0
[INFO] [stderr]   Downloaded constant_time_eq v0.3.1
[INFO] [stderr]   Downloaded deflate64 v0.1.12
[INFO] [stderr]   Downloaded hyper-timeout v0.4.1
[INFO] [stderr]   Downloaded find-msvc-tools v0.1.12
[INFO] [stderr]   Downloaded thiserror-impl v2.0.20
[INFO] [stderr]   Downloaded pin-project-internal v1.1.13
[INFO] [stderr]   Downloaded thiserror v2.0.20
[INFO] [stderr]   Downloaded lock_api v0.4.14
[INFO] [stderr]   Downloaded cipher v0.4.4
[INFO] [stderr]   Downloaded time-macros v0.2.32
[INFO] [stderr]   Downloaded parking_lot_core v0.9.12
[INFO] [stderr]   Downloaded hmac v0.12.1
[INFO] [stderr]   Downloaded bzip2 v0.5.2
[INFO] [stderr]   Downloaded signal-hook-registry v1.4.8
[INFO] [stderr]   Downloaded once_cell_polyfill v1.70.2
[INFO] [stderr]   Downloaded windows-interface v0.59.3
[INFO] [stderr]   Downloaded indexmap v1.9.3
[INFO] [stderr]   Downloaded lazy-regex-proc_macros v3.6.1
[INFO] [stderr]   Downloaded utf-8 v0.7.6
[INFO] [stderr]   Downloaded async-stream-impl v0.3.6
[INFO] [stderr]   Downloaded sentry-tower v0.34.0
[INFO] [stderr]   Downloaded hex v0.4.3
[INFO] [stderr]   Downloaded anstyle-wincon v3.0.11
[INFO] [stderr]   Downloaded serde_urlencoded v0.7.1
[INFO] [stderr]   Downloaded bitflags v2.13.1
[INFO] [stderr]   Downloaded tokio-stream v0.1.19
[INFO] [stderr]   Downloaded socket2 v0.5.10
[INFO] [stderr]   Downloaded unicode-ident v1.0.24
[INFO] [stderr]   Downloaded serde_derive v1.0.229
[INFO] [stderr]   Downloaded getrandom v0.3.4
[INFO] [stderr]   Downloaded arbitrary v1.4.2
[INFO] [stderr]   Downloaded parking_lot v0.12.5
[INFO] [stderr]   Downloaded pin-project v1.1.13
[INFO] [stderr]   Downloaded windows-strings v0.5.1
[INFO] [stderr]   Downloaded windows-result v0.4.1
[INFO] [stderr]   Downloaded zerofrom-derive v0.1.7
[INFO] [stderr]   Downloaded debugid v0.8.0
[INFO] [stderr]   Downloaded cc v1.4.5
[INFO] [stderr]   Downloaded r-efi v6.0.0
[INFO] [stderr]   Downloaded zopfli v0.8.3
[INFO] [stderr]   Downloaded crc32fast v1.5.1
[INFO] [stderr]   Downloaded typenum v1.20.1
[INFO] [stderr]   Downloaded wasm-bindgen v0.2.128
[INFO] [stderr]   Downloaded wit-bindgen v0.57.1
[INFO] [stderr]   Downloaded data-encoding v2.11.1
[INFO] [stderr]   Downloaded axum-core v0.4.5
[INFO] [stderr]   Downloaded tonic v0.10.2
[INFO] [stderr]   Downloaded rand v0.8.8
[INFO] [stderr]   Downloaded http v0.2.12
[INFO] [stderr]   Downloaded bumpalo v3.20.3
[INFO] [stderr]   Downloaded js-sys v0.3.105
[INFO] [stderr]   Downloaded mio v1.2.3
[INFO] [stderr]   Downloaded tower v0.4.13
[INFO] [stderr]   Downloaded zerocopy-derive v0.8.56
[INFO] [stderr]   Downloaded wasm-bindgen-macro-support v0.2.128
[INFO] [stderr]   Downloaded aes v0.8.4
[INFO] [stderr]   Downloaded regex v1.13.1
[INFO] [stderr]   Downloaded hashbrown v0.12.3
[INFO] [stderr]   Downloaded wasip2 v1.0.4+wasi-0.2.12
[INFO] [stderr]   Downloaded tower-http v0.5.2
[INFO] [stderr]   Downloaded tokio-util v0.7.19
[INFO] [stderr]   Downloaded serde_json v1.0.151
[INFO] [stderr]   Downloaded h2 v0.3.27
[INFO] [stderr]   Downloaded async-trait v0.1.92
[INFO] [stderr]   Downloaded aho-corasick v1.1.5
[INFO] [stderr]   Downloaded quick-xml v0.36.2
[INFO] [stderr]   Downloaded hyper v0.14.32
[INFO] [stderr]   Downloaded axum-core v0.3.4
[INFO] [stderr]   Downloaded tokio-tungstenite v0.24.0
[INFO] [stderr]   Downloaded ferrox-app v0.1.0
[INFO] [stderr]   Downloaded time v0.3.55
[INFO] [stderr]   Downloaded multer v3.1.0
[INFO] [stderr]   Downloaded axum v0.6.20
[INFO] [stderr]   Downloaded suppaftp v5.4.0
[INFO] [stderr]   Downloaded windows-core v0.62.2
[INFO] [stderr]   Downloaded syn v2.0.119
[INFO] [stderr]   Downloaded iana-time-zone v0.1.65
[INFO] [stderr]   Downloaded serde_path_to_error v0.1.20
[INFO] [stderr]   Downloaded spin v0.9.9
[INFO] [stderr]   Downloaded colored v2.2.0
[INFO] [stderr]   Downloaded futures-lite v2.6.1
[INFO] [stderr]   Downloaded sentry-types v0.34.0
[INFO] [stderr]   Downloaded clap_derive v4.6.4
[INFO] [stderr]   Downloaded zerocopy v0.8.56
[INFO] [stderr]   Downloaded ryu v1.0.23
[INFO] [stderr]   Downloaded tungstenite v0.24.0
[INFO] [stderr]   Downloaded sentry-core v0.34.0
[INFO] [stderr]   Downloaded syn v3.0.5
[INFO] [stderr]   Downloaded clap v4.6.6
[INFO] [stderr]   Downloaded regex-syntax v0.8.11
[INFO] [stderr]   Downloaded base64 v0.22.1
[INFO] [stderr]   Downloaded rustix v1.1.4
[INFO] [stderr]   Downloaded uuid v1.26.0
[INFO] [stderr]   Downloaded hyper-util v0.1.20
[INFO] [stderr]   Downloaded regex-automata v0.4.18
[INFO] [stderr]   Downloaded zstd-sys v2.1.0+zstd.1.5.7
[INFO] [stderr]   Downloaded libc v0.2.189
[INFO] [stderr]   Downloaded tokio v1.53.1
[INFO] [stderr]   Downloaded axum v0.7.9
[INFO] [stderr]   Downloaded hyper v1.11.1
[INFO] [stderr]   Downloaded clap_builder v4.6.6
[INFO] [stderr]   Downloaded chrono v0.4.45
[INFO] [stderr]   Downloaded windows-sys v0.61.2
[INFO] [stderr]   Downloaded windows-sys v0.52.0
[INFO] [stderr]   Downloaded encoding_rs v0.8.35
[INFO] running `Command { std: "docker" "create" "-v" "/var/lib/crater-agent-workspace/builds/worker-3-tc1/source:/opt/rustwide/workdir:ro,Z" "-v" "/var/lib/crater-agent-workspace/builds/worker-3-tc1/target:/opt/rustwide/target:rw,Z" "-v" "/var/lib/crater-agent-workspace/cargo-home:/opt/rustwide/cargo-home:ro,Z" "-v" "/var/lib/crater-agent-workspace/rustup-home:/opt/rustwide/rustup-home:ro,Z" "-m" "1610612736" "--network" "none" "ghcr.io/rust-lang/crates-build-env/linux@sha256:77db811e55d90add9212f6832c23229e3de5f1c1f9905e8cb07319ea15df73ac" "sleep" "infinity", kill_on_drop: false }`
[INFO] [stdout] 227be773c636f4c6dd82f18f5617f0c37320abafd7cd0e9d9b26b45296a4ee36
[INFO] running `Command { std: "docker" "start" "227be773c636f4c6dd82f18f5617f0c37320abafd7cd0e9d9b26b45296a4ee36", kill_on_drop: false }`
[INFO] running `Command { std: "docker" "inspect" "227be773c636f4c6dd82f18f5617f0c37320abafd7cd0e9d9b26b45296a4ee36", kill_on_drop: false }`
[INFO] running `Command { std: "docker" "exec" "-e" "SOURCE_DIR=/opt/rustwide/workdir" "-e" "CARGO_HOME=/opt/rustwide/cargo-home" "-e" "RUSTUP_HOME=/opt/rustwide/rustup-home" "-e" "CARGO_TARGET_DIR=/opt/rustwide/target" "-w" "/opt/rustwide/workdir" "--user" "0:0" "227be773c636f4c6dd82f18f5617f0c37320abafd7cd0e9d9b26b45296a4ee36" "/opt/rustwide/cargo-home/bin/cargo" "+3154cc1a3e6424e44f438a95007d043ed5ceaaf6" "metadata" "--no-deps" "--format-version=1", kill_on_drop: false }`
[INFO] running `Command { std: "docker" "inspect" "227be773c636f4c6dd82f18f5617f0c37320abafd7cd0e9d9b26b45296a4ee36", kill_on_drop: false }`
[INFO] running `Command { std: "docker" "exec" "-e" "SOURCE_DIR=/opt/rustwide/workdir" "-e" "CARGO_HOME=/opt/rustwide/cargo-home" "-e" "RUSTUP_HOME=/opt/rustwide/rustup-home" "-e" "CARGO_TARGET_DIR=/opt/rustwide/target" "-e" "CARGO_INCREMENTAL=0" "-e" "RUST_BACKTRACE=full" "-e" "RUSTFLAGS=--cap-lints=forbid -Znext-solver=coherence" "-e" "RUSTDOCFLAGS=--cap-lints=forbid" "-w" "/opt/rustwide/workdir" "--user" "0:0" "227be773c636f4c6dd82f18f5617f0c37320abafd7cd0e9d9b26b45296a4ee36" "/opt/rustwide/cargo-home/bin/cargo" "+3154cc1a3e6424e44f438a95007d043ed5ceaaf6" "check" "--frozen" "--all" "--all-targets" "--message-format=json", kill_on_drop: false }`
[INFO] [stderr]    Compiling proc-macro2 v1.0.107
[INFO] [stderr]    Compiling unicode-ident v1.0.24
[INFO] [stderr]    Compiling quote v1.0.47
[INFO] [stderr]    Compiling libc v0.2.189
[INFO] [stderr]     Checking cfg-if v1.0.4
[INFO] [stderr]     Checking bytes v1.12.1
[INFO] [stderr]     Checking pin-project-lite v0.2.17
[INFO] [stderr]     Checking smallvec v1.16.0
[INFO] [stderr]     Checking itoa v1.0.18
[INFO] [stderr]     Checking futures-core v0.3.34
[INFO] [stderr]    Compiling parking_lot_core v0.9.12
[INFO] [stderr]    Compiling version_check v0.9.5
[INFO] [stderr]     Checking scopeguard v1.2.0
[INFO] [stderr]     Checking once_cell v1.21.4
[INFO] [stderr]     Checking log v0.4.34
[INFO] [stderr]     Checking futures-sink v0.3.34
[INFO] [stderr]     Checking memchr v2.8.3
[INFO] [stderr]     Checking lock_api v0.4.14
[INFO] [stderr]    Compiling serde_core v1.0.229
[INFO] [stderr]    Compiling zerocopy v0.8.56
[INFO] [stderr]     Checking typenum v1.20.1
[INFO] [stderr]    Compiling generic-array v0.14.7
[INFO] [stderr]     Checking stable_deref_trait v1.2.1
[INFO] [stderr]     Checking slab v0.4.12
[INFO] [stderr]     Checking futures-task v0.3.34
[INFO] [stderr]     Checking futures-util v0.3.34
[INFO] [stderr]    Compiling shlex v2.0.1
[INFO] [stderr]    Compiling find-msvc-tools v0.1.12
[INFO] [stderr]    Compiling syn v2.0.119
[INFO] [stderr]    Compiling syn v3.0.5
[INFO] [stderr]     Checking errno v0.3.14
[INFO] [stderr]     Checking signal-hook-registry v1.4.8
[INFO] [stderr]     Checking parking_lot v0.12.5
[INFO] [stderr]     Checking mio v1.2.3
[INFO] [stderr]     Checking socket2 v0.6.5
[INFO] [stderr]     Checking getrandom v0.2.17
[INFO] [stderr]    Compiling jobserver v0.1.35
[INFO] [stderr]    Compiling httparse v1.10.1
[INFO] [stderr]    Compiling pkg-config v0.3.34
[INFO] [stderr]    Compiling cc v1.4.5
[INFO] [stderr]     Checking tower-service v0.3.3
[INFO] [stderr]     Checking rand_core v0.6.4
[INFO] [stderr]     Checking http v1.5.0
[INFO] [stderr]     Checking tracing-core v0.1.36
[INFO] [stderr]    Compiling rustversion v1.0.23
[INFO] [stderr]    Compiling serde v1.0.229
[INFO] [stderr]     Checking crypto-common v0.1.7
[INFO] [stderr]    Compiling autocfg v1.5.1
[INFO] [stderr]    Compiling thiserror v1.0.69
[INFO] [stderr]     Checking percent-encoding v2.3.2
[INFO] [stderr]     Checking tower-layer v0.3.3
[INFO] [stderr]     Checking block-buffer v0.10.4
[INFO] [stderr]     Checking subtle v2.6.1
[INFO] [stderr]     Checking litemap v0.8.3
[INFO] [stderr]     Checking writeable v0.6.4
[INFO] [stderr]     Checking digest v0.10.7
[INFO] [stderr]     Checking futures-channel v0.3.34
[INFO] [stderr]     Checking fnv v1.0.7
[INFO] [stderr]     Checking utf8_iter v1.0.4
[INFO] [stderr]    Compiling zmij v1.0.23
[INFO] [stderr]     Checking httpdate v1.0.3
[INFO] [stderr]    Compiling icu_properties_data v2.3.0
[INFO] [stderr]    Compiling icu_normalizer_data v2.3.0
[INFO] [stderr]     Checking http v0.2.12
[INFO] [stderr]     Checking form_urlencoded v1.2.2
[INFO] [stderr]     Checking http-body v1.1.0
[INFO] [stderr]    Compiling serde_json v1.0.151
[INFO] [stderr]     Checking cpufeatures v0.2.17
[INFO] [stderr]     Checking equivalent v1.0.2
[INFO] [stderr]     Checking mime v0.3.17
[INFO] [stderr]     Checking hashbrown v0.17.1
[INFO] [stderr]     Checking byteorder v1.5.0
[INFO] [stderr]    Compiling anyhow v1.0.104
[INFO] [stderr]     Checking sha1 v0.10.7
[INFO] [stderr]    Compiling indexmap v1.9.3
[INFO] [stderr]    Compiling regex-syntax v0.8.11
[INFO] [stderr]     Checking http-body v0.4.6
[INFO] [stderr]     Checking indexmap v2.14.2
[INFO] [stderr]    Compiling aho-corasick v1.1.5
[INFO] [stderr]     Checking try-lock v0.2.5
[INFO] [stderr]     Checking want v0.3.1
[INFO] [stderr]    Compiling zstd-sys v2.1.0+zstd.1.5.7
[INFO] [stderr]     Checking http-body-util v0.1.5
[INFO] [stderr]    Compiling axum-core v0.3.4
[INFO] [stderr]    Compiling num-traits v0.2.19
[INFO] [stderr]     Checking socket2 v0.5.10
[INFO] [stderr]    Compiling multer v3.1.0
[INFO] [stderr]     Checking matchit v0.7.3
[INFO] [stderr]     Checking ppv-lite86 v0.2.21
[INFO] [stderr]     Checking num-conv v0.2.2
[INFO] [stderr]    Compiling either v1.18.0
[INFO] [stderr]    Compiling synstructure v0.13.2
[INFO] [stderr]     Checking rand_chacha v0.3.1
[INFO] [stderr]     Checking powerfmt v0.2.0
[INFO] [stderr]     Checking rand v0.8.8
[INFO] [stderr]     Checking time-core v0.1.9
[INFO] [stderr]    Compiling regex-automata v0.4.18
[INFO] [stderr]     Checking sync_wrapper v1.0.2
[INFO] [stderr]     Checking data-encoding v2.11.1
[INFO] [stderr]     Checking atomic-waker v1.1.2
[INFO] [stderr]     Checking deranged v0.5.8
[INFO] [stderr]    Compiling tokio-macros v2.7.2
[INFO] [stderr]    Compiling zerovec-derive v0.11.6
[INFO] [stderr]    Compiling displaydoc v0.2.7
[INFO] [stderr]    Compiling serde_derive v1.0.229
[INFO] [stderr]     Checking tokio v1.53.1
[INFO] [stderr]    Compiling async-trait v0.1.92
[INFO] [stderr]     Checking utf-8 v0.7.6
[INFO] [stderr]     Checking hashbrown v0.12.3
[INFO] [stderr]    Compiling zerofrom-derive v0.1.7
[INFO] [stderr]    Compiling yoke-derive v0.8.2
[INFO] [stderr]    Compiling tracing-attributes v0.1.31
[INFO] [stderr]    Compiling thiserror-impl v1.0.69
[INFO] [stderr]    Compiling pin-project-internal v1.1.13
[INFO] [stderr]     Checking zerofrom v0.1.8
[INFO] [stderr]     Checking yoke v0.8.3
[INFO] [stderr]     Checking zerovec v0.11.8
[INFO] [stderr]     Checking zerotrie v0.2.5
[INFO] [stderr]     Checking tracing v0.1.44
[INFO] [stderr]     Checking pin-project v1.1.13
[INFO] [stderr]    Compiling regex v1.13.1
[INFO] [stderr]     Checking tungstenite v0.24.0
[INFO] [stderr]     Checking time v0.3.55
[INFO] [stderr]     Checking tinystr v0.8.4
[INFO] [stderr]     Checking icu_locale_core v2.3.0
[INFO] [stderr]     Checking potential_utf v0.1.6
[INFO] [stderr]     Checking icu_collections v2.3.0
[INFO] [stderr]    Compiling itertools v0.12.1
[INFO] [stderr]    Compiling axum v0.6.20
[INFO] [stderr]     Checking uuid v1.26.0
[INFO] [stderr]     Checking icu_provider v2.3.1
[INFO] [stderr]     Checking icu_properties v2.3.0
[INFO] [stderr]     Checking icu_normalizer v2.3.0
[INFO] [stderr]     Checking encoding_rs v0.8.35
[INFO] [stderr]     Checking ryu v1.0.23
[INFO] [stderr]     Checking fastrand v2.5.0
[INFO] [stderr]     Checking spin v0.9.9
[INFO] [stderr]     Checking bitflags v2.13.1
[INFO] [stderr]    Compiling crc32fast v1.5.1
[INFO] [stderr]    Compiling prost-derive v0.12.6
[INFO] [stderr]     Checking serde_urlencoded v0.7.1
[INFO] [stderr]     Checking debugid v0.8.0
[INFO] [stderr]    Compiling lazy-regex-proc_macros v3.6.1
[INFO] [stderr]     Checking tokio-util v0.7.19
[INFO] [stderr]     Checking hyper v1.11.1
[INFO] [stderr]     Checking idna_adapter v1.2.2
[INFO] [stderr]     Checking idna v1.1.0
[INFO] [stderr]     Checking tokio-tungstenite v0.24.0
[INFO] [stderr]     Checking url v2.5.8
[INFO] [stderr]     Checking tokio-io-timeout v1.2.1
[INFO] [stderr]     Checking tower v0.5.3
[INFO] [stderr]     Checking h2 v0.3.27
[INFO] [stderr]     Checking tower v0.4.13
[INFO] [stderr]     Checking hyper-util v0.1.20
[INFO] [stderr]     Checking axum-core v0.4.5
[INFO] [stderr]    Compiling async-stream-impl v0.3.6
[INFO] [stderr]    Compiling bzip2-sys v0.1.13+1.0.8
[INFO] [stderr]    Compiling lzma-sys v0.1.20
[INFO] [stderr]     Checking serde_path_to_error v0.1.20
[INFO] [stderr]     Checking simd-adler32 v0.3.10
[INFO] [stderr]     Checking base64 v0.22.1
[INFO] [stderr]     Checking iana-time-zone v0.1.65
[INFO] [stderr]     Checking sync_wrapper v0.1.2
[INFO] [stderr]    Compiling zstd-safe v7.3.0
[INFO] [stderr]     Checking futures-io v0.3.34
[INFO] [stderr]     Checking bitflags v1.3.2
[INFO] [stderr]     Checking hex v0.4.3
[INFO] [stderr]     Checking parking v2.2.1
[INFO] [stderr]     Checking utf8parse v0.2.2
[INFO] [stderr]     Checking anstyle-parse v1.0.0
[INFO] [stderr]     Checking futures-lite v2.6.1
[INFO] [stderr]     Checking chrono v0.4.45
[INFO] [stderr]     Checking sentry-types v0.34.0
[INFO] [stderr]     Checking prost v0.12.6
[INFO] [stderr]     Checking async-stream v0.3.6
[INFO] [stderr]     Checking lazy-regex v3.6.1
[INFO] [stderr]     Checking tokio-stream v0.1.19
[INFO] [stderr]     Checking inout v0.1.4
[INFO] [stderr]    Compiling thiserror v2.0.20
[INFO] [stderr]    Compiling rustix v1.1.4
[INFO] [stderr]     Checking anstyle v1.0.14
[INFO] [stderr]     Checking is_terminal_polyfill v1.70.2
[INFO] [stderr]    Compiling getrandom v0.4.3
[INFO] [stderr]     Checking adler2 v2.0.1
[INFO] [stderr]    Compiling getrandom v0.3.4
[INFO] [stderr]     Checking anstyle-query v1.1.5
[INFO] [stderr]     Checking colorchoice v1.0.5
[INFO] [stderr]     Checking base64 v0.21.7
[INFO] [stderr]     Checking crc-catalog v2.5.0
[INFO] [stderr]     Checking anstream v1.0.0
[INFO] [stderr]     Checking axum v0.7.9
[INFO] [stderr]     Checking crc v3.4.0
[INFO] [stderr]     Checking miniz_oxide v0.9.1
[INFO] [stderr]     Checking suppaftp v5.4.0
[INFO] [stderr]     Checking cipher v0.4.4
[INFO] [stderr]     Checking tower-http v0.5.2
[INFO] [stderr]    Compiling zeroize_derive v1.5.0
[INFO] [stderr]    Compiling thiserror-impl v2.0.20
[INFO] [stderr]     Checking hmac v0.12.1
[INFO] [stderr]     Checking bumpalo v3.20.3
[INFO] [stderr]    Compiling heck v0.5.0
[INFO] [stderr]     Checking linux-raw-sys v0.12.1
[INFO] [stderr]     Checking clap_lex v1.1.0
[INFO] [stderr]    Compiling zip v2.4.2
[INFO] [stderr]     Checking strsim v0.11.1
[INFO] [stderr]    Compiling clap_derive v4.6.4
[INFO] [stderr]     Checking clap_builder v4.6.6
[INFO] [stderr]     Checking sentry-core v0.34.0
[INFO] [stderr]     Checking hyper v0.14.32
[INFO] [stderr]     Checking zopfli v0.8.3
[INFO] [stderr]     Checking sentry-tower v0.34.0
[INFO] [stderr]     Checking zeroize v1.9.0
[INFO] [stderr]     Checking pbkdf2 v0.12.2
[INFO] [stderr]     Checking xz2 v0.1.7
[INFO] [stderr]     Checking aes v0.8.4
[INFO] [stderr]     Checking bzip2 v0.5.2
[INFO] [stderr]     Checking flate2 v1.1.10
[INFO] [stderr]     Checking lzma-rs v0.3.0
[INFO] [stderr]     Checking deflate64 v0.1.12
[INFO] [stderr]     Checking lazy_static v1.5.0
[INFO] [stderr]     Checking constant_time_eq v0.3.1
[INFO] [stderr]     Checking colored v2.2.0
[INFO] [stderr]     Checking quick-xml v0.36.2
[INFO] [stderr]     Checking tempfile v3.27.0
[INFO] [stderr]     Checking clap v4.6.6
[INFO] [stderr]     Checking zstd v0.13.3
[INFO] [stderr]     Checking ferrox-errors v0.1.0
[INFO] [stderr]     Checking hyper-timeout v0.4.1
[INFO] [stderr]     Checking tonic v0.10.2
[INFO] [stderr]     Checking ferrox-transports v0.1.0
[INFO] [stdout] error[E0432]: unresolved import `suppaftp::AsyncFtpStream`
[INFO] [stdout]    --> /opt/rustwide/cargo-home/registry/src/index.crates.io-1949cf8c6b5b557f/ferrox-transports-0.1.0/src/ftp.rs:4:5
[INFO] [stdout]     |
[INFO] [stdout]   4 | use suppaftp::AsyncFtpStream;
[INFO] [stdout]     |     ^^^^^^^^^^--------------
[INFO] [stdout]     |               |
[INFO] [stdout]     |               no `AsyncFtpStream` in the root
[INFO] [stdout]     |
[INFO] [stdout] note: found an item that was configured out
[INFO] [stdout]    --> /opt/rustwide/cargo-home/registry/src/index.crates.io-1949cf8c6b5b557f/suppaftp-5.4.0/src/lib.rs:196:10
[INFO] [stdout]     |
[INFO] [stdout] 194 | #[cfg(feature = "async")]
[INFO] [stdout]     |       ----------------- the item is gated behind the `r#async` feature
[INFO] [stdout] 195 | #[cfg_attr(docsrs, doc(cfg(feature = "async")))]
[INFO] [stdout] 196 | pub type AsyncFtpStream = ImplAsyncFtpStream<AsyncNoTlsStream>;
[INFO] [stdout]     |          ^^^^^^^^^^^^^^
[INFO] [stdout] 
[INFO] [stdout] 
[INFO] [stdout] error[E0599]: no variant, associated function, or constant named `InternalError` found for enum `AppError` in the current scope
[INFO] [stdout]   --> /opt/rustwide/cargo-home/registry/src/index.crates.io-1949cf8c6b5b557f/ferrox-transports-0.1.0/src/http.rs:40:23
[INFO] [stdout]    |
[INFO] [stdout] 40 |             AppError::InternalError(format!("Failed to bind HTTP port {}: {}", self.port, e))
[INFO] [stdout]    |                       ^^^^^^^^^^^^^ variant, associated function, or constant not found in `AppError`
[INFO] [stdout] 
[INFO] [stdout] 
[INFO] [stdout] error[E0599]: no variant, associated function, or constant named `InternalError` found for enum `AppError` in the current scope
[INFO] [stdout]   --> /opt/rustwide/cargo-home/registry/src/index.crates.io-1949cf8c6b5b557f/ferrox-transports-0.1.0/src/http.rs:45:23
[INFO] [stdout]    |
[INFO] [stdout] 45 |             AppError::InternalError(format!("HTTP Server Error: {}", e))
[INFO] [stdout]    |                       ^^^^^^^^^^^^^ variant, associated function, or constant not found in `AppError`
[INFO] [stdout] 
[INFO] [stdout] 
[INFO] [stdout] error[E0599]: no variant, associated function, or constant named `InternalError` found for enum `AppError` in the current scope
[INFO] [stdout]   --> /opt/rustwide/cargo-home/registry/src/index.crates.io-1949cf8c6b5b557f/ferrox-transports-0.1.0/src/ws.rs:33:23
[INFO] [stdout]    |
[INFO] [stdout] 33 |             AppError::InternalError(format!("Failed to bind WS port {}: {}", self.port, e))
[INFO] [stdout]    |                       ^^^^^^^^^^^^^ variant, associated function, or constant not found in `AppError`
[INFO] [stdout] 
[INFO] [stdout] 
[INFO] [stdout] error[E0599]: no variant, associated function, or constant named `InternalError` found for enum `AppError` in the current scope
[INFO] [stdout]   --> /opt/rustwide/cargo-home/registry/src/index.crates.io-1949cf8c6b5b557f/ferrox-transports-0.1.0/src/ws.rs:43:32
[INFO] [stdout]    |
[INFO] [stdout] 43 |         .map_err(|e| AppError::InternalError(format!("WebSocket Server Error: {}", e)))?;
[INFO] [stdout]    |                                ^^^^^^^^^^^^^ variant, associated function, or constant not found in `AppError`
[INFO] [stdout] 
[INFO] [stdout] 
[INFO] [stdout] Some errors have detailed explanations: E0432, E0599.
[INFO] [stdout] 
[INFO] [stdout] For more information about an error, try `rustc --explain E0432`.
[INFO] [stdout] 
[INFO] [stderr] error: could not compile `ferrox-transports` (lib) due to 5 previous errors
[INFO] running `Command { std: "docker" "inspect" "227be773c636f4c6dd82f18f5617f0c37320abafd7cd0e9d9b26b45296a4ee36", kill_on_drop: false }`
[INFO] running `Command { std: "docker" "rm" "-f" "227be773c636f4c6dd82f18f5617f0c37320abafd7cd0e9d9b26b45296a4ee36", kill_on_drop: false }`
[INFO] [stdout] 227be773c636f4c6dd82f18f5617f0c37320abafd7cd0e9d9b26b45296a4ee36
