[INFO] fetching crate baedeker-core 0.1.0...
[INFO] checking baedeker-core-0.1.0 against 3154cc1a3e6424e44f438a95007d043ed5ceaaf6+rustflags=-Znext-solver=coherence for pr-133502-30
[INFO] extracting crate baedeker-core 0.1.0 into /workspace/builds/worker-5-tc1/source
[INFO] started tweaking crates.io crate baedeker-core 0.1.0
[INFO] removed 0 missing tests
[INFO] finished tweaking crates.io crate baedeker-core 0.1.0
[INFO] tweaked toml for crates.io crate baedeker-core 0.1.0 written to /workspace/builds/worker-5-tc1/source/Cargo.toml
[INFO] validating manifest of crates.io crate baedeker-core 0.1.0 on toolchain 3154cc1a3e6424e44f438a95007d043ed5ceaaf6
[INFO] running `Command { std: CARGO_HOME="/workspace/cargo-home" RUSTUP_HOME="/workspace/rustup-home" "/workspace/cargo-home/bin/cargo" "+3154cc1a3e6424e44f438a95007d043ed5ceaaf6" "metadata" "--manifest-path" "Cargo.toml" "--no-deps", kill_on_drop: false }`
[INFO] crate crates.io crate baedeker-core 0.1.0 already has a lockfile, it will not be regenerated
[INFO] running `Command { std: CARGO_HOME="/workspace/cargo-home" RUSTUP_HOME="/workspace/rustup-home" "/workspace/cargo-home/bin/cargo" "+3154cc1a3e6424e44f438a95007d043ed5ceaaf6" "fetch" "--manifest-path" "Cargo.toml", kill_on_drop: false }`
[INFO] [stderr] warning: `package.homepage` is redundant with `package.repository`
[INFO] [stderr]   --> Cargo.toml:50:12
[INFO] [stderr]    |
[INFO] [stderr] 50 | homepage = "https://github.com/Industrial-Algebra/Baedeker"
[INFO] [stderr]    |            ^^^^^^^^^^^^^^^^^^^^^^^^^^^^^^^^^^^^^^^^^^^^^^^^
[INFO] [stderr] ...
[INFO] [stderr] 55 | repository = "https://github.com/Industrial-Algebra/Baedeker"
[INFO] [stderr]    |              ------------------------------------------------
[INFO] [stderr]    |
[INFO] [stderr]    = note: `cargo::redundant_homepage` is set to `warn` by default
[INFO] [stderr] help: consider removing `package.homepage`
[INFO] [stderr] warning: `baedeker-core` (manifest) generated 1 warning
[INFO] [stderr]     Updating crates.io index
[INFO] [stderr]  Downloading crates ...
[INFO] [stderr]   Downloaded wasm-encoder v0.240.0
[INFO] [stderr]   Downloaded wasmtime-internal-versioned-export-macros v47.0.2
[INFO] [stderr]   Downloaded wat v1.254.0
[INFO] [stderr]   Downloaded wasmtime-internal-component-util v47.0.2
[INFO] [stderr]   Downloaded wasmtime-internal-winch v47.0.2
[INFO] [stderr]   Downloaded cranelift-control v0.134.2
[INFO] [stderr]   Downloaded cranelift-codegen-shared v0.134.2
[INFO] [stderr]   Downloaded wasmtime-internal-jit-debug v47.0.2
[INFO] [stderr]   Downloaded cranelift-native v0.134.2
[INFO] [stderr]   Downloaded cranelift-bitset v0.134.2
[INFO] [stderr]   Downloaded cranelift-srcgen v0.134.2
[INFO] [stderr]   Downloaded wasmtime-internal-jit-icache-coherence v47.0.2
[INFO] [stderr]   Downloaded wasmtime-internal-unwinder v47.0.2
[INFO] [stderr]   Downloaded pulley-macros v47.0.2
[INFO] [stderr]   Downloaded cranelift-entity v0.134.2
[INFO] [stderr]   Downloaded cranelift-bforest v0.134.2
[INFO] [stderr]   Downloaded cranelift-assembler-x64 v0.134.2
[INFO] [stderr]   Downloaded wasmtime-internal-fiber v47.0.2
[INFO] [stderr]   Downloaded mach2 v0.6.0
[INFO] [stderr]   Downloaded cranelift-assembler-x64-meta v0.134.2
[INFO] [stderr]   Downloaded wasmtime-internal-core v47.0.2
[INFO] [stderr]   Downloaded addr2line v0.26.1
[INFO] [stderr]   Downloaded wasmprinter v0.252.0
[INFO] [stderr]   Downloaded cranelift-frontend v0.134.2
[INFO] [stderr]   Downloaded wasm-encoder v0.254.0
[INFO] [stderr]   Downloaded wasm-encoder v0.252.0
[INFO] [stderr]   Downloaded cranelift-isle v0.134.2
[INFO] [stderr]   Downloaded cranelift-codegen-meta v0.134.2
[INFO] [stderr]   Downloaded pulley-interpreter v47.0.2
[INFO] [stderr]   Downloaded cpp_demangle v0.5.1
[INFO] [stderr]   Downloaded wasm-smith v0.254.0
[INFO] [stderr]   Downloaded wast v240.0.0
[INFO] [stderr]   Downloaded regalloc2 v0.15.2
[INFO] [stderr]   Downloaded wast v254.0.0
[INFO] [stderr]   Downloaded winch-codegen v47.0.2
[INFO] [stderr]   Downloaded wasmtime-internal-cranelift v47.0.2
[INFO] [stderr]   Downloaded wasmparser v0.240.0
[INFO] [stderr]   Downloaded wasmparser v0.254.0
[INFO] [stderr]   Downloaded wasmparser v0.252.0
[INFO] [stderr]   Downloaded syn v3.0.1
[INFO] [stderr]   Downloaded wasmtime-environ v47.0.2
[INFO] [stderr]   Downloaded gimli v0.33.0
[INFO] [stderr]   Downloaded wasmtime v47.0.2
[INFO] [stderr]   Downloaded cranelift-codegen v0.134.2
[INFO] running `Command { std: "docker" "create" "-v" "/var/lib/crater-agent-workspace/builds/worker-5-tc1/source:/opt/rustwide/workdir:ro,Z" "-v" "/var/lib/crater-agent-workspace/builds/worker-5-tc1/target:/opt/rustwide/target:rw,Z" "-v" "/var/lib/crater-agent-workspace/cargo-home:/opt/rustwide/cargo-home:ro,Z" "-v" "/var/lib/crater-agent-workspace/rustup-home:/opt/rustwide/rustup-home:ro,Z" "-m" "1610612736" "--network" "none" "ghcr.io/rust-lang/crates-build-env/linux@sha256:77db811e55d90add9212f6832c23229e3de5f1c1f9905e8cb07319ea15df73ac" "sleep" "infinity", kill_on_drop: false }`
[INFO] [stdout] a6b226184f5d9ffc535f1d09609015118180a2f64728a4cf58ed0c8e5b839100
[INFO] running `Command { std: "docker" "start" "a6b226184f5d9ffc535f1d09609015118180a2f64728a4cf58ed0c8e5b839100", kill_on_drop: false }`
[INFO] running `Command { std: "docker" "inspect" "a6b226184f5d9ffc535f1d09609015118180a2f64728a4cf58ed0c8e5b839100", kill_on_drop: false }`
[INFO] running `Command { std: "docker" "exec" "-e" "SOURCE_DIR=/opt/rustwide/workdir" "-e" "CARGO_HOME=/opt/rustwide/cargo-home" "-e" "RUSTUP_HOME=/opt/rustwide/rustup-home" "-e" "CARGO_TARGET_DIR=/opt/rustwide/target" "-w" "/opt/rustwide/workdir" "--user" "0:0" "a6b226184f5d9ffc535f1d09609015118180a2f64728a4cf58ed0c8e5b839100" "/opt/rustwide/cargo-home/bin/cargo" "+3154cc1a3e6424e44f438a95007d043ed5ceaaf6" "metadata" "--no-deps" "--format-version=1", kill_on_drop: false }`
[INFO] running `Command { std: "docker" "inspect" "a6b226184f5d9ffc535f1d09609015118180a2f64728a4cf58ed0c8e5b839100", kill_on_drop: false }`
[INFO] running `Command { std: "docker" "exec" "-e" "SOURCE_DIR=/opt/rustwide/workdir" "-e" "CARGO_HOME=/opt/rustwide/cargo-home" "-e" "RUSTUP_HOME=/opt/rustwide/rustup-home" "-e" "CARGO_TARGET_DIR=/opt/rustwide/target" "-e" "CARGO_INCREMENTAL=0" "-e" "RUST_BACKTRACE=full" "-e" "RUSTFLAGS=--cap-lints=forbid -Znext-solver=coherence" "-e" "RUSTDOCFLAGS=--cap-lints=forbid" "-w" "/opt/rustwide/workdir" "--user" "0:0" "a6b226184f5d9ffc535f1d09609015118180a2f64728a4cf58ed0c8e5b839100" "/opt/rustwide/cargo-home/bin/cargo" "+3154cc1a3e6424e44f438a95007d043ed5ceaaf6" "check" "--frozen" "--all" "--all-targets" "--message-format=json", kill_on_drop: false }`
[INFO] [stderr] warning: `package.homepage` is redundant with `package.repository`
[INFO] [stderr]   --> Cargo.toml:50:12
[INFO] [stderr]    |
[INFO] [stderr] 50 | homepage = "https://github.com/Industrial-Algebra/Baedeker"
[INFO] [stderr]    |            ^^^^^^^^^^^^^^^^^^^^^^^^^^^^^^^^^^^^^^^^^^^^^^^^
[INFO] [stderr] ...
[INFO] [stderr] 55 | repository = "https://github.com/Industrial-Algebra/Baedeker"
[INFO] [stderr]    |              ------------------------------------------------
[INFO] [stderr]    |
[INFO] [stderr]    = note: `cargo::redundant_homepage` is set to `warn` by default
[INFO] [stderr] help: consider removing `package.homepage`
[INFO] [stderr] warning: `baedeker-core` (manifest) generated 1 warning
[INFO] [stderr]    Compiling serde v1.0.229
[INFO] [stderr]    Compiling wasmtime-internal-core v47.0.2
[INFO] [stderr]    Compiling cranelift-srcgen v0.134.2
[INFO] [stderr]     Checking leb128fmt v0.1.0
[INFO] [stderr]     Checking bumpalo v3.20.2
[INFO] [stderr]    Compiling cranelift-isle v0.134.2
[INFO] [stderr]    Compiling cranelift-codegen-shared v0.134.2
[INFO] [stderr]     Checking log v0.4.33
[INFO] [stderr]    Compiling target-lexicon v0.13.5
[INFO] [stderr]     Checking fnv v1.0.7
[INFO] [stderr]     Checking bitflags v2.11.0
[INFO] [stderr]    Compiling syn v3.0.1
[INFO] [stderr]     Checking hashbrown v0.17.0
[INFO] [stderr]    Compiling syn v2.0.119
[INFO] [stderr]     Checking generic-array v0.14.7
[INFO] [stderr]    Compiling anyhow v1.0.104
[INFO] [stderr]     Checking hashbrown v0.16.1
[INFO] [stderr]     Checking rustc-hash v2.1.3
[INFO] [stderr]    Compiling crc32fast v1.5.0
[INFO] [stderr]     Checking semver v1.0.28
[INFO] [stderr]    Compiling object v0.39.1
[INFO] [stderr]     Checking wasm-encoder v0.252.0
[INFO] [stderr]    Compiling cranelift-assembler-x64-meta v0.134.2
[INFO] [stderr]     Checking wasmtime-internal-component-util v47.0.2
[INFO] [stderr]    Compiling wasmtime-internal-unwinder v47.0.2
[INFO] [stderr]    Compiling wasmtime-internal-cranelift v47.0.2
[INFO] [stderr]     Checking either v1.17.0
[INFO] [stderr]     Checking wasm-encoder v0.254.0
[INFO] [stderr]    Compiling rustix v1.1.4
[INFO] [stderr]    Compiling winch-codegen v47.0.2
[INFO] [stderr]    Compiling libc v0.2.186
[INFO] [stderr]     Checking itertools v0.14.0
[INFO] [stderr]    Compiling wasm-encoder v0.240.0
[INFO] [stderr]     Checking flagset v0.4.7
[INFO] [stderr]     Checking baedeker-core v0.1.0 (/opt/rustwide/workdir)
[INFO] [stderr]     Checking crypto-common v0.1.7
[INFO] [stderr]     Checking block-buffer v0.10.4
[INFO] [stderr]     Checking digest v0.10.7
[INFO] [stderr]     Checking indexmap v2.14.0
[INFO] [stderr]     Checking sha2 v0.10.9
[INFO] [stderr]     Checking wast v254.0.0
[INFO] [stderr]    Compiling cranelift-codegen-meta v0.134.2
[INFO] [stderr]     Checking gimli v0.33.0
[INFO] [stderr]    Compiling cranelift-assembler-x64 v0.134.2
[INFO] [stderr]     Checking wast v240.0.0
[INFO] [stderr]     Checking memfd v0.6.5
[INFO] [stderr]    Compiling cranelift-codegen v0.134.2
[INFO] [stderr]    Compiling serde_derive v1.0.229
[INFO] [stderr]    Compiling thiserror-impl v2.0.19
[INFO] [stderr]    Compiling async-trait v0.1.91
[INFO] [stderr]    Compiling derive_arbitrary v1.4.2
[INFO] [stderr]    Compiling wasmtime-internal-versioned-export-macros v47.0.2
[INFO] [stderr]    Compiling pulley-macros v47.0.2
[INFO] [stderr]    Compiling wasmtime v47.0.2
[INFO] [stderr]     Checking thiserror v2.0.19
[INFO] [stderr]     Checking cobs v0.3.0
[INFO] [stderr]     Checking arbitrary v1.4.2
[INFO] [stderr]     Checking cranelift-control v0.134.2
[INFO] [stderr]     Checking wasm-smith v0.254.0
[INFO] [stderr]     Checking smallvec v1.15.2
[INFO] [stderr]     Checking postcard v1.1.3
[INFO] [stderr]     Checking wasmparser v0.252.0
[INFO] [stderr]     Checking regalloc2 v0.15.2
[INFO] [stderr]     Checking wat v1.254.0
[INFO] [stderr]     Checking cranelift-bitset v0.134.2
[INFO] [stderr]     Checking wasmtime-internal-jit-icache-coherence v47.0.2
[INFO] [stderr]     Checking cranelift-entity v0.134.2
[INFO] [stderr]     Checking pulley-interpreter v47.0.2
[INFO] [stderr]     Checking cranelift-bforest v0.134.2
[INFO] [stderr]     Checking wasmprinter v0.252.0
[INFO] [stderr]     Checking wasmtime-environ v47.0.2
[INFO] [stderr]     Checking cranelift-native v0.134.2
[INFO] [stderr]     Checking cranelift-frontend v0.134.2
[INFO] [stderr]     Checking wasmtime-internal-winch v47.0.2
[INFO] [stdout] error[E0433]: cannot find module or crate `baedeker_testdata` in this scope
[INFO] [stdout]    --> tests/spec_wast.rs:149:16
[INFO] [stdout]     |
[INFO] [stdout] 149 |     let text = baedeker_testdata::spec_case_text(path);
[INFO] [stdout]     |                ^^^^^^^^^^^^^^^^^ use of unresolved module or unlinked crate `baedeker_testdata`
[INFO] [stdout]     |
[INFO] [stdout]     = help: if you wanted to use a crate named `baedeker_testdata`, use `cargo add baedeker_testdata` to add it to your `Cargo.toml`
[INFO] [stdout] 
[INFO] [stdout] 
[INFO] [stdout] error[E0433]: cannot find module or crate `baedeker_testdata` in this scope
[INFO] [stdout]    --> tests/spec_wast.rs:223:17
[INFO] [stdout]     |
[INFO] [stdout] 223 |     for path in baedeker_testdata::spec_wast_cases(subdir) {
[INFO] [stdout]     |                 ^^^^^^^^^^^^^^^^^ use of unresolved module or unlinked crate `baedeker_testdata`
[INFO] [stdout]     |
[INFO] [stdout]     = help: if you wanted to use a crate named `baedeker_testdata`, use `cargo add baedeker_testdata` to add it to your `Cargo.toml`
[INFO] [stdout] 
[INFO] [stdout] 
[INFO] [stdout] error[E0433]: cannot find module or crate `baedeker_testdata` in this scope
[INFO] [stdout]   --> tests/runtime_wast.rs:58:17
[INFO] [stdout]    |
[INFO] [stdout] 58 |     for path in baedeker_testdata::spec_wast_cases(subdir) {
[INFO] [stdout]    |                 ^^^^^^^^^^^^^^^^^ use of unresolved module or unlinked crate `baedeker_testdata`
[INFO] [stdout]    |
[INFO] [stdout]    = help: if you wanted to use a crate named `baedeker_testdata`, use `cargo add baedeker_testdata` to add it to your `Cargo.toml`
[INFO] [stdout] 
[INFO] [stdout] 
[INFO] [stdout] error: couldn't read `src/binary/../../../baedeker-testdata/spec/invalid-decode/gc-rec-type-group.wasm`: No such file or directory (os error 2)
[INFO] [stdout]    --> src/binary/module.rs:350:13
[INFO] [stdout]     |
[INFO] [stdout] 350 |             include_bytes!("../../../baedeker-testdata/spec/invalid-decode/gc-rec-type-group.wasm");
[INFO] [stdout]     |             ^^^^^^^^^^^^^^^^^^^^^^^^^^^^^^^^^^^^^^^^^^^^^^^^^^^^^^^^^^^^^^^^^^^^^^^^^^^^^^^^^^^^^^^
[INFO] [stdout] 
[INFO] [stdout] 
[INFO] [stdout] error: couldn't read `src/binary/../../../baedeker-testdata/spec/invalid-decode/gc-sub-type-definition.wasm`: No such file or directory (os error 2)
[INFO] [stdout]    --> src/binary/module.rs:365:21
[INFO] [stdout]     |
[INFO] [stdout] 365 |           let bytes = include_bytes!(
[INFO] [stdout]     |  _____________________^
[INFO] [stdout] 366 | |             "../../../baedeker-testdata/spec/invalid-decode/gc-sub-type-definition.wasm",
[INFO] [stdout] 367 | |         );
[INFO] [stdout]     | |_________^
[INFO] [stdout] 
[INFO] [stdout] 
[INFO] [stdout] error: couldn't read `src/binary/../../../baedeker-testdata/spec/invalid-decode/gc-struct-type-definition.wasm`: No such file or directory (os error 2)
[INFO] [stdout]    --> src/binary/module.rs:382:21
[INFO] [stdout]     |
[INFO] [stdout] 382 |           let bytes = include_bytes!(
[INFO] [stdout]     |  _____________________^
[INFO] [stdout] 383 | |             "../../../baedeker-testdata/spec/invalid-decode/gc-struct-type-definition.wasm",
[INFO] [stdout] 384 | |         );
[INFO] [stdout]     | |_________^
[INFO] [stdout] 
[INFO] [stdout] 
[INFO] [stdout] error: couldn't read `src/binary/../../../baedeker-testdata/spec/invalid-decode/gc-array-type-definition.wasm`: No such file or directory (os error 2)
[INFO] [stdout]    --> src/binary/module.rs:399:21
[INFO] [stdout]     |
[INFO] [stdout] 399 |           let bytes = include_bytes!(
[INFO] [stdout]     |  _____________________^
[INFO] [stdout] 400 | |             "../../../baedeker-testdata/spec/invalid-decode/gc-array-type-definition.wasm",
[INFO] [stdout] 401 | |         );
[INFO] [stdout]     | |_________^
[INFO] [stdout] 
[INFO] [stdout] 
[INFO] [stdout] error[E0277]: the size for values of type `[u8]` cannot be known at compilation time
[INFO] [stdout]    --> tests/spec_wast.rs:223:5
[INFO] [stdout]     |
[INFO] [stdout] 223 | /     for path in baedeker_testdata::spec_wast_cases(subdir) {
[INFO] [stdout] 224 | |         match run_wast_case(&path) {
[INFO] [stdout] 225 | |             WastCaseOutcome::Ran(stats) => {
[INFO] [stdout] 226 | |                 eprintln!(
[INFO] [stdout] ...   |
[INFO] [stdout] 249 | |     }
[INFO] [stdout]     | |_____^ doesn't have a size known at compile-time
[INFO] [stdout]     |
[INFO] [stdout]     = help: within `Path`, the trait `Sized` is not implemented for `[u8]`
[INFO] [stdout] note: required because it appears within the type `Path`
[INFO] [stdout]    --> /rustc/3154cc1a3e6424e44f438a95007d043ed5ceaaf6/library/std/src/path.rs:2357:11
[INFO] [stdout] note: required by an implicit `Sized` bound in `std::option::Option`
[INFO] [stdout]    --> /rustc/3154cc1a3e6424e44f438a95007d043ed5ceaaf6/library/core/src/option.rs:598:0
[INFO] [stdout] 
[INFO] [stdout] 
[INFO] [stdout] error[E0433]: cannot find module or crate `baedeker_testdata` in this scope
[INFO] [stdout]    --> tests/runtime_official.rs:372:16
[INFO] [stdout]     |
[INFO] [stdout] 372 |     let text = baedeker_testdata::spec_case_text(path);
[INFO] [stdout]     |                ^^^^^^^^^^^^^^^^^ use of unresolved module or unlinked crate `baedeker_testdata`
[INFO] [stdout]     |
[INFO] [stdout]     = help: if you wanted to use a crate named `baedeker_testdata`, use `cargo add baedeker_testdata` to add it to your `Cargo.toml`
[INFO] [stdout] 
[INFO] [stdout] 
[INFO] [stdout] error[E0277]: the size for values of type `[u8]` cannot be known at compilation time
[INFO] [stdout]   --> tests/runtime_wast.rs:58:5
[INFO] [stdout]    |
[INFO] [stdout] 58 | /     for path in baedeker_testdata::spec_wast_cases(subdir) {
[INFO] [stdout] 59 | |         let stats = run_runtime_wast_case(&path);
[INFO] [stdout] 60 | |         eprintln!(
[INFO] [stdout] 61 | |             "runtime wast {}: directives={} modules={} assertions={} unsupported={}",
[INFO] [stdout] ...  |
[INFO] [stdout] 68 | |         total.add(stats);
[INFO] [stdout] 69 | |     }
[INFO] [stdout]    | |_____^ doesn't have a size known at compile-time
[INFO] [stdout]    |
[INFO] [stdout]    = help: within `Path`, the trait `Sized` is not implemented for `[u8]`
[INFO] [stdout] note: required because it appears within the type `Path`
[INFO] [stdout]   --> /rustc/3154cc1a3e6424e44f438a95007d043ed5ceaaf6/library/std/src/path.rs:2357:11
[INFO] [stdout] note: required by an implicit `Sized` bound in `std::option::Option`
[INFO] [stdout]   --> /rustc/3154cc1a3e6424e44f438a95007d043ed5ceaaf6/library/core/src/option.rs:598:0
[INFO] [stdout] 
[INFO] [stdout] 
[INFO] [stdout] error[E0433]: cannot find module or crate `baedeker_testdata` in this scope
[INFO] [stdout]   --> tests/runtime_wast.rs:92:16
[INFO] [stdout]    |
[INFO] [stdout] 92 |     let text = baedeker_testdata::spec_case_text(path);
[INFO] [stdout]    |                ^^^^^^^^^^^^^^^^^ use of unresolved module or unlinked crate `baedeker_testdata`
[INFO] [stdout]    |
[INFO] [stdout]    = help: if you wanted to use a crate named `baedeker_testdata`, use `cargo add baedeker_testdata` to add it to your `Cargo.toml`
[INFO] [stdout] 
[INFO] [stdout] 
[INFO] [stdout] error: couldn't read `src/validate/../../../baedeker-testdata/spec/valid/forward-mutual-recursion.wasm`: No such file or directory (os error 2)
[INFO] [stdout]     --> src/validate/mod.rs:3725:13
[INFO] [stdout]      |
[INFO] [stdout] 3725 |             include_bytes!("../../../baedeker-testdata/spec/valid/forward-mutual-recursion.wasm");
[INFO] [stdout]      |             ^^^^^^^^^^^^^^^^^^^^^^^^^^^^^^^^^^^^^^^^^^^^^^^^^^^^^^^^^^^^^^^^^^^^^^^^^^^^^^^^^^^^^
[INFO] [stdout] 
[INFO] [stdout] 
[INFO] [stdout] error: couldn't read `src/validate/../../../baedeker-testdata/spec/valid/local-init-get-after-set.wasm`: No such file or directory (os error 2)
[INFO] [stdout]     --> src/validate/mod.rs:3733:13
[INFO] [stdout]      |
[INFO] [stdout] 3733 |             include_bytes!("../../../baedeker-testdata/spec/valid/local-init-get-after-set.wasm");
[INFO] [stdout]      |             ^^^^^^^^^^^^^^^^^^^^^^^^^^^^^^^^^^^^^^^^^^^^^^^^^^^^^^^^^^^^^^^^^^^^^^^^^^^^^^^^^^^^^
[INFO] [stdout] 
[INFO] [stdout] 
[INFO] [stdout] error: couldn't read `src/validate/../../../baedeker-testdata/spec/valid/local-init-get-after-tee.wasm`: No such file or directory (os error 2)
[INFO] [stdout]     --> src/validate/mod.rs:3741:13
[INFO] [stdout]      |
[INFO] [stdout] 3741 |             include_bytes!("../../../baedeker-testdata/spec/valid/local-init-get-after-tee.wasm");
[INFO] [stdout]      |             ^^^^^^^^^^^^^^^^^^^^^^^^^^^^^^^^^^^^^^^^^^^^^^^^^^^^^^^^^^^^^^^^^^^^^^^^^^^^^^^^^^^^^
[INFO] [stdout] 
[INFO] [stdout] 
[INFO] [stdout] error: couldn't read `src/validate/../../../baedeker-testdata/spec/valid/local-init-get-in-block-after-set.wasm`: No such file or directory (os error 2)
[INFO] [stdout]     --> src/validate/mod.rs:3748:21
[INFO] [stdout]      |
[INFO] [stdout] 3748 |           let bytes = include_bytes!(
[INFO] [stdout]      |  _____________________^
[INFO] [stdout] 3749 | |             "../../../baedeker-testdata/spec/valid/local-init-get-in-block-after-set.wasm",
[INFO] [stdout] 3750 | |         );
[INFO] [stdout]      | |_________^
[INFO] [stdout] 
[INFO] [stdout] 
[INFO] [stdout] error: couldn't read `src/validate/../../../baedeker-testdata/spec/valid/local-init-tee-init.wasm`: No such file or directory (os error 2)
[INFO] [stdout]     --> src/validate/mod.rs:3758:13
[INFO] [stdout]      |
[INFO] [stdout] 3758 |             include_bytes!("../../../baedeker-testdata/spec/valid/local-init-tee-init.wasm");
[INFO] [stdout]      |             ^^^^^^^^^^^^^^^^^^^^^^^^^^^^^^^^^^^^^^^^^^^^^^^^^^^^^^^^^^^^^^^^^^^^^^^^^^^^^^^^
[INFO] [stdout] 
[INFO] [stdout] 
[INFO] [stdout] error: couldn't read `src/validate/../../../baedeker-testdata/spec/invalid-validate/local-init-uninitialized-local.wasm`: No such file or directory (os error 2)
[INFO] [stdout]     --> src/validate/mod.rs:3765:21
[INFO] [stdout]      |
[INFO] [stdout] 3765 |           let bytes = include_bytes!(
[INFO] [stdout]      |  _____________________^
[INFO] [stdout] 3766 | |             "../../../baedeker-testdata/spec/invalid-validate/local-init-uninitialized-local.wasm",
[INFO] [stdout] 3767 | |         );
[INFO] [stdout]      | |_________^
[INFO] [stdout] 
[INFO] [stdout] 
[INFO] [stdout] error: couldn't read `src/validate/../../../baedeker-testdata/spec/invalid-validate/local-init-uninitialized-after-end.wasm`: No such file or directory (os error 2)
[INFO] [stdout]     --> src/validate/mod.rs:3779:21
[INFO] [stdout]      |
[INFO] [stdout] 3779 |           let bytes = include_bytes!(
[INFO] [stdout]      |  _____________________^
[INFO] [stdout] 3780 | |             "../../../baedeker-testdata/spec/invalid-validate/local-init-uninitialized-after-end.wasm",
[INFO] [stdout] 3781 | |         );
[INFO] [stdout]      | |_________^
[INFO] [stdout] 
[INFO] [stdout] 
[INFO] [stdout] error: couldn't read `src/validate/../../../baedeker-testdata/spec/invalid-validate/local-init-uninitialized-in-else.wasm`: No such file or directory (os error 2)
[INFO] [stdout]     --> src/validate/mod.rs:3793:21
[INFO] [stdout]      |
[INFO] [stdout] 3793 |           let bytes = include_bytes!(
[INFO] [stdout]      |  _____________________^
[INFO] [stdout] 3794 | |             "../../../baedeker-testdata/spec/invalid-validate/local-init-uninitialized-in-else.wasm",
[INFO] [stdout] 3795 | |         );
[INFO] [stdout]      | |_________^
[INFO] [stdout] 
[INFO] [stdout] 
[INFO] [stdout] error: couldn't read `src/validate/../../../baedeker-testdata/spec/invalid-validate/local-init-uninitialized-from-if.wasm`: No such file or directory (os error 2)
[INFO] [stdout]     --> src/validate/mod.rs:3807:21
[INFO] [stdout]      |
[INFO] [stdout] 3807 |           let bytes = include_bytes!(
[INFO] [stdout]      |  _____________________^
[INFO] [stdout] 3808 | |             "../../../baedeker-testdata/spec/invalid-validate/local-init-uninitialized-from-if.wasm",
[INFO] [stdout] 3809 | |         );
[INFO] [stdout]      | |_________^
[INFO] [stdout] 
[INFO] [stdout] 
[INFO] [stdout] error: couldn't read `src/validate/../../../baedeker-testdata/spec/valid/unreached-call-ref.wasm`: No such file or directory (os error 2)
[INFO] [stdout]     --> src/validate/mod.rs:3821:21
[INFO] [stdout]      |
[INFO] [stdout] 3821 |         let bytes = include_bytes!("../../../baedeker-testdata/spec/valid/unreached-call-ref.wasm");
[INFO] [stdout]      |                     ^^^^^^^^^^^^^^^^^^^^^^^^^^^^^^^^^^^^^^^^^^^^^^^^^^^^^^^^^^^^^^^^^^^^^^^^^^^^^^^
[INFO] [stdout] 
[INFO] [stdout] 
[INFO] [stdout] error: couldn't read `src/validate/../../../baedeker-testdata/spec/valid/unreached-valid-select-after-unreachable.wasm`: No such file or directory (os error 2)
[INFO] [stdout]     --> src/validate/mod.rs:3828:21
[INFO] [stdout]      |
[INFO] [stdout] 3828 |           let bytes = include_bytes!(
[INFO] [stdout]      |  _____________________^
[INFO] [stdout] 3829 | |             "../../../baedeker-testdata/spec/valid/unreached-valid-select-after-unreachable.wasm",
[INFO] [stdout] 3830 | |         );
[INFO] [stdout]      | |_________^
[INFO] [stdout] 
[INFO] [stdout] 
[INFO] [stdout] error: couldn't read `src/validate/../../../baedeker-testdata/spec/valid/unreached-valid-core.wasm`: No such file or directory (os error 2)
[INFO] [stdout]     --> src/validate/mod.rs:3838:13
[INFO] [stdout]      |
[INFO] [stdout] 3838 |             include_bytes!("../../../baedeker-testdata/spec/valid/unreached-valid-core.wasm");
[INFO] [stdout]      |             ^^^^^^^^^^^^^^^^^^^^^^^^^^^^^^^^^^^^^^^^^^^^^^^^^^^^^^^^^^^^^^^^^^^^^^^^^^^^^^^^^
[INFO] [stdout] 
[INFO] [stdout] 
[INFO] [stdout] error: couldn't read `src/validate/../../../baedeker-testdata/spec/valid/unreached-bottom-heap-type.wasm`: No such file or directory (os error 2)
[INFO] [stdout]     --> src/validate/mod.rs:3846:13
[INFO] [stdout]      |
[INFO] [stdout] 3846 |             include_bytes!("../../../baedeker-testdata/spec/valid/unreached-bottom-heap-type.wasm");
[INFO] [stdout]      |             ^^^^^^^^^^^^^^^^^^^^^^^^^^^^^^^^^^^^^^^^^^^^^^^^^^^^^^^^^^^^^^^^^^^^^^^^^^^^^^^^^^^^^^^
[INFO] [stdout] 
[INFO] [stdout] 
[INFO] [stdout] error: couldn't read `src/validate/../../../baedeker-testdata/spec/valid/unreached-meet-bottom.wasm`: No such file or directory (os error 2)
[INFO] [stdout]     --> src/validate/mod.rs:3854:13
[INFO] [stdout]      |
[INFO] [stdout] 3854 |             include_bytes!("../../../baedeker-testdata/spec/valid/unreached-meet-bottom.wasm");
[INFO] [stdout]      |             ^^^^^^^^^^^^^^^^^^^^^^^^^^^^^^^^^^^^^^^^^^^^^^^^^^^^^^^^^^^^^^^^^^^^^^^^^^^^^^^^^^
[INFO] [stdout] 
[INFO] [stdout] 
[INFO] [stdout] error: couldn't read `src/validate/../../../baedeker-testdata/spec/valid/unreached-valid-select-i64-result.wasm`: No such file or directory (os error 2)
[INFO] [stdout]     --> src/validate/mod.rs:3861:21
[INFO] [stdout]      |
[INFO] [stdout] 3861 |           let bytes = include_bytes!(
[INFO] [stdout]      |  _____________________^
[INFO] [stdout] 3862 | |             "../../../baedeker-testdata/spec/valid/unreached-valid-select-i64-result.wasm",
[INFO] [stdout] 3863 | |         );
[INFO] [stdout]      | |_________^
[INFO] [stdout] 
[INFO] [stdout] 
[INFO] [stdout] error: couldn't read `src/validate/../../../baedeker-testdata/spec/invalid-validate/unreached-select-result-mismatch.wasm`: No such file or directory (os error 2)
[INFO] [stdout]     --> src/validate/mod.rs:3870:21
[INFO] [stdout]      |
[INFO] [stdout] 3870 |           let bytes = include_bytes!(
[INFO] [stdout]      |  _____________________^
[INFO] [stdout] 3871 | |             "../../../baedeker-testdata/spec/invalid-validate/unreached-select-result-mismatch.wasm",
[INFO] [stdout] 3872 | |         );
[INFO] [stdout]      | |_________^
[INFO] [stdout] 
[INFO] [stdout] 
[INFO] [stdout] error: couldn't read `src/validate/../../../baedeker-testdata/spec/invalid-validate/unreached-unconsumed-const.wasm`: No such file or directory (os error 2)
[INFO] [stdout]     --> src/validate/mod.rs:3886:21
[INFO] [stdout]      |
[INFO] [stdout] 3886 |           let bytes = include_bytes!(
[INFO] [stdout]      |  _____________________^
[INFO] [stdout] 3887 | |             "../../../baedeker-testdata/spec/invalid-validate/unreached-unconsumed-const.wasm",
[INFO] [stdout] 3888 | |         );
[INFO] [stdout]      | |_________^
[INFO] [stdout] 
[INFO] [stdout] 
[INFO] [stdout] error: couldn't read `src/validate/../../../baedeker-testdata/spec/invalid-validate/unreached-unknown-local-index.wasm`: No such file or directory (os error 2)
[INFO] [stdout]     --> src/validate/mod.rs:3901:21
[INFO] [stdout]      |
[INFO] [stdout] 3901 |           let bytes = include_bytes!(
[INFO] [stdout]      |  _____________________^
[INFO] [stdout] 3902 | |             "../../../baedeker-testdata/spec/invalid-validate/unreached-unknown-local-index.wasm",
[INFO] [stdout] 3903 | |         );
[INFO] [stdout]      | |_________^
[INFO] [stdout] 
[INFO] [stdout] 
[INFO] [stdout] error: couldn't read `src/validate/../../../baedeker-testdata/spec/invalid-validate/unreached-unknown-global-index.wasm`: No such file or directory (os error 2)
[INFO] [stdout]     --> src/validate/mod.rs:3915:21
[INFO] [stdout]      |
[INFO] [stdout] 3915 |           let bytes = include_bytes!(
[INFO] [stdout]      |  _____________________^
[INFO] [stdout] 3916 | |             "../../../baedeker-testdata/spec/invalid-validate/unreached-unknown-global-index.wasm",
[INFO] [stdout] 3917 | |         );
[INFO] [stdout]      | |_________^
[INFO] [stdout] 
[INFO] [stdout] 
[INFO] [stdout] error: couldn't read `src/validate/../../../baedeker-testdata/spec/invalid-validate/unreached-unknown-function-index.wasm`: No such file or directory (os error 2)
[INFO] [stdout]     --> src/validate/mod.rs:3932:21
[INFO] [stdout]      |
[INFO] [stdout] 3932 |           let bytes = include_bytes!(
[INFO] [stdout]      |  _____________________^
[INFO] [stdout] 3933 | |             "../../../baedeker-testdata/spec/invalid-validate/unreached-unknown-function-index.wasm",
[INFO] [stdout] 3934 | |         );
[INFO] [stdout]      | |_________^
[INFO] [stdout] 
[INFO] [stdout] 
[INFO] [stdout] error: couldn't read `src/validate/../../../baedeker-testdata/spec/invalid-validate/unreached-unknown-label-index.wasm`: No such file or directory (os error 2)
[INFO] [stdout]     --> src/validate/mod.rs:3946:21
[INFO] [stdout]      |
[INFO] [stdout] 3946 |           let bytes = include_bytes!(
[INFO] [stdout]      |  _____________________^
[INFO] [stdout] 3947 | |             "../../../baedeker-testdata/spec/invalid-validate/unreached-unknown-label-index.wasm",
[INFO] [stdout] 3948 | |         );
[INFO] [stdout]      | |_________^
[INFO] [stdout] 
[INFO] [stdout] 
[INFO] [stdout] error: couldn't read `src/validate/../../../baedeker-testdata/spec/invalid-validate/type-forward-ref-outside-rec-group.wasm`: No such file or directory (os error 2)
[INFO] [stdout]     --> src/validate/mod.rs:4161:21
[INFO] [stdout]      |
[INFO] [stdout] 4161 |           let bytes = include_bytes!(
[INFO] [stdout]      |  _____________________^
[INFO] [stdout] 4162 | |             "../../../baedeker-testdata/spec/invalid-validate/type-forward-ref-outside-rec-group.wasm",
[INFO] [stdout] 4163 | |         );
[INFO] [stdout]      | |_________^
[INFO] [stdout] 
[INFO] [stdout] 
[INFO] [stdout] error: couldn't read `src/validate/../../../baedeker-testdata/spec/invalid-validate/typed-br-dead-ref-wrong-concrete-type.wasm`: No such file or directory (os error 2)
[INFO] [stdout]     --> src/validate/mod.rs:4257:21
[INFO] [stdout]      |
[INFO] [stdout] 4257 |           let bytes = include_bytes!(
[INFO] [stdout]      |  _____________________^
[INFO] [stdout] 4258 | |             "../../../baedeker-testdata/spec/invalid-validate/typed-br-dead-ref-wrong-concrete-type.wasm",
[INFO] [stdout] 4259 | |         );
[INFO] [stdout]      | |_________^
[INFO] [stdout] 
[INFO] [stdout] 
[INFO] [stdout] error: couldn't read `src/validate/../../../baedeker-testdata/spec/valid/typed-select-to-br-nullable.wasm`: No such file or directory (os error 2)
[INFO] [stdout]     --> src/validate/mod.rs:4278:21
[INFO] [stdout]      |
[INFO] [stdout] 4278 |           let bytes = include_bytes!(
[INFO] [stdout]      |  _____________________^
[INFO] [stdout] 4279 | |             "../../../baedeker-testdata/spec/valid/typed-select-to-br-nullable.wasm",
[INFO] [stdout] 4280 | |         );
[INFO] [stdout]      | |_________^
[INFO] [stdout] 
[INFO] [stdout] 
[INFO] [stdout] error: couldn't read `src/validate/../../../baedeker-testdata/spec/invalid-validate/typed-select-to-br-nullability-mismatch.wasm`: No such file or directory (os error 2)
[INFO] [stdout]     --> src/validate/mod.rs:4287:21
[INFO] [stdout]      |
[INFO] [stdout] 4287 |           let bytes = include_bytes!(
[INFO] [stdout]      |  _____________________^
[INFO] [stdout] 4288 | |             "../../../baedeker-testdata/spec/invalid-validate/typed-select-to-br-nullability-mismatch.wasm",
[INFO] [stdout] 4289 | |         );
[INFO] [stdout]      | |_________^
[INFO] [stdout] 
[INFO] [stdout] 
[INFO] [stdout] error: couldn't read `src/validate/../../../baedeker-testdata/spec/valid/typed-table-init-to-br-nullable.wasm`: No such file or directory (os error 2)
[INFO] [stdout]     --> src/validate/mod.rs:4310:21
[INFO] [stdout]      |
[INFO] [stdout] 4310 |           let bytes = include_bytes!(
[INFO] [stdout]      |  _____________________^
[INFO] [stdout] 4311 | |             "../../../baedeker-testdata/spec/valid/typed-table-init-to-br-nullable.wasm",
[INFO] [stdout] 4312 | |         );
[INFO] [stdout]      | |_________^
[INFO] [stdout] 
[INFO] [stdout] 
[INFO] [stdout] error: couldn't read `src/validate/../../../baedeker-testdata/spec/invalid-validate/typed-table-init-to-br-nullability-mismatch.wasm`: No such file or directory (os error 2)
[INFO] [stdout]     --> src/validate/mod.rs:4319:21
[INFO] [stdout]      |
[INFO] [stdout] 4319 |           let bytes = include_bytes!(
[INFO] [stdout]      |  _____________________^
[INFO] [stdout] 4320 | |             "../../../baedeker-testdata/spec/invalid-validate/typed-table-init-to-br-nullability-mismatch.wasm",
[INFO] [stdout] 4321 | |         );
[INFO] [stdout]      | |_________^
[INFO] [stdout] 
[INFO] [stdout] 
[INFO] [stdout] error: couldn't read `src/validate/../../../baedeker-testdata/spec/valid/typed-table-init-shared-source-to-br-nullable.wasm`: No such file or directory (os error 2)
[INFO] [stdout]     --> src/validate/mod.rs:4342:21
[INFO] [stdout]      |
[INFO] [stdout] 4342 |           let bytes = include_bytes!(
[INFO] [stdout]      |  _____________________^
[INFO] [stdout] 4343 | |             "../../../baedeker-testdata/spec/valid/typed-table-init-shared-source-to-br-nullable.wasm",
[INFO] [stdout] 4344 | |         );
[INFO] [stdout]      | |_________^
[INFO] [stdout] 
[INFO] [stdout] 
[INFO] [stdout] error: couldn't read `src/validate/../../../baedeker-testdata/spec/invalid-validate/typed-table-init-shared-source-to-br-nullability-mismatch.wasm`: No such file or directory (os error 2)
[INFO] [stdout]     --> src/validate/mod.rs:4351:21
[INFO] [stdout]      |
[INFO] [stdout] 4351 |           let bytes = include_bytes!(
[INFO] [stdout]      |  _____________________^
[INFO] [stdout] 4352 | |             "../../../baedeker-testdata/spec/invalid-validate/typed-table-init-shared-source-to-br-nullability-mismatch.wasm",
[INFO] [stdout] 4353 | |         );
[INFO] [stdout]      | |_________^
[INFO] [stdout] 
[INFO] [stdout] 
[INFO] [stdout] error: couldn't read `src/validate/../../../baedeker-testdata/spec/valid/ref-as-non-null-unreachable.wasm`: No such file or directory (os error 2)
[INFO] [stdout]     --> src/validate/mod.rs:4453:21
[INFO] [stdout]      |
[INFO] [stdout] 4453 |           let bytes = include_bytes!(
[INFO] [stdout]      |  _____________________^
[INFO] [stdout] 4454 | |             "../../../baedeker-testdata/spec/valid/ref-as-non-null-unreachable.wasm"
[INFO] [stdout] 4455 | |         );
[INFO] [stdout]      | |_________^
[INFO] [stdout] 
[INFO] [stdout] 
[INFO] [stdout] error: couldn't read `src/validate/../../../baedeker-testdata/spec/valid/ref-as-non-null-direct-call-ref-func.wasm`: No such file or directory (os error 2)
[INFO] [stdout]     --> src/validate/mod.rs:4462:21
[INFO] [stdout]      |
[INFO] [stdout] 4462 |           let bytes = include_bytes!(
[INFO] [stdout]      |  _____________________^
[INFO] [stdout] 4463 | |             "../../../baedeker-testdata/spec/valid/ref-as-non-null-direct-call-ref-func.wasm",
[INFO] [stdout] 4464 | |         );
[INFO] [stdout]      | |_________^
[INFO] [stdout] 
[INFO] [stdout] 
[INFO] [stdout] error: couldn't read `src/validate/../../../baedeker-testdata/spec/invalid-validate/ref-as-non-null-null-to-nonnull-call.wasm`: No such file or directory (os error 2)
[INFO] [stdout]     --> src/validate/mod.rs:4490:21
[INFO] [stdout]      |
[INFO] [stdout] 4490 |           let bytes = include_bytes!(
[INFO] [stdout]      |  _____________________^
[INFO] [stdout] 4491 | |             "../../../baedeker-testdata/spec/invalid-validate/ref-as-non-null-null-to-nonnull-call.wasm",
[INFO] [stdout] 4492 | |         );
[INFO] [stdout]      | |_________^
[INFO] [stdout] 
[INFO] [stdout] 
[INFO] [stdout] error: couldn't read `src/validate/../../../baedeker-testdata/spec/valid/typed-ref-as-non-null-global-set-equivalent-signature.wasm`: No such file or directory (os error 2)
[INFO] [stdout]     --> src/validate/mod.rs:4513:21
[INFO] [stdout]      |
[INFO] [stdout] 4513 |           let bytes = include_bytes!(
[INFO] [stdout]      |  _____________________^
[INFO] [stdout] 4514 | |             "../../../baedeker-testdata/spec/valid/typed-ref-as-non-null-global-set-equivalent-signature.wasm",
[INFO] [stdout] 4515 | |         );
[INFO] [stdout]      | |_________^
[INFO] [stdout] 
[INFO] [stdout] 
[INFO] [stdout] error: couldn't read `src/validate/../../../baedeker-testdata/spec/invalid-validate/typed-ref-as-non-null-global-set-wrong-concrete-type.wasm`: No such file or directory (os error 2)
[INFO] [stdout]     --> src/validate/mod.rs:4522:21
[INFO] [stdout]      |
[INFO] [stdout] 4522 |           let bytes = include_bytes!(
[INFO] [stdout]      |  _____________________^
[INFO] [stdout] 4523 | |             "../../../baedeker-testdata/spec/invalid-validate/typed-ref-as-non-null-global-set-wrong-concrete-type.wasm",
[INFO] [stdout] 4524 | |         );
[INFO] [stdout]      | |_________^
[INFO] [stdout] 
[INFO] [stdout] 
[INFO] [stdout] error: couldn't read `src/validate/../../../baedeker-testdata/spec/valid/typed-ref-as-non-null-if-join-equivalent-signature.wasm`: No such file or directory (os error 2)
[INFO] [stdout]     --> src/validate/mod.rs:4545:21
[INFO] [stdout]      |
[INFO] [stdout] 4545 |           let bytes = include_bytes!(
[INFO] [stdout]      |  _____________________^
[INFO] [stdout] 4546 | |             "../../../baedeker-testdata/spec/valid/typed-ref-as-non-null-if-join-equivalent-signature.wasm",
[INFO] [stdout] 4547 | |         );
[INFO] [stdout]      | |_________^
[INFO] [stdout] 
[INFO] [stdout] 
[INFO] [stdout] error: couldn't read `src/validate/../../../baedeker-testdata/spec/invalid-validate/typed-ref-as-non-null-if-join-wrong-concrete-type.wasm`: No such file or directory (os error 2)
[INFO] [stdout]     --> src/validate/mod.rs:4554:21
[INFO] [stdout]      |
[INFO] [stdout] 4554 |           let bytes = include_bytes!(
[INFO] [stdout]      |  _____________________^
[INFO] [stdout] 4555 | |             "../../../baedeker-testdata/spec/invalid-validate/typed-ref-as-non-null-if-join-wrong-concrete-type.wasm",
[INFO] [stdout] 4556 | |         );
[INFO] [stdout]      | |_________^
[INFO] [stdout] 
[INFO] [stdout] 
[INFO] [stdout] error: couldn't read `src/validate/../../../baedeker-testdata/spec/invalid-validate/typed-ref-as-non-null-function-result-wrong-concrete-type.wasm`: No such file or directory (os error 2)
[INFO] [stdout]     --> src/validate/mod.rs:4575:21
[INFO] [stdout]      |
[INFO] [stdout] 4575 |           let bytes = include_bytes!(
[INFO] [stdout]      |  _____________________^
[INFO] [stdout] 4576 | |             "../../../baedeker-testdata/spec/invalid-validate/typed-ref-as-non-null-function-result-wrong-concrete-type.wasm",
[INFO] [stdout] 4577 | |         );
[INFO] [stdout]      | |_________^
[INFO] [stdout] 
[INFO] [stdout] 
[INFO] [stdout] error: couldn't read `src/validate/../../../baedeker-testdata/spec/valid/typed-br-if-to-loop-param-nullable.wasm`: No such file or directory (os error 2)
[INFO] [stdout]     --> src/validate/mod.rs:4599:21
[INFO] [stdout]      |
[INFO] [stdout] 4599 |           let bytes = include_bytes!(
[INFO] [stdout]      |  _____________________^
[INFO] [stdout] 4600 | |             "../../../baedeker-testdata/spec/valid/typed-br-if-to-loop-param-nullable.wasm",
[INFO] [stdout] 4601 | |         );
[INFO] [stdout]      | |_________^
[INFO] [stdout] 
[INFO] [stdout] 
[INFO] [stdout] error: couldn't read `src/validate/../../../baedeker-testdata/spec/invalid-validate/typed-br-if-to-loop-param-nullability-mismatch.wasm`: No such file or directory (os error 2)
[INFO] [stdout]     --> src/validate/mod.rs:4608:21
[INFO] [stdout]      |
[INFO] [stdout] 4608 |           let bytes = include_bytes!(
[INFO] [stdout]      |  _____________________^
[INFO] [stdout] 4609 | |             "../../../baedeker-testdata/spec/invalid-validate/typed-br-if-to-loop-param-nullability-mismatch.wasm",
[INFO] [stdout] 4610 | |         );
[INFO] [stdout]      | |_________^
[INFO] [stdout] 
[INFO] [stdout] 
[INFO] [stdout] error: couldn't read `src/validate/../../../baedeker-testdata/spec/valid/typed-br-on-null-call-ref-equivalent-signature.wasm`: No such file or directory (os error 2)
[INFO] [stdout]     --> src/validate/mod.rs:4662:21
[INFO] [stdout]      |
[INFO] [stdout] 4662 |           let bytes = include_bytes!(
[INFO] [stdout]      |  _____________________^
[INFO] [stdout] 4663 | |             "../../../baedeker-testdata/spec/valid/typed-br-on-null-call-ref-equivalent-signature.wasm",
[INFO] [stdout] 4664 | |         );
[INFO] [stdout]      | |_________^
[INFO] [stdout] 
[INFO] [stdout] 
[INFO] [stdout] error: couldn't read `src/validate/../../../baedeker-testdata/spec/valid/br-on-null-unreachable.wasm`: No such file or directory (os error 2)
[INFO] [stdout]     --> src/validate/mod.rs:4672:13
[INFO] [stdout]      |
[INFO] [stdout] 4672 |             include_bytes!("../../../baedeker-testdata/spec/valid/br-on-null-unreachable.wasm",);
[INFO] [stdout]      |             ^^^^^^^^^^^^^^^^^^^^^^^^^^^^^^^^^^^^^^^^^^^^^^^^^^^^^^^^^^^^^^^^^^^^^^^^^^^^^^^^^^^^
[INFO] [stdout] 
[INFO] [stdout] 
[INFO] [stdout] error: couldn't read `src/validate/../../../baedeker-testdata/spec/invalid-validate/typed-br-on-null-call-ref-wrong-concrete-type.wasm`: No such file or directory (os error 2)
[INFO] [stdout]     --> src/validate/mod.rs:4679:21
[INFO] [stdout]      |
[INFO] [stdout] 4679 |           let bytes = include_bytes!(
[INFO] [stdout]      |  _____________________^
[INFO] [stdout] 4680 | |             "../../../baedeker-testdata/spec/invalid-validate/typed-br-on-null-call-ref-wrong-concrete-type.wasm",
[INFO] [stdout] 4681 | |         );
[INFO] [stdout]      | |_________^
[INFO] [stdout] 
[INFO] [stdout] 
[INFO] [stdout] error: couldn't read `src/validate/../../../baedeker-testdata/spec/invalid-validate/br-on-null-stack-mismatch.wasm`: No such file or directory (os error 2)
[INFO] [stdout]     --> src/validate/mod.rs:4702:21
[INFO] [stdout]      |
[INFO] [stdout] 4702 |           let bytes = include_bytes!(
[INFO] [stdout]      |  _____________________^
[INFO] [stdout] 4703 | |             "../../../baedeker-testdata/spec/invalid-validate/br-on-null-stack-mismatch.wasm",
[INFO] [stdout] 4704 | |         );
[INFO] [stdout]      | |_________^
[INFO] [stdout] 
[INFO] [stdout] 
[INFO] [stdout] error: couldn't read `src/validate/../../../baedeker-testdata/spec/invalid-validate/typed-br-on-null-block-result-wrong-concrete-type.wasm`: No such file or directory (os error 2)
[INFO] [stdout]     --> src/validate/mod.rs:4722:21
[INFO] [stdout]      |
[INFO] [stdout] 4722 |           let bytes = include_bytes!(
[INFO] [stdout]      |  _____________________^
[INFO] [stdout] 4723 | |             "../../../baedeker-testdata/spec/invalid-validate/typed-br-on-null-block-result-wrong-concrete-type.wasm",
[INFO] [stdout] 4724 | |         );
[INFO] [stdout]      | |_________^
[INFO] [stdout] 
[INFO] [stdout] 
[INFO] [stdout] error: couldn't read `src/validate/../../../baedeker-testdata/spec/valid/typed-br-on-non-null-call-ref-equivalent-signature.wasm`: No such file or directory (os error 2)
[INFO] [stdout]     --> src/validate/mod.rs:4773:21
[INFO] [stdout]      |
[INFO] [stdout] 4773 |           let bytes = include_bytes!(
[INFO] [stdout]      |  _____________________^
[INFO] [stdout] 4774 | |             "../../../baedeker-testdata/spec/valid/typed-br-on-non-null-call-ref-equivalent-signature.wasm",
[INFO] [stdout] 4775 | |         );
[INFO] [stdout]      | |_________^
[INFO] [stdout] 
[INFO] [stdout] 
[INFO] [stdout] error: couldn't read `src/validate/../../../baedeker-testdata/spec/valid/br-on-non-null-ref-as-non-null.wasm`: No such file or directory (os error 2)
[INFO] [stdout]     --> src/validate/mod.rs:4782:21
[INFO] [stdout]      |
[INFO] [stdout] 4782 |           let bytes = include_bytes!(
[INFO] [stdout]      |  _____________________^
[INFO] [stdout] 4783 | |             "../../../baedeker-testdata/spec/valid/br-on-non-null-ref-as-non-null.wasm",
[INFO] [stdout] 4784 | |         );
[INFO] [stdout]      | |_________^
[INFO] [stdout] 
[INFO] [stdout] 
[INFO] [stdout] error: couldn't read `src/validate/../../../baedeker-testdata/spec/valid/br-on-non-null-unreachable.wasm`: No such file or directory (os error 2)
[INFO] [stdout]     --> src/validate/mod.rs:4791:21
[INFO] [stdout]      |
[INFO] [stdout] 4791 |           let bytes = include_bytes!(
[INFO] [stdout]      |  _____________________^
[INFO] [stdout] 4792 | |             "../../../baedeker-testdata/spec/valid/br-on-non-null-unreachable.wasm",
[INFO] [stdout] 4793 | |         );
[INFO] [stdout]      | |_________^
[INFO] [stdout] 
[INFO] [stdout] 
[INFO] [stdout] error: couldn't read `src/validate/../../../baedeker-testdata/spec/invalid-validate/typed-br-on-non-null-call-ref-wrong-concrete-type.wasm`: No such file or directory (os error 2)
[INFO] [stdout]     --> src/validate/mod.rs:4800:21
[INFO] [stdout]      |
[INFO] [stdout] 4800 |           let bytes = include_bytes!(
[INFO] [stdout]      |  _____________________^
[INFO] [stdout] 4801 | |             "../../../baedeker-testdata/spec/invalid-validate/typed-br-on-non-null-call-ref-wrong-concrete-type.wasm",
[INFO] [stdout] 4802 | |         );
[INFO] [stdout]      | |_________^
[INFO] [stdout] 
[INFO] [stdout] 
[INFO] [stdout] error: couldn't read `src/validate/../../../baedeker-testdata/spec/invalid-validate/br-on-non-null-stack-mismatch.wasm`: No such file or directory (os error 2)
[INFO] [stdout]     --> src/validate/mod.rs:4823:21
[INFO] [stdout]      |
[INFO] [stdout] 4823 |           let bytes = include_bytes!(
[INFO] [stdout]      |  _____________________^
[INFO] [stdout] 4824 | |             "../../../baedeker-testdata/spec/invalid-validate/br-on-non-null-stack-mismatch.wasm",
[INFO] [stdout] 4825 | |         );
[INFO] [stdout]      | |_________^
[INFO] [stdout] 
[INFO] [stdout] 
[INFO] [stdout] error: couldn't read `src/validate/../../../baedeker-testdata/spec/invalid-validate/typed-br-on-non-null-block-result-wrong-concrete-type.wasm`: No such file or directory (os error 2)
[INFO] [stdout]     --> src/validate/mod.rs:4843:21
[INFO] [stdout]      |
[INFO] [stdout] 4843 |           let bytes = include_bytes!(
[INFO] [stdout]      |  _____________________^
[INFO] [stdout] 4844 | |             "../../../baedeker-testdata/spec/invalid-validate/typed-br-on-non-null-block-result-wrong-concrete-type.wasm",
[INFO] [stdout] 4845 | |         );
[INFO] [stdout]      | |_________^
[INFO] [stdout] 
[INFO] [stdout] 
[INFO] [stdout] error: couldn't read `src/validate/../../../baedeker-testdata/spec/invalid-validate/body-decode-truncated-call-ref-typeidx.wasm`: No such file or directory (os error 2)
[INFO] [stdout]     --> src/validate/mod.rs:5431:21
[INFO] [stdout]      |
[INFO] [stdout] 5431 |           let bytes = include_bytes!(
[INFO] [stdout]      |  _____________________^
[INFO] [stdout] 5432 | |             "../../../baedeker-testdata/spec/invalid-validate/body-decode-truncated-call-ref-typeidx.wasm",
[INFO] [stdout] 5433 | |         );
[INFO] [stdout]      | |_________^
[INFO] [stdout] 
[INFO] [stdout] 
[INFO] [stdout] error: couldn't read `src/validate/../../../baedeker-testdata/spec/invalid-validate/body-decode-truncated-return-call-ref-typeidx.wasm`: No such file or directory (os error 2)
[INFO] [stdout]     --> src/validate/mod.rs:5448:21
[INFO] [stdout]      |
[INFO] [stdout] 5448 |           let bytes = include_bytes!(
[INFO] [stdout]      |  _____________________^
[INFO] [stdout] 5449 | |             "../../../baedeker-testdata/spec/invalid-validate/body-decode-truncated-return-call-ref-typeidx.wasm",
[INFO] [stdout] 5450 | |         );
[INFO] [stdout]      | |_________^
[INFO] [stdout] 
[INFO] [stdout] 
[INFO] [stdout] error: couldn't read `src/validate/../../../baedeker-testdata/spec/invalid-validate/body-decode-truncated-br-on-null-labelidx.wasm`: No such file or directory (os error 2)
[INFO] [stdout]     --> src/validate/mod.rs:5465:21
[INFO] [stdout]      |
[INFO] [stdout] 5465 |           let bytes = include_bytes!(
[INFO] [stdout]      |  _____________________^
[INFO] [stdout] 5466 | |             "../../../baedeker-testdata/spec/invalid-validate/body-decode-truncated-br-on-null-labelidx.wasm",
[INFO] [stdout] 5467 | |         );
[INFO] [stdout]      | |_________^
[INFO] [stdout] 
[INFO] [stdout] 
[INFO] [stdout] error: couldn't read `src/validate/../../../baedeker-testdata/spec/invalid-validate/body-decode-truncated-br-on-non-null-labelidx.wasm`: No such file or directory (os error 2)
[INFO] [stdout]     --> src/validate/mod.rs:5482:21
[INFO] [stdout]      |
[INFO] [stdout] 5482 |           let bytes = include_bytes!(
[INFO] [stdout]      |  _____________________^
[INFO] [stdout] 5483 | |             "../../../baedeker-testdata/spec/invalid-validate/body-decode-truncated-br-on-non-null-labelidx.wasm",
[INFO] [stdout] 5484 | |         );
[INFO] [stdout]      | |_________^
[INFO] [stdout] 
[INFO] [stdout] 
[INFO] [stdout] error: couldn't read `src/validate/../../../baedeker-testdata/spec/invalid-validate/body-decode-truncated-ref-null-heaptype.wasm`: No such file or directory (os error 2)
[INFO] [stdout]     --> src/validate/mod.rs:5499:21
[INFO] [stdout]      |
[INFO] [stdout] 5499 |           let bytes = include_bytes!(
[INFO] [stdout]      |  _____________________^
[INFO] [stdout] 5500 | |             "../../../baedeker-testdata/spec/invalid-validate/body-decode-truncated-ref-null-heaptype.wasm",
[INFO] [stdout] 5501 | |         );
[INFO] [stdout]      | |_________^
[INFO] [stdout] 
[INFO] [stdout] 
[INFO] [stdout] error: couldn't read `src/validate/../../../baedeker-testdata/spec/invalid-validate/body-decode-truncated-block-result-heaptype.wasm`: No such file or directory (os error 2)
[INFO] [stdout]     --> src/validate/mod.rs:5516:21
[INFO] [stdout]      |
[INFO] [stdout] 5516 |           let bytes = include_bytes!(
[INFO] [stdout]      |  _____________________^
[INFO] [stdout] 5517 | |             "../../../baedeker-testdata/spec/invalid-validate/body-decode-truncated-block-result-heaptype.wasm",
[INFO] [stdout] 5518 | |         );
[INFO] [stdout]      | |_________^
[INFO] [stdout] 
[INFO] [stdout] 
[INFO] [stdout] error: couldn't read `src/validate/../../../baedeker-testdata/spec/valid/call-as-call-all-operands.wasm`: No such file or directory (os error 2)
[INFO] [stdout]     --> src/validate/mod.rs:5626:13
[INFO] [stdout]      |
[INFO] [stdout] 5626 |             include_bytes!("../../../baedeker-testdata/spec/valid/call-as-call-all-operands.wasm",);
[INFO] [stdout]      |             ^^^^^^^^^^^^^^^^^^^^^^^^^^^^^^^^^^^^^^^^^^^^^^^^^^^^^^^^^^^^^^^^^^^^^^^^^^^^^^^^^^^^^^^
[INFO] [stdout] 
[INFO] [stdout] 
[INFO] [stdout] error: couldn't read `src/validate/../../../baedeker-testdata/spec/valid/call-as-br-table-last.wasm`: No such file or directory (os error 2)
[INFO] [stdout]     --> src/validate/mod.rs:5634:13
[INFO] [stdout]      |
[INFO] [stdout] 5634 |             include_bytes!("../../../baedeker-testdata/spec/valid/call-as-br-table-last.wasm");
[INFO] [stdout]      |             ^^^^^^^^^^^^^^^^^^^^^^^^^^^^^^^^^^^^^^^^^^^^^^^^^^^^^^^^^^^^^^^^^^^^^^^^^^^^^^^^^^
[INFO] [stdout] 
[INFO] [stdout] 
[INFO] [stdout] error: couldn't read `src/validate/../../../baedeker-testdata/spec/valid/call-as-call-indirect-last.wasm`: No such file or directory (os error 2)
[INFO] [stdout]     --> src/validate/mod.rs:5641:21
[INFO] [stdout]      |
[INFO] [stdout] 5641 |           let bytes = include_bytes!(
[INFO] [stdout]      |  _____________________^
[INFO] [stdout] 5642 | |             "../../../baedeker-testdata/spec/valid/call-as-call-indirect-last.wasm",
[INFO] [stdout] 5643 | |         );
[INFO] [stdout]      | |_________^
[INFO] [stdout] 
[INFO] [stdout] 
[INFO] [stdout] error: couldn't read `src/validate/../../../baedeker-testdata/spec/valid/call-as-memory-grow-value.wasm`: No such file or directory (os error 2)
[INFO] [stdout]     --> src/validate/mod.rs:5651:13
[INFO] [stdout]      |
[INFO] [stdout] 5651 |             include_bytes!("../../../baedeker-testdata/spec/valid/call-as-memory-grow-value.wasm",);
[INFO] [stdout]      |             ^^^^^^^^^^^^^^^^^^^^^^^^^^^^^^^^^^^^^^^^^^^^^^^^^^^^^^^^^^^^^^^^^^^^^^^^^^^^^^^^^^^^^^^
[INFO] [stdout] 
[INFO] [stdout] 
[INFO] [stdout] error: couldn't read `src/validate/../../../baedeker-testdata/spec/valid/call-as-local-tee-value.wasm`: No such file or directory (os error 2)
[INFO] [stdout]     --> src/validate/mod.rs:5659:13
[INFO] [stdout]      |
[INFO] [stdout] 5659 |             include_bytes!("../../../baedeker-testdata/spec/valid/call-as-local-tee-value.wasm",);
[INFO] [stdout]      |             ^^^^^^^^^^^^^^^^^^^^^^^^^^^^^^^^^^^^^^^^^^^^^^^^^^^^^^^^^^^^^^^^^^^^^^^^^^^^^^^^^^^^^
[INFO] [stdout] 
[INFO] [stdout] 
[INFO] [stdout] error: couldn't read `src/validate/../../../baedeker-testdata/spec/valid/call-as-load-operand.wasm`: No such file or directory (os error 2)
[INFO] [stdout]     --> src/validate/mod.rs:5667:13
[INFO] [stdout]      |
[INFO] [stdout] 5667 |             include_bytes!("../../../baedeker-testdata/spec/valid/call-as-load-operand.wasm");
[INFO] [stdout]      |             ^^^^^^^^^^^^^^^^^^^^^^^^^^^^^^^^^^^^^^^^^^^^^^^^^^^^^^^^^^^^^^^^^^^^^^^^^^^^^^^^^
[INFO] [stdout] 
[INFO] [stdout] 
[INFO] [stdout] error: couldn't read `src/validate/../../../baedeker-testdata/spec/valid/call-as-compare-right.wasm`: No such file or directory (os error 2)
[INFO] [stdout]     --> src/validate/mod.rs:5675:13
[INFO] [stdout]      |
[INFO] [stdout] 5675 |             include_bytes!("../../../baedeker-testdata/spec/valid/call-as-compare-right.wasm",);
[INFO] [stdout]      |             ^^^^^^^^^^^^^^^^^^^^^^^^^^^^^^^^^^^^^^^^^^^^^^^^^^^^^^^^^^^^^^^^^^^^^^^^^^^^^^^^^^^
[INFO] [stdout] 
[INFO] [stdout] 
[INFO] [stdout] error: couldn't read `src/validate/../../../baedeker-testdata/spec/valid/call-as-convert-operand.wasm`: No such file or directory (os error 2)
[INFO] [stdout]     --> src/validate/mod.rs:5683:13
[INFO] [stdout]      |
[INFO] [stdout] 5683 |             include_bytes!("../../../baedeker-testdata/spec/valid/call-as-convert-operand.wasm",);
[INFO] [stdout]      |             ^^^^^^^^^^^^^^^^^^^^^^^^^^^^^^^^^^^^^^^^^^^^^^^^^^^^^^^^^^^^^^^^^^^^^^^^^^^^^^^^^^^^^
[INFO] [stdout] 
[INFO] [stdout] 
[INFO] [stdout] error: couldn't read `src/validate/../../../baedeker-testdata/spec/valid/unreachable-as-func-mid.wasm`: No such file or directory (os error 2)
[INFO] [stdout]     --> src/validate/mod.rs:5691:13
[INFO] [stdout]      |
[INFO] [stdout] 5691 |             include_bytes!("../../../baedeker-testdata/spec/valid/unreachable-as-func-mid.wasm");
[INFO] [stdout]      |             ^^^^^^^^^^^^^^^^^^^^^^^^^^^^^^^^^^^^^^^^^^^^^^^^^^^^^^^^^^^^^^^^^^^^^^^^^^^^^^^^^^^^
[INFO] [stdout] 
[INFO] [stdout] 
[INFO] [stdout] error: couldn't read `src/validate/../../../baedeker-testdata/spec/valid/unreachable-as-block-value.wasm`: No such file or directory (os error 2)
[INFO] [stdout]     --> src/validate/mod.rs:5698:21
[INFO] [stdout]      |
[INFO] [stdout] 5698 |           let bytes = include_bytes!(
[INFO] [stdout]      |  _____________________^
[INFO] [stdout] 5699 | |             "../../../baedeker-testdata/spec/valid/unreachable-as-block-value.wasm",
[INFO] [stdout] 5700 | |         );
[INFO] [stdout]      | |_________^
[INFO] [stdout] 
[INFO] [stdout] 
[INFO] [stdout] error: couldn't read `src/validate/../../../baedeker-testdata/spec/valid/unreachable-as-br-table-value-index.wasm`: No such file or directory (os error 2)
[INFO] [stdout]     --> src/validate/mod.rs:5707:21
[INFO] [stdout]      |
[INFO] [stdout] 5707 |           let bytes = include_bytes!(
[INFO] [stdout]      |  _____________________^
[INFO] [stdout] 5708 | |             "../../../baedeker-testdata/spec/valid/unreachable-as-br-table-value-index.wasm",
[INFO] [stdout] 5709 | |         );
[INFO] [stdout]      | |_________^
[INFO] [stdout] 
[INFO] [stdout] 
[INFO] [stdout] error: couldn't read `src/validate/../../../baedeker-testdata/spec/valid/unreachable-as-if-then-no-else.wasm`: No such file or directory (os error 2)
[INFO] [stdout]     --> src/validate/mod.rs:5716:21
[INFO] [stdout]      |
[INFO] [stdout] 5716 |           let bytes = include_bytes!(
[INFO] [stdout]      |  _____________________^
[INFO] [stdout] 5717 | |             "../../../baedeker-testdata/spec/valid/unreachable-as-if-then-no-else.wasm",
[INFO] [stdout] 5718 | |         );
[INFO] [stdout]      | |_________^
[INFO] [stdout] 
[INFO] [stdout] 
[INFO] [stdout] error: couldn't read `src/validate/../../../baedeker-testdata/spec/valid/unreachable-as-call-indirect-first.wasm`: No such file or directory (os error 2)
[INFO] [stdout]     --> src/validate/mod.rs:5725:21
[INFO] [stdout]      |
[INFO] [stdout] 5725 |           let bytes = include_bytes!(
[INFO] [stdout]      |  _____________________^
[INFO] [stdout] 5726 | |             "../../../baedeker-testdata/spec/valid/unreachable-as-call-indirect-first.wasm",
[INFO] [stdout] 5727 | |         );
[INFO] [stdout]      | |_________^
[INFO] [stdout] 
[INFO] [stdout] 
[INFO] [stdout] error: couldn't read `src/validate/../../../baedeker-testdata/spec/valid/unreachable-as-local-tee-value.wasm`: No such file or directory (os error 2)
[INFO] [stdout]     --> src/validate/mod.rs:5734:21
[INFO] [stdout]      |
[INFO] [stdout] 5734 |           let bytes = include_bytes!(
[INFO] [stdout]      |  _____________________^
[INFO] [stdout] 5735 | |             "../../../baedeker-testdata/spec/valid/unreachable-as-local-tee-value.wasm",
[INFO] [stdout] 5736 | |         );
[INFO] [stdout]      | |_________^
[INFO] [stdout] 
[INFO] [stdout] 
[INFO] [stdout] error: couldn't read `src/validate/../../../baedeker-testdata/spec/valid/unreachable-as-storeN-value.wasm`: No such file or directory (os error 2)
[INFO] [stdout]     --> src/validate/mod.rs:5743:21
[INFO] [stdout]      |
[INFO] [stdout] 5743 |           let bytes = include_bytes!(
[INFO] [stdout]      |  _____________________^
[INFO] [stdout] 5744 | |             "../../../baedeker-testdata/spec/valid/unreachable-as-storeN-value.wasm",
[INFO] [stdout] 5745 | |         );
[INFO] [stdout]      | |_________^
[INFO] [stdout] 
[INFO] [stdout] 
[INFO] [stdout] error: couldn't read `src/validate/../../../baedeker-testdata/spec/valid/unreachable-as-convert-operand.wasm`: No such file or directory (os error 2)
[INFO] [stdout]     --> src/validate/mod.rs:5752:21
[INFO] [stdout]      |
[INFO] [stdout] 5752 |           let bytes = include_bytes!(
[INFO] [stdout]      |  _____________________^
[INFO] [stdout] 5753 | |             "../../../baedeker-testdata/spec/valid/unreachable-as-convert-operand.wasm",
[INFO] [stdout] 5754 | |         );
[INFO] [stdout]      | |_________^
[INFO] [stdout] 
[INFO] [stdout] 
[INFO] [stdout] error: couldn't read `src/validate/../../../baedeker-testdata/spec/valid/call-indirect-as-select-last.wasm`: No such file or directory (os error 2)
[INFO] [stdout]     --> src/validate/mod.rs:5761:21
[INFO] [stdout]      |
[INFO] [stdout] 5761 |           let bytes = include_bytes!(
[INFO] [stdout]      |  _____________________^
[INFO] [stdout] 5762 | |             "../../../baedeker-testdata/spec/valid/call-indirect-as-select-last.wasm",
[INFO] [stdout] 5763 | |         );
[INFO] [stdout]      | |_________^
[INFO] [stdout] 
[INFO] [stdout] 
[INFO] [stdout] error: couldn't read `src/validate/../../../baedeker-testdata/spec/valid/call-indirect-as-br-if-first.wasm`: No such file or directory (os error 2)
[INFO] [stdout]     --> src/validate/mod.rs:5770:21
[INFO] [stdout]      |
[INFO] [stdout] 5770 |           let bytes = include_bytes!(
[INFO] [stdout]      |  _____________________^
[INFO] [stdout] 5771 | |             "../../../baedeker-testdata/spec/valid/call-indirect-as-br-if-first.wasm",
[INFO] [stdout] 5772 | |         );
[INFO] [stdout]      | |_________^
[INFO] [stdout] 
[INFO] [stdout] 
[INFO] [stdout] error: couldn't read `src/validate/../../../baedeker-testdata/spec/valid/call-indirect-as-store-last.wasm`: No such file or directory (os error 2)
[INFO] [stdout]     --> src/validate/mod.rs:5779:21
[INFO] [stdout]      |
[INFO] [stdout] 5779 |           let bytes = include_bytes!(
[INFO] [stdout]      |  _____________________^
[INFO] [stdout] 5780 | |             "../../../baedeker-testdata/spec/valid/call-indirect-as-store-last.wasm",
[INFO] [stdout] 5781 | |         );
[INFO] [stdout]      | |_________^
[INFO] [stdout] 
[INFO] [stdout] 
[INFO] [stdout] error: couldn't read `src/validate/../../../baedeker-testdata/spec/valid/call-indirect-as-memory-grow-value.wasm`: No such file or directory (os error 2)
[INFO] [stdout]     --> src/validate/mod.rs:5788:21
[INFO] [stdout]      |
[INFO] [stdout] 5788 |           let bytes = include_bytes!(
[INFO] [stdout]      |  _____________________^
[INFO] [stdout] 5789 | |             "../../../baedeker-testdata/spec/valid/call-indirect-as-memory-grow-value.wasm",
[INFO] [stdout] 5790 | |         );
[INFO] [stdout]      | |_________^
[INFO] [stdout] 
[INFO] [stdout] 
[INFO] [stdout] error: couldn't read `src/validate/../../../baedeker-testdata/spec/valid/call-indirect-as-local-tee-value.wasm`: No such file or directory (os error 2)
[INFO] [stdout]     --> src/validate/mod.rs:5797:21
[INFO] [stdout]      |
[INFO] [stdout] 5797 |           let bytes = include_bytes!(
[INFO] [stdout]      |  _____________________^
[INFO] [stdout] 5798 | |             "../../../baedeker-testdata/spec/valid/call-indirect-as-local-tee-value.wasm",
[INFO] [stdout] 5799 | |         );
[INFO] [stdout]      | |_________^
[INFO] [stdout] 
[INFO] [stdout] 
[INFO] [stdout] error: couldn't read `src/validate/../../../baedeker-testdata/spec/valid/call-indirect-as-load-operand.wasm`: No such file or directory (os error 2)
[INFO] [stdout]     --> src/validate/mod.rs:5806:21
[INFO] [stdout]      |
[INFO] [stdout] 5806 |           let bytes = include_bytes!(
[INFO] [stdout]      |  _____________________^
[INFO] [stdout] 5807 | |             "../../../baedeker-testdata/spec/valid/call-indirect-as-load-operand.wasm",
[INFO] [stdout] 5808 | |         );
[INFO] [stdout]      | |_________^
[INFO] [stdout] 
[INFO] [stdout] 
[INFO] [stdout] error: couldn't read `src/validate/../../../baedeker-testdata/spec/valid/call-indirect-as-compare-right.wasm`: No such file or directory (os error 2)
[INFO] [stdout]     --> src/validate/mod.rs:5815:21
[INFO] [stdout]      |
[INFO] [stdout] 5815 |           let bytes = include_bytes!(
[INFO] [stdout]      |  _____________________^
[INFO] [stdout] 5816 | |             "../../../baedeker-testdata/spec/valid/call-indirect-as-compare-right.wasm",
[INFO] [stdout] 5817 | |         );
[INFO] [stdout]      | |_________^
[INFO] [stdout] 
[INFO] [stdout] 
[INFO] [stdout] error: couldn't read `src/validate/../../../baedeker-testdata/spec/valid/call-indirect-as-convert-operand.wasm`: No such file or directory (os error 2)
[INFO] [stdout]     --> src/validate/mod.rs:5824:21
[INFO] [stdout]      |
[INFO] [stdout] 5824 |           let bytes = include_bytes!(
[INFO] [stdout]      |  _____________________^
[INFO] [stdout] 5825 | |             "../../../baedeker-testdata/spec/valid/call-indirect-as-convert-operand.wasm",
[INFO] [stdout] 5826 | |         );
[INFO] [stdout]      | |_________^
[INFO] [stdout] 
[INFO] [stdout] 
[INFO] [stdout] error: couldn't read `src/validate/../../../baedeker-testdata/spec/valid/block-as-select-cond.wasm`: No such file or directory (os error 2)
[INFO] [stdout]     --> src/validate/mod.rs:5834:13
[INFO] [stdout]      |
[INFO] [stdout] 5834 |             include_bytes!("../../../baedeker-testdata/spec/valid/block-as-select-cond.wasm");
[INFO] [stdout]      |             ^^^^^^^^^^^^^^^^^^^^^^^^^^^^^^^^^^^^^^^^^^^^^^^^^^^^^^^^^^^^^^^^^^^^^^^^^^^^^^^^^
[INFO] [stdout] 
[INFO] [stdout] 
[INFO] [stdout] error: couldn't read `src/validate/../../../baedeker-testdata/spec/valid/block-as-load-address.wasm`: No such file or directory (os error 2)
[INFO] [stdout]     --> src/validate/mod.rs:5842:13
[INFO] [stdout]      |
[INFO] [stdout] 5842 |             include_bytes!("../../../baedeker-testdata/spec/valid/block-as-load-address.wasm");
[INFO] [stdout]      |             ^^^^^^^^^^^^^^^^^^^^^^^^^^^^^^^^^^^^^^^^^^^^^^^^^^^^^^^^^^^^^^^^^^^^^^^^^^^^^^^^^^
[INFO] [stdout] 
[INFO] [stdout] 
[INFO] [stdout] error: couldn't read `src/validate/../../../baedeker-testdata/spec/valid/if-as-call-indirect-last.wasm`: No such file or directory (os error 2)
[INFO] [stdout]     --> src/validate/mod.rs:5850:13
[INFO] [stdout]      |
[INFO] [stdout] 5850 |             include_bytes!("../../../baedeker-testdata/spec/valid/if-as-call-indirect-last.wasm",);
[INFO] [stdout]      |             ^^^^^^^^^^^^^^^^^^^^^^^^^^^^^^^^^^^^^^^^^^^^^^^^^^^^^^^^^^^^^^^^^^^^^^^^^^^^^^^^^^^^^^
[INFO] [stdout] 
[INFO] [stdout] 
[INFO] [stdout] error: couldn't read `src/validate/../../../baedeker-testdata/spec/valid/if-as-memory-grow-size.wasm`: No such file or directory (os error 2)
[INFO] [stdout]     --> src/validate/mod.rs:5858:13
[INFO] [stdout]      |
[INFO] [stdout] 5858 |             include_bytes!("../../../baedeker-testdata/spec/valid/if-as-memory-grow-size.wasm");
[INFO] [stdout]      |             ^^^^^^^^^^^^^^^^^^^^^^^^^^^^^^^^^^^^^^^^^^^^^^^^^^^^^^^^^^^^^^^^^^^^^^^^^^^^^^^^^^^
[INFO] [stdout] 
[INFO] [stdout] 
[INFO] [stdout] error: couldn't read `src/validate/../../../baedeker-testdata/spec/valid/loop-as-local-tee-value.wasm`: No such file or directory (os error 2)
[INFO] [stdout]     --> src/validate/mod.rs:5866:13
[INFO] [stdout]      |
[INFO] [stdout] 5866 |             include_bytes!("../../../baedeker-testdata/spec/valid/loop-as-local-tee-value.wasm");
[INFO] [stdout]      |             ^^^^^^^^^^^^^^^^^^^^^^^^^^^^^^^^^^^^^^^^^^^^^^^^^^^^^^^^^^^^^^^^^^^^^^^^^^^^^^^^^^^^
[INFO] [stdout] 
[INFO] [stdout] 
[INFO] [stdout] error: couldn't read `src/validate/../../../baedeker-testdata/spec/valid/loop-as-memory-grow-size.wasm`: No such file or directory (os error 2)
[INFO] [stdout]     --> src/validate/mod.rs:5874:13
[INFO] [stdout]      |
[INFO] [stdout] 5874 |             include_bytes!("../../../baedeker-testdata/spec/valid/loop-as-memory-grow-size.wasm",);
[INFO] [stdout]      |             ^^^^^^^^^^^^^^^^^^^^^^^^^^^^^^^^^^^^^^^^^^^^^^^^^^^^^^^^^^^^^^^^^^^^^^^^^^^^^^^^^^^^^^
[INFO] [stdout] 
[INFO] [stdout] 
[INFO] [stdout] error: couldn't read `src/validate/../../../baedeker-testdata/spec/valid/return-as-call-value.wasm`: No such file or directory (os error 2)
[INFO] [stdout]     --> src/validate/mod.rs:5882:13
[INFO] [stdout]      |
[INFO] [stdout] 5882 |             include_bytes!("../../../baedeker-testdata/spec/valid/return-as-call-value.wasm");
[INFO] [stdout]      |             ^^^^^^^^^^^^^^^^^^^^^^^^^^^^^^^^^^^^^^^^^^^^^^^^^^^^^^^^^^^^^^^^^^^^^^^^^^^^^^^^^
[INFO] [stdout] 
[INFO] [stdout] 
[INFO] [stdout] error: couldn't read `src/validate/../../../baedeker-testdata/spec/valid/return-as-br-value.wasm`: No such file or directory (os error 2)
[INFO] [stdout]     --> src/validate/mod.rs:5889:21
[INFO] [stdout]      |
[INFO] [stdout] 5889 |         let bytes = include_bytes!("../../../baedeker-testdata/spec/valid/return-as-br-value.wasm");
[INFO] [stdout]      |                     ^^^^^^^^^^^^^^^^^^^^^^^^^^^^^^^^^^^^^^^^^^^^^^^^^^^^^^^^^^^^^^^^^^^^^^^^^^^^^^^
[INFO] [stdout] 
[INFO] [stdout] 
[INFO] [stdout] error: couldn't read `src/validate/../../../baedeker-testdata/spec/valid/br-as-br-if-value-cond.wasm`: No such file or directory (os error 2)
[INFO] [stdout]     --> src/validate/mod.rs:5897:13
[INFO] [stdout]      |
[INFO] [stdout] 5897 |             include_bytes!("../../../baedeker-testdata/spec/valid/br-as-br-if-value-cond.wasm");
[INFO] [stdout]      |             ^^^^^^^^^^^^^^^^^^^^^^^^^^^^^^^^^^^^^^^^^^^^^^^^^^^^^^^^^^^^^^^^^^^^^^^^^^^^^^^^^^^
[INFO] [stdout] 
[INFO] [stdout] 
[INFO] [stdout] error: couldn't read `src/validate/../../../baedeker-testdata/spec/valid/br-as-select-all.wasm`: No such file or directory (os error 2)
[INFO] [stdout]     --> src/validate/mod.rs:5904:21
[INFO] [stdout]      |
[INFO] [stdout] 5904 |         let bytes = include_bytes!("../../../baedeker-testdata/spec/valid/br-as-select-all.wasm");
[INFO] [stdout]      |                     ^^^^^^^^^^^^^^^^^^^^^^^^^^^^^^^^^^^^^^^^^^^^^^^^^^^^^^^^^^^^^^^^^^^^^^^^^^^^^
[INFO] [stdout] 
[INFO] [stdout] 
[INFO] [stdout] error: couldn't read `src/validate/../../../baedeker-testdata/spec/valid/br-as-call-indirect-all.wasm`: No such file or directory (os error 2)
[INFO] [stdout]     --> src/validate/mod.rs:5912:13
[INFO] [stdout]      |
[INFO] [stdout] 5912 |             include_bytes!("../../../baedeker-testdata/spec/valid/br-as-call-indirect-all.wasm",);
[INFO] [stdout]      |             ^^^^^^^^^^^^^^^^^^^^^^^^^^^^^^^^^^^^^^^^^^^^^^^^^^^^^^^^^^^^^^^^^^^^^^^^^^^^^^^^^^^^^
[INFO] [stdout] 
[INFO] [stdout] 
[INFO] [stdout] error: couldn't read `src/validate/../../../baedeker-testdata/spec/valid/br-as-local-tee-value.wasm`: No such file or directory (os error 2)
[INFO] [stdout]     --> src/validate/mod.rs:5920:13
[INFO] [stdout]      |
[INFO] [stdout] 5920 |             include_bytes!("../../../baedeker-testdata/spec/valid/br-as-local-tee-value.wasm");
[INFO] [stdout]      |             ^^^^^^^^^^^^^^^^^^^^^^^^^^^^^^^^^^^^^^^^^^^^^^^^^^^^^^^^^^^^^^^^^^^^^^^^^^^^^^^^^^
[INFO] [stdout] 
[INFO] [stdout] 
[INFO] [stdout] error: couldn't read `src/validate/../../../baedeker-testdata/spec/valid/br-as-load-address.wasm`: No such file or directory (os error 2)
[INFO] [stdout]     --> src/validate/mod.rs:5927:21
[INFO] [stdout]      |
[INFO] [stdout] 5927 |         let bytes = include_bytes!("../../../baedeker-testdata/spec/valid/br-as-load-address.wasm");
[INFO] [stdout]      |                     ^^^^^^^^^^^^^^^^^^^^^^^^^^^^^^^^^^^^^^^^^^^^^^^^^^^^^^^^^^^^^^^^^^^^^^^^^^^^^^^
[INFO] [stdout] 
[INFO] [stdout] 
[INFO] [stdout] error: couldn't read `src/validate/../../../baedeker-testdata/spec/valid/br-as-storeN-value.wasm`: No such file or directory (os error 2)
[INFO] [stdout]     --> src/validate/mod.rs:5934:21
[INFO] [stdout]      |
[INFO] [stdout] 5934 |         let bytes = include_bytes!("../../../baedeker-testdata/spec/valid/br-as-storeN-value.wasm");
[INFO] [stdout]      |                     ^^^^^^^^^^^^^^^^^^^^^^^^^^^^^^^^^^^^^^^^^^^^^^^^^^^^^^^^^^^^^^^^^^^^^^^^^^^^^^^
[INFO] [stdout] 
[INFO] [stdout] 
[INFO] [stdout] error: couldn't read `src/validate/../../../baedeker-testdata/spec/valid/br-as-memory-grow-size.wasm`: No such file or directory (os error 2)
[INFO] [stdout]     --> src/validate/mod.rs:5942:13
[INFO] [stdout]      |
[INFO] [stdout] 5942 |             include_bytes!("../../../baedeker-testdata/spec/valid/br-as-memory-grow-size.wasm",);
[INFO] [stdout]      |             ^^^^^^^^^^^^^^^^^^^^^^^^^^^^^^^^^^^^^^^^^^^^^^^^^^^^^^^^^^^^^^^^^^^^^^^^^^^^^^^^^^^^
[INFO] [stdout] 
[INFO] [stdout] 
[INFO] [stdout] error: couldn't read `src/validate/../../../baedeker-testdata/spec/valid/br-if-as-br-if-value-cond.wasm`: No such file or directory (os error 2)
[INFO] [stdout]     --> src/validate/mod.rs:5950:13
[INFO] [stdout]      |
[INFO] [stdout] 5950 |             include_bytes!("../../../baedeker-testdata/spec/valid/br-if-as-br-if-value-cond.wasm",);
[INFO] [stdout]      |             ^^^^^^^^^^^^^^^^^^^^^^^^^^^^^^^^^^^^^^^^^^^^^^^^^^^^^^^^^^^^^^^^^^^^^^^^^^^^^^^^^^^^^^^
[INFO] [stdout] 
[INFO] [stdout] 
[INFO] [stdout] error: couldn't read `src/validate/../../../baedeker-testdata/spec/valid/br-if-as-select-cond.wasm`: No such file or directory (os error 2)
[INFO] [stdout]     --> src/validate/mod.rs:5958:13
[INFO] [stdout]      |
[INFO] [stdout] 5958 |             include_bytes!("../../../baedeker-testdata/spec/valid/br-if-as-select-cond.wasm");
[INFO] [stdout]      |             ^^^^^^^^^^^^^^^^^^^^^^^^^^^^^^^^^^^^^^^^^^^^^^^^^^^^^^^^^^^^^^^^^^^^^^^^^^^^^^^^^
[INFO] [stdout] 
[INFO] [stdout] 
[INFO] [stdout] error: couldn't read `src/validate/../../../baedeker-testdata/spec/valid/br-if-as-call-indirect-last.wasm`: No such file or directory (os error 2)
[INFO] [stdout]     --> src/validate/mod.rs:5965:21
[INFO] [stdout]      |
[INFO] [stdout] 5965 |           let bytes = include_bytes!(
[INFO] [stdout]      |  _____________________^
[INFO] [stdout] 5966 | |             "../../../baedeker-testdata/spec/valid/br-if-as-call-indirect-last.wasm",
[INFO] [stdout] 5967 | |         );
[INFO] [stdout]      | |_________^
[INFO] [stdout] 
[INFO] [stdout] 
[INFO] [stdout] error: couldn't read `src/validate/../../../baedeker-testdata/spec/valid/br-if-as-local-tee-value.wasm`: No such file or directory (os error 2)
[INFO] [stdout]     --> src/validate/mod.rs:5975:13
[INFO] [stdout]      |
[INFO] [stdout] 5975 |             include_bytes!("../../../baedeker-testdata/spec/valid/br-if-as-local-tee-value.wasm",);
[INFO] [stdout]      |             ^^^^^^^^^^^^^^^^^^^^^^^^^^^^^^^^^^^^^^^^^^^^^^^^^^^^^^^^^^^^^^^^^^^^^^^^^^^^^^^^^^^^^^
[INFO] [stdout] 
[INFO] [stdout] 
[INFO] [stdout] error: couldn't read `src/validate/../../../baedeker-testdata/spec/valid/br-if-as-load-address.wasm`: No such file or directory (os error 2)
[INFO] [stdout]     --> src/validate/mod.rs:5983:13
[INFO] [stdout]      |
[INFO] [stdout] 5983 |             include_bytes!("../../../baedeker-testdata/spec/valid/br-if-as-load-address.wasm");
[INFO] [stdout]      |             ^^^^^^^^^^^^^^^^^^^^^^^^^^^^^^^^^^^^^^^^^^^^^^^^^^^^^^^^^^^^^^^^^^^^^^^^^^^^^^^^^^
[INFO] [stdout] 
[INFO] [stdout] 
[INFO] [stdout] error: couldn't read `src/validate/../../../baedeker-testdata/spec/valid/br-if-as-storeN-value.wasm`: No such file or directory (os error 2)
[INFO] [stdout]     --> src/validate/mod.rs:5991:13
[INFO] [stdout]      |
[INFO] [stdout] 5991 |             include_bytes!("../../../baedeker-testdata/spec/valid/br-if-as-storeN-value.wasm");
[INFO] [stdout]      |             ^^^^^^^^^^^^^^^^^^^^^^^^^^^^^^^^^^^^^^^^^^^^^^^^^^^^^^^^^^^^^^^^^^^^^^^^^^^^^^^^^^
[INFO] [stdout] 
[INFO] [stdout] 
[INFO] [stdout] error: couldn't read `src/validate/../../../baedeker-testdata/spec/valid/br-if-as-memory-grow-size.wasm`: No such file or directory (os error 2)
[INFO] [stdout]     --> src/validate/mod.rs:5999:13
[INFO] [stdout]      |
[INFO] [stdout] 5999 |             include_bytes!("../../../baedeker-testdata/spec/valid/br-if-as-memory-grow-size.wasm",);
[INFO] [stdout]      |             ^^^^^^^^^^^^^^^^^^^^^^^^^^^^^^^^^^^^^^^^^^^^^^^^^^^^^^^^^^^^^^^^^^^^^^^^^^^^^^^^^^^^^^^
[INFO] [stdout] 
[INFO] [stdout] 
[INFO] [stdout] error: couldn't read `src/validate/../../../baedeker-testdata/spec/valid/br-table-type-f64-value.wasm`: No such file or directory (os error 2)
[INFO] [stdout]     --> src/validate/mod.rs:6018:13
[INFO] [stdout]      |
[INFO] [stdout] 6018 |             include_bytes!("../../../baedeker-testdata/spec/valid/br-table-type-f64-value.wasm");
[INFO] [stdout]      |             ^^^^^^^^^^^^^^^^^^^^^^^^^^^^^^^^^^^^^^^^^^^^^^^^^^^^^^^^^^^^^^^^^^^^^^^^^^^^^^^^^^^^
[INFO] [stdout] 
[INFO] [stdout] 
[INFO] [stdout] error: couldn't read `src/validate/../../../baedeker-testdata/spec/valid/br-table-as-br-if-value-cond.wasm`: No such file or directory (os error 2)
[INFO] [stdout]     --> src/validate/mod.rs:6025:21
[INFO] [stdout]      |
[INFO] [stdout] 6025 |           let bytes = include_bytes!(
[INFO] [stdout]      |  _____________________^
[INFO] [stdout] 6026 | |             "../../../baedeker-testdata/spec/valid/br-table-as-br-if-value-cond.wasm",
[INFO] [stdout] 6027 | |         );
[INFO] [stdout]      | |_________^
[INFO] [stdout] 
[INFO] [stdout] 
[INFO] [stdout] error: couldn't read `src/validate/../../../baedeker-testdata/spec/valid/br-table-as-call-indirect-func.wasm`: No such file or directory (os error 2)
[INFO] [stdout]     --> src/validate/mod.rs:6034:21
[INFO] [stdout]      |
[INFO] [stdout] 6034 |           let bytes = include_bytes!(
[INFO] [stdout]      |  _____________________^
[INFO] [stdout] 6035 | |             "../../../baedeker-testdata/spec/valid/br-table-as-call-indirect-func.wasm",
[INFO] [stdout] 6036 | |         );
[INFO] [stdout]      | |_________^
[INFO] [stdout] 
[INFO] [stdout] 
[INFO] [stdout] error: couldn't read `src/validate/../../../baedeker-testdata/spec/valid/br-table-as-local-set-value.wasm`: No such file or directory (os error 2)
[INFO] [stdout]     --> src/validate/mod.rs:6043:21
[INFO] [stdout]      |
[INFO] [stdout] 6043 |           let bytes = include_bytes!(
[INFO] [stdout]      |  _____________________^
[INFO] [stdout] 6044 | |             "../../../baedeker-testdata/spec/valid/br-table-as-local-set-value.wasm",
[INFO] [stdout] 6045 | |         );
[INFO] [stdout]      | |_________^
[INFO] [stdout] 
[INFO] [stdout] 
[INFO] [stdout] error: couldn't read `src/validate/../../../baedeker-testdata/spec/valid/br-table-as-load-address.wasm`: No such file or directory (os error 2)
[INFO] [stdout]     --> src/validate/mod.rs:6053:13
[INFO] [stdout]      |
[INFO] [stdout] 6053 |             include_bytes!("../../../baedeker-testdata/spec/valid/br-table-as-load-address.wasm");
[INFO] [stdout]      |             ^^^^^^^^^^^^^^^^^^^^^^^^^^^^^^^^^^^^^^^^^^^^^^^^^^^^^^^^^^^^^^^^^^^^^^^^^^^^^^^^^^^^^
[INFO] [stdout] 
[INFO] [stdout] 
[INFO] [stdout] error: couldn't read `src/validate/../../../baedeker-testdata/spec/valid/br-table-as-store-value.wasm`: No such file or directory (os error 2)
[INFO] [stdout]     --> src/validate/mod.rs:6061:13
[INFO] [stdout]      |
[INFO] [stdout] 6061 |             include_bytes!("../../../baedeker-testdata/spec/valid/br-table-as-store-value.wasm");
[INFO] [stdout]      |             ^^^^^^^^^^^^^^^^^^^^^^^^^^^^^^^^^^^^^^^^^^^^^^^^^^^^^^^^^^^^^^^^^^^^^^^^^^^^^^^^^^^^
[INFO] [stdout] 
[INFO] [stdout] 
[INFO] [stdout] error: couldn't read `src/validate/../../../baedeker-testdata/spec/valid/br-table-as-compare-left.wasm`: No such file or directory (os error 2)
[INFO] [stdout]     --> src/validate/mod.rs:6069:13
[INFO] [stdout]      |
[INFO] [stdout] 6069 |             include_bytes!("../../../baedeker-testdata/spec/valid/br-table-as-compare-left.wasm");
[INFO] [stdout]      |             ^^^^^^^^^^^^^^^^^^^^^^^^^^^^^^^^^^^^^^^^^^^^^^^^^^^^^^^^^^^^^^^^^^^^^^^^^^^^^^^^^^^^^
[INFO] [stdout] 
[INFO] [stdout] 
[INFO] [stdout] error: couldn't read `src/validate/../../../baedeker-testdata/spec/valid/br-table-as-memory-grow-size.wasm`: No such file or directory (os error 2)
[INFO] [stdout]     --> src/validate/mod.rs:6076:21
[INFO] [stdout]      |
[INFO] [stdout] 6076 |           let bytes = include_bytes!(
[INFO] [stdout]      |  _____________________^
[INFO] [stdout] 6077 | |             "../../../baedeker-testdata/spec/valid/br-table-as-memory-grow-size.wasm",
[INFO] [stdout] 6078 | |         );
[INFO] [stdout]      | |_________^
[INFO] [stdout] 
[INFO] [stdout] 
[INFO] [stdout] error: couldn't read `src/validate/../../../baedeker-testdata/spec/valid/official-labels-block.wasm`: No such file or directory (os error 2)
[INFO] [stdout]     --> src/validate/mod.rs:6086:13
[INFO] [stdout]      |
[INFO] [stdout] 6086 |             include_bytes!("../../../baedeker-testdata/spec/valid/official-labels-block.wasm",);
[INFO] [stdout]      |             ^^^^^^^^^^^^^^^^^^^^^^^^^^^^^^^^^^^^^^^^^^^^^^^^^^^^^^^^^^^^^^^^^^^^^^^^^^^^^^^^^^^
[INFO] [stdout] 
[INFO] [stdout] 
[INFO] [stdout] error: couldn't read `src/validate/../../../baedeker-testdata/spec/valid/official-labels-loop1.wasm`: No such file or directory (os error 2)
[INFO] [stdout]     --> src/validate/mod.rs:6094:13
[INFO] [stdout]      |
[INFO] [stdout] 6094 |             include_bytes!("../../../baedeker-testdata/spec/valid/official-labels-loop1.wasm",);
[INFO] [stdout]      |             ^^^^^^^^^^^^^^^^^^^^^^^^^^^^^^^^^^^^^^^^^^^^^^^^^^^^^^^^^^^^^^^^^^^^^^^^^^^^^^^^^^^
[INFO] [stdout] 
[INFO] [stdout] 
[INFO] [stdout] error: couldn't read `src/validate/../../../baedeker-testdata/spec/valid/official-labels-loop2.wasm`: No such file or directory (os error 2)
[INFO] [stdout]     --> src/validate/mod.rs:6102:13
[INFO] [stdout]      |
[INFO] [stdout] 6102 |             include_bytes!("../../../baedeker-testdata/spec/valid/official-labels-loop2.wasm",);
[INFO] [stdout]      |             ^^^^^^^^^^^^^^^^^^^^^^^^^^^^^^^^^^^^^^^^^^^^^^^^^^^^^^^^^^^^^^^^^^^^^^^^^^^^^^^^^^^
[INFO] [stdout] 
[INFO] [stdout] 
[INFO] [stdout] error: couldn't read `src/validate/../../../baedeker-testdata/spec/valid/official-labels-loop3.wasm`: No such file or directory (os error 2)
[INFO] [stdout]     --> src/validate/mod.rs:6110:13
[INFO] [stdout]      |
[INFO] [stdout] 6110 |             include_bytes!("../../../baedeker-testdata/spec/valid/official-labels-loop3.wasm",);
[INFO] [stdout]      |             ^^^^^^^^^^^^^^^^^^^^^^^^^^^^^^^^^^^^^^^^^^^^^^^^^^^^^^^^^^^^^^^^^^^^^^^^^^^^^^^^^^^
[INFO] [stdout] 
[INFO] [stdout] 
[INFO] [stdout] error: couldn't read `src/validate/../../../baedeker-testdata/spec/valid/official-labels-loop4.wasm`: No such file or directory (os error 2)
[INFO] [stdout]     --> src/validate/mod.rs:6118:13
[INFO] [stdout]      |
[INFO] [stdout] 6118 |             include_bytes!("../../../baedeker-testdata/spec/valid/official-labels-loop4.wasm",);
[INFO] [stdout]      |             ^^^^^^^^^^^^^^^^^^^^^^^^^^^^^^^^^^^^^^^^^^^^^^^^^^^^^^^^^^^^^^^^^^^^^^^^^^^^^^^^^^^
[INFO] [stdout] 
[INFO] [stdout] 
[INFO] [stdout] error: couldn't read `src/validate/../../../baedeker-testdata/spec/valid/official-labels-if.wasm`: No such file or directory (os error 2)
[INFO] [stdout]     --> src/validate/mod.rs:6126:13
[INFO] [stdout]      |
[INFO] [stdout] 6126 |             include_bytes!("../../../baedeker-testdata/spec/valid/official-labels-if.wasm",);
[INFO] [stdout]      |             ^^^^^^^^^^^^^^^^^^^^^^^^^^^^^^^^^^^^^^^^^^^^^^^^^^^^^^^^^^^^^^^^^^^^^^^^^^^^^^^^
[INFO] [stdout] 
[INFO] [stdout] 
[INFO] [stdout] error: couldn't read `src/validate/../../../baedeker-testdata/spec/valid/official-labels-if2.wasm`: No such file or directory (os error 2)
[INFO] [stdout]     --> src/validate/mod.rs:6134:13
[INFO] [stdout]      |
[INFO] [stdout] 6134 |             include_bytes!("../../../baedeker-testdata/spec/valid/official-labels-if2.wasm",);
[INFO] [stdout]      |             ^^^^^^^^^^^^^^^^^^^^^^^^^^^^^^^^^^^^^^^^^^^^^^^^^^^^^^^^^^^^^^^^^^^^^^^^^^^^^^^^^
[INFO] [stdout] 
[INFO] [stdout] 
[INFO] [stdout] error: couldn't read `src/validate/../../../baedeker-testdata/spec/valid/official-labels-return.wasm`: No such file or directory (os error 2)
[INFO] [stdout]     --> src/validate/mod.rs:6142:13
[INFO] [stdout]      |
[INFO] [stdout] 6142 |             include_bytes!("../../../baedeker-testdata/spec/valid/official-labels-return.wasm",);
[INFO] [stdout]      |             ^^^^^^^^^^^^^^^^^^^^^^^^^^^^^^^^^^^^^^^^^^^^^^^^^^^^^^^^^^^^^^^^^^^^^^^^^^^^^^^^^^^^
[INFO] [stdout] 
[INFO] [stdout] 
[INFO] [stdout] error: couldn't read `src/validate/../../../baedeker-testdata/spec/valid/official-labels-br-if0.wasm`: No such file or directory (os error 2)
[INFO] [stdout]     --> src/validate/mod.rs:6150:13
[INFO] [stdout]      |
[INFO] [stdout] 6150 |             include_bytes!("../../../baedeker-testdata/spec/valid/official-labels-br-if0.wasm",);
[INFO] [stdout]      |             ^^^^^^^^^^^^^^^^^^^^^^^^^^^^^^^^^^^^^^^^^^^^^^^^^^^^^^^^^^^^^^^^^^^^^^^^^^^^^^^^^^^^
[INFO] [stdout] 
[INFO] [stdout] 
[INFO] [stdout] error: couldn't read `src/validate/../../../baedeker-testdata/spec/valid/official-labels-br.wasm`: No such file or directory (os error 2)
[INFO] [stdout]     --> src/validate/mod.rs:6158:13
[INFO] [stdout]      |
[INFO] [stdout] 6158 |             include_bytes!("../../../baedeker-testdata/spec/valid/official-labels-br.wasm",);
[INFO] [stdout]      |             ^^^^^^^^^^^^^^^^^^^^^^^^^^^^^^^^^^^^^^^^^^^^^^^^^^^^^^^^^^^^^^^^^^^^^^^^^^^^^^^^
[INFO] [stdout] 
[INFO] [stdout] 
[INFO] [stdout] error: couldn't read `src/validate/../../../baedeker-testdata/spec/valid/official-switch-stmt.wasm`: No such file or directory (os error 2)
[INFO] [stdout]     --> src/validate/mod.rs:6166:13
[INFO] [stdout]      |
[INFO] [stdout] 6166 |             include_bytes!("../../../baedeker-testdata/spec/valid/official-switch-stmt.wasm",);
[INFO] [stdout]      |             ^^^^^^^^^^^^^^^^^^^^^^^^^^^^^^^^^^^^^^^^^^^^^^^^^^^^^^^^^^^^^^^^^^^^^^^^^^^^^^^^^^
[INFO] [stdout] 
[INFO] [stdout] 
[INFO] [stdout] error[E0433]: cannot find module or crate `baedeker_testdata` in this scope
[INFO] [stdout]    --> tests/runtime_official.rs:912:17
[INFO] [stdout]     |
[INFO] [stdout] 912 |     for path in baedeker_testdata::spec_wast_cases("wast-official") {
[INFO] [stdout]     |                 ^^^^^^^^^^^^^^^^^ use of unresolved module or unlinked crate `baedeker_testdata`
[INFO] [stdout]     |
[INFO] [stdout]     = help: if you wanted to use a crate named `baedeker_testdata`, use `cargo add baedeker_testdata` to add it to your `Cargo.toml`
[INFO] [stdout] 
[INFO] [stdout] 
[INFO] [stdout] error: couldn't read `src/validate/../../../baedeker-testdata/spec/valid/official-switch-expr.wasm`: No such file or directory (os error 2)
[INFO] [stdout]     --> src/validate/mod.rs:6174:13
[INFO] [stdout]      |
[INFO] [stdout] 6174 |             include_bytes!("../../../baedeker-testdata/spec/valid/official-switch-expr.wasm",);
[INFO] [stdout]      |             ^^^^^^^^^^^^^^^^^^^^^^^^^^^^^^^^^^^^^^^^^^^^^^^^^^^^^^^^^^^^^^^^^^^^^^^^^^^^^^^^^^
[INFO] [stdout] 
[INFO] [stdout] 
[INFO] [stdout] error: couldn't read `src/validate/../../../baedeker-testdata/spec/valid/official-switch-arg.wasm`: No such file or directory (os error 2)
[INFO] [stdout]     --> src/validate/mod.rs:6182:13
[INFO] [stdout]      |
[INFO] [stdout] 6182 |             include_bytes!("../../../baedeker-testdata/spec/valid/official-switch-arg.wasm",);
[INFO] [stdout]      |             ^^^^^^^^^^^^^^^^^^^^^^^^^^^^^^^^^^^^^^^^^^^^^^^^^^^^^^^^^^^^^^^^^^^^^^^^^^^^^^^^^
[INFO] [stdout] 
[INFO] [stdout] 
[INFO] [stdout] error: couldn't read `src/validate/../../../baedeker-testdata/spec/valid/official-ref-typed-syntax.wasm`: No such file or directory (os error 2)
[INFO] [stdout]     --> src/validate/mod.rs:6190:13
[INFO] [stdout]      |
[INFO] [stdout] 6190 |             include_bytes!("../../../baedeker-testdata/spec/valid/official-ref-typed-syntax.wasm",);
[INFO] [stdout]      |             ^^^^^^^^^^^^^^^^^^^^^^^^^^^^^^^^^^^^^^^^^^^^^^^^^^^^^^^^^^^^^^^^^^^^^^^^^^^^^^^^^^^^^^^
[INFO] [stdout] 
[INFO] [stdout] 
[INFO] [stdout] error: couldn't read `src/validate/../../../baedeker-testdata/spec/valid/official-labels-loop5.wasm`: No such file or directory (os error 2)
[INFO] [stdout]     --> src/validate/mod.rs:6198:13
[INFO] [stdout]      |
[INFO] [stdout] 6198 |             include_bytes!("../../../baedeker-testdata/spec/valid/official-labels-loop5.wasm",);
[INFO] [stdout]      |             ^^^^^^^^^^^^^^^^^^^^^^^^^^^^^^^^^^^^^^^^^^^^^^^^^^^^^^^^^^^^^^^^^^^^^^^^^^^^^^^^^^^
[INFO] [stdout] 
[INFO] [stdout] 
[INFO] [stdout] error: couldn't read `src/validate/../../../baedeker-testdata/spec/valid/official-labels-loop6.wasm`: No such file or directory (os error 2)
[INFO] [stdout]     --> src/validate/mod.rs:6206:13
[INFO] [stdout]      |
[INFO] [stdout] 6206 |             include_bytes!("../../../baedeker-testdata/spec/valid/official-labels-loop6.wasm",);
[INFO] [stdout]      |             ^^^^^^^^^^^^^^^^^^^^^^^^^^^^^^^^^^^^^^^^^^^^^^^^^^^^^^^^^^^^^^^^^^^^^^^^^^^^^^^^^^^
[INFO] [stdout] 
[INFO] [stdout] 
[INFO] [stdout] error[E0308]: mismatched types
[INFO] [stdout]    --> tests/spec_wast.rs:246:35
[INFO] [stdout]     |
[INFO] [stdout] 246 |                 total.add_skipped(path, reason);
[INFO] [stdout]     |                       ----------- ^^^^ expected `PathBuf`, found `Path`
[INFO] [stdout]     |                       |
[INFO] [stdout]     |                       arguments to this method are incorrect
[INFO] [stdout]     |
[INFO] [stdout] note: method defined here
[INFO] [stdout]    --> tests/spec_wast.rs:73:8
[INFO] [stdout]     |
[INFO] [stdout]  73 |     fn add_skipped(&mut self, path: PathBuf, reason: String) {
[INFO] [stdout]     |        ^^^^^^^^^^^            -------------
[INFO] [stdout] help: try using a conversion method
[INFO] [stdout]     |
[INFO] [stdout] 246 |                 total.add_skipped(path.to_path_buf(), reason);
[INFO] [stdout]     |                                       ++++++++++++++
[INFO] [stdout] 
[INFO] [stdout] 
[INFO] [stdout] error: couldn't read `src/validate/../../../baedeker-testdata/spec/valid/official-labels-br-if1.wasm`: No such file or directory (os error 2)
[INFO] [stdout]     --> src/validate/mod.rs:6214:13
[INFO] [stdout]      |
[INFO] [stdout] 6214 |             include_bytes!("../../../baedeker-testdata/spec/valid/official-labels-br-if1.wasm",);
[INFO] [stdout]      |             ^^^^^^^^^^^^^^^^^^^^^^^^^^^^^^^^^^^^^^^^^^^^^^^^^^^^^^^^^^^^^^^^^^^^^^^^^^^^^^^^^^^^
[INFO] [stdout] 
[INFO] [stdout] 
[INFO] [stdout] error: couldn't read `src/validate/../../../baedeker-testdata/spec/valid/official-labels-br-if2.wasm`: No such file or directory (os error 2)
[INFO] [stdout]     --> src/validate/mod.rs:6222:13
[INFO] [stdout]      |
[INFO] [stdout] 6222 |             include_bytes!("../../../baedeker-testdata/spec/valid/official-labels-br-if2.wasm",);
[INFO] [stdout]      |             ^^^^^^^^^^^^^^^^^^^^^^^^^^^^^^^^^^^^^^^^^^^^^^^^^^^^^^^^^^^^^^^^^^^^^^^^^^^^^^^^^^^^
[INFO] [stdout] 
[INFO] [stdout] 
[INFO] [stdout] error: couldn't read `src/validate/../../../baedeker-testdata/spec/valid/official-labels-br-if3.wasm`: No such file or directory (os error 2)
[INFO] [stdout]     --> src/validate/mod.rs:6230:13
[INFO] [stdout]      |
[INFO] [stdout] 6230 |             include_bytes!("../../../baedeker-testdata/spec/valid/official-labels-br-if3.wasm",);
[INFO] [stdout]      |             ^^^^^^^^^^^^^^^^^^^^^^^^^^^^^^^^^^^^^^^^^^^^^^^^^^^^^^^^^^^^^^^^^^^^^^^^^^^^^^^^^^^^
[INFO] [stdout] 
[INFO] [stdout] 
[INFO] [stdout] error: couldn't read `src/validate/../../../baedeker-testdata/spec/valid/official-labels-shadowing.wasm`: No such file or directory (os error 2)
[INFO] [stdout]     --> src/validate/mod.rs:6238:13
[INFO] [stdout]      |
[INFO] [stdout] 6238 |             include_bytes!("../../../baedeker-testdata/spec/valid/official-labels-shadowing.wasm",);
[INFO] [stdout]      |             ^^^^^^^^^^^^^^^^^^^^^^^^^^^^^^^^^^^^^^^^^^^^^^^^^^^^^^^^^^^^^^^^^^^^^^^^^^^^^^^^^^^^^^^
[INFO] [stdout] 
[INFO] [stdout] 
[INFO] [stdout] error: couldn't read `src/validate/../../../baedeker-testdata/spec/valid/official-labels-redefinition.wasm`: No such file or directory (os error 2)
[INFO] [stdout]     --> src/validate/mod.rs:6245:21
[INFO] [stdout]      |
[INFO] [stdout] 6245 |           let bytes = include_bytes!(
[INFO] [stdout]      |  _____________________^
[INFO] [stdout] 6246 | |             "../../../baedeker-testdata/spec/valid/official-labels-redefinition.wasm",
[INFO] [stdout] 6247 | |         );
[INFO] [stdout]      | |_________^
[INFO] [stdout] 
[INFO] [stdout] 
[INFO] [stdout] error: couldn't read `src/validate/../../../baedeker-testdata/spec/valid/official-labels-switch.wasm`: No such file or directory (os error 2)
[INFO] [stdout]     --> src/validate/mod.rs:6255:13
[INFO] [stdout]      |
[INFO] [stdout] 6255 |             include_bytes!("../../../baedeker-testdata/spec/valid/official-labels-switch.wasm",);
[INFO] [stdout]      |             ^^^^^^^^^^^^^^^^^^^^^^^^^^^^^^^^^^^^^^^^^^^^^^^^^^^^^^^^^^^^^^^^^^^^^^^^^^^^^^^^^^^^
[INFO] [stdout] 
[INFO] [stdout] 
[INFO] [stdout] error: couldn't read `src/validate/../../../baedeker-testdata/spec/valid/official-switch-corner.wasm`: No such file or directory (os error 2)
[INFO] [stdout]     --> src/validate/mod.rs:6263:13
[INFO] [stdout]      |
[INFO] [stdout] 6263 |             include_bytes!("../../../baedeker-testdata/spec/valid/official-switch-corner.wasm",);
[INFO] [stdout]      |             ^^^^^^^^^^^^^^^^^^^^^^^^^^^^^^^^^^^^^^^^^^^^^^^^^^^^^^^^^^^^^^^^^^^^^^^^^^^^^^^^^^^^
[INFO] [stdout] 
[INFO] [stdout] 
[INFO] [stdout] error: couldn't read `src/validate/../../../baedeker-testdata/spec/valid/typed-select-to-br-if-nullable.wasm`: No such file or directory (os error 2)
[INFO] [stdout]     --> src/validate/mod.rs:6310:21
[INFO] [stdout]      |
[INFO] [stdout] 6310 |           let bytes = include_bytes!(
[INFO] [stdout]      |  _____________________^
[INFO] [stdout] 6311 | |             "../../../baedeker-testdata/spec/valid/typed-select-to-br-if-nullable.wasm",
[INFO] [stdout] 6312 | |         );
[INFO] [stdout]      | |_________^
[INFO] [stdout] 
[INFO] [stdout] 
[INFO] [stdout] error: couldn't read `src/validate/../../../baedeker-testdata/spec/invalid-validate/typed-select-to-br-if-nullability-mismatch.wasm`: No such file or directory (os error 2)
[INFO] [stdout]     --> src/validate/mod.rs:6319:21
[INFO] [stdout]      |
[INFO] [stdout] 6319 |           let bytes = include_bytes!(
[INFO] [stdout]      |  _____________________^
[INFO] [stdout] 6320 | |             "../../../baedeker-testdata/spec/invalid-validate/typed-select-to-br-if-nullability-mismatch.wasm",
[INFO] [stdout] 6321 | |         );
[INFO] [stdout]      | |_________^
[INFO] [stdout] 
[INFO] [stdout] 
[INFO] [stdout] error: couldn't read `src/validate/../../../baedeker-testdata/spec/valid/typed-table-init-to-br-if-nullable.wasm`: No such file or directory (os error 2)
[INFO] [stdout]     --> src/validate/mod.rs:6342:21
[INFO] [stdout]      |
[INFO] [stdout] 6342 |           let bytes = include_bytes!(
[INFO] [stdout]      |  _____________________^
[INFO] [stdout] 6343 | |             "../../../baedeker-testdata/spec/valid/typed-table-init-to-br-if-nullable.wasm",
[INFO] [stdout] 6344 | |         );
[INFO] [stdout]      | |_________^
[INFO] [stdout] 
[INFO] [stdout] 
[INFO] [stdout] error: couldn't read `src/validate/../../../baedeker-testdata/spec/invalid-validate/typed-table-init-to-br-if-nullability-mismatch.wasm`: No such file or directory (os error 2)
[INFO] [stdout]     --> src/validate/mod.rs:6351:21
[INFO] [stdout]      |
[INFO] [stdout] 6351 |           let bytes = include_bytes!(
[INFO] [stdout]      |  _____________________^
[INFO] [stdout] 6352 | |             "../../../baedeker-testdata/spec/invalid-validate/typed-table-init-to-br-if-nullability-mismatch.wasm",
[INFO] [stdout] 6353 | |         );
[INFO] [stdout]      | |_________^
[INFO] [stdout] 
[INFO] [stdout] 
[INFO] [stdout] error: couldn't read `src/validate/../../../baedeker-testdata/spec/valid/typed-table-init-shared-source-to-br-if-nullable.wasm`: No such file or directory (os error 2)
[INFO] [stdout]     --> src/validate/mod.rs:6374:21
[INFO] [stdout]      |
[INFO] [stdout] 6374 |           let bytes = include_bytes!(
[INFO] [stdout]      |  _____________________^
[INFO] [stdout] 6375 | |             "../../../baedeker-testdata/spec/valid/typed-table-init-shared-source-to-br-if-nullable.wasm",
[INFO] [stdout] 6376 | |         );
[INFO] [stdout]      | |_________^
[INFO] [stdout] 
[INFO] [stdout] 
[INFO] [stdout] error: couldn't read `src/validate/../../../baedeker-testdata/spec/invalid-validate/typed-table-init-shared-source-to-br-if-nullability-mismatch.wasm`: No such file or directory (os error 2)
[INFO] [stdout]     --> src/validate/mod.rs:6383:21
[INFO] [stdout]      |
[INFO] [stdout] 6383 |           let bytes = include_bytes!(
[INFO] [stdout]      |  _____________________^
[INFO] [stdout] 6384 | |             "../../../baedeker-testdata/spec/invalid-validate/typed-table-init-shared-source-to-br-if-nullability-mismatch.wasm",
[INFO] [stdout] 6385 | |         );
[INFO] [stdout]      | |_________^
[INFO] [stdout] 
[INFO] [stdout] 
[INFO] [stdout] error: couldn't read `src/validate/../../../baedeker-testdata/spec/valid/typed-br-to-loop-param-nullable.wasm`: No such file or directory (os error 2)
[INFO] [stdout]     --> src/validate/mod.rs:6446:21
[INFO] [stdout]      |
[INFO] [stdout] 6446 |           let bytes = include_bytes!(
[INFO] [stdout]      |  _____________________^
[INFO] [stdout] 6447 | |             "../../../baedeker-testdata/spec/valid/typed-br-to-loop-param-nullable.wasm",
[INFO] [stdout] 6448 | |         );
[INFO] [stdout]      | |_________^
[INFO] [stdout] 
[INFO] [stdout] 
[INFO] [stdout] error: couldn't read `src/validate/../../../baedeker-testdata/spec/invalid-validate/typed-br-to-loop-param-nullability-mismatch.wasm`: No such file or directory (os error 2)
[INFO] [stdout]     --> src/validate/mod.rs:6455:21
[INFO] [stdout]      |
[INFO] [stdout] 6455 |           let bytes = include_bytes!(
[INFO] [stdout]      |  _____________________^
[INFO] [stdout] 6456 | |             "../../../baedeker-testdata/spec/invalid-validate/typed-br-to-loop-param-nullability-mismatch.wasm",
[INFO] [stdout] 6457 | |         );
[INFO] [stdout]      | |_________^
[INFO] [stdout] 
[INFO] [stdout] 
[INFO] [stdout] error: couldn't read `src/validate/../../../baedeker-testdata/spec/valid/typed-select-to-br-table-nullable.wasm`: No such file or directory (os error 2)
[INFO] [stdout]     --> src/validate/mod.rs:6560:21
[INFO] [stdout]      |
[INFO] [stdout] 6560 |           let bytes = include_bytes!(
[INFO] [stdout]      |  _____________________^
[INFO] [stdout] 6561 | |             "../../../baedeker-testdata/spec/valid/typed-select-to-br-table-nullable.wasm",
[INFO] [stdout] 6562 | |         );
[INFO] [stdout]      | |_________^
[INFO] [stdout] 
[INFO] [stdout] 
[INFO] [stdout] error: couldn't read `src/validate/../../../baedeker-testdata/spec/invalid-validate/typed-select-to-br-table-nullability-mismatch.wasm`: No such file or directory (os error 2)
[INFO] [stdout]     --> src/validate/mod.rs:6569:21
[INFO] [stdout]      |
[INFO] [stdout] 6569 |           let bytes = include_bytes!(
[INFO] [stdout]      |  _____________________^
[INFO] [stdout] 6570 | |             "../../../baedeker-testdata/spec/invalid-validate/typed-select-to-br-table-nullability-mismatch.wasm",
[INFO] [stdout] 6571 | |         );
[INFO] [stdout]      | |_________^
[INFO] [stdout] 
[INFO] [stdout] 
[INFO] [stdout] error: couldn't read `src/validate/../../../baedeker-testdata/spec/valid/typed-table-init-to-br-table-nullable.wasm`: No such file or directory (os error 2)
[INFO] [stdout]     --> src/validate/mod.rs:6592:21
[INFO] [stdout]      |
[INFO] [stdout] 6592 |           let bytes = include_bytes!(
[INFO] [stdout]      |  _____________________^
[INFO] [stdout] 6593 | |             "../../../baedeker-testdata/spec/valid/typed-table-init-to-br-table-nullable.wasm",
[INFO] [stdout] 6594 | |         );
[INFO] [stdout]      | |_________^
[INFO] [stdout] 
[INFO] [stdout] 
[INFO] [stdout] error: couldn't read `src/validate/../../../baedeker-testdata/spec/invalid-validate/typed-table-init-to-br-table-nullability-mismatch.wasm`: No such file or directory (os error 2)
[INFO] [stdout]     --> src/validate/mod.rs:6601:21
[INFO] [stdout]      |
[INFO] [stdout] 6601 |           let bytes = include_bytes!(
[INFO] [stdout]      |  _____________________^
[INFO] [stdout] 6602 | |             "../../../baedeker-testdata/spec/invalid-validate/typed-table-init-to-br-table-nullability-mismatch.wasm",
[INFO] [stdout] 6603 | |         );
[INFO] [stdout]      | |_________^
[INFO] [stdout] 
[INFO] [stdout] 
[INFO] [stdout] error: couldn't read `src/validate/../../../baedeker-testdata/spec/valid/typed-table-init-shared-source-to-br-table-nullable.wasm`: No such file or directory (os error 2)
[INFO] [stdout]     --> src/validate/mod.rs:6624:21
[INFO] [stdout]      |
[INFO] [stdout] 6624 |           let bytes = include_bytes!(
[INFO] [stdout]      |  _____________________^
[INFO] [stdout] 6625 | |             "../../../baedeker-testdata/spec/valid/typed-table-init-shared-source-to-br-table-nullable.wasm",
[INFO] [stdout] 6626 | |         );
[INFO] [stdout]      | |_________^
[INFO] [stdout] 
[INFO] [stdout] 
[INFO] [stdout] error: couldn't read `src/validate/../../../baedeker-testdata/spec/invalid-validate/typed-table-init-shared-source-to-br-table-nullability-mismatch.wasm`: No such file or directory (os error 2)
[INFO] [stdout]     --> src/validate/mod.rs:6633:21
[INFO] [stdout]      |
[INFO] [stdout] 6633 |   ...   let bytes = include_bytes!(
[INFO] [stdout]      |  ___________________^
[INFO] [stdout] 6634 | | ...       "../../../baedeker-testdata/spec/invalid-validate/typed-table-init-shared-source-to-br-table-nullability-mismatch.wasm",
[INFO] [stdout] 6635 | | ...   );
[INFO] [stdout]      | |_______^
[INFO] [stdout] 
[INFO] [stdout] 
[INFO] [stdout] error: couldn't read `src/validate/../../../baedeker-testdata/spec/valid/typed-br-table-nullability-targets-join.wasm`: No such file or directory (os error 2)
[INFO] [stdout]     --> src/validate/mod.rs:6659:21
[INFO] [stdout]      |
[INFO] [stdout] 6659 |           let bytes = include_bytes!(
[INFO] [stdout]      |  _____________________^
[INFO] [stdout] 6660 | |             "../../../baedeker-testdata/spec/valid/typed-br-table-nullability-targets-join.wasm",
[INFO] [stdout] 6661 | |         );
[INFO] [stdout]      | |_________^
[INFO] [stdout] 
[INFO] [stdout] 
[INFO] [stdout] error: couldn't read `src/validate/../../../baedeker-testdata/spec/valid/select-as-br-table-last.wasm`: No such file or directory (os error 2)
[INFO] [stdout]     --> src/validate/mod.rs:6680:13
[INFO] [stdout]      |
[INFO] [stdout] 6680 |             include_bytes!("../../../baedeker-testdata/spec/valid/select-as-br-table-last.wasm");
[INFO] [stdout]      |             ^^^^^^^^^^^^^^^^^^^^^^^^^^^^^^^^^^^^^^^^^^^^^^^^^^^^^^^^^^^^^^^^^^^^^^^^^^^^^^^^^^^^
[INFO] [stdout] 
[INFO] [stdout] 
[INFO] [stdout] error: couldn't read `src/validate/../../../baedeker-testdata/spec/valid/select-as-call-indirect-last.wasm`: No such file or directory (os error 2)
[INFO] [stdout]     --> src/validate/mod.rs:6687:21
[INFO] [stdout]      |
[INFO] [stdout] 6687 |           let bytes = include_bytes!(
[INFO] [stdout]      |  _____________________^
[INFO] [stdout] 6688 | |             "../../../baedeker-testdata/spec/valid/select-as-call-indirect-last.wasm",
[INFO] [stdout] 6689 | |         );
[INFO] [stdout]      | |_________^
[INFO] [stdout] 
[INFO] [stdout] 
[INFO] [stdout] error: couldn't read `src/validate/../../../baedeker-testdata/spec/valid/select-as-memory-grow-value.wasm`: No such file or directory (os error 2)
[INFO] [stdout]     --> src/validate/mod.rs:6696:21
[INFO] [stdout]      |
[INFO] [stdout] 6696 |           let bytes = include_bytes!(
[INFO] [stdout]      |  _____________________^
[INFO] [stdout] 6697 | |             "../../../baedeker-testdata/spec/valid/select-as-memory-grow-value.wasm",
[INFO] [stdout] 6698 | |         );
[INFO] [stdout]      | |_________^
[INFO] [stdout] 
[INFO] [stdout] 
[INFO] [stdout] error: couldn't read `src/validate/../../../baedeker-testdata/spec/valid/select-as-global-set-value.wasm`: No such file or directory (os error 2)
[INFO] [stdout]     --> src/validate/mod.rs:6705:21
[INFO] [stdout]      |
[INFO] [stdout] 6705 |           let bytes = include_bytes!(
[INFO] [stdout]      |  _____________________^
[INFO] [stdout] 6706 | |             "../../../baedeker-testdata/spec/valid/select-as-global-set-value.wasm",
[INFO] [stdout] 6707 | |         );
[INFO] [stdout]      | |_________^
[INFO] [stdout] 
[INFO] [stdout] 
[INFO] [stdout] error: couldn't read `src/validate/../../../baedeker-testdata/spec/valid/select-as-convert-operand.wasm`: No such file or directory (os error 2)
[INFO] [stdout]     --> src/validate/mod.rs:6715:13
[INFO] [stdout]      |
[INFO] [stdout] 6715 |             include_bytes!("../../../baedeker-testdata/spec/valid/select-as-convert-operand.wasm",);
[INFO] [stdout]      |             ^^^^^^^^^^^^^^^^^^^^^^^^^^^^^^^^^^^^^^^^^^^^^^^^^^^^^^^^^^^^^^^^^^^^^^^^^^^^^^^^^^^^^^^
[INFO] [stdout] 
[INFO] [stdout] 
[INFO] [stdout] error: couldn't read `src/validate/../../../baedeker-testdata/spec/valid/select-as-if-condition.wasm`: No such file or directory (os error 2)
[INFO] [stdout]     --> src/validate/mod.rs:6723:13
[INFO] [stdout]      |
[INFO] [stdout] 6723 |             include_bytes!("../../../baedeker-testdata/spec/valid/select-as-if-condition.wasm");
[INFO] [stdout]      |             ^^^^^^^^^^^^^^^^^^^^^^^^^^^^^^^^^^^^^^^^^^^^^^^^^^^^^^^^^^^^^^^^^^^^^^^^^^^^^^^^^^^
[INFO] [stdout] 
[INFO] [stdout] 
[INFO] [stdout] error: couldn't read `src/validate/../../../baedeker-testdata/spec/invalid-validate/typed-select-nullability-mismatch.wasm`: No such file or directory (os error 2)
[INFO] [stdout]     --> src/validate/mod.rs:6811:21
[INFO] [stdout]      |
[INFO] [stdout] 6811 |           let bytes = include_bytes!(
[INFO] [stdout]      |  _____________________^
[INFO] [stdout] 6812 | |             "../../../baedeker-testdata/spec/invalid-validate/typed-select-nullability-mismatch.wasm",
[INFO] [stdout] 6813 | |         );
[INFO] [stdout]      | |_________^
[INFO] [stdout] 
[INFO] [stdout] 
[INFO] [stdout] error: couldn't read `src/validate/../../../baedeker-testdata/spec/invalid-validate/typed-select-function-result-wrong-concrete-type.wasm`: No such file or directory (os error 2)
[INFO] [stdout]     --> src/validate/mod.rs:6838:21
[INFO] [stdout]      |
[INFO] [stdout] 6838 |           let bytes = include_bytes!(
[INFO] [stdout]      |  _____________________^
[INFO] [stdout] 6839 | |             "../../../baedeker-testdata/spec/invalid-validate/typed-select-function-result-wrong-concrete-type.wasm",
[INFO] [stdout] 6840 | |         );
[INFO] [stdout]      | |_________^
[INFO] [stdout] 
[INFO] [stdout] 
[INFO] [stdout] error: couldn't read `src/validate/../../../baedeker-testdata/spec/invalid-validate/typed-select-block-result-wrong-concrete-type.wasm`: No such file or directory (os error 2)
[INFO] [stdout]     --> src/validate/mod.rs:6862:21
[INFO] [stdout]      |
[INFO] [stdout] 6862 |           let bytes = include_bytes!(
[INFO] [stdout]      |  _____________________^
[INFO] [stdout] 6863 | |             "../../../baedeker-testdata/spec/invalid-validate/typed-select-block-result-wrong-concrete-type.wasm",
[INFO] [stdout] 6864 | |         );
[INFO] [stdout]      | |_________^
[INFO] [stdout] 
[INFO] [stdout] 
[INFO] [stdout] error: couldn't read `src/validate/../../../baedeker-testdata/spec/invalid-validate/typed-select-if-result-wrong-concrete-type.wasm`: No such file or directory (os error 2)
[INFO] [stdout]     --> src/validate/mod.rs:6883:21
[INFO] [stdout]      |
[INFO] [stdout] 6883 |           let bytes = include_bytes!(
[INFO] [stdout]      |  _____________________^
[INFO] [stdout] 6884 | |             "../../../baedeker-testdata/spec/invalid-validate/typed-select-if-result-wrong-concrete-type.wasm",
[INFO] [stdout] 6885 | |         );
[INFO] [stdout]      | |_________^
[INFO] [stdout] 
[INFO] [stdout] 
[INFO] [stdout] error: couldn't read `src/validate/../../../baedeker-testdata/spec/invalid-validate/typed-select-function-result-nullability-mismatch.wasm`: No such file or directory (os error 2)
[INFO] [stdout]     --> src/validate/mod.rs:6904:21
[INFO] [stdout]      |
[INFO] [stdout] 6904 |           let bytes = include_bytes!(
[INFO] [stdout]      |  _____________________^
[INFO] [stdout] 6905 | |             "../../../baedeker-testdata/spec/invalid-validate/typed-select-function-result-nullability-mismatch.wasm",
[INFO] [stdout] 6906 | |         );
[INFO] [stdout]      | |_________^
[INFO] [stdout] 
[INFO] [stdout] 
[INFO] [stdout] error: couldn't read `src/validate/../../../baedeker-testdata/spec/valid/typed-block-to-call-indirect-ref-param-equivalent-signature.wasm`: No such file or directory (os error 2)
[INFO] [stdout]     --> src/validate/mod.rs:7345:21
[INFO] [stdout]      |
[INFO] [stdout] 7345 |           let bytes = include_bytes!(
[INFO] [stdout]      |  _____________________^
[INFO] [stdout] 7346 | |             "../../../baedeker-testdata/spec/valid/typed-block-to-call-indirect-ref-param-equivalent-signature.wasm",
[INFO] [stdout] 7347 | |         );
[INFO] [stdout]      | |_________^
[INFO] [stdout] 
[INFO] [stdout] 
[INFO] [stdout] error: couldn't read `src/validate/../../../baedeker-testdata/spec/invalid-validate/typed-block-to-call-indirect-ref-param-wrong-concrete-type.wasm`: No such file or directory (os error 2)
[INFO] [stdout]     --> src/validate/mod.rs:7354:21
[INFO] [stdout]      |
[INFO] [stdout] 7354 |           let bytes = include_bytes!(
[INFO] [stdout]      |  _____________________^
[INFO] [stdout] 7355 | |             "../../../baedeker-testdata/spec/invalid-validate/typed-block-to-call-indirect-ref-param-wrong-concrete-type.wasm",
[INFO] [stdout] 7356 | |         );
[INFO] [stdout]      | |_________^
[INFO] [stdout] 
[INFO] [stdout] 
[INFO] [stdout] error: couldn't read `src/validate/../../../baedeker-testdata/spec/valid/typed-table-init-to-return-call-indirect-result-nullable.wasm`: No such file or directory (os error 2)
[INFO] [stdout]     --> src/validate/mod.rs:7420:21
[INFO] [stdout]      |
[INFO] [stdout] 7420 |           let bytes = include_bytes!(
[INFO] [stdout]      |  _____________________^
[INFO] [stdout] 7421 | |             "../../../baedeker-testdata/spec/valid/typed-table-init-to-return-call-indirect-result-nullable.wasm",
[INFO] [stdout] 7422 | |         );
[INFO] [stdout]      | |_________^
[INFO] [stdout] 
[INFO] [stdout] 
[INFO] [stdout] error: couldn't read `src/validate/../../../baedeker-testdata/spec/valid/typed-if-to-return-call-indirect-ref-param-equivalent-signature.wasm`: No such file or directory (os error 2)
[INFO] [stdout]     --> src/validate/mod.rs:7429:21
[INFO] [stdout]      |
[INFO] [stdout] 7429 |           let bytes = include_bytes!(
[INFO] [stdout]      |  _____________________^
[INFO] [stdout] 7430 | |             "../../../baedeker-testdata/spec/valid/typed-if-to-return-call-indirect-ref-param-equivalent-signature.wasm",
[INFO] [stdout] 7431 | |         );
[INFO] [stdout]      | |_________^
[INFO] [stdout] 
[INFO] [stdout] 
[INFO] [stdout] error: couldn't read `src/validate/../../../baedeker-testdata/spec/invalid-validate/typed-if-to-return-call-indirect-ref-param-wrong-concrete-type.wasm`: No such file or directory (os error 2)
[INFO] [stdout]     --> src/validate/mod.rs:7438:21
[INFO] [stdout]      |
[INFO] [stdout] 7438 |           let bytes = include_bytes!(
[INFO] [stdout]      |  _____________________^
[INFO] [stdout] 7439 | |             "../../../baedeker-testdata/spec/invalid-validate/typed-if-to-return-call-indirect-ref-param-wrong-concrete-type.wasm",
[INFO] [stdout] 7440 | |         );
[INFO] [stdout]      | |_________^
[INFO] [stdout] 
[INFO] [stdout] 
[INFO] [stdout] error: couldn't read `src/validate/../../../baedeker-testdata/spec/invalid-validate/typed-table-init-to-return-call-indirect-result-nullability-mismatch.wasm`: No such file or directory (os error 2)
[INFO] [stdout]     --> src/validate/mod.rs:7461:21
[INFO] [stdout]      |
[INFO] [stdout] 7461 |   ...   let bytes = include_bytes!(
[INFO] [stdout]      |  ___________________^
[INFO] [stdout] 7462 | | ...       "../../../baedeker-testdata/spec/invalid-validate/typed-table-init-to-return-call-indirect-result-nullability-mismatch...
[INFO] [stdout] 7463 | | ...   );
[INFO] [stdout]      | |_______^
[INFO] [stdout] 
[INFO] [stdout] 
[INFO] [stdout] error: couldn't read `src/validate/../../../baedeker-testdata/spec/valid/typed-table-init-shared-source-to-return-call-indirect-result-nullable.wasm`: No such file or directory (os error 2)
[INFO] [stdout]     --> src/validate/mod.rs:7483:21
[INFO] [stdout]      |
[INFO] [stdout] 7483 |           let bytes = include_bytes!(
[INFO] [stdout]      |  _____________________^
[INFO] [stdout] 7484 | |             "../../../baedeker-testdata/spec/valid/typed-table-init-shared-source-to-return-call-indirect-result-nullable.wasm",
[INFO] [stdout] 7485 | |         );
[INFO] [stdout]      | |_________^
[INFO] [stdout] 
[INFO] [stdout] 
[INFO] [stdout] error: couldn't read `src/validate/../../../baedeker-testdata/spec/invalid-validate/typed-table-init-shared-source-to-return-call-indirect-result-nullability-mismatch.wasm`: No such file or directory (os error 2)
[INFO] [stdout]     --> src/validate/mod.rs:7492:21
[INFO] [stdout]      |
[INFO] [stdout] 7492 |   ...   let bytes = include_bytes!(
[INFO] [stdout]      |  ___________________^
[INFO] [stdout] 7493 | | ...       "../../../baedeker-testdata/spec/invalid-validate/typed-table-init-shared-source-to-return-call-indirect-result-nullab...
[INFO] [stdout] 7494 | | ...   );
[INFO] [stdout]      | |_______^
[INFO] [stdout] 
[INFO] [stdout] 
[INFO] [stdout] error: couldn't read `src/validate/../../../baedeker-testdata/spec/valid/typed-block-to-call-ref-equivalent-signature.wasm`: No such file or directory (os error 2)
[INFO] [stdout]     --> src/validate/mod.rs:7537:21
[INFO] [stdout]      |
[INFO] [stdout] 7537 |           let bytes = include_bytes!(
[INFO] [stdout]      |  _____________________^
[INFO] [stdout] 7538 | |             "../../../baedeker-testdata/spec/valid/typed-block-to-call-ref-equivalent-signature.wasm",
[INFO] [stdout] 7539 | |         );
[INFO] [stdout]      | |_________^
[INFO] [stdout] 
[INFO] [stdout] 
[INFO] [stdout] error: couldn't read `src/validate/../../../baedeker-testdata/spec/valid/typed-call-ref-if-nullable.wasm`: No such file or directory (os error 2)
[INFO] [stdout]     --> src/validate/mod.rs:7546:21
[INFO] [stdout]      |
[INFO] [stdout] 7546 |           let bytes = include_bytes!(
[INFO] [stdout]      |  _____________________^
[INFO] [stdout] 7547 | |             "../../../baedeker-testdata/spec/valid/typed-call-ref-if-nullable.wasm",
[INFO] [stdout] 7548 | |         );
[INFO] [stdout]      | |_________^
[INFO] [stdout] 
[INFO] [stdout] 
[INFO] [stdout] error: couldn't read `src/validate/../../../baedeker-testdata/spec/invalid-validate/typed-call-ref-if-abstract-nullability-mismatch.wasm`: No such file or directory (os error 2)
[INFO] [stdout]     --> src/validate/mod.rs:7555:21
[INFO] [stdout]      |
[INFO] [stdout] 7555 |           let bytes = include_bytes!(
[INFO] [stdout]      |  _____________________^
[INFO] [stdout] 7556 | |             "../../../baedeker-testdata/spec/invalid-validate/typed-call-ref-if-abstract-nullability-mismatch.wasm",
[INFO] [stdout] 7557 | |         );
[INFO] [stdout]      | |_________^
[INFO] [stdout] 
[INFO] [stdout] 
[INFO] [stdout] error: couldn't read `src/validate/../../../baedeker-testdata/spec/valid/call-ref-run-nested.wasm`: No such file or directory (os error 2)
[INFO] [stdout]     --> src/validate/mod.rs:7576:13
[INFO] [stdout]      |
[INFO] [stdout] 7576 |             include_bytes!("../../../baedeker-testdata/spec/valid/call-ref-run-nested.wasm");
[INFO] [stdout]      |             ^^^^^^^^^^^^^^^^^^^^^^^^^^^^^^^^^^^^^^^^^^^^^^^^^^^^^^^^^^^^^^^^^^^^^^^^^^^^^^^^
[INFO] [stdout] 
[INFO] [stdout] 
[INFO] [stdout] error[E0433]: cannot find module or crate `baedeker_testdata` in this scope
[INFO] [stdout]    --> tests/spec.rs:289:17
[INFO] [stdout]     |
[INFO] [stdout] 289 |     let bytes = baedeker_testdata::spec_case_bytes(path);
[INFO] [stdout]     |                 ^^^^^^^^^^^^^^^^^ use of unresolved module or unlinked crate `baedeker_testdata`
[INFO] [stdout]     |
[INFO] [stdout]     = help: if you wanted to use a crate named `baedeker_testdata`, use `cargo add baedeker_testdata` to add it to your `Cargo.toml`
[INFO] [stdout] 
[INFO] [stdout] 
[INFO] [stdout] error: couldn't read `src/validate/../../../baedeker-testdata/spec/valid/call-ref-unreachable-ref-func.wasm`: No such file or directory (os error 2)
[INFO] [stdout]     --> src/validate/mod.rs:7583:21
[INFO] [stdout]      |
[INFO] [stdout] 7583 |           let bytes = include_bytes!(
[INFO] [stdout]      |  _____________________^
[INFO] [stdout] 7584 | |             "../../../baedeker-testdata/spec/valid/call-ref-unreachable-ref-func.wasm",
[INFO] [stdout] 7585 | |         );
[INFO] [stdout]      | |_________^
[INFO] [stdout] 
[INFO] [stdout] 
[INFO] [stdout] error: couldn't read `src/validate/../../../baedeker-testdata/spec/valid/call-ref-unreachable-call-drop.wasm`: No such file or directory (os error 2)
[INFO] [stdout]     --> src/validate/mod.rs:7592:21
[INFO] [stdout]      |
[INFO] [stdout] 7592 |           let bytes = include_bytes!(
[INFO] [stdout]      |  _____________________^
[INFO] [stdout] 7593 | |             "../../../baedeker-testdata/spec/valid/call-ref-unreachable-call-drop.wasm",
[INFO] [stdout] 7594 | |         );
[INFO] [stdout]      | |_________^
[INFO] [stdout] 
[INFO] [stdout] 
[INFO] [stdout] error: couldn't read `src/validate/../../../baedeker-testdata/spec/invalid-validate/typed-call-ref-function-result-wrong-concrete-type.wasm`: No such file or directory (os error 2)
[INFO] [stdout]     --> src/validate/mod.rs:7601:21
[INFO] [stdout]      |
[INFO] [stdout] 7601 |           let bytes = include_bytes!(
[INFO] [stdout]      |  _____________________^
[INFO] [stdout] 7602 | |             "../../../baedeker-testdata/spec/invalid-validate/typed-call-ref-function-result-wrong-concrete-type.wasm",
[INFO] [stdout] 7603 | |         );
[INFO] [stdout]      | |_________^
[INFO] [stdout] 
[INFO] [stdout] 
[INFO] [stdout] error: couldn't read `src/validate/../../../baedeker-testdata/spec/invalid-validate/typed-call-ref-block-result-wrong-concrete-type.wasm`: No such file or directory (os error 2)
[INFO] [stdout]     --> src/validate/mod.rs:7625:21
[INFO] [stdout]      |
[INFO] [stdout] 7625 |           let bytes = include_bytes!(
[INFO] [stdout]      |  _____________________^
[INFO] [stdout] 7626 | |             "../../../baedeker-testdata/spec/invalid-validate/typed-call-ref-block-result-wrong-concrete-type.wasm",
[INFO] [stdout] 7627 | |         );
[INFO] [stdout]      | |_________^
[INFO] [stdout] 
[INFO] [stdout] 
[INFO] [stdout] error: couldn't read `src/validate/../../../baedeker-testdata/spec/invalid-validate/typed-call-ref-if-result-wrong-concrete-type.wasm`: No such file or directory (os error 2)
[INFO] [stdout]     --> src/validate/mod.rs:7646:21
[INFO] [stdout]      |
[INFO] [stdout] 7646 |           let bytes = include_bytes!(
[INFO] [stdout]      |  _____________________^
[INFO] [stdout] 7647 | |             "../../../baedeker-testdata/spec/invalid-validate/typed-call-ref-if-result-wrong-concrete-type.wasm",
[INFO] [stdout] 7648 | |         );
[INFO] [stdout]      | |_________^
[INFO] [stdout] 
[INFO] [stdout] 
[INFO] [stdout] error: couldn't read `src/validate/../../../baedeker-testdata/spec/invalid-validate/typed-block-to-call-ref-wrong-concrete-type.wasm`: No such file or directory (os error 2)
[INFO] [stdout]     --> src/validate/mod.rs:7667:21
[INFO] [stdout]      |
[INFO] [stdout] 7667 |           let bytes = include_bytes!(
[INFO] [stdout]      |  _____________________^
[INFO] [stdout] 7668 | |             "../../../baedeker-testdata/spec/invalid-validate/typed-block-to-call-ref-wrong-concrete-type.wasm",
[INFO] [stdout] 7669 | |         );
[INFO] [stdout]      | |_________^
[INFO] [stdout] 
[INFO] [stdout] 
[INFO] [stdout] error: couldn't read `src/validate/../../../baedeker-testdata/spec/valid/typed-table-to-defined-mut-global-equivalent-signature.wasm`: No such file or directory (os error 2)
[INFO] [stdout]     --> src/validate/mod.rs:7751:21
[INFO] [stdout]      |
[INFO] [stdout] 7751 |           let bytes = include_bytes!(
[INFO] [stdout]      |  _____________________^
[INFO] [stdout] 7752 | |             "../../../baedeker-testdata/spec/valid/typed-table-to-defined-mut-global-equivalent-signature.wasm",
[INFO] [stdout] 7753 | |         );
[INFO] [stdout]      | |_________^
[INFO] [stdout] 
[INFO] [stdout] 
[INFO] [stdout] error: couldn't read `src/validate/../../../baedeker-testdata/spec/valid/imported-typed-table-to-defined-mut-global-equivalent-signature.wasm`: No such file or directory (os error 2)
[INFO] [stdout]     --> src/validate/mod.rs:7760:21
[INFO] [stdout]      |
[INFO] [stdout] 7760 |           let bytes = include_bytes!(
[INFO] [stdout]      |  _____________________^
[INFO] [stdout] 7761 | |             "../../../baedeker-testdata/spec/valid/imported-typed-table-to-defined-mut-global-equivalent-signature.wasm",
[INFO] [stdout] 7762 | |         );
[INFO] [stdout]      | |_________^
[INFO] [stdout] 
[INFO] [stdout] 
[INFO] [stdout] error: couldn't read `src/validate/../../../baedeker-testdata/spec/valid/typed-local-set-if-nullable.wasm`: No such file or directory (os error 2)
[INFO] [stdout]     --> src/validate/mod.rs:7769:21
[INFO] [stdout]      |
[INFO] [stdout] 7769 |           let bytes = include_bytes!(
[INFO] [stdout]      |  _____________________^
[INFO] [stdout] 7770 | |             "../../../baedeker-testdata/spec/valid/typed-local-set-if-nullable.wasm",
[INFO] [stdout] 7771 | |         );
[INFO] [stdout]      | |_________^
[INFO] [stdout] 
[INFO] [stdout] 
[INFO] [stdout] error: couldn't read `src/validate/../../../baedeker-testdata/spec/valid/typed-local-if-nullable-to-call-ref.wasm`: No such file or directory (os error 2)
[INFO] [stdout]     --> src/validate/mod.rs:7778:21
[INFO] [stdout]      |
[INFO] [stdout] 7778 |           let bytes = include_bytes!(
[INFO] [stdout]      |  _____________________^
[INFO] [stdout] 7779 | |             "../../../baedeker-testdata/spec/valid/typed-local-if-nullable-to-call-ref.wasm",
[INFO] [stdout] 7780 | |         );
[INFO] [stdout]      | |_________^
[INFO] [stdout] 
[INFO] [stdout] 
[INFO] [stdout] error: couldn't read `src/validate/../../../baedeker-testdata/spec/valid/typed-global-set-if-nullable.wasm`: No such file or directory (os error 2)
[INFO] [stdout]     --> src/validate/mod.rs:7787:21
[INFO] [stdout]      |
[INFO] [stdout] 7787 |           let bytes = include_bytes!(
[INFO] [stdout]      |  _____________________^
[INFO] [stdout] 7788 | |             "../../../baedeker-testdata/spec/valid/typed-global-set-if-nullable.wasm",
[INFO] [stdout] 7789 | |         );
[INFO] [stdout]      | |_________^
[INFO] [stdout] 
[INFO] [stdout] 
[INFO] [stdout] error: couldn't read `src/validate/../../../baedeker-testdata/spec/valid/typed-table-init-shared-source-to-global-set-nullable.wasm`: No such file or directory (os error 2)
[INFO] [stdout]     --> src/validate/mod.rs:7796:21
[INFO] [stdout]      |
[INFO] [stdout] 7796 |           let bytes = include_bytes!(
[INFO] [stdout]      |  _____________________^
[INFO] [stdout] 7797 | |             "../../../baedeker-testdata/spec/valid/typed-table-init-shared-source-to-global-set-nullable.wasm",
[INFO] [stdout] 7798 | |         );
[INFO] [stdout]      | |_________^
[INFO] [stdout] 
[INFO] [stdout] 
[INFO] [stdout] error: couldn't read `src/validate/../../../baedeker-testdata/spec/valid/typed-global-if-nullable-to-call-ref.wasm`: No such file or directory (os error 2)
[INFO] [stdout]     --> src/validate/mod.rs:7805:21
[INFO] [stdout]      |
[INFO] [stdout] 7805 |           let bytes = include_bytes!(
[INFO] [stdout]      |  _____________________^
[INFO] [stdout] 7806 | |             "../../../baedeker-testdata/spec/valid/typed-global-if-nullable-to-call-ref.wasm",
[INFO] [stdout] 7807 | |         );
[INFO] [stdout]      | |_________^
[INFO] [stdout] 
[INFO] [stdout] 
[INFO] [stdout] error: couldn't read `src/validate/../../../baedeker-testdata/spec/valid/typed-table-set-if-nullable.wasm`: No such file or directory (os error 2)
[INFO] [stdout]     --> src/validate/mod.rs:7814:21
[INFO] [stdout]      |
[INFO] [stdout] 7814 |           let bytes = include_bytes!(
[INFO] [stdout]      |  _____________________^
[INFO] [stdout] 7815 | |             "../../../baedeker-testdata/spec/valid/typed-table-set-if-nullable.wasm",
[INFO] [stdout] 7816 | |         );
[INFO] [stdout]      | |_________^
[INFO] [stdout] 
[INFO] [stdout] 
[INFO] [stdout] error: couldn't read `src/validate/../../../baedeker-testdata/spec/valid/typed-table-if-nullable-to-call-ref.wasm`: No such file or directory (os error 2)
[INFO] [stdout]     --> src/validate/mod.rs:7823:21
[INFO] [stdout]      |
[INFO] [stdout] 7823 |           let bytes = include_bytes!(
[INFO] [stdout]      |  _____________________^
[INFO] [stdout] 7824 | |             "../../../baedeker-testdata/spec/valid/typed-table-if-nullable-to-call-ref.wasm",
[INFO] [stdout] 7825 | |         );
[INFO] [stdout]      | |_________^
[INFO] [stdout] 
[INFO] [stdout] 
[INFO] [stdout] error: couldn't read `src/validate/../../../baedeker-testdata/spec/valid/typed-passive-element-nullable-from-nonnull.wasm`: No such file or directory (os error 2)
[INFO] [stdout]     --> src/validate/mod.rs:7832:21
[INFO] [stdout]      |
[INFO] [stdout] 7832 |           let bytes = include_bytes!(
[INFO] [stdout]      |  _____________________^
[INFO] [stdout] 7833 | |             "../../../baedeker-testdata/spec/valid/typed-passive-element-nullable-from-nonnull.wasm",
[INFO] [stdout] 7834 | |         );
[INFO] [stdout]      | |_________^
[INFO] [stdout] 
[INFO] [stdout] 
[INFO] [stdout] error: couldn't read `src/validate/../../../baedeker-testdata/spec/valid/typed-defined-nonnull-global-passive-element-nullable.wasm`: No such file or directory (os error 2)
[INFO] [stdout]     --> src/validate/mod.rs:7841:21
[INFO] [stdout]      |
[INFO] [stdout] 7841 |           let bytes = include_bytes!(
[INFO] [stdout]      |  _____________________^
[INFO] [stdout] 7842 | |             "../../../baedeker-testdata/spec/valid/typed-defined-nonnull-global-passive-element-nullable.wasm",
[INFO] [stdout] 7843 | |         );
[INFO] [stdout]      | |_________^
[INFO] [stdout] 
[INFO] [stdout] 
[INFO] [stdout] error: couldn't read `src/validate/../../../baedeker-testdata/spec/valid/typed-table-init-nullable-to-call-ref.wasm`: No such file or directory (os error 2)
[INFO] [stdout]     --> src/validate/mod.rs:7850:21
[INFO] [stdout]      |
[INFO] [stdout] 7850 |           let bytes = include_bytes!(
[INFO] [stdout]      |  _____________________^
[INFO] [stdout] 7851 | |             "../../../baedeker-testdata/spec/valid/typed-table-init-nullable-to-call-ref.wasm",
[INFO] [stdout] 7852 | |         );
[INFO] [stdout]      | |_________^
[INFO] [stdout] 
[INFO] [stdout] 
[INFO] [stdout] error: couldn't read `src/validate/../../../baedeker-testdata/spec/valid/typed-defined-global-passive-element-table-init-nullable-to-call-ref.wasm`: No such file or directory (os error 2)
[INFO] [stdout]     --> src/validate/mod.rs:7860:21
[INFO] [stdout]      |
[INFO] [stdout] 7860 |           let bytes = include_bytes!(
[INFO] [stdout]      |  _____________________^
[INFO] [stdout] 7861 | |             "../../../baedeker-testdata/spec/valid/typed-defined-global-passive-element-table-init-nullable-to-call-ref.wasm",
[INFO] [stdout] 7862 | |         );
[INFO] [stdout]      | |_________^
[INFO] [stdout] 
[INFO] [stdout] 
[INFO] [stdout] error: couldn't read `src/validate/../../../baedeker-testdata/spec/valid/typed-imported-global-passive-element-table-init-nullable-to-call-ref.wasm`: No such file or directory (os error 2)
[INFO] [stdout]     --> src/validate/mod.rs:7870:21
[INFO] [stdout]      |
[INFO] [stdout] 7870 |           let bytes = include_bytes!(
[INFO] [stdout]      |  _____________________^
[INFO] [stdout] 7871 | |             "../../../baedeker-testdata/spec/valid/typed-imported-global-passive-element-table-init-nullable-to-call-ref.wasm",
[INFO] [stdout] 7872 | |         );
[INFO] [stdout]      | |_________^
[INFO] [stdout] 
[INFO] [stdout] 
[INFO] [stdout] error: couldn't read `src/validate/../../../baedeker-testdata/spec/valid/typed-imported-nonnull-global-passive-element-table-init-nullable-to-call-ref.wasm`: No such file or directory (os error 2)
[INFO] [stdout]     --> src/validate/mod.rs:7880:21
[INFO] [stdout]      |
[INFO] [stdout] 7880 |   ...   let bytes = include_bytes!(
[INFO] [stdout]      |  ___________________^
[INFO] [stdout] 7881 | | ...       "../../../baedeker-testdata/spec/valid/typed-imported-nonnull-global-passive-element-table-init-nullable-to-call-ref.w...
[INFO] [stdout] 7882 | | ...   );
[INFO] [stdout]      | |_______^
[INFO] [stdout] 
[INFO] [stdout] 
[INFO] [stdout] error: couldn't read `src/validate/../../../baedeker-testdata/spec/valid/defined-typed-global-passive-element-equivalent-signature.wasm`: No such file or directory (os error 2)
[INFO] [stdout]     --> src/validate/mod.rs:7965:21
[INFO] [stdout]      |
[INFO] [stdout] 7965 |           let bytes = include_bytes!(
[INFO] [stdout]      |  _____________________^
[INFO] [stdout] 7966 | |             "../../../baedeker-testdata/spec/valid/defined-typed-global-passive-element-equivalent-signature.wasm",
[INFO] [stdout] 7967 | |         );
[INFO] [stdout]      | |_________^
[INFO] [stdout] 
[INFO] [stdout] 
[INFO] [stdout] error: couldn't read `src/validate/../../../baedeker-testdata/spec/valid/imported-typed-global-passive-element-equivalent-signature.wasm`: No such file or directory (os error 2)
[INFO] [stdout]     --> src/validate/mod.rs:7974:21
[INFO] [stdout]      |
[INFO] [stdout] 7974 |           let bytes = include_bytes!(
[INFO] [stdout]      |  _____________________^
[INFO] [stdout] 7975 | |             "../../../baedeker-testdata/spec/valid/imported-typed-global-passive-element-equivalent-signature.wasm",
[INFO] [stdout] 7976 | |         );
[INFO] [stdout]      | |_________^
[INFO] [stdout] 
[INFO] [stdout] 
[INFO] [stdout] error: couldn't read `src/validate/../../../baedeker-testdata/spec/valid/defined-typed-global-passive-element-table-init-equivalent-signature.wasm`: No such file or directory (os error 2)
[INFO] [stdout]     --> src/validate/mod.rs:7984:21
[INFO] [stdout]      |
[INFO] [stdout] 7984 |           let bytes = include_bytes!(
[INFO] [stdout]      |  _____________________^
[INFO] [stdout] 7985 | |             "../../../baedeker-testdata/spec/valid/defined-typed-global-passive-element-table-init-equivalent-signature.wasm",
[INFO] [stdout] 7986 | |         );
[INFO] [stdout]      | |_________^
[INFO] [stdout] 
[INFO] [stdout] 
[INFO] [stdout] error: couldn't read `src/validate/../../../baedeker-testdata/spec/valid/imported-typed-global-passive-element-table-init-equivalent-signature.wasm`: No such file or directory (os error 2)
[INFO] [stdout]     --> src/validate/mod.rs:7994:21
[INFO] [stdout]      |
[INFO] [stdout] 7994 |           let bytes = include_bytes!(
[INFO] [stdout]      |  _____________________^
[INFO] [stdout] 7995 | |             "../../../baedeker-testdata/spec/valid/imported-typed-global-passive-element-table-init-equivalent-signature.wasm",
[INFO] [stdout] 7996 | |         );
[INFO] [stdout]      | |_________^
[INFO] [stdout] 
[INFO] [stdout] 
[INFO] [stdout] error: couldn't read `src/validate/../../../baedeker-testdata/spec/valid/typed-block-result-nullable-from-nonnull.wasm`: No such file or directory (os error 2)
[INFO] [stdout]     --> src/validate/mod.rs:8030:21
[INFO] [stdout]      |
[INFO] [stdout] 8030 |           let bytes = include_bytes!(
[INFO] [stdout]      |  _____________________^
[INFO] [stdout] 8031 | |             "../../../baedeker-testdata/spec/valid/typed-block-result-nullable-from-nonnull.wasm",
[INFO] [stdout] 8032 | |         );
[INFO] [stdout]      | |_________^
[INFO] [stdout] 
[INFO] [stdout] 
[INFO] [stdout] error: couldn't read `src/validate/../../../baedeker-testdata/spec/invalid-validate/typed-block-result-nullability-mismatch.wasm`: No such file or directory (os error 2)
[INFO] [stdout]     --> src/validate/mod.rs:8039:21
[INFO] [stdout]      |
[INFO] [stdout] 8039 |           let bytes = include_bytes!(
[INFO] [stdout]      |  _____________________^
[INFO] [stdout] 8040 | |             "../../../baedeker-testdata/spec/invalid-validate/typed-block-result-nullability-mismatch.wasm",
[INFO] [stdout] 8041 | |         );
[INFO] [stdout]      | |_________^
[INFO] [stdout] 
[INFO] [stdout] 
[INFO] [stdout] error[E0433]: cannot find module or crate `baedeker_testdata` in this scope
[INFO] [stdout]    --> tests/spec.rs:334:17
[INFO] [stdout]     |
[INFO] [stdout] 334 |     for path in baedeker_testdata::spec_cases("valid") {
[INFO] [stdout]     |                 ^^^^^^^^^^^^^^^^^ use of unresolved module or unlinked crate `baedeker_testdata`
[INFO] [stdout]     |
[INFO] [stdout]     = help: if you wanted to use a crate named `baedeker_testdata`, use `cargo add baedeker_testdata` to add it to your `Cargo.toml`
[INFO] [stdout] 
[INFO] [stdout] 
[INFO] [stdout] error: couldn't read `src/validate/../../../baedeker-testdata/spec/valid/typed-if-result-nullable-from-join.wasm`: No such file or directory (os error 2)
[INFO] [stdout]     --> src/validate/mod.rs:8151:21
[INFO] [stdout]      |
[INFO] [stdout] 8151 |           let bytes = include_bytes!(
[INFO] [stdout]      |  _____________________^
[INFO] [stdout] 8152 | |             "../../../baedeker-testdata/spec/valid/typed-if-result-nullable-from-join.wasm",
[INFO] [stdout] 8153 | |         );
[INFO] [stdout]      | |_________^
[INFO] [stdout] 
[INFO] [stdout] 
[INFO] [stdout] error: couldn't read `src/validate/../../../baedeker-testdata/spec/invalid-validate/typed-if-result-nullability-mismatch.wasm`: No such file or directory (os error 2)
[INFO] [stdout]     --> src/validate/mod.rs:8160:21
[INFO] [stdout]      |
[INFO] [stdout] 8160 |           let bytes = include_bytes!(
[INFO] [stdout]      |  _____________________^
[INFO] [stdout] 8161 | |             "../../../baedeker-testdata/spec/invalid-validate/typed-if-result-nullability-mismatch.wasm",
[INFO] [stdout] 8162 | |         );
[INFO] [stdout]      | |_________^
[INFO] [stdout] 
[INFO] [stdout] 
[INFO] [stdout] error: couldn't read `src/validate/../../../baedeker-testdata/spec/valid/typed-loop-result-nullable-from-nonnull.wasm`: No such file or directory (os error 2)
[INFO] [stdout]     --> src/validate/mod.rs:8267:21
[INFO] [stdout]      |
[INFO] [stdout] 8267 |           let bytes = include_bytes!(
[INFO] [stdout]      |  _____________________^
[INFO] [stdout] 8268 | |             "../../../baedeker-testdata/spec/valid/typed-loop-result-nullable-from-nonnull.wasm",
[INFO] [stdout] 8269 | |         );
[INFO] [stdout]      | |_________^
[INFO] [stdout] 
[INFO] [stdout] 
[INFO] [stdout] error: couldn't read `src/validate/../../../baedeker-testdata/spec/invalid-validate/typed-loop-result-nullability-mismatch.wasm`: No such file or directory (os error 2)
[INFO] [stdout]     --> src/validate/mod.rs:8276:21
[INFO] [stdout]      |
[INFO] [stdout] 8276 |           let bytes = include_bytes!(
[INFO] [stdout]      |  _____________________^
[INFO] [stdout] 8277 | |             "../../../baedeker-testdata/spec/invalid-validate/typed-loop-result-nullability-mismatch.wasm",
[INFO] [stdout] 8278 | |         );
[INFO] [stdout]      | |_________^
[INFO] [stdout] 
[INFO] [stdout] 
[INFO] [stdout] error: couldn't read `src/validate/../../../baedeker-testdata/spec/valid/typed-return-if-nullable.wasm`: No such file or directory (os error 2)
[INFO] [stdout]     --> src/validate/mod.rs:8322:13
[INFO] [stdout]      |
[INFO] [stdout] 8322 |             include_bytes!("../../../baedeker-testdata/spec/valid/typed-return-if-nullable.wasm",);
[INFO] [stdout]      |             ^^^^^^^^^^^^^^^^^^^^^^^^^^^^^^^^^^^^^^^^^^^^^^^^^^^^^^^^^^^^^^^^^^^^^^^^^^^^^^^^^^^^^^
[INFO] [stdout] 
[INFO] [stdout] 
[INFO] [stdout] error: couldn't read `src/validate/../../../baedeker-testdata/spec/invalid-validate/typed-return-if-nullability-mismatch.wasm`: No such file or directory (os error 2)
[INFO] [stdout]     --> src/validate/mod.rs:8329:21
[INFO] [stdout]      |
[INFO] [stdout] 8329 |           let bytes = include_bytes!(
[INFO] [stdout]      |  _____________________^
[INFO] [stdout] 8330 | |             "../../../baedeker-testdata/spec/invalid-validate/typed-return-if-nullability-mismatch.wasm",
[INFO] [stdout] 8331 | |         );
[INFO] [stdout]      | |_________^
[INFO] [stdout] 
[INFO] [stdout] 
[INFO] [stdout] error: couldn't read `src/validate/../../../baedeker-testdata/spec/valid/typed-table-init-shared-source-to-return-nullable.wasm`: No such file or directory (os error 2)
[INFO] [stdout]     --> src/validate/mod.rs:8350:21
[INFO] [stdout]      |
[INFO] [stdout] 8350 |           let bytes = include_bytes!(
[INFO] [stdout]      |  _____________________^
[INFO] [stdout] 8351 | |             "../../../baedeker-testdata/spec/valid/typed-table-init-shared-source-to-return-nullable.wasm",
[INFO] [stdout] 8352 | |         );
[INFO] [stdout]      | |_________^
[INFO] [stdout] 
[INFO] [stdout] 
[INFO] [stdout] error: couldn't read `src/validate/../../../baedeker-testdata/spec/invalid-validate/typed-table-init-shared-source-to-return-nullability-mismatch.wasm`: No such file or directory (os error 2)
[INFO] [stdout]     --> src/validate/mod.rs:8359:21
[INFO] [stdout]      |
[INFO] [stdout] 8359 |           let bytes = include_bytes!(
[INFO] [stdout]      |  _____________________^
[INFO] [stdout] 8360 | |             "../../../baedeker-testdata/spec/invalid-validate/typed-table-init-shared-source-to-return-nullability-mismatch.wasm",
[INFO] [stdout] 8361 | |         );
[INFO] [stdout]      | |_________^
[INFO] [stdout] 
[INFO] [stdout] 
[INFO] [stdout] error: couldn't read `src/validate/../../../baedeker-testdata/spec/valid/typed-if-to-return-call-ref-equivalent-signature.wasm`: No such file or directory (os error 2)
[INFO] [stdout]     --> src/validate/mod.rs:8404:21
[INFO] [stdout]      |
[INFO] [stdout] 8404 |           let bytes = include_bytes!(
[INFO] [stdout]      |  _____________________^
[INFO] [stdout] 8405 | |             "../../../baedeker-testdata/spec/valid/typed-if-to-return-call-ref-equivalent-signature.wasm",
[INFO] [stdout] 8406 | |         );
[INFO] [stdout]      | |_________^
[INFO] [stdout] 
[INFO] [stdout] 
[INFO] [stdout] error: couldn't read `src/validate/../../../baedeker-testdata/spec/valid/return-call-ref-count.wasm`: No such file or directory (os error 2)
[INFO] [stdout]     --> src/validate/mod.rs:8414:13
[INFO] [stdout]      |
[INFO] [stdout] 8414 |             include_bytes!("../../../baedeker-testdata/spec/valid/return-call-ref-count.wasm");
[INFO] [stdout]      |             ^^^^^^^^^^^^^^^^^^^^^^^^^^^^^^^^^^^^^^^^^^^^^^^^^^^^^^^^^^^^^^^^^^^^^^^^^^^^^^^^^^
[INFO] [stdout] 
[INFO] [stdout] 
[INFO] [stdout] error: couldn't read `src/validate/../../../baedeker-testdata/spec/valid/typed-table-init-to-return-call-ref-result-nullable.wasm`: No such file or directory (os error 2)
[INFO] [stdout]     --> src/validate/mod.rs:8421:21
[INFO] [stdout]      |
[INFO] [stdout] 8421 |           let bytes = include_bytes!(
[INFO] [stdout]      |  _____________________^
[INFO] [stdout] 8422 | |             "../../../baedeker-testdata/spec/valid/typed-table-init-to-return-call-ref-result-nullable.wasm",
[INFO] [stdout] 8423 | |         );
[INFO] [stdout]      | |_________^
[INFO] [stdout] 
[INFO] [stdout] 
[INFO] [stdout] error: couldn't read `src/validate/../../../baedeker-testdata/spec/valid/typed-table-init-shared-source-to-return-call-ref-nullable.wasm`: No such file or directory (os error 2)
[INFO] [stdout]     --> src/validate/mod.rs:8430:21
[INFO] [stdout]      |
[INFO] [stdout] 8430 |           let bytes = include_bytes!(
[INFO] [stdout]      |  _____________________^
[INFO] [stdout] 8431 | |             "../../../baedeker-testdata/spec/valid/typed-table-init-shared-source-to-return-call-ref-nullable.wasm",
[INFO] [stdout] 8432 | |         );
[INFO] [stdout]      | |_________^
[INFO] [stdout] 
[INFO] [stdout] 
[INFO] [stdout] error: couldn't read `src/validate/../../../baedeker-testdata/spec/invalid-validate/typed-return-call-ref-result-wrong-concrete-type.wasm`: No such file or directory (os error 2)
[INFO] [stdout]     --> src/validate/mod.rs:8439:21
[INFO] [stdout]      |
[INFO] [stdout] 8439 |           let bytes = include_bytes!(
[INFO] [stdout]      |  _____________________^
[INFO] [stdout] 8440 | |             "../../../baedeker-testdata/spec/invalid-validate/typed-return-call-ref-result-wrong-concrete-type.wasm",
[INFO] [stdout] 8441 | |         );
[INFO] [stdout]      | |_________^
[INFO] [stdout] 
[INFO] [stdout] 
[INFO] [stdout] error: couldn't read `src/validate/../../../baedeker-testdata/spec/invalid-validate/typed-return-call-ref-result-nullability-mismatch.wasm`: No such file or directory (os error 2)
[INFO] [stdout]     --> src/validate/mod.rs:8460:21
[INFO] [stdout]      |
[INFO] [stdout] 8460 |           let bytes = include_bytes!(
[INFO] [stdout]      |  _____________________^
[INFO] [stdout] 8461 | |             "../../../baedeker-testdata/spec/invalid-validate/typed-return-call-ref-result-nullability-mismatch.wasm",
[INFO] [stdout] 8462 | |         );
[INFO] [stdout]      | |_________^
[INFO] [stdout] 
[INFO] [stdout] 
[INFO] [stdout] error: couldn't read `src/validate/../../../baedeker-testdata/spec/invalid-validate/typed-if-to-return-call-ref-wrong-concrete-type.wasm`: No such file or directory (os error 2)
[INFO] [stdout]     --> src/validate/mod.rs:8481:21
[INFO] [stdout]      |
[INFO] [stdout] 8481 |           let bytes = include_bytes!(
[INFO] [stdout]      |  _____________________^
[INFO] [stdout] 8482 | |             "../../../baedeker-testdata/spec/invalid-validate/typed-if-to-return-call-ref-wrong-concrete-type.wasm",
[INFO] [stdout] 8483 | |         );
[INFO] [stdout]      | |_________^
[INFO] [stdout] 
[INFO] [stdout] 
[INFO] [stdout] error: couldn't read `src/validate/../../../baedeker-testdata/spec/invalid-validate/typed-table-init-to-return-call-ref-result-nullability-mismatch.wasm`: No such file or directory (os error 2)
[INFO] [stdout]     --> src/validate/mod.rs:8504:21
[INFO] [stdout]      |
[INFO] [stdout] 8504 |   ...   let bytes = include_bytes!(
[INFO] [stdout]      |  ___________________^
[INFO] [stdout] 8505 | | ...       "../../../baedeker-testdata/spec/invalid-validate/typed-table-init-to-return-call-ref-result-nullability-mismatch.wasm",
[INFO] [stdout] 8506 | | ...   );
[INFO] [stdout]      | |_______^
[INFO] [stdout] 
[INFO] [stdout] 
[INFO] [stdout] error: couldn't read `src/validate/../../../baedeker-testdata/spec/invalid-validate/typed-table-init-shared-source-to-return-call-ref-nullability-mismatch.wasm`: No such file or directory (os error 2)
[INFO] [stdout]     --> src/validate/mod.rs:8525:21
[INFO] [stdout]      |
[INFO] [stdout] 8525 |   ...   let bytes = include_bytes!(
[INFO] [stdout]      |  ___________________^
[INFO] [stdout] 8526 | | ...       "../../../baedeker-testdata/spec/invalid-validate/typed-table-init-shared-source-to-return-call-ref-nullability-mismat...
[INFO] [stdout] 8527 | | ...   );
[INFO] [stdout]      | |_______^
[INFO] [stdout] 
[INFO] [stdout] 
[INFO] [stdout] error: couldn't read `src/validate/../../../baedeker-testdata/spec/invalid-validate/call-ref-non-funcref-externref.wasm`: No such file or directory (os error 2)
[INFO] [stdout]     --> src/validate/mod.rs:8569:21
[INFO] [stdout]      |
[INFO] [stdout] 8569 |           let bytes = include_bytes!(
[INFO] [stdout]      |  _____________________^
[INFO] [stdout] 8570 | |             "../../../baedeker-testdata/spec/invalid-validate/call-ref-non-funcref-externref.wasm",
[INFO] [stdout] 8571 | |         );
[INFO] [stdout]      | |_________^
[INFO] [stdout] 
[INFO] [stdout] 
[INFO] [stdout] error: couldn't read `src/validate/../../../baedeker-testdata/spec/invalid-validate/call-ref-non-funcref-funcref.wasm`: No such file or directory (os error 2)
[INFO] [stdout]     --> src/validate/mod.rs:8589:21
[INFO] [stdout]      |
[INFO] [stdout] 8589 |           let bytes = include_bytes!(
[INFO] [stdout]      |  _____________________^
[INFO] [stdout] 8590 | |             "../../../baedeker-testdata/spec/invalid-validate/call-ref-non-funcref-funcref.wasm",
[INFO] [stdout] 8591 | |         );
[INFO] [stdout]      | |_________^
[INFO] [stdout] 
[INFO] [stdout] 
[INFO] [stdout] error: couldn't read `src/validate/../../../baedeker-testdata/spec/invalid-validate/return-call-ref-non-funcref-externref.wasm`: No such file or directory (os error 2)
[INFO] [stdout]     --> src/validate/mod.rs:8609:21
[INFO] [stdout]      |
[INFO] [stdout] 8609 |           let bytes = include_bytes!(
[INFO] [stdout]      |  _____________________^
[INFO] [stdout] 8610 | |             "../../../baedeker-testdata/spec/invalid-validate/return-call-ref-non-funcref-externref.wasm",
[INFO] [stdout] 8611 | |         );
[INFO] [stdout]      | |_________^
[INFO] [stdout] 
[INFO] [stdout] 
[INFO] [stdout] error: couldn't read `src/validate/../../../baedeker-testdata/spec/invalid-validate/return-call-ref-non-funcref-funcref.wasm`: No such file or directory (os error 2)
[INFO] [stdout]     --> src/validate/mod.rs:8629:21
[INFO] [stdout]      |
[INFO] [stdout] 8629 |           let bytes = include_bytes!(
[INFO] [stdout]      |  _____________________^
[INFO] [stdout] 8630 | |             "../../../baedeker-testdata/spec/invalid-validate/return-call-ref-non-funcref-funcref.wasm",
[INFO] [stdout] 8631 | |         );
[INFO] [stdout]      | |_________^
[INFO] [stdout] 
[INFO] [stdout] 
[INFO] [stdout] error: couldn't read `src/validate/../../../baedeker-testdata/spec/invalid-validate/return-call-ref-multi-result.wasm`: No such file or directory (os error 2)
[INFO] [stdout]     --> src/validate/mod.rs:8649:21
[INFO] [stdout]      |
[INFO] [stdout] 8649 |           let bytes = include_bytes!(
[INFO] [stdout]      |  _____________________^
[INFO] [stdout] 8650 | |             "../../../baedeker-testdata/spec/invalid-validate/return-call-ref-multi-result.wasm",
[INFO] [stdout] 8651 | |         );
[INFO] [stdout]      | |_________^
[INFO] [stdout] 
[INFO] [stdout] 
[INFO] [stdout] error: couldn't read `src/validate/../../../baedeker-testdata/spec/invalid-validate/typed-table-to-defined-mut-global-wrong-concrete-type.wasm`: No such file or directory (os error 2)
[INFO] [stdout]     --> src/validate/mod.rs:8742:21
[INFO] [stdout]      |
[INFO] [stdout] 8742 |           let bytes = include_bytes!(
[INFO] [stdout]      |  _____________________^
[INFO] [stdout] 8743 | |             "../../../baedeker-testdata/spec/invalid-validate/typed-table-to-defined-mut-global-wrong-concrete-type.wasm",
[INFO] [stdout] 8744 | |         );
[INFO] [stdout]      | |_________^
[INFO] [stdout] 
[INFO] [stdout] 
[INFO] [stdout] error: couldn't read `src/validate/../../../baedeker-testdata/spec/invalid-validate/imported-typed-table-to-defined-mut-global-wrong-concrete-type.wasm`: No such file or directory (os error 2)
[INFO] [stdout]     --> src/validate/mod.rs:8765:21
[INFO] [stdout]      |
[INFO] [stdout] 8765 |           let bytes = include_bytes!(
[INFO] [stdout]      |  _____________________^
[INFO] [stdout] 8766 | |             "../../../baedeker-testdata/spec/invalid-validate/imported-typed-table-to-defined-mut-global-wrong-concrete-type.wasm",
[INFO] [stdout] 8767 | |         );
[INFO] [stdout]      | |_________^
[INFO] [stdout] 
[INFO] [stdout] 
[INFO] [stdout] error: couldn't read `src/validate/../../../baedeker-testdata/spec/invalid-validate/typed-local-set-if-nullability-mismatch.wasm`: No such file or directory (os error 2)
[INFO] [stdout]     --> src/validate/mod.rs:8788:21
[INFO] [stdout]      |
[INFO] [stdout] 8788 |           let bytes = include_bytes!(
[INFO] [stdout]      |  _____________________^
[INFO] [stdout] 8789 | |             "../../../baedeker-testdata/spec/invalid-validate/typed-local-set-if-nullability-mismatch.wasm",
[INFO] [stdout] 8790 | |         );
[INFO] [stdout]      | |_________^
[INFO] [stdout] 
[INFO] [stdout] 
[INFO] [stdout] error: couldn't read `src/validate/../../../baedeker-testdata/spec/invalid-validate/typed-local-if-to-return-nullability-mismatch.wasm`: No such file or directory (os error 2)
[INFO] [stdout]     --> src/validate/mod.rs:8811:21
[INFO] [stdout]      |
[INFO] [stdout] 8811 |           let bytes = include_bytes!(
[INFO] [stdout]      |  _____________________^
[INFO] [stdout] 8812 | |             "../../../baedeker-testdata/spec/invalid-validate/typed-local-if-to-return-nullability-mismatch.wasm",
[INFO] [stdout] 8813 | |         );
[INFO] [stdout]      | |_________^
[INFO] [stdout] 
[INFO] [stdout] 
[INFO] [stdout] error: couldn't read `src/validate/../../../baedeker-testdata/spec/invalid-validate/typed-global-set-if-nullability-mismatch.wasm`: No such file or directory (os error 2)
[INFO] [stdout]     --> src/validate/mod.rs:8832:21
[INFO] [stdout]      |
[INFO] [stdout] 8832 |           let bytes = include_bytes!(
[INFO] [stdout]      |  _____________________^
[INFO] [stdout] 8833 | |             "../../../baedeker-testdata/spec/invalid-validate/typed-global-set-if-nullability-mismatch.wasm",
[INFO] [stdout] 8834 | |         );
[INFO] [stdout]      | |_________^
[INFO] [stdout] 
[INFO] [stdout] 
[INFO] [stdout] error: couldn't read `src/validate/../../../baedeker-testdata/spec/invalid-validate/typed-table-init-shared-source-to-global-set-nullability-mismatch.wasm`: No such file or directory (os error 2)
[INFO] [stdout]     --> src/validate/mod.rs:8855:21
[INFO] [stdout]      |
[INFO] [stdout] 8855 |   ...   let bytes = include_bytes!(
[INFO] [stdout]      |  ___________________^
[INFO] [stdout] 8856 | | ...       "../../../baedeker-testdata/spec/invalid-validate/typed-table-init-shared-source-to-global-set-nullability-mismatch.wa...
[INFO] [stdout] 8857 | | ...   );
[INFO] [stdout]      | |_______^
[INFO] [stdout] 
[INFO] [stdout] 
[INFO] [stdout] error: couldn't read `src/validate/../../../baedeker-testdata/spec/invalid-validate/typed-global-if-to-return-nullability-mismatch.wasm`: No such file or directory (os error 2)
[INFO] [stdout]     --> src/validate/mod.rs:8878:21
[INFO] [stdout]      |
[INFO] [stdout] 8878 |           let bytes = include_bytes!(
[INFO] [stdout]      |  _____________________^
[INFO] [stdout] 8879 | |             "../../../baedeker-testdata/spec/invalid-validate/typed-global-if-to-return-nullability-mismatch.wasm",
[INFO] [stdout] 8880 | |         );
[INFO] [stdout]      | |_________^
[INFO] [stdout] 
[INFO] [stdout] 
[INFO] [stdout] error: couldn't read `src/validate/../../../baedeker-testdata/spec/invalid-validate/typed-table-set-if-nullability-mismatch.wasm`: No such file or directory (os error 2)
[INFO] [stdout]     --> src/validate/mod.rs:8899:21
[INFO] [stdout]      |
[INFO] [stdout] 8899 |           let bytes = include_bytes!(
[INFO] [stdout]      |  _____________________^
[INFO] [stdout] 8900 | |             "../../../baedeker-testdata/spec/invalid-validate/typed-table-set-if-nullability-mismatch.wasm",
[INFO] [stdout] 8901 | |         );
[INFO] [stdout]      | |_________^
[INFO] [stdout] 
[INFO] [stdout] 
[INFO] [stdout] error: couldn't read `src/validate/../../../baedeker-testdata/spec/invalid-validate/typed-table-if-to-return-nullability-mismatch.wasm`: No such file or directory (os error 2)
[INFO] [stdout]     --> src/validate/mod.rs:8922:21
[INFO] [stdout]      |
[INFO] [stdout] 8922 |           let bytes = include_bytes!(
[INFO] [stdout]      |  _____________________^
[INFO] [stdout] 8923 | |             "../../../baedeker-testdata/spec/invalid-validate/typed-table-if-to-return-nullability-mismatch.wasm",
[INFO] [stdout] 8924 | |         );
[INFO] [stdout]      | |_________^
[INFO] [stdout] 
[INFO] [stdout] 
[INFO] [stdout] error: couldn't read `src/validate/../../../baedeker-testdata/spec/invalid-validate/typed-passive-element-nullability-mismatch.wasm`: No such file or directory (os error 2)
[INFO] [stdout]     --> src/validate/mod.rs:8943:21
[INFO] [stdout]      |
[INFO] [stdout] 8943 |           let bytes = include_bytes!(
[INFO] [stdout]      |  _____________________^
[INFO] [stdout] 8944 | |             "../../../baedeker-testdata/spec/invalid-validate/typed-passive-element-nullability-mismatch.wasm",
[INFO] [stdout] 8945 | |         );
[INFO] [stdout]      | |_________^
[INFO] [stdout] 
[INFO] [stdout] 
[INFO] [stdout] error: couldn't read `src/validate/../../../baedeker-testdata/spec/invalid-validate/typed-table-init-nullability-mismatch.wasm`: No such file or directory (os error 2)
[INFO] [stdout]     --> src/validate/mod.rs:8965:21
[INFO] [stdout]      |
[INFO] [stdout] 8965 |           let bytes = include_bytes!(
[INFO] [stdout]      |  _____________________^
[INFO] [stdout] 8966 | |             "../../../baedeker-testdata/spec/invalid-validate/typed-table-init-nullability-mismatch.wasm",
[INFO] [stdout] 8967 | |         );
[INFO] [stdout]      | |_________^
[INFO] [stdout] 
[INFO] [stdout] 
[INFO] [stdout] error: couldn't read `src/validate/../../../baedeker-testdata/spec/invalid-validate/typed-defined-global-passive-element-table-init-to-return-nullability-mismatch.wasm`: No such file or directory (os error 2)
[INFO] [stdout]     --> src/validate/mod.rs:8987:21
[INFO] [stdout]      |
[INFO] [stdout] 8987 |   ...   let bytes = include_bytes!(
[INFO] [stdout]      |  ___________________^
[INFO] [stdout] 8988 | | ...       "../../../baedeker-testdata/spec/invalid-validate/typed-defined-global-passive-element-table-init-to-return-nullabilit...
[INFO] [stdout] 8989 | | ...   );
[INFO] [stdout]      | |_______^
[INFO] [stdout] 
[INFO] [stdout] 
[INFO] [stdout] error: couldn't read `src/validate/../../../baedeker-testdata/spec/invalid-validate/typed-imported-global-passive-element-table-init-to-return-nullability-mismatch.wasm`: No such file or directory (os error 2)
[INFO] [stdout]     --> src/validate/mod.rs:9008:21
[INFO] [stdout]      |
[INFO] [stdout] 9008 |   ...   let bytes = include_bytes!(
[INFO] [stdout]      |  ___________________^
[INFO] [stdout] 9009 | | ...       "../../../baedeker-testdata/spec/invalid-validate/typed-imported-global-passive-element-table-init-to-return-nullabili...
[INFO] [stdout] 9010 | | ...   );
[INFO] [stdout]      | |_______^
[INFO] [stdout] 
[INFO] [stdout] 
[INFO] [stdout] error: couldn't read `src/validate/../../../baedeker-testdata/spec/invalid-validate/typed-defined-global-passive-element-table-init-to-global-set-nullability-mismatch.wasm`: No such file or directory (os error 2)
[INFO] [stdout]     --> src/validate/mod.rs:9029:21
[INFO] [stdout]      |
[INFO] [stdout] 9029 |   ...   let bytes = include_bytes!(
[INFO] [stdout]      |  ___________________^
[INFO] [stdout] 9030 | | ...       "../../../baedeker-testdata/spec/invalid-validate/typed-defined-global-passive-element-table-init-to-global-set-nullab...
[INFO] [stdout] 9031 | | ...   );
[INFO] [stdout]      | |_______^
[INFO] [stdout] 
[INFO] [stdout] 
[INFO] [stdout] error: couldn't read `src/validate/../../../baedeker-testdata/spec/invalid-validate/typed-imported-global-passive-element-table-init-nullability-mismatch.wasm`: No such file or directory (os error 2)
[INFO] [stdout]     --> src/validate/mod.rs:9052:21
[INFO] [stdout]      |
[INFO] [stdout] 9052 |   ...   let bytes = include_bytes!(
[INFO] [stdout]      |  ___________________^
[INFO] [stdout] 9053 | | ...       "../../../baedeker-testdata/spec/invalid-validate/typed-imported-global-passive-element-table-init-nullability-mismatc...
[INFO] [stdout] 9054 | | ...   );
[INFO] [stdout]      | |_______^
[INFO] [stdout] 
[INFO] [stdout] 
[INFO] [stderr] error: could not compile `baedeker-core` (test "runtime_wast") due to 3 previous errors
[INFO] [stdout] error: couldn't read `src/validate/../../../baedeker-testdata/spec/invalid-validate/defined-typed-global-passive-element-wrong-concrete-type.wasm`: No such file or directory (os error 2)
[INFO] [stdout]     --> src/validate/mod.rs:9131:21
[INFO] [stdout]      |
[INFO] [stdout] 9131 |           let bytes = include_bytes!(
[INFO] [stdout]      |  _____________________^
[INFO] [stdout] 9132 | |             "../../../baedeker-testdata/spec/invalid-validate/defined-typed-global-passive-element-wrong-concrete-type.wasm",
[INFO] [stdout] 9133 | |         );
[INFO] [stdout]      | |_________^
[INFO] [stdout] 
[INFO] [stdout] 
[INFO] [stderr] warning: build failed, waiting for other jobs to finish...
[INFO] [stdout] error: couldn't read `src/validate/../../../baedeker-testdata/spec/invalid-validate/imported-typed-global-passive-element-wrong-concrete-type.wasm`: No such file or directory (os error 2)
[INFO] [stdout]     --> src/validate/mod.rs:9153:21
[INFO] [stdout]      |
[INFO] [stdout] 9153 |           let bytes = include_bytes!(
[INFO] [stdout]      |  _____________________^
[INFO] [stdout] 9154 | |             "../../../baedeker-testdata/spec/invalid-validate/imported-typed-global-passive-element-wrong-concrete-type.wasm",
[INFO] [stdout] 9155 | |         );
[INFO] [stdout]      | |_________^
[INFO] [stdout] 
[INFO] [stdout] 
[INFO] [stdout] error[E0433]: cannot find module or crate `baedeker_testdata` in this scope
[INFO] [stdout]    --> tests/spec_node.rs:143:17
[INFO] [stdout]     |
[INFO] [stdout] 143 |     for path in baedeker_testdata::spec_wast_cases(subdir) {
[INFO] [stdout]     |                 ^^^^^^^^^^^^^^^^^ use of unresolved module or unlinked crate `baedeker_testdata`
[INFO] [stdout]     |
[INFO] [stdout]     = help: if you wanted to use a crate named `baedeker_testdata`, use `cargo add baedeker_testdata` to add it to your `Cargo.toml`
[INFO] [stdout] 
[INFO] [stdout] 
[INFO] [stdout] Some errors have detailed explanations: E0277, E0433.
[INFO] [stdout] 
[INFO] [stdout] For more information about an error, try `rustc --explain E0277`.
[INFO] [stdout] 
[INFO] [stdout] Some errors have detailed explanations: E0277, E0308, E0433.
[INFO] [stdout] 
[INFO] [stdout] For more information about an error, try `rustc --explain E0277`.
[INFO] [stdout] 
[INFO] [stderr] error: could not compile `baedeker-core` (test "spec_wast") due to 4 previous errors
[INFO] [stdout] error[E0277]: the size for values of type `[u8]` cannot be known at compilation time
[INFO] [stdout]    --> tests/spec.rs:334:5
[INFO] [stdout]     |
[INFO] [stdout] 334 | /     for path in baedeker_testdata::spec_cases("valid") {
[INFO] [stdout] 335 | |         run_case(&path, Expectation::Valid);
[INFO] [stdout] 336 | |     }
[INFO] [stdout]     | |_____^ doesn't have a size known at compile-time
[INFO] [stdout]     |
[INFO] [stdout]     = help: within `Path`, the trait `Sized` is not implemented for `[u8]`
[INFO] [stdout] note: required because it appears within the type `Path`
[INFO] [stdout]    --> /rustc/3154cc1a3e6424e44f438a95007d043ed5ceaaf6/library/std/src/path.rs:2357:11
[INFO] [stdout] note: required by an implicit `Sized` bound in `Option`
[INFO] [stdout]    --> /rustc/3154cc1a3e6424e44f438a95007d043ed5ceaaf6/library/core/src/option.rs:598:0
[INFO] [stdout] 
[INFO] [stdout] 
[INFO] [stdout] error[E0433]: cannot find module or crate `baedeker_testdata` in this scope
[INFO] [stdout]    --> tests/spec.rs:341:17
[INFO] [stdout]     |
[INFO] [stdout] 341 |     for path in baedeker_testdata::spec_cases("invalid-decode") {
[INFO] [stdout]     |                 ^^^^^^^^^^^^^^^^^ use of unresolved module or unlinked crate `baedeker_testdata`
[INFO] [stdout]     |
[INFO] [stdout]     = help: if you wanted to use a crate named `baedeker_testdata`, use `cargo add baedeker_testdata` to add it to your `Cargo.toml`
[INFO] [stdout] 
[INFO] [stdout] 
[INFO] [stdout] error[E0277]: the size for values of type `[u8]` cannot be known at compilation time
[INFO] [stdout]    --> tests/spec.rs:341:5
[INFO] [stdout]     |
[INFO] [stdout] 341 | /     for path in baedeker_testdata::spec_cases("invalid-decode") {
[INFO] [stdout] 342 | |         assert_invalid_case_meta(&path, Expectation::DecodeError);
[INFO] [stdout] 343 | |         run_case(&path, Expectation::DecodeError);
[INFO] [stdout] 344 | |     }
[INFO] [stdout]     | |_____^ doesn't have a size known at compile-time
[INFO] [stdout]     |
[INFO] [stdout]     = help: within `Path`, the trait `Sized` is not implemented for `[u8]`
[INFO] [stdout] note: required because it appears within the type `Path`
[INFO] [stdout]    --> /rustc/3154cc1a3e6424e44f438a95007d043ed5ceaaf6/library/std/src/path.rs:2357:11
[INFO] [stdout] note: required by an implicit `Sized` bound in `Option`
[INFO] [stdout]    --> /rustc/3154cc1a3e6424e44f438a95007d043ed5ceaaf6/library/core/src/option.rs:598:0
[INFO] [stdout] 
[INFO] [stdout] 
[INFO] [stdout] error[E0433]: cannot find module or crate `baedeker_testdata` in this scope
[INFO] [stdout]    --> tests/spec.rs:349:17
[INFO] [stdout]     |
[INFO] [stdout] 349 |     for path in baedeker_testdata::spec_cases("invalid-validate") {
[INFO] [stdout]     |                 ^^^^^^^^^^^^^^^^^ use of unresolved module or unlinked crate `baedeker_testdata`
[INFO] [stdout]     |
[INFO] [stdout]     = help: if you wanted to use a crate named `baedeker_testdata`, use `cargo add baedeker_testdata` to add it to your `Cargo.toml`
[INFO] [stdout] 
[INFO] [stdout] 
[INFO] [stdout] error[E0277]: the size for values of type `[u8]` cannot be known at compilation time
[INFO] [stdout]    --> tests/spec.rs:349:5
[INFO] [stdout]     |
[INFO] [stdout] 349 | /     for path in baedeker_testdata::spec_cases("invalid-validate") {
[INFO] [stdout] 350 | |         assert_invalid_case_meta(&path, Expectation::ValidationError);
[INFO] [stdout] 351 | |         run_case(&path, Expectation::ValidationError);
[INFO] [stdout] 352 | |     }
[INFO] [stdout]     | |_____^ doesn't have a size known at compile-time
[INFO] [stdout]     |
[INFO] [stdout]     = help: within `Path`, the trait `Sized` is not implemented for `[u8]`
[INFO] [stdout] note: required because it appears within the type `Path`
[INFO] [stdout]    --> /rustc/3154cc1a3e6424e44f438a95007d043ed5ceaaf6/library/std/src/path.rs:2357:11
[INFO] [stdout] note: required by an implicit `Sized` bound in `Option`
[INFO] [stdout]    --> /rustc/3154cc1a3e6424e44f438a95007d043ed5ceaaf6/library/core/src/option.rs:598:0
[INFO] [stdout] 
[INFO] [stdout] 
[INFO] [stdout] For more information about this error, try `rustc --explain E0433`.
[INFO] [stdout] 
[INFO] [stdout] Some errors have detailed explanations: E0277, E0433.
[INFO] [stdout] 
[INFO] [stdout] For more information about an error, try `rustc --explain E0277`.
[INFO] [stdout] 
[INFO] [stdout] error[E0277]: the size for values of type `[u8]` cannot be known at compilation time
[INFO] [stdout]    --> tests/spec_node.rs:143:5
[INFO] [stdout]     |
[INFO] [stdout] 143 | /     for path in baedeker_testdata::spec_wast_cases(subdir) {
[INFO] [stdout] 144 | |         let meta = read_case_meta(&path);
[INFO] [stdout] 145 | |         if let Some(reason) = meta.skip {
[INFO] [stdout] 146 | |             eprintln!("node wast {}: skipped ({reason})", path.display());
[INFO] [stdout] ...   |
[INFO] [stdout] 201 | |     }
[INFO] [stdout]     | |_____^ doesn't have a size known at compile-time
[INFO] [stdout]     |
[INFO] [stdout]     = help: within `Path`, the trait `Sized` is not implemented for `[u8]`
[INFO] [stdout] note: required because it appears within the type `Path`
[INFO] [stdout]    --> /rustc/3154cc1a3e6424e44f438a95007d043ed5ceaaf6/library/std/src/path.rs:2357:11
[INFO] [stdout] note: required by an implicit `Sized` bound in `std::option::Option`
[INFO] [stdout]    --> /rustc/3154cc1a3e6424e44f438a95007d043ed5ceaaf6/library/core/src/option.rs:598:0
[INFO] [stdout] 
[INFO] [stdout] 
[INFO] [stdout] error[E0433]: cannot find module or crate `baedeker_testdata` in this scope
[INFO] [stdout]    --> tests/spec_node.rs:151:20
[INFO] [stdout]     |
[INFO] [stdout] 151 |         let text = baedeker_testdata::spec_case_text(&path);
[INFO] [stdout]     |                    ^^^^^^^^^^^^^^^^^ use of unresolved module or unlinked crate `baedeker_testdata`
[INFO] [stdout]     |
[INFO] [stdout]     = help: if you wanted to use a crate named `baedeker_testdata`, use `cargo add baedeker_testdata` to add it to your `Cargo.toml`
[INFO] [stdout] 
[INFO] [stdout] 
[INFO] [stdout] error[E0433]: cannot find module or crate `baedeker_testdata` in this scope
[INFO] [stdout]    --> tests/spec_node.rs:272:17
[INFO] [stdout]     |
[INFO] [stdout] 272 |     for path in baedeker_testdata::spec_cases(subdir) {
[INFO] [stdout]     |                 ^^^^^^^^^^^^^^^^^ use of unresolved module or unlinked crate `baedeker_testdata`
[INFO] [stdout]     |
[INFO] [stdout]     = help: if you wanted to use a crate named `baedeker_testdata`, use `cargo add baedeker_testdata` to add it to your `Cargo.toml`
[INFO] [stdout] 
[INFO] [stdout] 
[INFO] [stdout] error[E0277]: the size for values of type `[u8]` cannot be known at compilation time
[INFO] [stdout]    --> tests/spec_node.rs:272:5
[INFO] [stdout]     |
[INFO] [stdout] 272 | /     for path in baedeker_testdata::spec_cases(subdir) {
[INFO] [stdout] 273 | |         match raw_expectation(&path) {
[INFO] [stdout] 274 | |             RawExpectation::Skip => {
[INFO] [stdout] 275 | |                 skipped += 1;
[INFO] [stdout] ...   |
[INFO] [stdout] 299 | |     }
[INFO] [stdout]     | |_____^ doesn't have a size known at compile-time
[INFO] [stdout]     |
[INFO] [stdout]     = help: within `Path`, the trait `Sized` is not implemented for `[u8]`
[INFO] [stdout] note: required because it appears within the type `Path`
[INFO] [stdout]    --> /rustc/3154cc1a3e6424e44f438a95007d043ed5ceaaf6/library/std/src/path.rs:2357:11
[INFO] [stdout] note: required by an implicit `Sized` bound in `std::option::Option`
[INFO] [stdout]    --> /rustc/3154cc1a3e6424e44f438a95007d043ed5ceaaf6/library/core/src/option.rs:598:0
[INFO] [stdout] 
[INFO] [stdout] 
[INFO] [stdout] error[E0433]: cannot find module or crate `baedeker_testdata` in this scope
[INFO] [stdout]    --> tests/spec_node.rs:280:29
[INFO] [stdout]     |
[INFO] [stdout] 280 |                 let bytes = baedeker_testdata::spec_case_bytes(&path);
[INFO] [stdout]     |                             ^^^^^^^^^^^^^^^^^ use of unresolved module or unlinked crate `baedeker_testdata`
[INFO] [stdout]     |
[INFO] [stdout]     = help: if you wanted to use a crate named `baedeker_testdata`, use `cargo add baedeker_testdata` to add it to your `Cargo.toml`
[INFO] [stdout] 
[INFO] [stdout] 
[INFO] [stdout] error[E0433]: cannot find module or crate `baedeker_testdata` in this scope
[INFO] [stdout]    --> tests/spec_node.rs:290:29
[INFO] [stdout]     |
[INFO] [stdout] 290 |                 let bytes = baedeker_testdata::spec_case_bytes(&path);
[INFO] [stdout]     |                             ^^^^^^^^^^^^^^^^^ use of unresolved module or unlinked crate `baedeker_testdata`
[INFO] [stdout]     |
[INFO] [stdout]     = help: if you wanted to use a crate named `baedeker_testdata`, use `cargo add baedeker_testdata` to add it to your `Cargo.toml`
[INFO] [stdout] 
[INFO] [stdout] 
[INFO] [stderr] error: could not compile `baedeker-core` (test "spec") due to 7 previous errors
[INFO] [stderr] error: could not compile `baedeker-core` (test "runtime_official") due to 2 previous errors
[INFO] [stdout] Some errors have detailed explanations: E0277, E0433.
[INFO] [stdout] 
[INFO] [stdout] For more information about an error, try `rustc --explain E0277`.
[INFO] [stdout] 
[INFO] [stderr] error: could not compile `baedeker-core` (test "spec_node") due to 7 previous errors
[INFO] [stdout] error[E0433]: cannot find module or crate `baedeker_testdata` in this scope
[INFO] [stdout]    --> src/binary/module.rs:416:21
[INFO] [stdout]     |
[INFO] [stdout] 416 |         let bytes = baedeker_testdata::fixture_bytes("empty");
[INFO] [stdout]     |                     ^^^^^^^^^^^^^^^^^ use of unresolved module or unlinked crate `baedeker_testdata`
[INFO] [stdout]     |
[INFO] [stdout]     = help: if you wanted to use a crate named `baedeker_testdata`, use `cargo add baedeker_testdata` to add it to your `Cargo.toml`
[INFO] [stdout] 
[INFO] [stdout] 
[INFO] [stdout] error[E0433]: cannot find module or crate `baedeker_testdata` in this scope
[INFO] [stdout]    --> src/binary/module.rs:428:21
[INFO] [stdout]     |
[INFO] [stdout] 428 |         let bytes = baedeker_testdata::fixture_bytes("add");
[INFO] [stdout]     |                     ^^^^^^^^^^^^^^^^^ use of unresolved module or unlinked crate `baedeker_testdata`
[INFO] [stdout]     |
[INFO] [stdout]     = help: if you wanted to use a crate named `baedeker_testdata`, use `cargo add baedeker_testdata` to add it to your `Cargo.toml`
[INFO] [stdout] 
[INFO] [stdout] 
[INFO] [stdout] error[E0433]: cannot find module or crate `baedeker_testdata` in this scope
[INFO] [stdout]    --> src/binary/module.rs:469:21
[INFO] [stdout]     |
[INFO] [stdout] 469 |         let bytes = baedeker_testdata::fixture_bytes("memory");
[INFO] [stdout]     |                     ^^^^^^^^^^^^^^^^^ use of unresolved module or unlinked crate `baedeker_testdata`
[INFO] [stdout]     |
[INFO] [stdout]     = help: if you wanted to use a crate named `baedeker_testdata`, use `cargo add baedeker_testdata` to add it to your `Cargo.toml`
[INFO] [stdout] 
[INFO] [stdout] 
[INFO] [stdout] error[E0433]: cannot find module or crate `baedeker_testdata` in this scope
[INFO] [stdout]     --> src/lower/mod.rs:3756:21
[INFO] [stdout]      |
[INFO] [stdout] 3756 |         let bytes = baedeker_testdata::fixture_bytes("add");
[INFO] [stdout]      |                     ^^^^^^^^^^^^^^^^^ use of unresolved module or unlinked crate `baedeker_testdata`
[INFO] [stdout]      |
[INFO] [stdout]      = help: if you wanted to use a crate named `baedeker_testdata`, use `cargo add baedeker_testdata` to add it to your `Cargo.toml`
[INFO] [stdout] 
[INFO] [stdout] 
[INFO] [stdout] error[E0433]: cannot find module or crate `baedeker_testdata` in this scope
[INFO] [stdout]     --> src/lower/mod.rs:3822:21
[INFO] [stdout]      |
[INFO] [stdout] 3822 |         let bytes = baedeker_testdata::fixture_bytes("add");
[INFO] [stdout]      |                     ^^^^^^^^^^^^^^^^^ use of unresolved module or unlinked crate `baedeker_testdata`
[INFO] [stdout]      |
[INFO] [stdout]      = help: if you wanted to use a crate named `baedeker_testdata`, use `cargo add baedeker_testdata` to add it to your `Cargo.toml`
[INFO] [stdout] 
[INFO] [stdout] 
[INFO] [stdout] error[E0433]: cannot find module or crate `baedeker_testdata` in this scope
[INFO] [stdout]     --> src/runtime/mod.rs:2685:21
[INFO] [stdout]      |
[INFO] [stdout] 2685 |         let bytes = baedeker_testdata::fixture_bytes("add");
[INFO] [stdout]      |                     ^^^^^^^^^^^^^^^^^ use of unresolved module or unlinked crate `baedeker_testdata`
[INFO] [stdout]      |
[INFO] [stdout]      = help: if you wanted to use a crate named `baedeker_testdata`, use `cargo add baedeker_testdata` to add it to your `Cargo.toml`
[INFO] [stdout] 
[INFO] [stdout] 
[INFO] [stdout] For more information about this error, try `rustc --explain E0433`.
[INFO] [stdout] 
[INFO] [stderr] error: could not compile `baedeker-core` (lib test) due to 247 previous errors
[INFO] running `Command { std: "docker" "inspect" "a6b226184f5d9ffc535f1d09609015118180a2f64728a4cf58ed0c8e5b839100", kill_on_drop: false }`
[INFO] running `Command { std: "docker" "rm" "-f" "a6b226184f5d9ffc535f1d09609015118180a2f64728a4cf58ed0c8e5b839100", kill_on_drop: false }`
[INFO] [stdout] a6b226184f5d9ffc535f1d09609015118180a2f64728a4cf58ed0c8e5b839100
