[INFO] fetching crate backjet 0.1.0...
[INFO] checking backjet-0.1.0 against 3154cc1a3e6424e44f438a95007d043ed5ceaaf6 for pr-133502-30
[INFO] extracting crate backjet 0.1.0 into /workspace/builds/worker-0-tc2/source
[INFO] started tweaking crates.io crate backjet 0.1.0
[INFO] finished tweaking crates.io crate backjet 0.1.0
[INFO] tweaked toml for crates.io crate backjet 0.1.0 written to /workspace/builds/worker-0-tc2/source/Cargo.toml
[INFO] validating manifest of crates.io crate backjet 0.1.0 on toolchain 3154cc1a3e6424e44f438a95007d043ed5ceaaf6
[INFO] running `Command { std: CARGO_HOME="/workspace/cargo-home" RUSTUP_HOME="/workspace/rustup-home" "/workspace/cargo-home/bin/cargo" "+3154cc1a3e6424e44f438a95007d043ed5ceaaf6" "metadata" "--manifest-path" "Cargo.toml" "--no-deps", kill_on_drop: false }`
[INFO] crate crates.io crate backjet 0.1.0 already has a lockfile, it will not be regenerated
[INFO] running `Command { std: CARGO_HOME="/workspace/cargo-home" RUSTUP_HOME="/workspace/rustup-home" "/workspace/cargo-home/bin/cargo" "+3154cc1a3e6424e44f438a95007d043ed5ceaaf6" "fetch" "--manifest-path" "Cargo.toml", kill_on_drop: false }`
[INFO] running `Command { std: "docker" "create" "-v" "/var/lib/crater-agent-workspace/builds/worker-0-tc2/source:/opt/rustwide/workdir:ro,Z" "-v" "/var/lib/crater-agent-workspace/builds/worker-0-tc2/target:/opt/rustwide/target:rw,Z" "-v" "/var/lib/crater-agent-workspace/cargo-home:/opt/rustwide/cargo-home:ro,Z" "-v" "/var/lib/crater-agent-workspace/rustup-home:/opt/rustwide/rustup-home:ro,Z" "-m" "1610612736" "--network" "none" "ghcr.io/rust-lang/crates-build-env/linux@sha256:77db811e55d90add9212f6832c23229e3de5f1c1f9905e8cb07319ea15df73ac" "sleep" "infinity", kill_on_drop: false }`
[INFO] [stdout] fffab8f0d47ab9ddd5eacdd8f4dca99511808dc237c55fcfc3a6c833b0099105
[INFO] running `Command { std: "docker" "start" "fffab8f0d47ab9ddd5eacdd8f4dca99511808dc237c55fcfc3a6c833b0099105", kill_on_drop: false }`
[INFO] running `Command { std: "docker" "inspect" "fffab8f0d47ab9ddd5eacdd8f4dca99511808dc237c55fcfc3a6c833b0099105", kill_on_drop: false }`
[INFO] running `Command { std: "docker" "exec" "-e" "SOURCE_DIR=/opt/rustwide/workdir" "-e" "CARGO_HOME=/opt/rustwide/cargo-home" "-e" "RUSTUP_HOME=/opt/rustwide/rustup-home" "-e" "CARGO_TARGET_DIR=/opt/rustwide/target" "-w" "/opt/rustwide/workdir" "--user" "0:0" "fffab8f0d47ab9ddd5eacdd8f4dca99511808dc237c55fcfc3a6c833b0099105" "/opt/rustwide/cargo-home/bin/cargo" "+3154cc1a3e6424e44f438a95007d043ed5ceaaf6" "metadata" "--no-deps" "--format-version=1", kill_on_drop: false }`
[INFO] running `Command { std: "docker" "inspect" "fffab8f0d47ab9ddd5eacdd8f4dca99511808dc237c55fcfc3a6c833b0099105", kill_on_drop: false }`
[INFO] running `Command { std: "docker" "exec" "-e" "SOURCE_DIR=/opt/rustwide/workdir" "-e" "CARGO_HOME=/opt/rustwide/cargo-home" "-e" "RUSTUP_HOME=/opt/rustwide/rustup-home" "-e" "CARGO_TARGET_DIR=/opt/rustwide/target" "-e" "CARGO_INCREMENTAL=0" "-e" "RUST_BACKTRACE=full" "-e" "RUSTFLAGS=--cap-lints=forbid" "-e" "RUSTDOCFLAGS=--cap-lints=forbid" "-w" "/opt/rustwide/workdir" "--user" "0:0" "fffab8f0d47ab9ddd5eacdd8f4dca99511808dc237c55fcfc3a6c833b0099105" "/opt/rustwide/cargo-home/bin/cargo" "+3154cc1a3e6424e44f438a95007d043ed5ceaaf6" "check" "--frozen" "--all" "--all-targets" "--message-format=json", kill_on_drop: false }`
[INFO] [stderr]     Checking backjet v0.1.0 (/opt/rustwide/workdir)
[INFO] [stdout] error[E0433]: cannot find type `PlatformBackend` in this scope
[INFO] [stdout]   --> src/lib.rs:46:5
[INFO] [stdout]    |
[INFO] [stdout] 46 |     PlatformBackend::list_windows()
[INFO] [stdout]    |     ^^^^^^^^^^^^^^^ use of undeclared type `PlatformBackend`
[INFO] [stdout]    |
[INFO] [stdout] note: found an item that was configured out
[INFO] [stdout]   --> src/lib.rs:39:32
[INFO] [stdout]    |
[INFO] [stdout] 38 | #[cfg(target_os = "macos")]
[INFO] [stdout]    |       ------------------- the item is gated behind the `macos` feature
[INFO] [stdout] 39 | pub use macos::MacosBackend as PlatformBackend;
[INFO] [stdout]    |                                ^^^^^^^^^^^^^^^
[INFO] [stdout] note: found an item that was configured out
[INFO] [stdout]   --> src/lib.rs:42:36
[INFO] [stdout]    |
[INFO] [stdout] 41 | #[cfg(target_os = "windows")]
[INFO] [stdout]    |       --------------------- the item is gated behind the `windows` feature
[INFO] [stdout] 42 | pub use windows::WindowsBackend as PlatformBackend;
[INFO] [stdout]    |                                    ^^^^^^^^^^^^^^^
[INFO] [stdout] 
[INFO] [stdout] 
[INFO] [stdout] error[E0433]: cannot find type `PlatformBackend` in this scope
[INFO] [stdout]   --> src/lib.rs:50:5
[INFO] [stdout]    |
[INFO] [stdout] 50 |     PlatformBackend::click(window, x, y)
[INFO] [stdout]    |     ^^^^^^^^^^^^^^^ use of undeclared type `PlatformBackend`
[INFO] [stdout]    |
[INFO] [stdout] note: found an item that was configured out
[INFO] [stdout]   --> src/lib.rs:39:32
[INFO] [stdout]    |
[INFO] [stdout] 38 | #[cfg(target_os = "macos")]
[INFO] [stdout]    |       ------------------- the item is gated behind the `macos` feature
[INFO] [stdout] 39 | pub use macos::MacosBackend as PlatformBackend;
[INFO] [stdout]    |                                ^^^^^^^^^^^^^^^
[INFO] [stdout] note: found an item that was configured out
[INFO] [stdout]   --> src/lib.rs:42:36
[INFO] [stdout]    |
[INFO] [stdout] 41 | #[cfg(target_os = "windows")]
[INFO] [stdout]    |       --------------------- the item is gated behind the `windows` feature
[INFO] [stdout] 42 | pub use windows::WindowsBackend as PlatformBackend;
[INFO] [stdout]    |                                    ^^^^^^^^^^^^^^^
[INFO] [stdout] 
[INFO] [stdout] 
[INFO] [stdout] For more information about this error, try `rustc --explain E0433`.
[INFO] [stdout] 
[INFO] [stderr] error: could not compile `backjet` (lib) due to 2 previous errors
[INFO] [stderr] warning: build failed, waiting for other jobs to finish...
[INFO] [stdout] error[E0433]: cannot find type `PlatformBackend` in this scope
[INFO] [stdout]   --> src/lib.rs:46:5
[INFO] [stdout]    |
[INFO] [stdout] 46 |     PlatformBackend::list_windows()
[INFO] [stdout]    |     ^^^^^^^^^^^^^^^ use of undeclared type `PlatformBackend`
[INFO] [stdout]    |
[INFO] [stdout] note: found an item that was configured out
[INFO] [stdout]   --> src/lib.rs:39:32
[INFO] [stdout]    |
[INFO] [stdout] 38 | #[cfg(target_os = "macos")]
[INFO] [stdout]    |       ------------------- the item is gated behind the `macos` feature
[INFO] [stdout] 39 | pub use macos::MacosBackend as PlatformBackend;
[INFO] [stdout]    |                                ^^^^^^^^^^^^^^^
[INFO] [stdout] note: found an item that was configured out
[INFO] [stdout]   --> src/lib.rs:42:36
[INFO] [stdout]    |
[INFO] [stdout] 41 | #[cfg(target_os = "windows")]
[INFO] [stdout]    |       --------------------- the item is gated behind the `windows` feature
[INFO] [stdout] 42 | pub use windows::WindowsBackend as PlatformBackend;
[INFO] [stdout]    |                                    ^^^^^^^^^^^^^^^
[INFO] [stdout] 
[INFO] [stdout] 
[INFO] [stdout] error[E0433]: cannot find type `PlatformBackend` in this scope
[INFO] [stdout]   --> src/lib.rs:50:5
[INFO] [stdout]    |
[INFO] [stdout] 50 |     PlatformBackend::click(window, x, y)
[INFO] [stdout]    |     ^^^^^^^^^^^^^^^ use of undeclared type `PlatformBackend`
[INFO] [stdout]    |
[INFO] [stdout] note: found an item that was configured out
[INFO] [stdout]   --> src/lib.rs:39:32
[INFO] [stdout]    |
[INFO] [stdout] 38 | #[cfg(target_os = "macos")]
[INFO] [stdout]    |       ------------------- the item is gated behind the `macos` feature
[INFO] [stdout] 39 | pub use macos::MacosBackend as PlatformBackend;
[INFO] [stdout]    |                                ^^^^^^^^^^^^^^^
[INFO] [stdout] note: found an item that was configured out
[INFO] [stdout]   --> src/lib.rs:42:36
[INFO] [stdout]    |
[INFO] [stdout] 41 | #[cfg(target_os = "windows")]
[INFO] [stdout]    |       --------------------- the item is gated behind the `windows` feature
[INFO] [stdout] 42 | pub use windows::WindowsBackend as PlatformBackend;
[INFO] [stdout]    |                                    ^^^^^^^^^^^^^^^
[INFO] [stdout] 
[INFO] [stdout] 
[INFO] [stdout] For more information about this error, try `rustc --explain E0433`.
[INFO] [stdout] 
[INFO] [stderr] error: could not compile `backjet` (lib test) due to 2 previous errors
[INFO] running `Command { std: "docker" "inspect" "fffab8f0d47ab9ddd5eacdd8f4dca99511808dc237c55fcfc3a6c833b0099105", kill_on_drop: false }`
[INFO] running `Command { std: "docker" "rm" "-f" "fffab8f0d47ab9ddd5eacdd8f4dca99511808dc237c55fcfc3a6c833b0099105", kill_on_drop: false }`
[INFO] [stdout] fffab8f0d47ab9ddd5eacdd8f4dca99511808dc237c55fcfc3a6c833b0099105
