[INFO] fetching crate bachs-sdk 0.1.0...
[INFO] checking bachs-sdk-0.1.0 against 3154cc1a3e6424e44f438a95007d043ed5ceaaf6 for pr-133502-30
[INFO] extracting crate bachs-sdk 0.1.0 into /workspace/builds/worker-2-tc2/source
[INFO] started tweaking crates.io crate bachs-sdk 0.1.0
[INFO] removed 0 missing examples
[INFO] removed 0 missing tests
[INFO] finished tweaking crates.io crate bachs-sdk 0.1.0
[INFO] tweaked toml for crates.io crate bachs-sdk 0.1.0 written to /workspace/builds/worker-2-tc2/source/Cargo.toml
[INFO] validating manifest of crates.io crate bachs-sdk 0.1.0 on toolchain 3154cc1a3e6424e44f438a95007d043ed5ceaaf6
[INFO] running `Command { std: CARGO_HOME="/workspace/cargo-home" RUSTUP_HOME="/workspace/rustup-home" "/workspace/cargo-home/bin/cargo" "+3154cc1a3e6424e44f438a95007d043ed5ceaaf6" "metadata" "--manifest-path" "Cargo.toml" "--no-deps", kill_on_drop: false }`
[INFO] crate crates.io crate bachs-sdk 0.1.0 already has a lockfile, it will not be regenerated
[INFO] running `Command { std: CARGO_HOME="/workspace/cargo-home" RUSTUP_HOME="/workspace/rustup-home" "/workspace/cargo-home/bin/cargo" "+3154cc1a3e6424e44f438a95007d043ed5ceaaf6" "fetch" "--manifest-path" "Cargo.toml", kill_on_drop: false }`
[INFO] [stderr]     Blocking waiting for file lock on package cache
[INFO] running `Command { std: "docker" "create" "-v" "/var/lib/crater-agent-workspace/builds/worker-2-tc2/source:/opt/rustwide/workdir:ro,Z" "-v" "/var/lib/crater-agent-workspace/builds/worker-2-tc2/target:/opt/rustwide/target:rw,Z" "-v" "/var/lib/crater-agent-workspace/cargo-home:/opt/rustwide/cargo-home:ro,Z" "-v" "/var/lib/crater-agent-workspace/rustup-home:/opt/rustwide/rustup-home:ro,Z" "-m" "1610612736" "--network" "none" "ghcr.io/rust-lang/crates-build-env/linux@sha256:77db811e55d90add9212f6832c23229e3de5f1c1f9905e8cb07319ea15df73ac" "sleep" "infinity", kill_on_drop: false }`
[INFO] [stdout] 57da428fb94a5d1ca208cf37717f431c23d31b429cd45bd6f9a021e4254e9ca3
[INFO] running `Command { std: "docker" "start" "57da428fb94a5d1ca208cf37717f431c23d31b429cd45bd6f9a021e4254e9ca3", kill_on_drop: false }`
[INFO] running `Command { std: "docker" "inspect" "57da428fb94a5d1ca208cf37717f431c23d31b429cd45bd6f9a021e4254e9ca3", kill_on_drop: false }`
[INFO] running `Command { std: "docker" "exec" "-e" "SOURCE_DIR=/opt/rustwide/workdir" "-e" "CARGO_HOME=/opt/rustwide/cargo-home" "-e" "RUSTUP_HOME=/opt/rustwide/rustup-home" "-e" "CARGO_TARGET_DIR=/opt/rustwide/target" "-w" "/opt/rustwide/workdir" "--user" "0:0" "57da428fb94a5d1ca208cf37717f431c23d31b429cd45bd6f9a021e4254e9ca3" "/opt/rustwide/cargo-home/bin/cargo" "+3154cc1a3e6424e44f438a95007d043ed5ceaaf6" "metadata" "--no-deps" "--format-version=1", kill_on_drop: false }`
[INFO] running `Command { std: "docker" "inspect" "57da428fb94a5d1ca208cf37717f431c23d31b429cd45bd6f9a021e4254e9ca3", kill_on_drop: false }`
[INFO] running `Command { std: "docker" "exec" "-e" "SOURCE_DIR=/opt/rustwide/workdir" "-e" "CARGO_HOME=/opt/rustwide/cargo-home" "-e" "RUSTUP_HOME=/opt/rustwide/rustup-home" "-e" "CARGO_TARGET_DIR=/opt/rustwide/target" "-e" "CARGO_INCREMENTAL=0" "-e" "RUST_BACKTRACE=full" "-e" "RUSTFLAGS=--cap-lints=forbid" "-e" "RUSTDOCFLAGS=--cap-lints=forbid" "-w" "/opt/rustwide/workdir" "--user" "0:0" "57da428fb94a5d1ca208cf37717f431c23d31b429cd45bd6f9a021e4254e9ca3" "/opt/rustwide/cargo-home/bin/cargo" "+3154cc1a3e6424e44f438a95007d043ed5ceaaf6" "check" "--frozen" "--all" "--all-targets" "--message-format=json", kill_on_drop: false }`
[INFO] [stderr]     Checking smallvec v1.15.2
[INFO] [stderr]     Checking futures-io v0.3.33
[INFO] [stderr]    Compiling openssl-sys v0.9.117
[INFO] [stderr]    Compiling syn v2.0.119
[INFO] [stderr]    Compiling syn v3.0.3
[INFO] [stderr]     Checking mio v1.2.2
[INFO] [stderr]    Compiling serde_json v1.0.151
[INFO] [stderr]     Checking ipnet v2.12.1
[INFO] [stderr]     Checking http-body-util v0.1.4
[INFO] [stderr]     Checking sync_wrapper v1.0.2
[INFO] [stderr]    Compiling mime_guess v2.0.5
[INFO] [stderr]     Checking aho-corasick v1.1.5
[INFO] [stderr]     Checking zeroize v1.9.0
[INFO] [stderr]     Checking digest v0.10.7
[INFO] [stderr]     Checking num_cpus v1.17.0
[INFO] [stderr]     Checking deadpool-runtime v0.1.4
[INFO] [stderr]     Checking rustls-pki-types v1.15.1
[INFO] [stderr]     Checking hmac v0.12.1
[INFO] [stderr]     Checking sha2 v0.10.9
[INFO] [stderr]    Compiling openssl v0.10.81
[INFO] [stderr]    Compiling native-tls v0.2.18
[INFO] [stderr]     Checking regex-automata v0.4.18
[INFO] [stderr]     Checking regex v1.13.1
[INFO] [stderr]    Compiling displaydoc v0.2.7
[INFO] [stderr]    Compiling tokio-macros v2.7.2
[INFO] [stderr]    Compiling serde_derive v1.0.229
[INFO] [stderr]     Checking tokio v1.53.1
[INFO] [stderr]    Compiling synstructure v0.13.2
[INFO] [stderr]    Compiling zerovec-derive v0.11.3
[INFO] [stderr]    Compiling futures-macro v0.3.33
[INFO] [stderr]    Compiling openssl-macros v0.1.1
[INFO] [stderr]    Compiling thiserror-impl v1.0.69
[INFO] [stderr]    Compiling zerofrom-derive v0.1.7
[INFO] [stderr]    Compiling yoke-derive v0.8.2
[INFO] [stderr]     Checking serde v1.0.229
[INFO] [stderr]     Checking futures-util v0.3.33
[INFO] [stderr]     Checking thiserror v1.0.69
[INFO] [stderr]     Checking zerofrom v0.1.8
[INFO] [stderr]     Checking yoke v0.8.3
[INFO] [stderr]     Checking serde_urlencoded v0.7.1
[INFO] [stderr]     Checking assert-json-diff v2.0.2
[INFO] [stderr]     Checking zerovec v0.11.6
[INFO] [stderr]     Checking zerotrie v0.2.4
[INFO] [stderr]     Checking tokio-util v0.7.19
[INFO] [stderr]     Checking deadpool v0.12.3
[INFO] [stderr]     Checking tinystr v0.8.3
[INFO] [stderr]     Checking potential_utf v0.1.5
[INFO] [stderr]     Checking icu_collections v2.2.0
[INFO] [stderr]     Checking icu_locale_core v2.2.0
[INFO] [stderr]     Checking h2 v0.4.15
[INFO] [stderr]     Checking icu_provider v2.2.0
[INFO] [stderr]     Checking icu_properties v2.2.0
[INFO] [stderr]     Checking icu_normalizer v2.2.0
[INFO] [stderr]     Checking tower v0.5.3
[INFO] [stderr]     Checking futures-executor v0.3.33
[INFO] [stderr]     Checking futures v0.3.33
[INFO] [stderr]     Checking tokio-native-tls v0.3.1
[INFO] [stderr]     Checking idna_adapter v1.2.2
[INFO] [stderr]     Checking idna v1.1.0
[INFO] [stderr]     Checking url v2.5.8
[INFO] [stderr]     Checking tower-http v0.6.11
[INFO] [stderr]     Checking hyper v1.11.0
[INFO] [stderr]     Checking hyper-util v0.1.20
[INFO] [stderr]     Checking hyper-tls v0.6.0
[INFO] [stderr]     Checking wiremock v0.6.5
[INFO] [stderr]     Checking reqwest v0.12.28
[INFO] [stderr]     Checking bachs-sdk v0.1.0 (/opt/rustwide/workdir)
[INFO] [stdout] error[E0433]: cannot find type `ListCustomersParams` in this scope
[INFO] [stdout]    --> src/common.rs:152:22
[INFO] [stdout]     |
[INFO] [stdout] 152 |         let params = ListCustomersParams::new().email("test@example.com");
[INFO] [stdout]     |                      ^^^^^^^^^^^^^^^^^^^ use of undeclared type `ListCustomersParams`
[INFO] [stdout]     |
[INFO] [stdout] help: consider importing this struct
[INFO] [stdout]     |
[INFO] [stdout] 135 +     use crate::customers::ListCustomersParams;
[INFO] [stdout]     |
[INFO] [stdout] 
[INFO] [stdout] 
[INFO] [stdout] error[E0433]: cannot find type `ListCustomersParams` in this scope
[INFO] [stdout]    --> src/common.rs:159:22
[INFO] [stdout]     |
[INFO] [stdout] 159 |         let params = ListCustomersParams::new().limit(5).cursor("xyz").email("a@b.com");
[INFO] [stdout]     |                      ^^^^^^^^^^^^^^^^^^^ use of undeclared type `ListCustomersParams`
[INFO] [stdout]     |
[INFO] [stdout] help: consider importing this struct
[INFO] [stdout]     |
[INFO] [stdout] 135 +     use crate::customers::ListCustomersParams;
[INFO] [stdout]     |
[INFO] [stdout] 
[INFO] [stdout] 
[INFO] [stdout] error[E0277]: `Bachs` doesn't implement `Debug`
[INFO] [stdout]    --> src/client.rs:322:60
[INFO] [stdout]     |
[INFO] [stdout] 322 |         let err = BachsBuilder::new("\x00invalid").build().unwrap_err();
[INFO] [stdout]     |                                                            ^^^^^^^^^^ the trait `Debug` is not implemented for `Bachs`
[INFO] [stdout]     |
[INFO] [stdout] note: required by a bound in `Result::<T, E>::unwrap_err`
[INFO] [stdout]    --> /rustc/3154cc1a3e6424e44f438a95007d043ed5ceaaf6/library/core/src/result.rs:1323:4
[INFO] [stdout] help: consider annotating `Bachs` with `#[derive(Debug)]`
[INFO] [stdout]     |
[INFO] [stdout] 149 + #[derive(Debug)]
[INFO] [stdout] 150 | pub struct Bachs {
[INFO] [stdout]     |
[INFO] [stdout] 
[INFO] [stdout] 
[INFO] [stdout] warning: unused import: `bachs_sdk::payments::Payment`
[INFO] [stdout]  --> tests/payments.rs:1:5
[INFO] [stdout]   |
[INFO] [stdout] 1 | use bachs_sdk::payments::Payment;
[INFO] [stdout]   |     ^^^^^^^^^^^^^^^^^^^^^^^^^^^^
[INFO] [stdout]   |
[INFO] [stdout]   = note: `#[warn(unused_imports)]` (part of `#[warn(unused)]`) on by default
[INFO] [stdout] 
[INFO] [stdout] 
[INFO] [stdout] warning: unused import: `header`
[INFO] [stdout]  --> tests/payments.rs:3:26
[INFO] [stdout]   |
[INFO] [stdout] 3 | use wiremock::matchers::{header, method, path};
[INFO] [stdout]   |                          ^^^^^^
[INFO] [stdout] 
[INFO] [stdout] 
[INFO] [stdout] warning: unused import: `Refund`
[INFO] [stdout]  --> tests/refunds.rs:1:47
[INFO] [stdout]   |
[INFO] [stdout] 1 | use bachs_sdk::refunds::{CreateRefundRequest, Refund};
[INFO] [stdout]   |                                               ^^^^^^
[INFO] [stdout]   |
[INFO] [stdout]   = note: `#[warn(unused_imports)]` (part of `#[warn(unused)]`) on by default
[INFO] [stdout] 
[INFO] [stdout] 
[INFO] [stdout] warning: unused import: `Subscription`
[INFO] [stdout]  --> tests/subscriptions.rs:1:79
[INFO] [stdout]   |
[INFO] [stdout] 1 | use bachs_sdk::subscriptions::{CancelSubscriptionRequest, CancellationTiming, Subscription};
[INFO] [stdout]   |                                                                               ^^^^^^^^^^^^
[INFO] [stdout]   |
[INFO] [stdout]   = note: `#[warn(unused_imports)]` (part of `#[warn(unused)]`) on by default
[INFO] [stdout] 
[INFO] [stdout] 
[INFO] [stdout] warning: unused import: `header`
[INFO] [stdout]  --> tests/subscriptions.rs:3:26
[INFO] [stdout]   |
[INFO] [stdout] 3 | use wiremock::matchers::{header, method, path};
[INFO] [stdout]   |                          ^^^^^^
[INFO] [stdout] 
[INFO] [stdout] 
[INFO] [stdout] warning: unused import: `Transfer`
[INFO] [stdout]  --> tests/transfers.rs:1:51
[INFO] [stdout]   |
[INFO] [stdout] 1 | use bachs_sdk::transfers::{CreateTransferRequest, Transfer};
[INFO] [stdout]   |                                                   ^^^^^^^^
[INFO] [stdout]   |
[INFO] [stdout]   = note: `#[warn(unused_imports)]` (part of `#[warn(unused)]`) on by default
[INFO] [stdout] 
[INFO] [stdout] 
[INFO] [stdout] warning: unused import: `bachs_sdk::media::Upload`
[INFO] [stdout]  --> tests/media.rs:1:5
[INFO] [stdout]   |
[INFO] [stdout] 1 | use bachs_sdk::media::Upload;
[INFO] [stdout]   |     ^^^^^^^^^^^^^^^^^^^^^^^^
[INFO] [stdout]   |
[INFO] [stdout]   = note: `#[warn(unused_imports)]` (part of `#[warn(unused)]`) on by default
[INFO] [stdout] 
[INFO] [stdout] 
[INFO] [stdout] warning: unused import: `bachs_sdk::payment_rails::PaymentRail`
[INFO] [stdout]  --> tests/payment_rails.rs:1:5
[INFO] [stdout]   |
[INFO] [stdout] 1 | use bachs_sdk::payment_rails::PaymentRail;
[INFO] [stdout]   |     ^^^^^^^^^^^^^^^^^^^^^^^^^^^^^^^^^^^^^
[INFO] [stdout]   |
[INFO] [stdout]   = note: `#[warn(unused_imports)]` (part of `#[warn(unused)]`) on by default
[INFO] [stdout] 
[INFO] [stdout] 
[INFO] [stdout] warning: unused import: `CustomerSession`
[INFO] [stdout]  --> tests/customer_sessions.rs:1:66
[INFO] [stdout]   |
[INFO] [stdout] 1 | use bachs_sdk::customer_sessions::{CreateCustomerSessionRequest, CustomerSession};
[INFO] [stdout]   |                                                                  ^^^^^^^^^^^^^^^
[INFO] [stdout]   |
[INFO] [stdout]   = note: `#[warn(unused_imports)]` (part of `#[warn(unused)]`) on by default
[INFO] [stdout] 
[INFO] [stdout] 
[INFO] [stdout] warning: unused import: `bachs_sdk::accounts::Account`
[INFO] [stdout]  --> tests/accounts.rs:1:5
[INFO] [stdout]   |
[INFO] [stdout] 1 | use bachs_sdk::accounts::Account;
[INFO] [stdout]   |     ^^^^^^^^^^^^^^^^^^^^^^^^^^^^
[INFO] [stdout]   |
[INFO] [stdout]   = note: `#[warn(unused_imports)]` (part of `#[warn(unused)]`) on by default
[INFO] [stdout] 
[INFO] [stdout] 
[INFO] [stdout] warning: unused import: `ConnectedAccount`
[INFO] [stdout]  --> tests/connected_accounts.rs:1:37
[INFO] [stdout]   |
[INFO] [stdout] 1 | use bachs_sdk::connected_accounts::{ConnectedAccount, CreateConnectedAccountRequest};
[INFO] [stdout]   |                                     ^^^^^^^^^^^^^^^^
[INFO] [stdout]   |
[INFO] [stdout]   = note: `#[warn(unused_imports)]` (part of `#[warn(unused)]`) on by default
[INFO] [stdout] 
[INFO] [stdout] 
[INFO] [stdout] warning: unused variable: `key`
[INFO] [stdout]    --> src/webhooks.rs:146:22
[INFO] [stdout]     |
[INFO] [stdout] 146 |         let (secret, key) = {
[INFO] [stdout]     |                      ^^^ help: if this is intentional, prefix it with an underscore: `_key`
[INFO] [stdout]     |
[INFO] [stdout]     = note: `#[warn(unused_variables)]` (part of `#[warn(unused)]`) on by default
[INFO] [stdout] 
[INFO] [stdout] 
[INFO] [stdout] warning: unused variable: `key`
[INFO] [stdout]    --> src/webhooks.rs:166:22
[INFO] [stdout]     |
[INFO] [stdout] 166 |         let (secret, key) = {
[INFO] [stdout]     |                      ^^^ help: if this is intentional, prefix it with an underscore: `_key`
[INFO] [stdout] 
[INFO] [stdout] 
[INFO] [stdout] Some errors have detailed explanations: E0277, E0433.
[INFO] [stdout] 
[INFO] [stdout] For more information about an error, try `rustc --explain E0277`.
[INFO] [stdout] 
[INFO] [stdout] error[E0609]: no field `country` on type `ConnectedAccount`
[INFO] [stdout]   --> tests/connected_accounts.rs:38:24
[INFO] [stdout]    |
[INFO] [stdout] 38 |     assert_eq!(account.country.as_deref(), Some("NG"));
[INFO] [stdout]    |                        ^^^^^^^ unknown field
[INFO] [stdout]    |
[INFO] [stdout]    = note: available fields are: `connected_account_id`, `email`, `tasks`, `metadata`, `created_at`, `extra`
[INFO] [stdout] 
[INFO] [stdout] 
[INFO] [stderr] error: could not compile `bachs-sdk` (lib test) due to 3 previous errors; 2 warnings emitted
[INFO] [stderr] warning: build failed, waiting for other jobs to finish...
[INFO] [stdout] error[E0599]: no method named `name` found for struct `UpdateProductRequest` in the current scope
[INFO] [stdout]    --> tests/products.rs:101:82
[INFO] [stdout]     |
[INFO] [stdout] 101 |         .update("prod_abc123", &bachs_sdk::products::UpdateProductRequest::new().name("Updated Plan"))
[INFO] [stdout]     |                                                                                  ^^^^---------------- help: remove the arguments
[INFO] [stdout]     |                                                                                  |
[INFO] [stdout]     |                                                                                  field, not a method
[INFO] [stdout] 
[INFO] [stdout] 
[INFO] [stdout] For more information about this error, try `rustc --explain E0609`.
[INFO] [stdout] 
[INFO] [stderr] error: could not compile `bachs-sdk` (test "connected_accounts") due to 1 previous error; 1 warning emitted
[INFO] [stdout] For more information about this error, try `rustc --explain E0599`.
[INFO] [stdout] 
[INFO] [stderr] error: could not compile `bachs-sdk` (test "products") due to 1 previous error
[INFO] running `Command { std: "docker" "inspect" "57da428fb94a5d1ca208cf37717f431c23d31b429cd45bd6f9a021e4254e9ca3", kill_on_drop: false }`
[INFO] running `Command { std: "docker" "rm" "-f" "57da428fb94a5d1ca208cf37717f431c23d31b429cd45bd6f9a021e4254e9ca3", kill_on_drop: false }`
[INFO] [stdout] 57da428fb94a5d1ca208cf37717f431c23d31b429cd45bd6f9a021e4254e9ca3
