[INFO] fetching crate babbel_kdl 0.2.2...
[INFO] checking babbel_kdl-0.2.2 against 3154cc1a3e6424e44f438a95007d043ed5ceaaf6+rustflags=-Znext-solver=coherence for pr-133502-30
[INFO] extracting crate babbel_kdl 0.2.2 into /workspace/builds/worker-3-tc1/source
[INFO] started tweaking crates.io crate babbel_kdl 0.2.2
[INFO] removed 0 missing examples
[INFO] removed 0 missing tests
[INFO] finished tweaking crates.io crate babbel_kdl 0.2.2
[INFO] tweaked toml for crates.io crate babbel_kdl 0.2.2 written to /workspace/builds/worker-3-tc1/source/Cargo.toml
[INFO] validating manifest of crates.io crate babbel_kdl 0.2.2 on toolchain 3154cc1a3e6424e44f438a95007d043ed5ceaaf6
[INFO] running `Command { std: CARGO_HOME="/workspace/cargo-home" RUSTUP_HOME="/workspace/rustup-home" "/workspace/cargo-home/bin/cargo" "+3154cc1a3e6424e44f438a95007d043ed5ceaaf6" "metadata" "--manifest-path" "Cargo.toml" "--no-deps", kill_on_drop: false }`
[INFO] crate crates.io crate babbel_kdl 0.2.2 already has a lockfile, it will not be regenerated
[INFO] running `Command { std: CARGO_HOME="/workspace/cargo-home" RUSTUP_HOME="/workspace/rustup-home" "/workspace/cargo-home/bin/cargo" "+3154cc1a3e6424e44f438a95007d043ed5ceaaf6" "fetch" "--manifest-path" "Cargo.toml", kill_on_drop: false }`
[INFO] [stderr] warning: `package.homepage` is redundant with `package.repository`
[INFO] [stderr]    --> Cargo.toml:451:12
[INFO] [stderr]     |
[INFO] [stderr] 451 | homepage = "https://github.com/clockworkengineer/babbel"
[INFO] [stderr]     |            ^^^^^^^^^^^^^^^^^^^^^^^^^^^^^^^^^^^^^^^^^^^^^
[INFO] [stderr] ...
[INFO] [stderr] 456 | repository = "https://github.com/clockworkengineer/babbel"
[INFO] [stderr]     |              ---------------------------------------------
[INFO] [stderr]     |
[INFO] [stderr]     = note: `cargo::redundant_homepage` is set to `warn` by default
[INFO] [stderr] help: consider removing `package.homepage`
[INFO] [stderr] warning: `babbel_kdl` (manifest) generated 1 warning
[INFO] [stderr]     Updating crates.io index
[INFO] [stderr]  Downloading crates ...
[INFO] [stderr]   Downloaded babbel_core v0.2.2
[INFO] running `Command { std: "docker" "create" "-v" "/var/lib/crater-agent-workspace/builds/worker-3-tc1/source:/opt/rustwide/workdir:ro,Z" "-v" "/var/lib/crater-agent-workspace/builds/worker-3-tc1/target:/opt/rustwide/target:rw,Z" "-v" "/var/lib/crater-agent-workspace/cargo-home:/opt/rustwide/cargo-home:ro,Z" "-v" "/var/lib/crater-agent-workspace/rustup-home:/opt/rustwide/rustup-home:ro,Z" "-m" "1610612736" "--network" "none" "ghcr.io/rust-lang/crates-build-env/linux@sha256:77db811e55d90add9212f6832c23229e3de5f1c1f9905e8cb07319ea15df73ac" "sleep" "infinity", kill_on_drop: false }`
[INFO] [stdout] 027790c56b3d965191ac67dfcb1045feb95b82b5a5eb36e2792a55fb2d25ae97
[INFO] running `Command { std: "docker" "start" "027790c56b3d965191ac67dfcb1045feb95b82b5a5eb36e2792a55fb2d25ae97", kill_on_drop: false }`
[INFO] running `Command { std: "docker" "inspect" "027790c56b3d965191ac67dfcb1045feb95b82b5a5eb36e2792a55fb2d25ae97", kill_on_drop: false }`
[INFO] running `Command { std: "docker" "exec" "-e" "SOURCE_DIR=/opt/rustwide/workdir" "-e" "CARGO_HOME=/opt/rustwide/cargo-home" "-e" "RUSTUP_HOME=/opt/rustwide/rustup-home" "-e" "CARGO_TARGET_DIR=/opt/rustwide/target" "-w" "/opt/rustwide/workdir" "--user" "0:0" "027790c56b3d965191ac67dfcb1045feb95b82b5a5eb36e2792a55fb2d25ae97" "/opt/rustwide/cargo-home/bin/cargo" "+3154cc1a3e6424e44f438a95007d043ed5ceaaf6" "metadata" "--no-deps" "--format-version=1", kill_on_drop: false }`
[INFO] running `Command { std: "docker" "inspect" "027790c56b3d965191ac67dfcb1045feb95b82b5a5eb36e2792a55fb2d25ae97", kill_on_drop: false }`
[INFO] running `Command { std: "docker" "exec" "-e" "SOURCE_DIR=/opt/rustwide/workdir" "-e" "CARGO_HOME=/opt/rustwide/cargo-home" "-e" "RUSTUP_HOME=/opt/rustwide/rustup-home" "-e" "CARGO_TARGET_DIR=/opt/rustwide/target" "-e" "CARGO_INCREMENTAL=0" "-e" "RUST_BACKTRACE=full" "-e" "RUSTFLAGS=--cap-lints=forbid -Znext-solver=coherence" "-e" "RUSTDOCFLAGS=--cap-lints=forbid" "-w" "/opt/rustwide/workdir" "--user" "0:0" "027790c56b3d965191ac67dfcb1045feb95b82b5a5eb36e2792a55fb2d25ae97" "/opt/rustwide/cargo-home/bin/cargo" "+3154cc1a3e6424e44f438a95007d043ed5ceaaf6" "check" "--frozen" "--all" "--all-targets" "--message-format=json", kill_on_drop: false }`
[INFO] [stderr] warning: `package.homepage` is redundant with `package.repository`
[INFO] [stderr]    --> Cargo.toml:451:12
[INFO] [stderr]     |
[INFO] [stderr] 451 | homepage = "https://github.com/clockworkengineer/babbel"
[INFO] [stderr]     |            ^^^^^^^^^^^^^^^^^^^^^^^^^^^^^^^^^^^^^^^^^^^^^
[INFO] [stderr] ...
[INFO] [stderr] 456 | repository = "https://github.com/clockworkengineer/babbel"
[INFO] [stderr]     |              ---------------------------------------------
[INFO] [stderr]     |
[INFO] [stderr]     = note: `cargo::redundant_homepage` is set to `warn` by default
[INFO] [stderr] help: consider removing `package.homepage`
[INFO] [stderr] warning: `babbel_kdl` (manifest) generated 1 warning
[INFO] [stderr]     Checking smallvec v1.16.0
[INFO] [stderr]     Checking babbel_core v0.2.2
[INFO] [stderr]     Checking babbel_kdl v0.2.2 (/opt/rustwide/workdir)
[INFO] [stdout] error[E0433]: cannot find module or crate `babbel_json` in this scope
[INFO] [stdout]   --> tests/kdl_test_suite.rs:22:24
[INFO] [stdout]    |
[INFO] [stdout] 22 | fn node_to_value(node: babbel_json::nodes::Node) -> Value {
[INFO] [stdout]    |                        ^^^^^^^^^^^ use of unresolved module or unlinked crate `babbel_json`
[INFO] [stdout]    |
[INFO] [stdout]    = help: if you wanted to use a crate named `babbel_json`, use `cargo add babbel_json` to add it to your `Cargo.toml`
[INFO] [stdout] 
[INFO] [stdout] 
[INFO] [stdout] error[E0433]: cannot find module or crate `babbel_json` in this scope
[INFO] [stdout]   --> tests/kdl_test_suite.rs:24:9
[INFO] [stdout]    |
[INFO] [stdout] 24 |         babbel_json::nodes::Node::Boolean(b) => Value::Bool(b),
[INFO] [stdout]    |         ^^^^^^^^^^^ use of unresolved module or unlinked crate `babbel_json`
[INFO] [stdout]    |
[INFO] [stdout]    = help: if you wanted to use a crate named `babbel_json`, use `cargo add babbel_json` to add it to your `Cargo.toml`
[INFO] [stdout] 
[INFO] [stdout] 
[INFO] [stdout] error[E0433]: cannot find module or crate `babbel_json` in this scope
[INFO] [stdout]   --> tests/kdl_test_suite.rs:25:9
[INFO] [stdout]    |
[INFO] [stdout] 25 |         babbel_json::nodes::Node::Number(num) => match num {
[INFO] [stdout]    |         ^^^^^^^^^^^ use of unresolved module or unlinked crate `babbel_json`
[INFO] [stdout]    |
[INFO] [stdout]    = help: if you wanted to use a crate named `babbel_json`, use `cargo add babbel_json` to add it to your `Cargo.toml`
[INFO] [stdout] 
[INFO] [stdout] 
[INFO] [stdout] error[E0433]: cannot find module or crate `babbel_json` in this scope
[INFO] [stdout]   --> tests/kdl_test_suite.rs:37:9
[INFO] [stdout]    |
[INFO] [stdout] 37 |         babbel_json::nodes::Node::Str(s) => Value::String(s),
[INFO] [stdout]    |         ^^^^^^^^^^^ use of unresolved module or unlinked crate `babbel_json`
[INFO] [stdout]    |
[INFO] [stdout]    = help: if you wanted to use a crate named `babbel_json`, use `cargo add babbel_json` to add it to your `Cargo.toml`
[INFO] [stdout] 
[INFO] [stdout] 
[INFO] [stdout] error[E0433]: cannot find module or crate `babbel_json` in this scope
[INFO] [stdout]   --> tests/kdl_test_suite.rs:38:9
[INFO] [stdout]    |
[INFO] [stdout] 38 |         babbel_json::nodes::Node::Array(arr) => {
[INFO] [stdout]    |         ^^^^^^^^^^^ use of unresolved module or unlinked crate `babbel_json`
[INFO] [stdout]    |
[INFO] [stdout]    = help: if you wanted to use a crate named `babbel_json`, use `cargo add babbel_json` to add it to your `Cargo.toml`
[INFO] [stdout] 
[INFO] [stdout] 
[INFO] [stdout] error[E0433]: cannot find module or crate `babbel_json` in this scope
[INFO] [stdout]   --> tests/kdl_test_suite.rs:41:9
[INFO] [stdout]    |
[INFO] [stdout] 41 |         babbel_json::nodes::Node::Object(map) => Value::Object(
[INFO] [stdout]    |         ^^^^^^^^^^^ use of unresolved module or unlinked crate `babbel_json`
[INFO] [stdout]    |
[INFO] [stdout]    = help: if you wanted to use a crate named `babbel_json`, use `cargo add babbel_json` to add it to your `Cargo.toml`
[INFO] [stdout] 
[INFO] [stdout] 
[INFO] [stdout] error[E0433]: cannot find module or crate `babbel_json` in this scope
[INFO] [stdout]   --> tests/kdl_test_suite.rs:46:9
[INFO] [stdout]    |
[INFO] [stdout] 46 |         babbel_json::nodes::Node::None => Value::Null,
[INFO] [stdout]    |         ^^^^^^^^^^^ use of unresolved module or unlinked crate `babbel_json`
[INFO] [stdout]    |
[INFO] [stdout]    = help: if you wanted to use a crate named `babbel_json`, use `cargo add babbel_json` to add it to your `Cargo.toml`
[INFO] [stdout] 
[INFO] [stdout] 
[INFO] [stdout] error[E0433]: cannot find module or crate `babbel_json` in this scope
[INFO] [stdout]    --> tests/kdl_test_suite.rs:660:42
[INFO] [stdout]     |
[INFO] [stdout] 660 |                 let expected_val = match babbel_json::from_str(&json_str) {
[INFO] [stdout]     |                                          ^^^^^^^^^^^ use of unresolved module or unlinked crate `babbel_json`
[INFO] [stdout]     |
[INFO] [stdout]     = help: if you wanted to use a crate named `babbel_json`, use `cargo add babbel_json` to add it to your `Cargo.toml`
[INFO] [stdout] 
[INFO] [stdout] 
[INFO] [stdout] error[E0433]: cannot find module or crate `babbel_json` in this scope
[INFO] [stdout]    --> tests/kdl_test_suite.rs:770:54
[INFO] [stdout]     |
[INFO] [stdout] 770 |                         let expected = node_to_value(babbel_json::from_str(exp_json).unwrap());
[INFO] [stdout]     |                                                      ^^^^^^^^^^^ use of unresolved module or unlinked crate `babbel_json`
[INFO] [stdout]     |
[INFO] [stdout]     = help: if you wanted to use a crate named `babbel_json`, use `cargo add babbel_json` to add it to your `Cargo.toml`
[INFO] [stdout] 
[INFO] [stdout] 
[INFO] [stdout] For more information about this error, try `rustc --explain E0433`.
[INFO] [stdout] 
[INFO] [stderr] error: could not compile `babbel_kdl` (test "kdl_test_suite") due to 9 previous errors
[INFO] running `Command { std: "docker" "inspect" "027790c56b3d965191ac67dfcb1045feb95b82b5a5eb36e2792a55fb2d25ae97", kill_on_drop: false }`
[INFO] running `Command { std: "docker" "rm" "-f" "027790c56b3d965191ac67dfcb1045feb95b82b5a5eb36e2792a55fb2d25ae97", kill_on_drop: false }`
[INFO] [stdout] 027790c56b3d965191ac67dfcb1045feb95b82b5a5eb36e2792a55fb2d25ae97
