[INFO] fetching crate babbel_cbor 0.2.2...
[INFO] checking babbel_cbor-0.2.2 against 3154cc1a3e6424e44f438a95007d043ed5ceaaf6 for pr-133502-30
[INFO] extracting crate babbel_cbor 0.2.2 into /workspace/builds/worker-2-tc2/source
[INFO] started tweaking crates.io crate babbel_cbor 0.2.2
[INFO] removed 0 missing examples
[INFO] removed 0 missing tests
[INFO] finished tweaking crates.io crate babbel_cbor 0.2.2
[INFO] tweaked toml for crates.io crate babbel_cbor 0.2.2 written to /workspace/builds/worker-2-tc2/source/Cargo.toml
[INFO] validating manifest of crates.io crate babbel_cbor 0.2.2 on toolchain 3154cc1a3e6424e44f438a95007d043ed5ceaaf6
[INFO] running `Command { std: CARGO_HOME="/workspace/cargo-home" RUSTUP_HOME="/workspace/rustup-home" "/workspace/cargo-home/bin/cargo" "+3154cc1a3e6424e44f438a95007d043ed5ceaaf6" "metadata" "--manifest-path" "Cargo.toml" "--no-deps", kill_on_drop: false }`
[INFO] crate crates.io crate babbel_cbor 0.2.2 already has a lockfile, it will not be regenerated
[INFO] running `Command { std: CARGO_HOME="/workspace/cargo-home" RUSTUP_HOME="/workspace/rustup-home" "/workspace/cargo-home/bin/cargo" "+3154cc1a3e6424e44f438a95007d043ed5ceaaf6" "fetch" "--manifest-path" "Cargo.toml", kill_on_drop: false }`
[INFO] [stderr] warning: `package.homepage` is redundant with `package.repository`
[INFO] [stderr]    --> Cargo.toml:455:12
[INFO] [stderr]     |
[INFO] [stderr] 455 | homepage = "https://github.com/clockworkengineer/babbel"
[INFO] [stderr]     |            ^^^^^^^^^^^^^^^^^^^^^^^^^^^^^^^^^^^^^^^^^^^^^
[INFO] [stderr] ...
[INFO] [stderr] 460 | repository = "https://github.com/clockworkengineer/babbel"
[INFO] [stderr]     |              ---------------------------------------------
[INFO] [stderr]     |
[INFO] [stderr]     = note: `cargo::redundant_homepage` is set to `warn` by default
[INFO] [stderr] help: consider removing `package.homepage`
[INFO] [stderr] warning: `babbel_cbor` (manifest) generated 1 warning
[INFO] running `Command { std: "docker" "create" "-v" "/var/lib/crater-agent-workspace/builds/worker-2-tc2/source:/opt/rustwide/workdir:ro,Z" "-v" "/var/lib/crater-agent-workspace/builds/worker-2-tc2/target:/opt/rustwide/target:rw,Z" "-v" "/var/lib/crater-agent-workspace/cargo-home:/opt/rustwide/cargo-home:ro,Z" "-v" "/var/lib/crater-agent-workspace/rustup-home:/opt/rustwide/rustup-home:ro,Z" "-m" "1610612736" "--network" "none" "ghcr.io/rust-lang/crates-build-env/linux@sha256:77db811e55d90add9212f6832c23229e3de5f1c1f9905e8cb07319ea15df73ac" "sleep" "infinity", kill_on_drop: false }`
[INFO] [stdout] 445c8f5107d2993b6c6f25ca052d1f8f299378176b817792d763787093edddde
[INFO] running `Command { std: "docker" "start" "445c8f5107d2993b6c6f25ca052d1f8f299378176b817792d763787093edddde", kill_on_drop: false }`
[INFO] running `Command { std: "docker" "inspect" "445c8f5107d2993b6c6f25ca052d1f8f299378176b817792d763787093edddde", kill_on_drop: false }`
[INFO] running `Command { std: "docker" "exec" "-e" "SOURCE_DIR=/opt/rustwide/workdir" "-e" "CARGO_HOME=/opt/rustwide/cargo-home" "-e" "RUSTUP_HOME=/opt/rustwide/rustup-home" "-e" "CARGO_TARGET_DIR=/opt/rustwide/target" "-w" "/opt/rustwide/workdir" "--user" "0:0" "445c8f5107d2993b6c6f25ca052d1f8f299378176b817792d763787093edddde" "/opt/rustwide/cargo-home/bin/cargo" "+3154cc1a3e6424e44f438a95007d043ed5ceaaf6" "metadata" "--no-deps" "--format-version=1", kill_on_drop: false }`
[INFO] running `Command { std: "docker" "inspect" "445c8f5107d2993b6c6f25ca052d1f8f299378176b817792d763787093edddde", kill_on_drop: false }`
[INFO] running `Command { std: "docker" "exec" "-e" "SOURCE_DIR=/opt/rustwide/workdir" "-e" "CARGO_HOME=/opt/rustwide/cargo-home" "-e" "RUSTUP_HOME=/opt/rustwide/rustup-home" "-e" "CARGO_TARGET_DIR=/opt/rustwide/target" "-e" "CARGO_INCREMENTAL=0" "-e" "RUST_BACKTRACE=full" "-e" "RUSTFLAGS=--cap-lints=forbid" "-e" "RUSTDOCFLAGS=--cap-lints=forbid" "-w" "/opt/rustwide/workdir" "--user" "0:0" "445c8f5107d2993b6c6f25ca052d1f8f299378176b817792d763787093edddde" "/opt/rustwide/cargo-home/bin/cargo" "+3154cc1a3e6424e44f438a95007d043ed5ceaaf6" "check" "--frozen" "--all" "--all-targets" "--message-format=json", kill_on_drop: false }`
[INFO] [stderr] warning: `package.homepage` is redundant with `package.repository`
[INFO] [stderr]    --> Cargo.toml:455:12
[INFO] [stderr]     |
[INFO] [stderr] 455 | homepage = "https://github.com/clockworkengineer/babbel"
[INFO] [stderr]     |            ^^^^^^^^^^^^^^^^^^^^^^^^^^^^^^^^^^^^^^^^^^^^^
[INFO] [stderr] ...
[INFO] [stderr] 460 | repository = "https://github.com/clockworkengineer/babbel"
[INFO] [stderr]     |              ---------------------------------------------
[INFO] [stderr]     |
[INFO] [stderr]     = note: `cargo::redundant_homepage` is set to `warn` by default
[INFO] [stderr] help: consider removing `package.homepage`
[INFO] [stderr] warning: `babbel_cbor` (manifest) generated 1 warning
[INFO] [stderr]     Checking smallvec v1.16.0
[INFO] [stderr]     Checking babbel_core v0.2.2
[INFO] [stderr]     Checking babbel_cbor v0.2.2 (/opt/rustwide/workdir)
[INFO] [stdout] error[E0433]: cannot find module or crate `babbel_json` in this scope
[INFO] [stdout]    --> tests/cbor_test_suite.rs:140:9
[INFO] [stdout]     |
[INFO] [stdout] 140 |         babbel_json::Node::None => Value::Null,
[INFO] [stdout]     |         ^^^^^^^^^^^ use of unresolved module or unlinked crate `babbel_json`
[INFO] [stdout]     |
[INFO] [stdout] help: there is a crate or module with a similar name
[INFO] [stdout]     |
[INFO] [stdout] 140 -         babbel_json::Node::None => Value::Null,
[INFO] [stdout] 140 +         babbel_cbor::Node::None => Value::Null,
[INFO] [stdout]     |
[INFO] [stdout] 
[INFO] [stdout] 
[INFO] [stdout] error[E0433]: cannot find module or crate `babbel_json` in this scope
[INFO] [stdout]    --> tests/cbor_test_suite.rs:141:9
[INFO] [stdout]     |
[INFO] [stdout] 141 |         babbel_json::Node::Boolean(b) => Value::Bool(b),
[INFO] [stdout]     |         ^^^^^^^^^^^ use of unresolved module or unlinked crate `babbel_json`
[INFO] [stdout]     |
[INFO] [stdout] help: there is a crate or module with a similar name
[INFO] [stdout]     |
[INFO] [stdout] 141 -         babbel_json::Node::Boolean(b) => Value::Bool(b),
[INFO] [stdout] 141 +         babbel_cbor::Node::Boolean(b) => Value::Bool(b),
[INFO] [stdout]     |
[INFO] [stdout] 
[INFO] [stdout] 
[INFO] [stdout] error[E0433]: cannot find module or crate `babbel_json` in this scope
[INFO] [stdout]    --> tests/cbor_test_suite.rs:142:9
[INFO] [stdout]     |
[INFO] [stdout] 142 |         babbel_json::Node::Number(num) => match num {
[INFO] [stdout]     |         ^^^^^^^^^^^ use of unresolved module or unlinked crate `babbel_json`
[INFO] [stdout]     |
[INFO] [stdout] help: there is a crate or module with a similar name
[INFO] [stdout]     |
[INFO] [stdout] 142 -         babbel_json::Node::Number(num) => match num {
[INFO] [stdout] 142 +         babbel_cbor::Node::Number(num) => match num {
[INFO] [stdout]     |
[INFO] [stdout] 
[INFO] [stdout] 
[INFO] [stdout] error[E0433]: cannot find module or crate `babbel_json` in this scope
[INFO] [stdout]    --> tests/cbor_test_suite.rs:154:9
[INFO] [stdout]     |
[INFO] [stdout] 154 |         babbel_json::Node::Str(s) => Value::String(s),
[INFO] [stdout]     |         ^^^^^^^^^^^ use of unresolved module or unlinked crate `babbel_json`
[INFO] [stdout]     |
[INFO] [stdout] help: there is a crate or module with a similar name
[INFO] [stdout]     |
[INFO] [stdout] 154 -         babbel_json::Node::Str(s) => Value::String(s),
[INFO] [stdout] 154 +         babbel_cbor::Node::Str(s) => Value::String(s),
[INFO] [stdout]     |
[INFO] [stdout] 
[INFO] [stdout] 
[INFO] [stdout] error[E0433]: cannot find module or crate `babbel_json` in this scope
[INFO] [stdout]    --> tests/cbor_test_suite.rs:155:9
[INFO] [stdout]     |
[INFO] [stdout] 155 |         babbel_json::Node::Array(arr) => Value::Array(arr.into_iter().map(node_to_value).collect()),
[INFO] [stdout]     |         ^^^^^^^^^^^ use of unresolved module or unlinked crate `babbel_json`
[INFO] [stdout]     |
[INFO] [stdout] help: there is a crate or module with a similar name
[INFO] [stdout]     |
[INFO] [stdout] 155 -         babbel_json::Node::Array(arr) => Value::Array(arr.into_iter().map(node_to_value).collect()),
[INFO] [stdout] 155 +         babbel_cbor::Node::Array(arr) => Value::Array(arr.into_iter().map(node_to_value).collect()),
[INFO] [stdout]     |
[INFO] [stdout] 
[INFO] [stdout] 
[INFO] [stdout] error[E0433]: cannot find module or crate `babbel_json` in this scope
[INFO] [stdout]    --> tests/cbor_test_suite.rs:156:9
[INFO] [stdout]     |
[INFO] [stdout] 156 |         babbel_json::Node::Object(map) => {
[INFO] [stdout]     |         ^^^^^^^^^^^ use of unresolved module or unlinked crate `babbel_json`
[INFO] [stdout]     |
[INFO] [stdout] help: there is a crate or module with a similar name
[INFO] [stdout]     |
[INFO] [stdout] 156 -         babbel_json::Node::Object(map) => {
[INFO] [stdout] 156 +         babbel_cbor::Node::Object(map) => {
[INFO] [stdout]     |
[INFO] [stdout] 
[INFO] [stdout] 
[INFO] [stdout] error[E0433]: cannot find module or crate `babbel_json` in this scope
[INFO] [stdout]    --> tests/cbor_test_suite.rs:143:13
[INFO] [stdout]     |
[INFO] [stdout] 143 |             babbel_json::Numeric::Integer(i) => Value::Integer(i as i128),
[INFO] [stdout]     |             ^^^^^^^^^^^ use of unresolved module or unlinked crate `babbel_json`
[INFO] [stdout]     |
[INFO] [stdout] help: there is a crate or module with a similar name
[INFO] [stdout]     |
[INFO] [stdout] 143 -             babbel_json::Numeric::Integer(i) => Value::Integer(i as i128),
[INFO] [stdout] 143 +             babbel_cbor::Numeric::Integer(i) => Value::Integer(i as i128),
[INFO] [stdout]     |
[INFO] [stdout] help: consider importing this enum
[INFO] [stdout]     |
[INFO] [stdout]  18 + use babbel_core::Numeric;
[INFO] [stdout]     |
[INFO] [stdout] help: if you import `Numeric`, refer to it directly
[INFO] [stdout]     |
[INFO] [stdout] 143 -             babbel_json::Numeric::Integer(i) => Value::Integer(i as i128),
[INFO] [stdout] 143 +             Numeric::Integer(i) => Value::Integer(i as i128),
[INFO] [stdout]     |
[INFO] [stdout] 
[INFO] [stdout] 
[INFO] [stdout] error[E0433]: cannot find module or crate `babbel_json` in this scope
[INFO] [stdout]    --> tests/cbor_test_suite.rs:144:13
[INFO] [stdout]     |
[INFO] [stdout] 144 |             babbel_json::Numeric::UInteger(u) => Value::Integer(u as i128),
[INFO] [stdout]     |             ^^^^^^^^^^^ use of unresolved module or unlinked crate `babbel_json`
[INFO] [stdout]     |
[INFO] [stdout] help: there is a crate or module with a similar name
[INFO] [stdout]     |
[INFO] [stdout] 144 -             babbel_json::Numeric::UInteger(u) => Value::Integer(u as i128),
[INFO] [stdout] 144 +             babbel_cbor::Numeric::UInteger(u) => Value::Integer(u as i128),
[INFO] [stdout]     |
[INFO] [stdout] help: consider importing this enum
[INFO] [stdout]     |
[INFO] [stdout]  18 + use babbel_core::Numeric;
[INFO] [stdout]     |
[INFO] [stdout] help: if you import `Numeric`, refer to it directly
[INFO] [stdout]     |
[INFO] [stdout] 144 -             babbel_json::Numeric::UInteger(u) => Value::Integer(u as i128),
[INFO] [stdout] 144 +             Numeric::UInteger(u) => Value::Integer(u as i128),
[INFO] [stdout]     |
[INFO] [stdout] 
[INFO] [stdout] 
[INFO] [stdout] error[E0433]: cannot find module or crate `babbel_json` in this scope
[INFO] [stdout]    --> tests/cbor_test_suite.rs:145:13
[INFO] [stdout]     |
[INFO] [stdout] 145 |             babbel_json::Numeric::Float(f) => Value::Float(f),
[INFO] [stdout]     |             ^^^^^^^^^^^ use of unresolved module or unlinked crate `babbel_json`
[INFO] [stdout]     |
[INFO] [stdout] help: there is a crate or module with a similar name
[INFO] [stdout]     |
[INFO] [stdout] 145 -             babbel_json::Numeric::Float(f) => Value::Float(f),
[INFO] [stdout] 145 +             babbel_cbor::Numeric::Float(f) => Value::Float(f),
[INFO] [stdout]     |
[INFO] [stdout] help: consider importing this enum
[INFO] [stdout]     |
[INFO] [stdout]  18 + use babbel_core::Numeric;
[INFO] [stdout]     |
[INFO] [stdout] help: if you import `Numeric`, refer to it directly
[INFO] [stdout]     |
[INFO] [stdout] 145 -             babbel_json::Numeric::Float(f) => Value::Float(f),
[INFO] [stdout] 145 +             Numeric::Float(f) => Value::Float(f),
[INFO] [stdout]     |
[INFO] [stdout] 
[INFO] [stdout] 
[INFO] [stdout] error[E0433]: cannot find module or crate `babbel_json` in this scope
[INFO] [stdout]    --> tests/cbor_test_suite.rs:146:13
[INFO] [stdout]     |
[INFO] [stdout] 146 |             babbel_json::Numeric::Byte(b) => Value::Integer(b as i128),
[INFO] [stdout]     |             ^^^^^^^^^^^ use of unresolved module or unlinked crate `babbel_json`
[INFO] [stdout]     |
[INFO] [stdout] help: there is a crate or module with a similar name
[INFO] [stdout]     |
[INFO] [stdout] 146 -             babbel_json::Numeric::Byte(b) => Value::Integer(b as i128),
[INFO] [stdout] 146 +             babbel_cbor::Numeric::Byte(b) => Value::Integer(b as i128),
[INFO] [stdout]     |
[INFO] [stdout] help: consider importing this enum
[INFO] [stdout]     |
[INFO] [stdout]  18 + use babbel_core::Numeric;
[INFO] [stdout]     |
[INFO] [stdout] help: if you import `Numeric`, refer to it directly
[INFO] [stdout]     |
[INFO] [stdout] 146 -             babbel_json::Numeric::Byte(b) => Value::Integer(b as i128),
[INFO] [stdout] 146 +             Numeric::Byte(b) => Value::Integer(b as i128),
[INFO] [stdout]     |
[INFO] [stdout] 
[INFO] [stdout] 
[INFO] [stdout] error[E0433]: cannot find module or crate `babbel_json` in this scope
[INFO] [stdout]    --> tests/cbor_test_suite.rs:147:13
[INFO] [stdout]     |
[INFO] [stdout] 147 |             babbel_json::Numeric::Int32(i) => Value::Integer(i as i128),
[INFO] [stdout]     |             ^^^^^^^^^^^ use of unresolved module or unlinked crate `babbel_json`
[INFO] [stdout]     |
[INFO] [stdout] help: there is a crate or module with a similar name
[INFO] [stdout]     |
[INFO] [stdout] 147 -             babbel_json::Numeric::Int32(i) => Value::Integer(i as i128),
[INFO] [stdout] 147 +             babbel_cbor::Numeric::Int32(i) => Value::Integer(i as i128),
[INFO] [stdout]     |
[INFO] [stdout] help: consider importing this enum
[INFO] [stdout]     |
[INFO] [stdout]  18 + use babbel_core::Numeric;
[INFO] [stdout]     |
[INFO] [stdout] help: if you import `Numeric`, refer to it directly
[INFO] [stdout]     |
[INFO] [stdout] 147 -             babbel_json::Numeric::Int32(i) => Value::Integer(i as i128),
[INFO] [stdout] 147 +             Numeric::Int32(i) => Value::Integer(i as i128),
[INFO] [stdout]     |
[INFO] [stdout] 
[INFO] [stdout] 
[INFO] [stdout] error[E0433]: cannot find module or crate `babbel_json` in this scope
[INFO] [stdout]    --> tests/cbor_test_suite.rs:148:13
[INFO] [stdout]     |
[INFO] [stdout] 148 |             babbel_json::Numeric::UInt32(u) => Value::Integer(u as i128),
[INFO] [stdout]     |             ^^^^^^^^^^^ use of unresolved module or unlinked crate `babbel_json`
[INFO] [stdout]     |
[INFO] [stdout] help: there is a crate or module with a similar name
[INFO] [stdout]     |
[INFO] [stdout] 148 -             babbel_json::Numeric::UInt32(u) => Value::Integer(u as i128),
[INFO] [stdout] 148 +             babbel_cbor::Numeric::UInt32(u) => Value::Integer(u as i128),
[INFO] [stdout]     |
[INFO] [stdout] help: consider importing this enum
[INFO] [stdout]     |
[INFO] [stdout]  18 + use babbel_core::Numeric;
[INFO] [stdout]     |
[INFO] [stdout] help: if you import `Numeric`, refer to it directly
[INFO] [stdout]     |
[INFO] [stdout] 148 -             babbel_json::Numeric::UInt32(u) => Value::Integer(u as i128),
[INFO] [stdout] 148 +             Numeric::UInt32(u) => Value::Integer(u as i128),
[INFO] [stdout]     |
[INFO] [stdout] 
[INFO] [stdout] 
[INFO] [stdout] error[E0433]: cannot find module or crate `babbel_json` in this scope
[INFO] [stdout]    --> tests/cbor_test_suite.rs:149:13
[INFO] [stdout]     |
[INFO] [stdout] 149 |             babbel_json::Numeric::Int16(i) => Value::Integer(i as i128),
[INFO] [stdout]     |             ^^^^^^^^^^^ use of unresolved module or unlinked crate `babbel_json`
[INFO] [stdout]     |
[INFO] [stdout] help: there is a crate or module with a similar name
[INFO] [stdout]     |
[INFO] [stdout] 149 -             babbel_json::Numeric::Int16(i) => Value::Integer(i as i128),
[INFO] [stdout] 149 +             babbel_cbor::Numeric::Int16(i) => Value::Integer(i as i128),
[INFO] [stdout]     |
[INFO] [stdout] help: consider importing this enum
[INFO] [stdout]     |
[INFO] [stdout]  18 + use babbel_core::Numeric;
[INFO] [stdout]     |
[INFO] [stdout] help: if you import `Numeric`, refer to it directly
[INFO] [stdout]     |
[INFO] [stdout] 149 -             babbel_json::Numeric::Int16(i) => Value::Integer(i as i128),
[INFO] [stdout] 149 +             Numeric::Int16(i) => Value::Integer(i as i128),
[INFO] [stdout]     |
[INFO] [stdout] 
[INFO] [stdout] 
[INFO] [stdout] error[E0433]: cannot find module or crate `babbel_json` in this scope
[INFO] [stdout]    --> tests/cbor_test_suite.rs:150:13
[INFO] [stdout]     |
[INFO] [stdout] 150 |             babbel_json::Numeric::UInt16(u) => Value::Integer(u as i128),
[INFO] [stdout]     |             ^^^^^^^^^^^ use of unresolved module or unlinked crate `babbel_json`
[INFO] [stdout]     |
[INFO] [stdout] help: there is a crate or module with a similar name
[INFO] [stdout]     |
[INFO] [stdout] 150 -             babbel_json::Numeric::UInt16(u) => Value::Integer(u as i128),
[INFO] [stdout] 150 +             babbel_cbor::Numeric::UInt16(u) => Value::Integer(u as i128),
[INFO] [stdout]     |
[INFO] [stdout] help: consider importing this enum
[INFO] [stdout]     |
[INFO] [stdout]  18 + use babbel_core::Numeric;
[INFO] [stdout]     |
[INFO] [stdout] help: if you import `Numeric`, refer to it directly
[INFO] [stdout]     |
[INFO] [stdout] 150 -             babbel_json::Numeric::UInt16(u) => Value::Integer(u as i128),
[INFO] [stdout] 150 +             Numeric::UInt16(u) => Value::Integer(u as i128),
[INFO] [stdout]     |
[INFO] [stdout] 
[INFO] [stdout] 
[INFO] [stdout] error[E0433]: cannot find module or crate `babbel_json` in this scope
[INFO] [stdout]    --> tests/cbor_test_suite.rs:151:13
[INFO] [stdout]     |
[INFO] [stdout] 151 |             babbel_json::Numeric::Int8(i) => Value::Integer(i as i128),
[INFO] [stdout]     |             ^^^^^^^^^^^ use of unresolved module or unlinked crate `babbel_json`
[INFO] [stdout]     |
[INFO] [stdout] help: there is a crate or module with a similar name
[INFO] [stdout]     |
[INFO] [stdout] 151 -             babbel_json::Numeric::Int8(i) => Value::Integer(i as i128),
[INFO] [stdout] 151 +             babbel_cbor::Numeric::Int8(i) => Value::Integer(i as i128),
[INFO] [stdout]     |
[INFO] [stdout] help: consider importing this enum
[INFO] [stdout]     |
[INFO] [stdout]  18 + use babbel_core::Numeric;
[INFO] [stdout]     |
[INFO] [stdout] help: if you import `Numeric`, refer to it directly
[INFO] [stdout]     |
[INFO] [stdout] 151 -             babbel_json::Numeric::Int8(i) => Value::Integer(i as i128),
[INFO] [stdout] 151 +             Numeric::Int8(i) => Value::Integer(i as i128),
[INFO] [stdout]     |
[INFO] [stdout] 
[INFO] [stdout] 
[INFO] [stdout] error[E0433]: cannot find module or crate `babbel_json` in this scope
[INFO] [stdout]    --> tests/cbor_test_suite.rs:152:13
[INFO] [stdout]     |
[INFO] [stdout] 152 |             babbel_json::Numeric::UInt8(u) => Value::Integer(u as i128),
[INFO] [stdout]     |             ^^^^^^^^^^^ use of unresolved module or unlinked crate `babbel_json`
[INFO] [stdout]     |
[INFO] [stdout] help: there is a crate or module with a similar name
[INFO] [stdout]     |
[INFO] [stdout] 152 -             babbel_json::Numeric::UInt8(u) => Value::Integer(u as i128),
[INFO] [stdout] 152 +             babbel_cbor::Numeric::UInt8(u) => Value::Integer(u as i128),
[INFO] [stdout]     |
[INFO] [stdout] help: consider importing this enum
[INFO] [stdout]     |
[INFO] [stdout]  18 + use babbel_core::Numeric;
[INFO] [stdout]     |
[INFO] [stdout] help: if you import `Numeric`, refer to it directly
[INFO] [stdout]     |
[INFO] [stdout] 152 -             babbel_json::Numeric::UInt8(u) => Value::Integer(u as i128),
[INFO] [stdout] 152 +             Numeric::UInt8(u) => Value::Integer(u as i128),
[INFO] [stdout]     |
[INFO] [stdout] 
[INFO] [stdout] 
[INFO] [stdout] error[E0433]: cannot find module or crate `babbel_json` in this scope
[INFO] [stdout]    --> tests/cbor_test_suite.rs:410:22
[INFO] [stdout]     |
[INFO] [stdout] 410 |     let suite_node = babbel_json::from_bytes(&raw_json_bytes)
[INFO] [stdout]     |                      ^^^^^^^^^^^ use of unresolved module or unlinked crate `babbel_json`
[INFO] [stdout]     |
[INFO] [stdout] help: there is a crate or module with a similar name
[INFO] [stdout]     |
[INFO] [stdout] 410 -     let suite_node = babbel_json::from_bytes(&raw_json_bytes)
[INFO] [stdout] 410 +     let suite_node = babbel_cbor::from_bytes(&raw_json_bytes)
[INFO] [stdout]     |
[INFO] [stdout] 
[INFO] [stdout] 
[INFO] [stdout] error[E0433]: cannot find module or crate `babbel_json` in this scope
[INFO] [stdout]    --> tests/cbor_test_suite.rs:138:24
[INFO] [stdout]     |
[INFO] [stdout] 138 | fn node_to_value(node: babbel_json::Node) -> Value {
[INFO] [stdout]     |                        ^^^^^^^^^^^ use of unresolved module or unlinked crate `babbel_json`
[INFO] [stdout]     |
[INFO] [stdout] help: there is a crate or module with a similar name
[INFO] [stdout]     |
[INFO] [stdout] 138 - fn node_to_value(node: babbel_json::Node) -> Value {
[INFO] [stdout] 138 + fn node_to_value(node: babbel_cbor::Node) -> Value {
[INFO] [stdout]     |
[INFO] [stdout] 
[INFO] [stdout] 
[INFO] [stdout] For more information about this error, try `rustc --explain E0433`.
[INFO] [stdout] 
[INFO] [stderr] error: could not compile `babbel_cbor` (test "cbor_test_suite") due to 18 previous errors
[INFO] running `Command { std: "docker" "inspect" "445c8f5107d2993b6c6f25ca052d1f8f299378176b817792d763787093edddde", kill_on_drop: false }`
[INFO] running `Command { std: "docker" "rm" "-f" "445c8f5107d2993b6c6f25ca052d1f8f299378176b817792d763787093edddde", kill_on_drop: false }`
[INFO] [stdout] 445c8f5107d2993b6c6f25ca052d1f8f299378176b817792d763787093edddde
