[INFO] fetching crate axonflow-sdk-rust 0.11.0...
[INFO] checking axonflow-sdk-rust-0.11.0 against 3154cc1a3e6424e44f438a95007d043ed5ceaaf6+rustflags=-Znext-solver=coherence for pr-133502-30
[INFO] extracting crate axonflow-sdk-rust 0.11.0 into /workspace/builds/worker-3-tc1/source
[INFO] started tweaking crates.io crate axonflow-sdk-rust 0.11.0
[INFO] removed 0 missing examples
[INFO] removed 0 missing tests
[INFO] finished tweaking crates.io crate axonflow-sdk-rust 0.11.0
[INFO] tweaked toml for crates.io crate axonflow-sdk-rust 0.11.0 written to /workspace/builds/worker-3-tc1/source/Cargo.toml
[INFO] validating manifest of crates.io crate axonflow-sdk-rust 0.11.0 on toolchain 3154cc1a3e6424e44f438a95007d043ed5ceaaf6
[INFO] running `Command { std: CARGO_HOME="/workspace/cargo-home" RUSTUP_HOME="/workspace/rustup-home" "/workspace/cargo-home/bin/cargo" "+3154cc1a3e6424e44f438a95007d043ed5ceaaf6" "metadata" "--manifest-path" "Cargo.toml" "--no-deps", kill_on_drop: false }`
[INFO] crate crates.io crate axonflow-sdk-rust 0.11.0 already has a lockfile, it will not be regenerated
[INFO] running `Command { std: CARGO_HOME="/workspace/cargo-home" RUSTUP_HOME="/workspace/rustup-home" "/workspace/cargo-home/bin/cargo" "+3154cc1a3e6424e44f438a95007d043ed5ceaaf6" "fetch" "--manifest-path" "Cargo.toml", kill_on_drop: false }`
[INFO] [stderr]  Downloading crates ...
[INFO] [stderr]   Downloaded h2 v0.4.17
[INFO] running `Command { std: "docker" "create" "-v" "/var/lib/crater-agent-workspace/builds/worker-3-tc1/source:/opt/rustwide/workdir:ro,Z" "-v" "/var/lib/crater-agent-workspace/builds/worker-3-tc1/target:/opt/rustwide/target:rw,Z" "-v" "/var/lib/crater-agent-workspace/cargo-home:/opt/rustwide/cargo-home:ro,Z" "-v" "/var/lib/crater-agent-workspace/rustup-home:/opt/rustwide/rustup-home:ro,Z" "-m" "1610612736" "--network" "none" "ghcr.io/rust-lang/crates-build-env/linux@sha256:77db811e55d90add9212f6832c23229e3de5f1c1f9905e8cb07319ea15df73ac" "sleep" "infinity", kill_on_drop: false }`
[INFO] [stdout] 6850dd1d3158ccf92e36133f793d4f60f293f7a3d4ba26f9387edd7f78520d22
[INFO] running `Command { std: "docker" "start" "6850dd1d3158ccf92e36133f793d4f60f293f7a3d4ba26f9387edd7f78520d22", kill_on_drop: false }`
[INFO] running `Command { std: "docker" "inspect" "6850dd1d3158ccf92e36133f793d4f60f293f7a3d4ba26f9387edd7f78520d22", kill_on_drop: false }`
[INFO] running `Command { std: "docker" "exec" "-e" "SOURCE_DIR=/opt/rustwide/workdir" "-e" "CARGO_HOME=/opt/rustwide/cargo-home" "-e" "RUSTUP_HOME=/opt/rustwide/rustup-home" "-e" "CARGO_TARGET_DIR=/opt/rustwide/target" "-w" "/opt/rustwide/workdir" "--user" "0:0" "6850dd1d3158ccf92e36133f793d4f60f293f7a3d4ba26f9387edd7f78520d22" "/opt/rustwide/cargo-home/bin/cargo" "+3154cc1a3e6424e44f438a95007d043ed5ceaaf6" "metadata" "--no-deps" "--format-version=1", kill_on_drop: false }`
[INFO] running `Command { std: "docker" "inspect" "6850dd1d3158ccf92e36133f793d4f60f293f7a3d4ba26f9387edd7f78520d22", kill_on_drop: false }`
[INFO] running `Command { std: "docker" "exec" "-e" "SOURCE_DIR=/opt/rustwide/workdir" "-e" "CARGO_HOME=/opt/rustwide/cargo-home" "-e" "RUSTUP_HOME=/opt/rustwide/rustup-home" "-e" "CARGO_TARGET_DIR=/opt/rustwide/target" "-e" "CARGO_INCREMENTAL=0" "-e" "RUST_BACKTRACE=full" "-e" "RUSTFLAGS=--cap-lints=forbid -Znext-solver=coherence" "-e" "RUSTDOCFLAGS=--cap-lints=forbid" "-w" "/opt/rustwide/workdir" "--user" "0:0" "6850dd1d3158ccf92e36133f793d4f60f293f7a3d4ba26f9387edd7f78520d22" "/opt/rustwide/cargo-home/bin/cargo" "+3154cc1a3e6424e44f438a95007d043ed5ceaaf6" "check" "--frozen" "--all" "--all-targets" "--message-format=json", kill_on_drop: false }`
[INFO] [stderr]    Compiling openssl-sys v0.9.117
[INFO] [stderr]     Checking parking_lot_core v0.9.12
[INFO] [stderr]    Compiling syn v3.0.3
[INFO] [stderr]    Compiling futures-macro v0.3.32
[INFO] [stderr]    Compiling tracing-attributes v0.1.31
[INFO] [stderr]     Checking ring v0.17.14
[INFO] [stderr]    Compiling openssl-macros v0.1.1
[INFO] [stderr]    Compiling getrandom v0.4.2
[INFO] [stderr]    Compiling rustls v0.23.40
[INFO] [stderr]     Checking serde_json v1.0.151
[INFO] [stderr]    Compiling num-traits v0.2.19
[INFO] [stderr]    Compiling proc-macro2 v1.0.106
[INFO] [stderr]    Compiling crossbeam-epoch v0.9.20
[INFO] [stderr]     Checking event-listener-strategy v0.5.4
[INFO] [stderr]     Checking icu_normalizer v2.2.0
[INFO] [stderr]    Compiling quote v1.0.45
[INFO] [stderr]     Checking regex-automata v0.4.14
[INFO] [stderr]     Checking async-lock v3.4.2
[INFO] [stderr]     Checking parking_lot v0.12.5
[INFO] [stderr]     Checking num_cpus v1.17.0
[INFO] [stderr]    Compiling axonflow-sdk-rust v0.11.0 (/opt/rustwide/workdir)
[INFO] [stderr]     Checking uuid v1.23.1
[INFO] [stderr]     Checking tracing-log v0.2.0
[INFO] [stderr]     Checking tokio v1.52.3
[INFO] [stderr]     Checking tempfile v3.27.0
[INFO] [stderr]    Compiling openssl v0.10.81
[INFO] [stderr]    Compiling native-tls v0.2.18
[INFO] [stderr]     Checking tracing-subscriber v0.3.23
[INFO] [stderr]     Checking idna_adapter v1.2.2
[INFO] [stderr]     Checking idna v1.1.0
[INFO] [stderr]     Checking futures-util v0.3.32
[INFO] [stderr]     Checking syn v2.0.117
[INFO] [stderr]     Checking url v2.5.8
[INFO] [stderr]     Checking tracing v0.1.44
[INFO] [stderr]     Checking regex v1.12.3
[INFO] [stderr]     Checking rustls-webpki v0.103.13
[INFO] [stderr]    Compiling serde_derive v1.0.229
[INFO] [stderr]    Compiling thiserror-impl v2.0.20
[INFO] [stderr]    Compiling async-trait v0.1.92
[INFO] [stderr]     Checking futures-executor v0.3.32
[INFO] [stderr]     Checking moka v0.12.16
[INFO] [stderr]     Checking futures v0.3.32
[INFO] [stderr]     Checking thiserror v2.0.20
[INFO] [stderr]     Checking tokio-util v0.7.18
[INFO] [stderr]     Checking tokio-native-tls v0.3.1
[INFO] [stderr]     Checking tower v0.5.3
[INFO] [stderr]     Checking deadpool v0.12.3
[INFO] [stderr]     Checking tokio-rustls v0.26.4
[INFO] [stderr]     Checking h2 v0.4.17
[INFO] [stderr]     Checking tower-http v0.6.10
[INFO] [stderr]     Checking serde v1.0.229
[INFO] [stderr]     Checking serde_urlencoded v0.7.1
[INFO] [stderr]     Checking chrono v0.4.45
[INFO] [stderr]     Checking assert-json-diff v2.0.2
[INFO] [stderr]     Checking hyper v1.9.0
[INFO] [stderr]     Checking hyper-util v0.1.20
[INFO] [stderr]     Checking hyper-tls v0.6.0
[INFO] [stderr]     Checking hyper-rustls v0.27.9
[INFO] [stderr]     Checking wiremock v0.6.5
[INFO] [stderr]     Checking reqwest v0.12.28
[INFO] [stdout] error[E0433]: cannot find module or crate `axonflow_authzen_codegen` in this scope
[INFO] [stdout]   --> tests/authzen_generated_types_are_current.rs:22:26
[INFO] [stdout]    |
[INFO] [stdout] 22 |     let path = root.join(axonflow_authzen_codegen::output_path());
[INFO] [stdout]    |                          ^^^^^^^^^^^^^^^^^^^^^^^^ use of unresolved module or unlinked crate `axonflow_authzen_codegen`
[INFO] [stdout]    |
[INFO] [stdout]    = help: if you wanted to use a crate named `axonflow_authzen_codegen`, use `cargo add axonflow_authzen_codegen` to add it to your `Cargo.toml`
[INFO] [stdout] 
[INFO] [stdout] 
[INFO] [stdout] error[E0433]: cannot find module or crate `axonflow_authzen_codegen` in this scope
[INFO] [stdout]   --> tests/authzen_generated_types_are_current.rs:30:20
[INFO] [stdout]    |
[INFO] [stdout] 30 |     let rendered = axonflow_authzen_codegen::render(&root).expect("the vendored artifact emits");
[INFO] [stdout]    |                    ^^^^^^^^^^^^^^^^^^^^^^^^ use of unresolved module or unlinked crate `axonflow_authzen_codegen`
[INFO] [stdout]    |
[INFO] [stdout]    = help: if you wanted to use a crate named `axonflow_authzen_codegen`, use `cargo add axonflow_authzen_codegen` to add it to your `Cargo.toml`
[INFO] [stdout] 
[INFO] [stdout] 
[INFO] [stdout] error[E0433]: cannot find module or crate `axonflow_authzen_codegen` in this scope
[INFO] [stdout]   --> tests/authzen_generated_types_are_current.rs:46:13
[INFO] [stdout]    |
[INFO] [stdout] 46 |             axonflow_authzen_codegen::output_path(),
[INFO] [stdout]    |             ^^^^^^^^^^^^^^^^^^^^^^^^ use of unresolved module or unlinked crate `axonflow_authzen_codegen`
[INFO] [stdout]    |
[INFO] [stdout]    = help: if you wanted to use a crate named `axonflow_authzen_codegen`, use `cargo add axonflow_authzen_codegen` to add it to your `Cargo.toml`
[INFO] [stdout] 
[INFO] [stdout] 
[INFO] [stdout] error[E0433]: cannot find module or crate `axonflow_authzen_codegen` in this scope
[INFO] [stdout]   --> tests/authzen_generated_types_are_current.rs:47:13
[INFO] [stdout]    |
[INFO] [stdout] 47 |             axonflow_authzen_codegen::surface_path(),
[INFO] [stdout]    |             ^^^^^^^^^^^^^^^^^^^^^^^^ use of unresolved module or unlinked crate `axonflow_authzen_codegen`
[INFO] [stdout]    |
[INFO] [stdout]    = help: if you wanted to use a crate named `axonflow_authzen_codegen`, use `cargo add axonflow_authzen_codegen` to add it to your `Cargo.toml`
[INFO] [stdout] 
[INFO] [stdout] 
[INFO] [stdout] error[E0433]: cannot find module or crate `axonflow_authzen_codegen` in this scope
[INFO] [stdout]   --> tests/authzen_generated_types_are_current.rs:59:17
[INFO] [stdout]    |
[INFO] [stdout] 59 |     let first = axonflow_authzen_codegen::render(&root).expect("emits");
[INFO] [stdout]    |                 ^^^^^^^^^^^^^^^^^^^^^^^^ use of unresolved module or unlinked crate `axonflow_authzen_codegen`
[INFO] [stdout]    |
[INFO] [stdout]    = help: if you wanted to use a crate named `axonflow_authzen_codegen`, use `cargo add axonflow_authzen_codegen` to add it to your `Cargo.toml`
[INFO] [stdout] 
[INFO] [stdout] 
[INFO] [stdout] error[E0433]: cannot find module or crate `axonflow_authzen_codegen` in this scope
[INFO] [stdout]   --> tests/authzen_generated_types_are_current.rs:61:21
[INFO] [stdout]    |
[INFO] [stdout] 61 |         let again = axonflow_authzen_codegen::render(&root).expect("emits");
[INFO] [stdout]    |                     ^^^^^^^^^^^^^^^^^^^^^^^^ use of unresolved module or unlinked crate `axonflow_authzen_codegen`
[INFO] [stdout]    |
[INFO] [stdout]    = help: if you wanted to use a crate named `axonflow_authzen_codegen`, use `cargo add axonflow_authzen_codegen` to add it to your `Cargo.toml`
[INFO] [stdout] 
[INFO] [stdout] 
[INFO] [stdout] error[E0433]: cannot find module or crate `axonflow_authzen_codegen` in this scope
[INFO] [stdout]   --> tests/authzen_generated_types_are_current.rs:78:39
[INFO] [stdout]    |
[INFO] [stdout] 78 |     let raw = std::fs::read(root.join(axonflow_authzen_codegen::surface_path()))
[INFO] [stdout]    |                                       ^^^^^^^^^^^^^^^^^^^^^^^^ use of unresolved module or unlinked crate `axonflow_authzen_codegen`
[INFO] [stdout]    |
[INFO] [stdout]    = help: if you wanted to use a crate named `axonflow_authzen_codegen`, use `cargo add axonflow_authzen_codegen` to add it to your `Cargo.toml`
[INFO] [stdout] 
[INFO] [stdout] 
[INFO] [stdout] error[E0433]: cannot find module or crate `axonflow_authzen_codegen` in this scope
[INFO] [stdout]   --> tests/authzen_generated_types_are_current.rs:80:23
[INFO] [stdout]    |
[INFO] [stdout] 80 |     let mut surface = axonflow_authzen_codegen::parse_surface(&raw).expect("it parses");
[INFO] [stdout]    |                       ^^^^^^^^^^^^^^^^^^^^^^^^ use of unresolved module or unlinked crate `axonflow_authzen_codegen`
[INFO] [stdout]    |
[INFO] [stdout]    = help: if you wanted to use a crate named `axonflow_authzen_codegen`, use `cargo add axonflow_authzen_codegen` to add it to your `Cargo.toml`
[INFO] [stdout] 
[INFO] [stdout] 
[INFO] [stdout] error[E0433]: cannot find module or crate `axonflow_authzen_codegen` in this scope
[INFO] [stdout]   --> tests/authzen_generated_types_are_current.rs:94:19
[INFO] [stdout]    |
[INFO] [stdout] 94 |     let drifted = axonflow_authzen_codegen::emit(&surface).expect("the drifted artifact emits");
[INFO] [stdout]    |                   ^^^^^^^^^^^^^^^^^^^^^^^^ use of unresolved module or unlinked crate `axonflow_authzen_codegen`
[INFO] [stdout]    |
[INFO] [stdout]    = help: if you wanted to use a crate named `axonflow_authzen_codegen`, use `cargo add axonflow_authzen_codegen` to add it to your `Cargo.toml`
[INFO] [stdout] 
[INFO] [stdout] 
[INFO] [stdout] error[E0433]: cannot find module or crate `axonflow_authzen_codegen` in this scope
[INFO] [stdout]    --> tests/authzen_generated_types_are_current.rs:126:45
[INFO] [stdout]     |
[INFO] [stdout] 126 |     let raw = std::fs::read(sdk_root().join(axonflow_authzen_codegen::surface_path()))
[INFO] [stdout]     |                                             ^^^^^^^^^^^^^^^^^^^^^^^^ use of unresolved module or unlinked crate `axonflow_authzen_codegen`
[INFO] [stdout]     |
[INFO] [stdout]     = help: if you wanted to use a crate named `axonflow_authzen_codegen`, use `cargo add axonflow_authzen_codegen` to add it to your `Cargo.toml`
[INFO] [stdout] 
[INFO] [stdout] 
[INFO] [stdout] error[E0433]: cannot find module or crate `axonflow_authzen_codegen` in this scope
[INFO] [stdout]    --> tests/authzen_generated_types_are_current.rs:217:39
[INFO] [stdout]     |
[INFO] [stdout] 217 |     let raw = std::fs::read(root.join(axonflow_authzen_codegen::surface_path())).expect("readable");
[INFO] [stdout]     |                                       ^^^^^^^^^^^^^^^^^^^^^^^^ use of unresolved module or unlinked crate `axonflow_authzen_codegen`
[INFO] [stdout]     |
[INFO] [stdout]     = help: if you wanted to use a crate named `axonflow_authzen_codegen`, use `cargo add axonflow_authzen_codegen` to add it to your `Cargo.toml`
[INFO] [stdout] 
[INFO] [stdout] 
[INFO] [stdout] error[E0433]: cannot find module or crate `axonflow_authzen_codegen` in this scope
[INFO] [stdout]    --> tests/authzen_generated_types_are_current.rs:218:19
[INFO] [stdout]     |
[INFO] [stdout] 218 |     let surface = axonflow_authzen_codegen::parse_surface(&raw).expect("parses");
[INFO] [stdout]     |                   ^^^^^^^^^^^^^^^^^^^^^^^^ use of unresolved module or unlinked crate `axonflow_authzen_codegen`
[INFO] [stdout]     |
[INFO] [stdout]     = help: if you wanted to use a crate named `axonflow_authzen_codegen`, use `cargo add axonflow_authzen_codegen` to add it to your `Cargo.toml`
[INFO] [stdout] 
[INFO] [stdout] 
[INFO] [stdout] For more information about this error, try `rustc --explain E0433`.
[INFO] [stdout] 
[INFO] [stderr] error: could not compile `axonflow-sdk-rust` (test "authzen_generated_types_are_current") due to 12 previous errors
[INFO] [stderr] warning: build failed, waiting for other jobs to finish...
[INFO] running `Command { std: "docker" "inspect" "6850dd1d3158ccf92e36133f793d4f60f293f7a3d4ba26f9387edd7f78520d22", kill_on_drop: false }`
[INFO] running `Command { std: "docker" "rm" "-f" "6850dd1d3158ccf92e36133f793d4f60f293f7a3d4ba26f9387edd7f78520d22", kill_on_drop: false }`
[INFO] [stdout] 6850dd1d3158ccf92e36133f793d4f60f293f7a3d4ba26f9387edd7f78520d22
