[INFO] fetching crate axond 0.6.3...
[INFO] checking axond-0.6.3 against 3154cc1a3e6424e44f438a95007d043ed5ceaaf6 for pr-133502-30
[INFO] extracting crate axond 0.6.3 into /workspace/builds/worker-3-tc2/source
[INFO] started tweaking crates.io crate axond 0.6.3
[INFO] finished tweaking crates.io crate axond 0.6.3
[INFO] tweaked toml for crates.io crate axond 0.6.3 written to /workspace/builds/worker-3-tc2/source/Cargo.toml
[INFO] validating manifest of crates.io crate axond 0.6.3 on toolchain 3154cc1a3e6424e44f438a95007d043ed5ceaaf6
[INFO] running `Command { std: CARGO_HOME="/workspace/cargo-home" RUSTUP_HOME="/workspace/rustup-home" "/workspace/cargo-home/bin/cargo" "+3154cc1a3e6424e44f438a95007d043ed5ceaaf6" "metadata" "--manifest-path" "Cargo.toml" "--no-deps", kill_on_drop: false }`
[INFO] crate crates.io crate axond 0.6.3 already has a lockfile, it will not be regenerated
[INFO] running `Command { std: CARGO_HOME="/workspace/cargo-home" RUSTUP_HOME="/workspace/rustup-home" "/workspace/cargo-home/bin/cargo" "+3154cc1a3e6424e44f438a95007d043ed5ceaaf6" "fetch" "--manifest-path" "Cargo.toml", kill_on_drop: false }`
[INFO] [stderr] warning: `package.homepage` is redundant with `package.repository`
[INFO] [stderr]    --> Cargo.toml:171:12
[INFO] [stderr]     |
[INFO] [stderr] 171 | homepage = "https://github.com/Litvue/axond"
[INFO] [stderr]     |            ^^^^^^^^^^^^^^^^^^^^^^^^^^^^^^^^^
[INFO] [stderr] ...
[INFO] [stderr] 177 | repository = "https://github.com/Litvue/axond"
[INFO] [stderr]     |              ---------------------------------
[INFO] [stderr]     |
[INFO] [stderr]     = note: `cargo::redundant_homepage` is set to `warn` by default
[INFO] [stderr] help: consider removing `package.homepage`
[INFO] [stderr] warning: `axond` (manifest) generated 1 warning
[INFO] running `Command { std: "docker" "create" "-v" "/var/lib/crater-agent-workspace/builds/worker-3-tc2/source:/opt/rustwide/workdir:ro,Z" "-v" "/var/lib/crater-agent-workspace/builds/worker-3-tc2/target:/opt/rustwide/target:rw,Z" "-v" "/var/lib/crater-agent-workspace/cargo-home:/opt/rustwide/cargo-home:ro,Z" "-v" "/var/lib/crater-agent-workspace/rustup-home:/opt/rustwide/rustup-home:ro,Z" "-m" "1610612736" "--network" "none" "ghcr.io/rust-lang/crates-build-env/linux@sha256:77db811e55d90add9212f6832c23229e3de5f1c1f9905e8cb07319ea15df73ac" "sleep" "infinity", kill_on_drop: false }`
[INFO] [stdout] f122f5e728e80e44862bc3ceb043bd2af32ffd48fc95582f906204658a811335
[INFO] running `Command { std: "docker" "start" "f122f5e728e80e44862bc3ceb043bd2af32ffd48fc95582f906204658a811335", kill_on_drop: false }`
[INFO] running `Command { std: "docker" "inspect" "f122f5e728e80e44862bc3ceb043bd2af32ffd48fc95582f906204658a811335", kill_on_drop: false }`
[INFO] running `Command { std: "docker" "exec" "-e" "SOURCE_DIR=/opt/rustwide/workdir" "-e" "CARGO_HOME=/opt/rustwide/cargo-home" "-e" "RUSTUP_HOME=/opt/rustwide/rustup-home" "-e" "CARGO_TARGET_DIR=/opt/rustwide/target" "-w" "/opt/rustwide/workdir" "--user" "0:0" "f122f5e728e80e44862bc3ceb043bd2af32ffd48fc95582f906204658a811335" "/opt/rustwide/cargo-home/bin/cargo" "+3154cc1a3e6424e44f438a95007d043ed5ceaaf6" "metadata" "--no-deps" "--format-version=1", kill_on_drop: false }`
[INFO] running `Command { std: "docker" "inspect" "f122f5e728e80e44862bc3ceb043bd2af32ffd48fc95582f906204658a811335", kill_on_drop: false }`
[INFO] running `Command { std: "docker" "exec" "-e" "SOURCE_DIR=/opt/rustwide/workdir" "-e" "CARGO_HOME=/opt/rustwide/cargo-home" "-e" "RUSTUP_HOME=/opt/rustwide/rustup-home" "-e" "CARGO_TARGET_DIR=/opt/rustwide/target" "-e" "CARGO_INCREMENTAL=0" "-e" "RUST_BACKTRACE=full" "-e" "RUSTFLAGS=--cap-lints=forbid" "-e" "RUSTDOCFLAGS=--cap-lints=forbid" "-w" "/opt/rustwide/workdir" "--user" "0:0" "f122f5e728e80e44862bc3ceb043bd2af32ffd48fc95582f906204658a811335" "/opt/rustwide/cargo-home/bin/cargo" "+3154cc1a3e6424e44f438a95007d043ed5ceaaf6" "check" "--frozen" "--all" "--all-targets" "--message-format=json", kill_on_drop: false }`
[INFO] [stderr] warning: `package.homepage` is redundant with `package.repository`
[INFO] [stderr]    --> Cargo.toml:171:12
[INFO] [stderr]     |
[INFO] [stderr] 171 | homepage = "https://github.com/Litvue/axond"
[INFO] [stderr]     |            ^^^^^^^^^^^^^^^^^^^^^^^^^^^^^^^^^
[INFO] [stderr] ...
[INFO] [stderr] 177 | repository = "https://github.com/Litvue/axond"
[INFO] [stderr]     |              ---------------------------------
[INFO] [stderr]     |
[INFO] [stderr]     = note: `cargo::redundant_homepage` is set to `warn` by default
[INFO] [stderr] help: consider removing `package.homepage`
[INFO] [stderr] warning: `axond` (manifest) generated 1 warning
[INFO] [stderr]    Compiling proc-macro2 v1.0.107
[INFO] [stderr]    Compiling quote v1.0.47
[INFO] [stderr]    Compiling libc v0.2.189
[INFO] [stderr]     Checking memchr v2.8.3
[INFO] [stderr]     Checking futures-core v0.3.34
[INFO] [stderr]     Checking bytes v1.12.1
[INFO] [stderr]     Checking smallvec v1.16.0
[INFO] [stderr]    Compiling serde_core v1.0.229
[INFO] [stderr]     Checking futures-sink v0.3.34
[INFO] [stderr]     Checking log v0.4.34
[INFO] [stderr]    Compiling find-msvc-tools v0.1.12
[INFO] [stderr]     Checking futures-channel v0.3.34
[INFO] [stderr]    Compiling serde v1.0.229
[INFO] [stderr]    Compiling cc v1.4.5
[INFO] [stderr]     Checking lock_api v0.4.14
[INFO] [stderr]     Checking futures-task v0.3.34
[INFO] [stderr]     Checking slab v0.4.12
[INFO] [stderr]     Checking typenum v1.20.1
[INFO] [stderr]     Checking futures-io v0.3.34
[INFO] [stderr]     Checking percent-encoding v2.3.2
[INFO] [stderr]    Compiling zerocopy v0.8.57
[INFO] [stderr]     Checking http v1.5.0
[INFO] [stderr]    Compiling serde_json v1.0.151
[INFO] [stderr]    Compiling syn v3.0.5
[INFO] [stderr]    Compiling syn v2.0.119
[INFO] [stderr]     Checking parking_lot_core v0.9.12
[INFO] [stderr]     Checking errno v0.3.14
[INFO] [stderr]     Checking parking_lot v0.12.5
[INFO] [stderr]     Checking signal-hook-registry v1.4.8
[INFO] [stderr]     Checking mio v1.2.3
[INFO] [stderr]     Checking socket2 v0.6.5
[INFO] [stderr]     Checking litemap v0.8.3
[INFO] [stderr]     Checking writeable v0.6.4
[INFO] [stderr]     Checking getrandom v0.2.17
[INFO] [stderr]     Checking rustls-pki-types v1.15.1
[INFO] [stderr]    Compiling ring v0.17.14
[INFO] [stderr]     Checking hybrid-array v0.4.15
[INFO] [stderr]     Checking cpufeatures v0.3.1
[INFO] [stderr]    Compiling icu_properties_data v2.3.0
[INFO] [stderr]    Compiling icu_normalizer_data v2.3.0
[INFO] [stderr]     Checking cmov v0.5.4
[INFO] [stderr]     Checking base64 v0.22.1
[INFO] [stderr]     Checking ctutils v0.4.2
[INFO] [stderr]     Checking http-body v1.1.0
[INFO] [stderr]    Compiling thiserror v2.0.20
[INFO] [stderr]     Checking crypto-common v0.2.2
[INFO] [stderr]     Checking block-buffer v0.12.1
[INFO] [stderr]     Checking const-oid v0.10.2
[INFO] [stderr]    Compiling anyhow v1.0.104
[INFO] [stderr]     Checking tower-service v0.3.3
[INFO] [stderr]     Checking tinyvec_macros v0.1.1
[INFO] [stderr]    Compiling rustls v0.23.43
[INFO] [stderr]     Checking tinyvec v1.13.2
[INFO] [stderr]     Checking getrandom v0.3.4
[INFO] [stderr]     Checking form_urlencoded v1.2.2
[INFO] [stderr]     Checking rand_core v0.9.5
[INFO] [stderr]     Checking getrandom v0.4.3
[INFO] [stderr]     Checking unicode-normalization v0.1.25
[INFO] [stderr]     Checking chacha20 v0.10.2
[INFO] [stderr]     Checking digest v0.11.3
[INFO] [stderr]     Checking aho-corasick v1.1.5
[INFO] [stderr]    Compiling ahash v0.8.12
[INFO] [stderr]    Compiling proc-macro2-diagnostics v0.10.1
[INFO] [stderr]     Checking sync_wrapper v1.0.2
[INFO] [stderr]     Checking tower-layer v0.3.3
[INFO] [stderr]     Checking unicode-bidi v0.3.18
[INFO] [stderr]     Checking unicode-properties v0.1.4
[INFO] [stderr]    Compiling either v1.18.0
[INFO] [stderr]     Checking indexmap v2.14.2
[INFO] [stderr]    Compiling itertools v0.14.0
[INFO] [stderr]     Checking regex-automata v0.4.18
[INFO] [stderr]     Checking stringprep v0.1.5
[INFO] [stderr]     Checking rand v0.10.2
[INFO] [stderr]     Checking ppv-lite86 v0.2.21
[INFO] [stderr]    Compiling synstructure v0.13.2
[INFO] [stderr]     Checking rand_chacha v0.9.0
[INFO] [stderr]     Checking rustls-webpki v0.103.15
[INFO] [stderr]     Checking hmac v0.13.0
[INFO] [stderr]     Checking sha2 v0.11.0
[INFO] [stderr]     Checking md-5 v0.11.0
[INFO] [stderr]    Compiling regex-syntax v0.8.11
[INFO] [stderr]    Compiling vcpkg v0.2.15
[INFO] [stderr]     Checking const-oid v0.9.6
[INFO] [stderr]     Checking flagset v0.4.7
[INFO] [stderr]    Compiling futures-macro v0.3.34
[INFO] [stderr]    Compiling serde_derive v1.0.229
[INFO] [stderr]    Compiling tokio-macros v2.7.2
[INFO] [stderr]    Compiling zerovec-derive v0.11.6
[INFO] [stderr]     Checking futures-util v0.3.34
[INFO] [stderr]    Compiling zerofrom-derive v0.1.7
[INFO] [stderr]    Compiling yoke-derive v0.8.2
[INFO] [stderr]    Compiling tracing-attributes v0.1.31
[INFO] [stderr]     Checking tokio v1.53.1
[INFO] [stderr]    Compiling displaydoc v0.2.7
[INFO] [stderr]     Checking zerofrom v0.1.8
[INFO] [stderr]    Compiling thiserror-impl v2.0.20
[INFO] [stderr]     Checking yoke v0.8.3
[INFO] [stderr]     Checking tracing v0.1.44
[INFO] [stderr]     Checking zerovec v0.11.8
[INFO] [stderr]     Checking zerotrie v0.2.5
[INFO] [stderr]    Compiling der_derive v0.7.3
[INFO] [stderr]    Compiling async-trait v0.1.92
[INFO] [stderr]    Compiling yansi v1.0.1
[INFO] [stderr]     Checking tinystr v0.8.4
[INFO] [stderr]     Checking icu_locale_core v2.3.0
[INFO] [stderr]     Checking potential_utf v0.1.6
[INFO] [stderr]     Checking ryu v1.0.23
[INFO] [stderr]     Checking icu_collections v2.3.0
[INFO] [stderr]     Checking siphasher v1.0.3
[INFO] [stderr]     Checking ipnet v2.12.2
[INFO] [stderr]     Checking fallible-iterator v0.2.0
[INFO] [stderr]     Checking opentelemetry v0.32.0
[INFO] [stderr]    Compiling rustversion v1.0.23
[INFO] [stderr]     Checking icu_provider v2.3.1
[INFO] [stderr]    Compiling pkg-config v0.3.34
[INFO] [stderr]     Checking futures-executor v0.3.34
[INFO] [stderr]     Checking event-listener v5.4.2
[INFO] [stderr]     Checking toml_datetime v0.6.11
[INFO] [stderr]     Checking postgres-protocol v0.6.12
[INFO] [stderr]     Checking serde_spanned v0.6.9
[INFO] [stderr]     Checking phf_shared v0.13.1
[INFO] [stderr]     Checking icu_normalizer v2.3.0
[INFO] [stderr]     Checking icu_properties v2.3.0
[INFO] [stderr]     Checking der v0.7.10
[INFO] [stderr]    Compiling libsqlite3-sys v0.30.1
[INFO] [stderr]    Compiling prost-derive v0.14.4
[INFO] [stderr]     Checking rand v0.9.5
[INFO] [stderr]     Checking http-body-util v0.1.5
[INFO] [stderr]     Checking inout v0.2.2
[INFO] [stderr]     Checking webpki-roots v1.0.9
[INFO] [stderr]    Compiling uncased v0.9.10
[INFO] [stderr]     Checking toml_write v0.1.2
[INFO] [stderr]     Checking bitflags v2.13.2
[INFO] [stderr]     Checking winnow v0.7.15
[INFO] [stderr]     Checking opentelemetry_sdk v0.32.1
[INFO] [stderr]     Checking cipher v0.5.2
[INFO] [stderr]     Checking spki v0.7.3
[INFO] [stderr]     Checking hashbrown v0.14.5
[INFO] [stderr]     Checking idna_adapter v1.2.2
[INFO] [stderr]     Checking idna v1.1.0
[INFO] [stderr]     Checking url v2.5.8
[INFO] [stderr]    Compiling pear_codegen v0.2.9
[INFO] [stderr]     Checking prost v0.14.4
[INFO] [stderr]     Checking postgres-types v0.2.14
[INFO] [stderr]     Checking phf v0.13.1
[INFO] [stderr]     Checking event-listener-strategy v0.5.4
[INFO] [stderr]     Checking serde_urlencoded v0.7.1
[INFO] [stderr]     Checking tracing-serde v0.2.0
[INFO] [stderr]     Checking matchers v0.2.0
[INFO] [stderr]     Checking whoami v2.1.3
[INFO] [stderr]     Checking tracing-log v0.2.0
[INFO] [stderr]    Compiling figment v0.10.19
[INFO] [stderr]    Compiling regex v1.13.1
[INFO] [stderr]     Checking thread_local v1.1.10
[INFO] [stderr]     Checking mime v0.3.17
[INFO] [stderr]     Checking tokio-util v0.7.19
[INFO] [stderr]     Checking hyper v1.11.1
[INFO] [stderr]     Checking tokio-rustls v0.26.5
[INFO] [stderr]     Checking tower v0.5.3
[INFO] [stderr]     Checking toml_edit v0.22.27
[INFO] [stderr]     Checking openssl-probe v0.2.1
[INFO] [stderr]     Checking cpubits v0.1.1
[INFO] [stderr]     Checking inlinable_string v0.1.15
[INFO] [stderr]     Checking fastrand v2.5.0
[INFO] [stderr]     Checking pear v0.2.9
[INFO] [stderr]     Checking opentelemetry-proto v0.32.0
[INFO] [stderr]     Checking backon v1.6.0
[INFO] [stderr]     Checking tower-http v0.6.11
[INFO] [stderr]     Checking clap_builder v4.6.6
[INFO] [stderr]     Checking hyper-util v0.1.20
[INFO] [stderr]    Compiling utoipa-gen v5.5.0
[INFO] [stderr]     Checking tokio-postgres v0.7.18
[INFO] [stderr]     Checking combine v4.6.8
[INFO] [stderr]     Checking aes v0.9.3
[INFO] [stderr]     Checking rustls-native-certs v0.8.4
[INFO] [stderr]     Checking axum-core v0.5.6
[INFO] [stderr]     Checking toml v0.8.23
[INFO] [stderr]     Checking tracing-subscriber v0.3.23
[INFO] [stderr]     Checking hyper-rustls v0.27.9
[INFO] [stderr]     Checking arc-swap v1.9.2
[INFO] [stderr]     Checking async-lock v3.4.2
[INFO] [stderr]     Checking hashlink v0.9.1
[INFO] [stderr]     Checking x509-cert v0.2.5
[INFO] [stderr]     Checking opentelemetry-http v0.32.0
[INFO] [stderr]    Compiling axum-macros v0.5.1
[INFO] [stderr]     Checking serde_path_to_error v0.1.20
[INFO] [stderr]     Checking jiff-tzdb v0.1.8
[INFO] [stderr]     Checking sha1_smol v1.0.1
[INFO] [stderr]     Checking matchit v0.8.4
[INFO] [stderr]     Checking xxhash-rust v0.8.18
[INFO] [stderr]     Checking fallible-iterator v0.3.0
[INFO] [stderr]     Checking fallible-streaming-iterator v0.1.9
[INFO] [stderr]     Checking arcstr v1.2.0
[INFO] [stderr]     Checking jiff-core v0.1.0
[INFO] [stderr]     Checking tokio-postgres-rustls v0.14.0
[INFO] [stderr]     Checking tracing-opentelemetry v0.33.0
[INFO] [stderr]     Checking opentelemetry-otlp v0.32.0
[INFO] [stderr]     Checking clap v4.6.6
[INFO] [stderr]     Checking reqwest v0.12.28
[INFO] [stderr]     Checking aes-kw v0.3.1
[INFO] [stderr]     Checking futures v0.3.34
[INFO] [stderr]     Checking jsonwebtoken v9.3.1
[INFO] [stderr]     Checking jiff v0.2.35
[INFO] [stderr]     Checking secrecy v0.10.3
[INFO] [stderr]     Checking axum v0.8.9
[INFO] [stderr]     Checking utoipa v5.5.0
[INFO] [stderr]     Checking redis v1.4.1
[INFO] [stderr]     Checking rusqlite v0.32.1
[INFO] [stderr]     Checking axond v0.6.3 (/opt/rustwide/workdir)
[INFO] [stdout] error[E0432]: unresolved import `opentelemetry_sdk::trace::InMemorySpanExporter`
[INFO] [stdout]     --> src/routes/mod.rs:1845:36
[INFO] [stdout]      |
[INFO] [stdout] 1845 |     use opentelemetry_sdk::trace::{InMemorySpanExporter, SdkTracerProvider};
[INFO] [stdout]      |                                    ^^^^^^^^^^^^^^^^^^^^ no `InMemorySpanExporter` in `trace`
[INFO] [stdout]      |
[INFO] [stdout] note: found an item that was configured out
[INFO] [stdout]     --> /opt/rustwide/cargo-home/registry/src/index.crates.io-1949cf8c6b5b557f/opentelemetry_sdk-0.32.1/src/trace/mod.rs:34:30
[INFO] [stdout]      |
[INFO] [stdout]   32 | #[cfg(any(feature = "testing", test))]
[INFO] [stdout]      |          --------------------------- the item is gated here
[INFO] [stdout]   33 | #[cfg_attr(docsrs, doc(cfg(any(feature = "testing", test))))]
[INFO] [stdout]   34 | pub use in_memory_exporter::{InMemorySpanExporter, InMemorySpanExporterBuilder};
[INFO] [stdout]      |                              ^^^^^^^^^^^^^^^^^^^^
[INFO] [stdout] 
[INFO] [stdout] 
[INFO] [stdout] error[E0432]: unresolved import `opentelemetry_sdk::trace::InMemorySpanExporter`
[INFO] [stdout]   --> src/secret_redaction/request_path.rs:19:32
[INFO] [stdout]    |
[INFO] [stdout] 19 | use opentelemetry_sdk::trace::{InMemorySpanExporter, SdkTracerProvider};
[INFO] [stdout]    |                                ^^^^^^^^^^^^^^^^^^^^ no `InMemorySpanExporter` in `trace`
[INFO] [stdout]    |
[INFO] [stdout] note: found an item that was configured out
[INFO] [stdout]   --> /opt/rustwide/cargo-home/registry/src/index.crates.io-1949cf8c6b5b557f/opentelemetry_sdk-0.32.1/src/trace/mod.rs:34:30
[INFO] [stdout]    |
[INFO] [stdout] 32 | #[cfg(any(feature = "testing", test))]
[INFO] [stdout]    |          --------------------------- the item is gated here
[INFO] [stdout] 33 | #[cfg_attr(docsrs, doc(cfg(any(feature = "testing", test))))]
[INFO] [stdout] 34 | pub use in_memory_exporter::{InMemorySpanExporter, InMemorySpanExporterBuilder};
[INFO] [stdout]    |                              ^^^^^^^^^^^^^^^^^^^^
[INFO] [stdout] 
[INFO] [stdout] 
[INFO] [stdout] error[E0432]: unresolved import `opentelemetry_sdk::trace::InMemorySpanExporter`
[INFO] [stdout]     --> src/streaming.rs:1595:36
[INFO] [stdout]      |
[INFO] [stdout] 1595 |     use opentelemetry_sdk::trace::{InMemorySpanExporter, SdkTracerProvider};
[INFO] [stdout]      |                                    ^^^^^^^^^^^^^^^^^^^^ no `InMemorySpanExporter` in `trace`
[INFO] [stdout]      |
[INFO] [stdout] note: found an item that was configured out
[INFO] [stdout]     --> /opt/rustwide/cargo-home/registry/src/index.crates.io-1949cf8c6b5b557f/opentelemetry_sdk-0.32.1/src/trace/mod.rs:34:30
[INFO] [stdout]      |
[INFO] [stdout]   32 | #[cfg(any(feature = "testing", test))]
[INFO] [stdout]      |          --------------------------- the item is gated here
[INFO] [stdout]   33 | #[cfg_attr(docsrs, doc(cfg(any(feature = "testing", test))))]
[INFO] [stdout]   34 | pub use in_memory_exporter::{InMemorySpanExporter, InMemorySpanExporterBuilder};
[INFO] [stdout]      |                              ^^^^^^^^^^^^^^^^^^^^
[INFO] [stdout] 
[INFO] [stdout] 
[INFO] [stdout] error[E0432]: unresolved import `opentelemetry_sdk::trace::InMemorySpanExporter`
[INFO] [stdout]    --> src/telemetry/http.rs:181:36
[INFO] [stdout]     |
[INFO] [stdout] 181 |     use opentelemetry_sdk::trace::{InMemorySpanExporter, SdkTracerProvider};
[INFO] [stdout]     |                                    ^^^^^^^^^^^^^^^^^^^^ no `InMemorySpanExporter` in `trace`
[INFO] [stdout]     |
[INFO] [stdout] note: found an item that was configured out
[INFO] [stdout]    --> /opt/rustwide/cargo-home/registry/src/index.crates.io-1949cf8c6b5b557f/opentelemetry_sdk-0.32.1/src/trace/mod.rs:34:30
[INFO] [stdout]     |
[INFO] [stdout]  32 | #[cfg(any(feature = "testing", test))]
[INFO] [stdout]     |          --------------------------- the item is gated here
[INFO] [stdout]  33 | #[cfg_attr(docsrs, doc(cfg(any(feature = "testing", test))))]
[INFO] [stdout]  34 | pub use in_memory_exporter::{InMemorySpanExporter, InMemorySpanExporterBuilder};
[INFO] [stdout]     |                              ^^^^^^^^^^^^^^^^^^^^
[INFO] [stdout] 
[INFO] [stdout] 
[INFO] [stdout] error[E0432]: unresolved import `http_body_util`
[INFO] [stdout]    --> src/error.rs:381:9
[INFO] [stdout]     |
[INFO] [stdout] 381 |     use http_body_util::BodyExt;
[INFO] [stdout]     |         ^^^^^^^^^^^^^^ use of unresolved module or unlinked crate `http_body_util`
[INFO] [stdout]     |
[INFO] [stdout]     = help: if you wanted to use a crate named `http_body_util`, use `cargo add http_body_util` to add it to your `Cargo.toml`
[INFO] [stdout] 
[INFO] [stdout] 
[INFO] [stdout] error[E0432]: unresolved import `http_body_util`
[INFO] [stdout]     --> src/reload.rs:1038:9
[INFO] [stdout]      |
[INFO] [stdout] 1038 |     use http_body_util::BodyExt;
[INFO] [stdout]      |         ^^^^^^^^^^^^^^ use of unresolved module or unlinked crate `http_body_util`
[INFO] [stdout]      |
[INFO] [stdout]      = help: if you wanted to use a crate named `http_body_util`, use `cargo add http_body_util` to add it to your `Cargo.toml`
[INFO] [stdout] 
[INFO] [stdout] 
[INFO] [stdout] error[E0432]: unresolved import `http_body_util`
[INFO] [stdout]     --> src/routes/mod.rs:1842:9
[INFO] [stdout]      |
[INFO] [stdout] 1842 |     use http_body_util::BodyExt;
[INFO] [stdout]      |         ^^^^^^^^^^^^^^ use of unresolved module or unlinked crate `http_body_util`
[INFO] [stdout]      |
[INFO] [stdout]      = help: if you wanted to use a crate named `http_body_util`, use `cargo add http_body_util` to add it to your `Cargo.toml`
[INFO] [stdout] 
[INFO] [stdout] 
[INFO] [stdout] error[E0432]: unresolved import `http_body_util`
[INFO] [stdout]   --> src/secret_redaction/lifecycle.rs:18:5
[INFO] [stdout]    |
[INFO] [stdout] 18 | use http_body_util::BodyExt as _;
[INFO] [stdout]    |     ^^^^^^^^^^^^^^ use of unresolved module or unlinked crate `http_body_util`
[INFO] [stdout]    |
[INFO] [stdout]    = help: if you wanted to use a crate named `http_body_util`, use `cargo add http_body_util` to add it to your `Cargo.toml`
[INFO] [stdout] 
[INFO] [stdout] 
[INFO] [stdout] error[E0432]: unresolved import `http_body_util`
[INFO] [stdout]   --> src/secret_redaction/request_path.rs:17:5
[INFO] [stdout]    |
[INFO] [stdout] 17 | use http_body_util::BodyExt as _;
[INFO] [stdout]    |     ^^^^^^^^^^^^^^ use of unresolved module or unlinked crate `http_body_util`
[INFO] [stdout]    |
[INFO] [stdout]    = help: if you wanted to use a crate named `http_body_util`, use `cargo add http_body_util` to add it to your `Cargo.toml`
[INFO] [stdout] 
[INFO] [stdout] 
[INFO] [stdout] error[E0432]: unresolved import `http_body_util`
[INFO] [stdout]     --> src/streaming.rs:1593:9
[INFO] [stdout]      |
[INFO] [stdout] 1593 |     use http_body_util::BodyExt;
[INFO] [stdout]      |         ^^^^^^^^^^^^^^ use of unresolved module or unlinked crate `http_body_util`
[INFO] [stdout]      |
[INFO] [stdout]      = help: if you wanted to use a crate named `http_body_util`, use `cargo add http_body_util` to add it to your `Cargo.toml`
[INFO] [stdout] 
[INFO] [stdout] 
[INFO] [stdout] error[E0433]: cannot find module or crate `http_body_util` in this scope
[INFO] [stdout]     --> src/routes/mod.rs:6538:37
[INFO] [stdout]      |
[INFO] [stdout] 6538 |             Response::new(Body::new(http_body_util::StreamBody::new(frames))),
[INFO] [stdout]      |                                     ^^^^^^^^^^^^^^ use of unresolved module or unlinked crate `http_body_util`
[INFO] [stdout]      |
[INFO] [stdout]      = help: if you wanted to use a crate named `http_body_util`, use `cargo add http_body_util` to add it to your `Cargo.toml`
[INFO] [stdout] 
[INFO] [stdout] 
[INFO] [stdout] error[E0425]: cannot find function `advance` in module `tokio::time`
[INFO] [stdout]    --> src/convergence/tests.rs:634:18
[INFO] [stdout]     |
[INFO] [stdout] 634 |     tokio::time::advance(Duration::from_millis(999)).await;
[INFO] [stdout]     |                  ^^^^^^^ not found in `tokio::time`
[INFO] [stdout]     |
[INFO] [stdout] note: found an item that was configured out
[INFO] [stdout]    --> /opt/rustwide/cargo-home/registry/src/index.crates.io-1949cf8c6b5b557f/tokio-1.53.1/src/time/mod.rs:90:21
[INFO] [stdout]     |
[INFO] [stdout]  90 |     pub use clock::{advance, pause, resume};
[INFO] [stdout]     |                     ^^^^^^^
[INFO] [stdout]     |
[INFO] [stdout]    ::: /opt/rustwide/cargo-home/registry/src/index.crates.io-1949cf8c6b5b557f/tokio-1.53.1/src/macros/cfg.rs:567:19
[INFO] [stdout]     |
[INFO] [stdout] 567 |             #[cfg(feature = "test-util")]
[INFO] [stdout]     |                   --------------------- the item is gated behind the `test-util` feature
[INFO] [stdout] 
[INFO] [stdout] 
[INFO] [stdout] error[E0425]: cannot find function `advance` in module `tokio::time`
[INFO] [stdout]    --> src/convergence/tests.rs:637:18
[INFO] [stdout]     |
[INFO] [stdout] 637 |     tokio::time::advance(Duration::from_millis(1)).await;
[INFO] [stdout]     |                  ^^^^^^^ not found in `tokio::time`
[INFO] [stdout]     |
[INFO] [stdout] note: found an item that was configured out
[INFO] [stdout]    --> /opt/rustwide/cargo-home/registry/src/index.crates.io-1949cf8c6b5b557f/tokio-1.53.1/src/time/mod.rs:90:21
[INFO] [stdout]     |
[INFO] [stdout]  90 |     pub use clock::{advance, pause, resume};
[INFO] [stdout]     |                     ^^^^^^^
[INFO] [stdout]     |
[INFO] [stdout]    ::: /opt/rustwide/cargo-home/registry/src/index.crates.io-1949cf8c6b5b557f/tokio-1.53.1/src/macros/cfg.rs:567:19
[INFO] [stdout]     |
[INFO] [stdout] 567 |             #[cfg(feature = "test-util")]
[INFO] [stdout]     |                   --------------------- the item is gated behind the `test-util` feature
[INFO] [stdout] 
[INFO] [stdout] 
[INFO] [stdout] error[E0425]: cannot find function `advance` in module `tokio::time`
[INFO] [stdout]    --> src/convergence/tests.rs:651:18
[INFO] [stdout]     |
[INFO] [stdout] 651 |     tokio::time::advance(Duration::from_millis(999)).await;
[INFO] [stdout]     |                  ^^^^^^^ not found in `tokio::time`
[INFO] [stdout]     |
[INFO] [stdout] note: found an item that was configured out
[INFO] [stdout]    --> /opt/rustwide/cargo-home/registry/src/index.crates.io-1949cf8c6b5b557f/tokio-1.53.1/src/time/mod.rs:90:21
[INFO] [stdout]     |
[INFO] [stdout]  90 |     pub use clock::{advance, pause, resume};
[INFO] [stdout]     |                     ^^^^^^^
[INFO] [stdout]     |
[INFO] [stdout]    ::: /opt/rustwide/cargo-home/registry/src/index.crates.io-1949cf8c6b5b557f/tokio-1.53.1/src/macros/cfg.rs:567:19
[INFO] [stdout]     |
[INFO] [stdout] 567 |             #[cfg(feature = "test-util")]
[INFO] [stdout]     |                   --------------------- the item is gated behind the `test-util` feature
[INFO] [stdout] 
[INFO] [stdout] 
[INFO] [stdout] error[E0425]: cannot find function `advance` in module `tokio::time`
[INFO] [stdout]    --> src/convergence/tests.rs:654:18
[INFO] [stdout]     |
[INFO] [stdout] 654 |     tokio::time::advance(Duration::from_millis(1)).await;
[INFO] [stdout]     |                  ^^^^^^^ not found in `tokio::time`
[INFO] [stdout]     |
[INFO] [stdout] note: found an item that was configured out
[INFO] [stdout]    --> /opt/rustwide/cargo-home/registry/src/index.crates.io-1949cf8c6b5b557f/tokio-1.53.1/src/time/mod.rs:90:21
[INFO] [stdout]     |
[INFO] [stdout]  90 |     pub use clock::{advance, pause, resume};
[INFO] [stdout]     |                     ^^^^^^^
[INFO] [stdout]     |
[INFO] [stdout]    ::: /opt/rustwide/cargo-home/registry/src/index.crates.io-1949cf8c6b5b557f/tokio-1.53.1/src/macros/cfg.rs:567:19
[INFO] [stdout]     |
[INFO] [stdout] 567 |             #[cfg(feature = "test-util")]
[INFO] [stdout]     |                   --------------------- the item is gated behind the `test-util` feature
[INFO] [stdout] 
[INFO] [stdout] 
[INFO] [stdout] error[E0425]: cannot find function `advance` in module `tokio::time`
[INFO] [stdout]    --> src/convergence/tests.rs:705:18
[INFO] [stdout]     |
[INFO] [stdout] 705 |     tokio::time::advance(Duration::from_secs(1)).await;
[INFO] [stdout]     |                  ^^^^^^^ not found in `tokio::time`
[INFO] [stdout]     |
[INFO] [stdout] note: found an item that was configured out
[INFO] [stdout]    --> /opt/rustwide/cargo-home/registry/src/index.crates.io-1949cf8c6b5b557f/tokio-1.53.1/src/time/mod.rs:90:21
[INFO] [stdout]     |
[INFO] [stdout]  90 |     pub use clock::{advance, pause, resume};
[INFO] [stdout]     |                     ^^^^^^^
[INFO] [stdout]     |
[INFO] [stdout]    ::: /opt/rustwide/cargo-home/registry/src/index.crates.io-1949cf8c6b5b557f/tokio-1.53.1/src/macros/cfg.rs:567:19
[INFO] [stdout]     |
[INFO] [stdout] 567 |             #[cfg(feature = "test-util")]
[INFO] [stdout]     |                   --------------------- the item is gated behind the `test-util` feature
[INFO] [stdout] 
[INFO] [stdout] 
[INFO] [stdout] error[E0425]: cannot find function `advance` in module `tokio::time`
[INFO] [stdout]    --> src/convergence/tests.rs:717:18
[INFO] [stdout]     |
[INFO] [stdout] 717 |     tokio::time::advance(Duration::from_millis(100)).await;
[INFO] [stdout]     |                  ^^^^^^^ not found in `tokio::time`
[INFO] [stdout]     |
[INFO] [stdout] note: found an item that was configured out
[INFO] [stdout]    --> /opt/rustwide/cargo-home/registry/src/index.crates.io-1949cf8c6b5b557f/tokio-1.53.1/src/time/mod.rs:90:21
[INFO] [stdout]     |
[INFO] [stdout]  90 |     pub use clock::{advance, pause, resume};
[INFO] [stdout]     |                     ^^^^^^^
[INFO] [stdout]     |
[INFO] [stdout]    ::: /opt/rustwide/cargo-home/registry/src/index.crates.io-1949cf8c6b5b557f/tokio-1.53.1/src/macros/cfg.rs:567:19
[INFO] [stdout]     |
[INFO] [stdout] 567 |             #[cfg(feature = "test-util")]
[INFO] [stdout]     |                   --------------------- the item is gated behind the `test-util` feature
[INFO] [stdout] 
[INFO] [stdout] 
[INFO] [stdout] error[E0425]: cannot find function `advance` in module `tokio::time`
[INFO] [stdout]     --> src/convergence/tests.rs:1468:22
[INFO] [stdout]      |
[INFO] [stdout] 1468 |         tokio::time::advance(Duration::from_secs(1)).await;
[INFO] [stdout]      |                      ^^^^^^^ not found in `tokio::time`
[INFO] [stdout]      |
[INFO] [stdout] note: found an item that was configured out
[INFO] [stdout]     --> /opt/rustwide/cargo-home/registry/src/index.crates.io-1949cf8c6b5b557f/tokio-1.53.1/src/time/mod.rs:90:21
[INFO] [stdout]      |
[INFO] [stdout]   90 |     pub use clock::{advance, pause, resume};
[INFO] [stdout]      |                     ^^^^^^^
[INFO] [stdout]      |
[INFO] [stdout]     ::: /opt/rustwide/cargo-home/registry/src/index.crates.io-1949cf8c6b5b557f/tokio-1.53.1/src/macros/cfg.rs:567:19
[INFO] [stdout]      |
[INFO] [stdout]  567 |             #[cfg(feature = "test-util")]
[INFO] [stdout]      |                   --------------------- the item is gated behind the `test-util` feature
[INFO] [stdout] 
[INFO] [stdout] 
[INFO] [stdout] error[E0425]: cannot find function `advance` in module `tokio::time`
[INFO] [stdout]     --> src/convergence/tests.rs:1985:22
[INFO] [stdout]      |
[INFO] [stdout] 1985 |         tokio::time::advance(Duration::from_millis(50)).await;
[INFO] [stdout]      |                      ^^^^^^^ not found in `tokio::time`
[INFO] [stdout]      |
[INFO] [stdout] note: found an item that was configured out
[INFO] [stdout]     --> /opt/rustwide/cargo-home/registry/src/index.crates.io-1949cf8c6b5b557f/tokio-1.53.1/src/time/mod.rs:90:21
[INFO] [stdout]      |
[INFO] [stdout]   90 |     pub use clock::{advance, pause, resume};
[INFO] [stdout]      |                     ^^^^^^^
[INFO] [stdout]      |
[INFO] [stdout]     ::: /opt/rustwide/cargo-home/registry/src/index.crates.io-1949cf8c6b5b557f/tokio-1.53.1/src/macros/cfg.rs:567:19
[INFO] [stdout]      |
[INFO] [stdout]  567 |             #[cfg(feature = "test-util")]
[INFO] [stdout]      |                   --------------------- the item is gated behind the `test-util` feature
[INFO] [stdout] 
[INFO] [stdout] 
[INFO] [stdout] error[E0425]: cannot find function `advance` in module `tokio::time`
[INFO] [stdout]    --> src/status/probes.rs:656:22
[INFO] [stdout]     |
[INFO] [stdout] 656 |         tokio::time::advance(health_delay).await;
[INFO] [stdout]     |                      ^^^^^^^ not found in `tokio::time`
[INFO] [stdout]     |
[INFO] [stdout] note: found an item that was configured out
[INFO] [stdout]    --> /opt/rustwide/cargo-home/registry/src/index.crates.io-1949cf8c6b5b557f/tokio-1.53.1/src/time/mod.rs:90:21
[INFO] [stdout]     |
[INFO] [stdout]  90 |     pub use clock::{advance, pause, resume};
[INFO] [stdout]     |                     ^^^^^^^
[INFO] [stdout]     |
[INFO] [stdout]    ::: /opt/rustwide/cargo-home/registry/src/index.crates.io-1949cf8c6b5b557f/tokio-1.53.1/src/macros/cfg.rs:567:19
[INFO] [stdout]     |
[INFO] [stdout] 567 |             #[cfg(feature = "test-util")]
[INFO] [stdout]     |                   --------------------- the item is gated behind the `test-util` feature
[INFO] [stdout] 
[INFO] [stdout] 
[INFO] [stdout] error[E0425]: cannot find function `advance` in module `tokio::time`
[INFO] [stdout]    --> src/status/tests.rs:605:18
[INFO] [stdout]     |
[INFO] [stdout] 605 |     tokio::time::advance(Duration::from_secs(3)).await;
[INFO] [stdout]     |                  ^^^^^^^ not found in `tokio::time`
[INFO] [stdout]     |
[INFO] [stdout] note: found an item that was configured out
[INFO] [stdout]    --> /opt/rustwide/cargo-home/registry/src/index.crates.io-1949cf8c6b5b557f/tokio-1.53.1/src/time/mod.rs:90:21
[INFO] [stdout]     |
[INFO] [stdout]  90 |     pub use clock::{advance, pause, resume};
[INFO] [stdout]     |                     ^^^^^^^
[INFO] [stdout]     |
[INFO] [stdout]    ::: /opt/rustwide/cargo-home/registry/src/index.crates.io-1949cf8c6b5b557f/tokio-1.53.1/src/macros/cfg.rs:567:19
[INFO] [stdout]     |
[INFO] [stdout] 567 |             #[cfg(feature = "test-util")]
[INFO] [stdout]     |                   --------------------- the item is gated behind the `test-util` feature
[INFO] [stdout] 
[INFO] [stdout] 
[INFO] [stdout] warning: use of deprecated method `std::sync::atomic::Atomic::<u64>::fetch_update`: renamed to `try_update` for consistency
[INFO] [stdout]    --> src/admission.rs:497:14
[INFO] [stdout]     |
[INFO] [stdout] 497 |             .fetch_update(Ordering::AcqRel, Ordering::Acquire, |current| {
[INFO] [stdout]     |              ^^^^^^^^^^^^
[INFO] [stdout]     |
[INFO] [stdout]     = note: `#[warn(deprecated)]` on by default
[INFO] [stdout] help: replace the use of the deprecated method
[INFO] [stdout]     |
[INFO] [stdout] 497 -             .fetch_update(Ordering::AcqRel, Ordering::Acquire, |current| {
[INFO] [stdout] 497 +             .try_update(Ordering::AcqRel, Ordering::Acquire, |current| {
[INFO] [stdout]     |
[INFO] [stdout] 
[INFO] [stdout] 
[INFO] [stdout] warning: use of deprecated method `std::sync::atomic::Atomic::<u64>::fetch_update`: renamed to `try_update` for consistency
[INFO] [stdout]    --> src/admission.rs:511:14
[INFO] [stdout]     |
[INFO] [stdout] 511 |             .fetch_update(Ordering::AcqRel, Ordering::Acquire, |current| {
[INFO] [stdout]     |              ^^^^^^^^^^^^
[INFO] [stdout]     |
[INFO] [stdout] help: replace the use of the deprecated method
[INFO] [stdout]     |
[INFO] [stdout] 511 -             .fetch_update(Ordering::AcqRel, Ordering::Acquire, |current| {
[INFO] [stdout] 511 +             .try_update(Ordering::AcqRel, Ordering::Acquire, |current| {
[INFO] [stdout]     |
[INFO] [stdout] 
[INFO] [stdout] 
[INFO] [stdout] error[E0599]: `axum::body::Body` is not an iterator
[INFO] [stdout]     --> src/reload.rs:1291:38
[INFO] [stdout]      |
[INFO] [stdout] 1291 |         let bytes = resp.into_body().collect().await.unwrap().to_bytes();
[INFO] [stdout]      |                                      ^^^^^^^ `axum::body::Body` is not an iterator
[INFO] [stdout]      |
[INFO] [stdout]     ::: /opt/rustwide/cargo-home/registry/src/index.crates.io-1949cf8c6b5b557f/axum-core-0.5.6/src/body.rs:39:1
[INFO] [stdout]      |
[INFO] [stdout]   39 | pub struct Body(BoxBody);
[INFO] [stdout]      | --------------- doesn't satisfy `axum::body::Body: std::iter::Iterator`
[INFO] [stdout]      |
[INFO] [stdout]      = note: the following trait bounds were not satisfied:
[INFO] [stdout]              `axum::body::Body: std::iter::Iterator`
[INFO] [stdout]              which is required by `&mut axum::body::Body: std::iter::Iterator`
[INFO] [stdout]      = help: items from traits can only be used if the trait is in scope
[INFO] [stdout] help: trait `BodyExt` which provides `collect` is implemented but not in scope; perhaps you want to import it
[INFO] [stdout]      |
[INFO] [stdout] 1031 +     use http_body_util::BodyExt;
[INFO] [stdout]      |
[INFO] [stdout] 
[INFO] [stdout] 
[INFO] [stdout] warning: use of deprecated method `std::sync::atomic::Atomic::<usize>::fetch_update`: renamed to `try_update` for consistency
[INFO] [stdout]    --> src/revocation/redis.rs:390:26
[INFO] [stdout]     |
[INFO] [stdout] 390 |                         .fetch_update(Ordering::AcqRel, Ordering::Acquire, |count| {
[INFO] [stdout]     |                          ^^^^^^^^^^^^
[INFO] [stdout]     |
[INFO] [stdout]     = note: `#[warn(deprecated)]` on by default
[INFO] [stdout] help: replace the use of the deprecated method
[INFO] [stdout]     |
[INFO] [stdout] 390 -                         .fetch_update(Ordering::AcqRel, Ordering::Acquire, |count| {
[INFO] [stdout] 390 +                         .try_update(Ordering::AcqRel, Ordering::Acquire, |count| {
[INFO] [stdout]     |
[INFO] [stdout] 
[INFO] [stdout] 
[INFO] [stdout] error[E0599]: the method `collect` exists for struct `axum::body::Body`, but its trait bounds were not satisfied
[INFO] [stdout]     --> src/routes/mod.rs:2631:41
[INFO] [stdout]      |
[INFO] [stdout] 2631 |         let body = response.into_body().collect().await.unwrap().to_bytes();
[INFO] [stdout]      |                                         ^^^^^^^ method cannot be called on `axum::body::Body` due to unsatisfied trait bounds
[INFO] [stdout]      |
[INFO] [stdout]     ::: /opt/rustwide/cargo-home/registry/src/index.crates.io-1949cf8c6b5b557f/axum-core-0.5.6/src/body.rs:39:1
[INFO] [stdout]      |
[INFO] [stdout]   39 | pub struct Body(BoxBody);
[INFO] [stdout]      | --------------- doesn't satisfy `axum::body::Body: futures::StreamExt`, `axum::body::Body: futures::Stream` or `axum::body::Body: std::iter::Iterator`
[INFO] [stdout]      |
[INFO] [stdout]      = note: the following trait bounds were not satisfied:
[INFO] [stdout]              `axum::body::Body: futures::Stream`
[INFO] [stdout]              which is required by `axum::body::Body: futures::StreamExt`
[INFO] [stdout]              `&axum::body::Body: futures::Stream`
[INFO] [stdout]              which is required by `&axum::body::Body: futures::StreamExt`
[INFO] [stdout]              `axum::body::Body: futures::Stream`
[INFO] [stdout]              which is required by `&mut axum::body::Body: futures::StreamExt`
[INFO] [stdout]              `axum::body::Body: std::iter::Iterator`
[INFO] [stdout]              which is required by `&mut axum::body::Body: std::iter::Iterator`
[INFO] [stdout]      = help: items from traits can only be used if the trait is in scope
[INFO] [stdout] help: trait `BodyExt` which provides `collect` is implemented but not in scope; perhaps you want to import it
[INFO] [stdout]      |
[INFO] [stdout] 1807 +     use http_body_util::BodyExt;
[INFO] [stdout]      |
[INFO] [stdout] 
[INFO] [stdout] 
[INFO] [stdout] error[E0599]: the method `collect` exists for struct `axum::body::Body`, but its trait bounds were not satisfied
[INFO] [stdout]     --> src/routes/mod.rs:3116:42
[INFO] [stdout]      |
[INFO] [stdout] 3116 |         let bytes = response.into_body().collect().await.unwrap().to_bytes();
[INFO] [stdout]      |                                          ^^^^^^^ method cannot be called on `axum::body::Body` due to unsatisfied trait bounds
[INFO] [stdout]      |
[INFO] [stdout]     ::: /opt/rustwide/cargo-home/registry/src/index.crates.io-1949cf8c6b5b557f/axum-core-0.5.6/src/body.rs:39:1
[INFO] [stdout]      |
[INFO] [stdout]   39 | pub struct Body(BoxBody);
[INFO] [stdout]      | --------------- doesn't satisfy `axum::body::Body: futures::StreamExt`, `axum::body::Body: futures::Stream` or `axum::body::Body: std::iter::Iterator`
[INFO] [stdout]      |
[INFO] [stdout]      = note: the following trait bounds were not satisfied:
[INFO] [stdout]              `axum::body::Body: futures::Stream`
[INFO] [stdout]              which is required by `axum::body::Body: futures::StreamExt`
[INFO] [stdout]              `&axum::body::Body: futures::Stream`
[INFO] [stdout]              which is required by `&axum::body::Body: futures::StreamExt`
[INFO] [stdout]              `axum::body::Body: futures::Stream`
[INFO] [stdout]              which is required by `&mut axum::body::Body: futures::StreamExt`
[INFO] [stdout]              `axum::body::Body: std::iter::Iterator`
[INFO] [stdout]              which is required by `&mut axum::body::Body: std::iter::Iterator`
[INFO] [stdout]      = help: items from traits can only be used if the trait is in scope
[INFO] [stdout] help: trait `BodyExt` which provides `collect` is implemented but not in scope; perhaps you want to import it
[INFO] [stdout]      |
[INFO] [stdout] 1807 +     use http_body_util::BodyExt;
[INFO] [stdout]      |
[INFO] [stdout] 
[INFO] [stdout] 
[INFO] [stdout] error[E0599]: the method `collect` exists for struct `axum::body::Body`, but its trait bounds were not satisfied
[INFO] [stdout]     --> src/routes/mod.rs:3190:42
[INFO] [stdout]      |
[INFO] [stdout] 3190 |         let bytes = response.into_body().collect().await.unwrap().to_bytes();
[INFO] [stdout]      |                                          ^^^^^^^ method cannot be called on `axum::body::Body` due to unsatisfied trait bounds
[INFO] [stdout]      |
[INFO] [stdout]     ::: /opt/rustwide/cargo-home/registry/src/index.crates.io-1949cf8c6b5b557f/axum-core-0.5.6/src/body.rs:39:1
[INFO] [stdout]      |
[INFO] [stdout]   39 | pub struct Body(BoxBody);
[INFO] [stdout]      | --------------- doesn't satisfy `axum::body::Body: futures::StreamExt`, `axum::body::Body: futures::Stream` or `axum::body::Body: std::iter::Iterator`
[INFO] [stdout]      |
[INFO] [stdout]      = note: the following trait bounds were not satisfied:
[INFO] [stdout]              `axum::body::Body: futures::Stream`
[INFO] [stdout]              which is required by `axum::body::Body: futures::StreamExt`
[INFO] [stdout]              `&axum::body::Body: futures::Stream`
[INFO] [stdout]              which is required by `&axum::body::Body: futures::StreamExt`
[INFO] [stdout]              `axum::body::Body: futures::Stream`
[INFO] [stdout]              which is required by `&mut axum::body::Body: futures::StreamExt`
[INFO] [stdout]              `axum::body::Body: std::iter::Iterator`
[INFO] [stdout]              which is required by `&mut axum::body::Body: std::iter::Iterator`
[INFO] [stdout]      = help: items from traits can only be used if the trait is in scope
[INFO] [stdout] help: trait `BodyExt` which provides `collect` is implemented but not in scope; perhaps you want to import it
[INFO] [stdout]      |
[INFO] [stdout] 1807 +     use http_body_util::BodyExt;
[INFO] [stdout]      |
[INFO] [stdout] 
[INFO] [stdout] 
[INFO] [stdout] error[E0599]: the method `collect` exists for struct `axum::body::Body`, but its trait bounds were not satisfied
[INFO] [stdout]     --> src/routes/mod.rs:5162:38
[INFO] [stdout]      |
[INFO] [stdout] 5162 |         let bytes = resp.into_body().collect().await.unwrap().to_bytes();
[INFO] [stdout]      |                                      ^^^^^^^ method cannot be called on `axum::body::Body` due to unsatisfied trait bounds
[INFO] [stdout]      |
[INFO] [stdout]     ::: /opt/rustwide/cargo-home/registry/src/index.crates.io-1949cf8c6b5b557f/axum-core-0.5.6/src/body.rs:39:1
[INFO] [stdout]      |
[INFO] [stdout]   39 | pub struct Body(BoxBody);
[INFO] [stdout]      | --------------- doesn't satisfy `axum::body::Body: futures::StreamExt`, `axum::body::Body: futures::Stream` or `axum::body::Body: std::iter::Iterator`
[INFO] [stdout]      |
[INFO] [stdout]      = note: the following trait bounds were not satisfied:
[INFO] [stdout]              `axum::body::Body: futures::Stream`
[INFO] [stdout]              which is required by `axum::body::Body: futures::StreamExt`
[INFO] [stdout]              `&axum::body::Body: futures::Stream`
[INFO] [stdout]              which is required by `&axum::body::Body: futures::StreamExt`
[INFO] [stdout]              `axum::body::Body: futures::Stream`
[INFO] [stdout]              which is required by `&mut axum::body::Body: futures::StreamExt`
[INFO] [stdout]              `axum::body::Body: std::iter::Iterator`
[INFO] [stdout]              which is required by `&mut axum::body::Body: std::iter::Iterator`
[INFO] [stdout]      = help: items from traits can only be used if the trait is in scope
[INFO] [stdout] help: trait `BodyExt` which provides `collect` is implemented but not in scope; perhaps you want to import it
[INFO] [stdout]      |
[INFO] [stdout] 1807 +     use http_body_util::BodyExt;
[INFO] [stdout]      |
[INFO] [stdout] 
[INFO] [stdout] 
[INFO] [stdout] error[E0599]: the method `collect` exists for struct `axum::body::Body`, but its trait bounds were not satisfied
[INFO] [stdout]      --> src/routes/mod.rs:10989:42
[INFO] [stdout]       |
[INFO] [stdout] 10989 |         let bytes = response.into_body().collect().await.unwrap().to_bytes();
[INFO] [stdout]       |                                          ^^^^^^^ method cannot be called on `axum::body::Body` due to unsatisfied trait bounds
[INFO] [stdout]       |
[INFO] [stdout]      ::: /opt/rustwide/cargo-home/registry/src/index.crates.io-1949cf8c6b5b557f/axum-core-0.5.6/src/body.rs:39:1
[INFO] [stdout]       |
[INFO] [stdout]    39 | pub struct Body(BoxBody);
[INFO] [stdout]       | --------------- doesn't satisfy `axum::body::Body: futures::StreamExt`, `axum::body::Body: futures::Stream` or `axum::body::Body: std::iter::Iterator`
[INFO] [stdout]       |
[INFO] [stdout]       = note: the following trait bounds were not satisfied:
[INFO] [stdout]               `axum::body::Body: futures::Stream`
[INFO] [stdout]               which is required by `axum::body::Body: futures::StreamExt`
[INFO] [stdout]               `&axum::body::Body: futures::Stream`
[INFO] [stdout]               which is required by `&axum::body::Body: futures::StreamExt`
[INFO] [stdout]               `axum::body::Body: futures::Stream`
[INFO] [stdout]               which is required by `&mut axum::body::Body: futures::StreamExt`
[INFO] [stdout]               `axum::body::Body: std::iter::Iterator`
[INFO] [stdout]               which is required by `&mut axum::body::Body: std::iter::Iterator`
[INFO] [stdout]       = help: items from traits can only be used if the trait is in scope
[INFO] [stdout] help: trait `BodyExt` which provides `collect` is implemented but not in scope; perhaps you want to import it
[INFO] [stdout]       |
[INFO] [stdout]  1807 +     use http_body_util::BodyExt;
[INFO] [stdout]       |
[INFO] [stdout] 
[INFO] [stdout] 
[INFO] [stderr] error: could not compile `axond` (bin "axond" test) due to 27 previous errors; 1 warning emitted
[INFO] [stderr] 
[INFO] [stderr] Caused by:
[INFO] [stderr]   process didn't exit successfully: `/opt/rustwide/rustup-home/toolchains/3154cc1a3e6424e44f438a95007d043ed5ceaaf6/bin/rustc --crate-name axond --edition=2024 src/main.rs --error-format=json --json=diagnostic-rendered-ansi,artifacts,future-incompat,unused-externs-silent --emit=dep-info,metadata -C embed-bitcode=no -C debuginfo=2 --warn=unexpected_cfgs --check-cfg 'cfg(fuzzing)' --test --check-cfg 'cfg(docsrs,test)' --check-cfg 'cfg(feature, values())' -C metadata=b7dd49ac339cee84 -C extra-filename=-996984f7a857e5b1 --out-dir /opt/rustwide/target/debug/build/axond/996984f7a857e5b1/out -L dependency=/opt/rustwide/target/debug/build/aes-kw/4714f789a03d08b6/out -L dependency=/opt/rustwide/target/debug/build/aes/aed500504ef52175/out -L dependency=/opt/rustwide/target/debug/build/ahash/de80e762f05b69ba/out -L dependency=/opt/rustwide/target/debug/build/aho-corasick/e5eb68f430059ec7/out -L dependency=/opt/rustwide/target/debug/build/anstyle/0afc68cbfd0d2137/out -L dependency=/opt/rustwide/target/debug/build/anyhow/d5f04c2d9d0d7bf2/out -L dependency=/opt/rustwide/target/debug/build/arc-swap/8a3fb7143ac71502/out -L dependency=/opt/rustwide/target/debug/build/arcstr/176430345edddab8/out -L dependency=/opt/rustwide/target/debug/build/async-lock/a65375627f1d311e/out -L dependency=/opt/rustwide/target/debug/build/async-trait/36ba14eb4500caa6/out -L dependency=/opt/rustwide/target/debug/build/atomic-waker/d2edf130acb84086/out -L dependency=/opt/rustwide/target/debug/build/axum-core/a742458afd3d5d51/out -L dependency=/opt/rustwide/target/debug/build/axum-macros/5afa1fdfefda3626/out -L dependency=/opt/rustwide/target/debug/build/axum/9f9075b1d61712e1/out -L dependency=/opt/rustwide/target/debug/build/backon/f9ea44b29d63110a/out -L dependency=/opt/rustwide/target/debug/build/base64/d8aec028dea2d277/out -L dependency=/opt/rustwide/target/debug/build/bitflags/6825fd6ea30d439b/out -L dependency=/opt/rustwide/target/debug/build/block-buffer/73545ed56b1cb4c2/out -L dependency=/opt/rustwide/target/debug/build/byteorder/d92705dd1d5353b1/out -L dependency=/opt/rustwide/target/debug/build/bytes/4fbd75942b1503ad/out -L dependency=/opt/rustwide/target/debug/build/cfg-if/190c9021fd162845/out -L dependency=/opt/rustwide/target/debug/build/chacha20/68b7024a1e52ce8d/out -L dependency=/opt/rustwide/target/debug/build/cipher/b0f60260dcee79d9/out -L dependency=/opt/rustwide/target/debug/build/clap/4415ea67f46bd9ce/out -L dependency=/opt/rustwide/target/debug/build/clap_builder/b5f92cd39b2f3670/out -L dependency=/opt/rustwide/target/debug/build/clap_lex/c6984b853e70a248/out -L dependency=/opt/rustwide/target/debug/build/cmov/d863bcfeab538103/out -L dependency=/opt/rustwide/target/debug/build/combine/6e221d0882495913/out -L dependency=/opt/rustwide/target/debug/build/const-oid/5abb6e22430efd63/out -L dependency=/opt/rustwide/target/debug/build/const-oid/af4ff560ab246d4c/out -L dependency=/opt/rustwide/target/debug/build/cpubits/3fb2d2f351c66c02/out -L dependency=/opt/rustwide/target/debug/build/cpufeatures/3f55fab4a21729ae/out -L dependency=/opt/rustwide/target/debug/build/crypto-common/cad30dc164c223db/out -L dependency=/opt/rustwide/target/debug/build/ctutils/670f59174de6c720/out -L dependency=/opt/rustwide/target/debug/build/der/cc973ea21b42bd45/out -L dependency=/opt/rustwide/target/debug/build/der_derive/bb2473e07dc973ca/out -L dependency=/opt/rustwide/target/debug/build/digest/f823d0c82ea5dee6/out -L dependency=/opt/rustwide/target/debug/build/displaydoc/7eb57dac91213e2a/out -L dependency=/opt/rustwide/target/debug/build/equivalent/d23b026399a51038/out -L dependency=/opt/rustwide/target/debug/build/errno/0f735279c0a5cb88/out -L dependency=/opt/rustwide/target/debug/build/event-listener-strategy/b9b18659d18739f3/out -L dependency=/opt/rustwide/target/debug/build/event-listener/932dc0bfa2bf10bf/out -L dependency=/opt/rustwide/target/debug/build/fallible-iterator/a28a4771d4c6a929/out -L dependency=/opt/rustwide/target/debug/build/fallible-iterator/f43e9d6d63832942/out -L dependency=/opt/rustwide/target/debug/build/fallible-streaming-iterator/f5f8d3e890c86e24/out -L dependency=/opt/rustwide/target/debug/build/fastrand/48874b4c8492f3cb/out -L dependency=/opt/rustwide/target/debug/build/figment/decd29142082dd61/out -L dependency=/opt/rustwide/target/debug/build/flagset/7ac412ce181e7b7d/out -L dependency=/opt/rustwide/target/debug/build/form_urlencoded/a0709cb2f4e6749a/out -L dependency=/opt/rustwide/target/debug/build/futures-channel/308a4123e7ffabe8/out -L dependency=/opt/rustwide/target/debug/build/futures-core/e61316190f86a7bd/out -L dependency=/opt/rustwide/target/debug/build/futures-executor/e46e14faa7aa1087/out -L dependency=/opt/rustwide/target/debug/build/futures-io/1831beca475a5f7c/out -L dependency=/opt/rustwide/target/debug/build/futures-macro/0697cbc90b7036e1/out -L dependency=/opt/rustwide/target/debug/build/futures-sink/a9e9f8e9bd8fa6ef/out -L dependency=/opt/rustwide/target/debug/build/futures-task/e6dcbbfe3a416c43/out -L dependency=/opt/rustwide/target/debug/build/futures-util/6e040a2d4b24d0a3/out -L dependency=/opt/rustwide/target/debug/build/futures/4b0c9b90b6fba707/out -L dependency=/opt/rustwide/target/debug/build/getrandom/b9ebb807e773fdff/out -L dependency=/opt/rustwide/target/debug/build/getrandom/d2aa5e8c4aab2c0f/out -L dependency=/opt/rustwide/target/debug/build/getrandom/d5a447d9b6fdb0d2/out -L dependency=/opt/rustwide/target/debug/build/hashbrown/1ff293044ac6a4a8/out -L dependency=/opt/rustwide/target/debug/build/hashbrown/4e0f92ca84d10caa/out -L dependency=/opt/rustwide/target/debug/build/hashlink/a3058d1a5adb0809/out -L dependency=/opt/rustwide/target/debug/build/hmac/7babd025eceff491/out -L dependency=/opt/rustwide/target/debug/build/http-body-util/d03071514fe22a93/out -L dependency=/opt/rustwide/target/debug/build/http-body/6ca649109301c00f/out -L dependency=/opt/rustwide/target/debug/build/http/e7402a8233548797/out -L dependency=/opt/rustwide/target/debug/build/httparse/b9ed2fea81abf9ac/out -L dependency=/opt/rustwide/target/debug/build/httpdate/dd055e56878c34d5/out -L dependency=/opt/rustwide/target/debug/build/hybrid-array/fb021fe7c4023866/out -L dependency=/opt/rustwide/target/debug/build/hyper-rustls/f928861aec638e75/out -L dependency=/opt/rustwide/target/debug/build/hyper-util/2f043fa0476ebae4/out -L dependency=/opt/rustwide/target/debug/build/hyper/34d7086872b98a0f/out -L dependency=/opt/rustwide/target/debug/build/icu_collections/24ec3e1199dbe932/out -L dependency=/opt/rustwide/target/debug/build/icu_locale_core/b05518affb0dc091/out -L dependency=/opt/rustwide/target/debug/build/icu_normalizer/090491645164f9ea/out -L dependency=/opt/rustwide/target/debug/build/icu_normalizer_data/55d53c9d9302ab5f/out -L dependency=/opt/rustwide/target/debug/build/icu_properties/14b874004a80938f/out -L dependency=/opt/rustwide/target/debug/build/icu_properties_data/17963fca1444d170/out -L dependency=/opt/rustwide/target/debug/build/icu_provider/46e6d30125cc886a/out -L dependency=/opt/rustwide/target/debug/build/idna/e849a699f451e1e5/out -L dependency=/opt/rustwide/target/debug/build/idna_adapter/3cac85f9e1ffe926/out -L dependency=/opt/rustwide/target/debug/build/indexmap/a8549e0565b26b8b/out -L dependency=/opt/rustwide/target/debug/build/inlinable_string/b1a7cf52f96e3734/out -L dependency=/opt/rustwide/target/debug/build/inout/a517ed00320f847b/out -L dependency=/opt/rustwide/target/debug/build/ipnet/bf1df4d355fa7626/out -L dependency=/opt/rustwide/target/debug/build/itoa/488dcf4f13423b18/out -L dependency=/opt/rustwide/target/debug/build/jiff-core/5e0c4ffb35de8df7/out -L dependency=/opt/rustwide/target/debug/build/jiff-tzdb/d4ae8b2538a75239/out -L dependency=/opt/rustwide/target/debug/build/jiff/7fd5397fee2ce2aa/out -L dependency=/opt/rustwide/target/debug/build/jsonwebtoken/31fea8a27cfba897/out -L dependency=/opt/rustwide/target/debug/build/lazy_static/cb8ca6aa8c56979f/out -L dependency=/opt/rustwide/target/debug/build/libc/5b122225efee376b/out -L dependency=/opt/rustwide/target/debug/build/libsqlite3-sys/f1346ca4c0381e3b/out -L dependency=/opt/rustwide/target/debug/build/litemap/1a3530997fd9ec30/out -L dependency=/opt/rustwide/target/debug/build/lock_api/b47e4fe57039b3cf/out -L dependency=/opt/rustwide/target/debug/build/log/2285cdf6cdb2482f/out -L dependency=/opt/rustwide/target/debug/build/matchers/2ff2001eed0db352/out -L dependency=/opt/rustwide/target/debug/build/matchit/e98a3fa189025638/out -L dependency=/opt/rustwide/target/debug/build/md-5/4c4f227b24a87465/out -L dependency=/opt/rustwide/target/debug/build/memchr/b924193483665774/out -L dependency=/opt/rustwide/target/debug/build/mime/719fdfbd841ea854/out -L dependency=/opt/rustwide/target/debug/build/mio/6746babebfddc76e/out -L dependency=/opt/rustwide/target/debug/build/nu-ansi-term/11c0e3ef7731332f/out -L dependency=/opt/rustwide/target/debug/build/once_cell/6f8123b0c2eed634/out -L dependency=/opt/rustwide/target/debug/build/openssl-probe/37a8cbe961b4ea12/out -L dependency=/opt/rustwide/target/debug/build/opentelemetry-http/646cd094696c9632/out -L dependency=/opt/rustwide/target/debug/build/opentelemetry-otlp/e3ba69cabc3c5a71/out -L dependency=/opt/rustwide/target/debug/build/opentelemetry-proto/69ca4c0f5d1391a3/out -L dependency=/opt/rustwide/target/debug/build/opentelemetry/1d53f8d83a870219/out -L dependency=/opt/rustwide/target/debug/build/opentelemetry_sdk/0841a867ba58ff81/out -L dependency=/opt/rustwide/target/debug/build/parking/fbbb0e1f7c7ebc3f/out -L dependency=/opt/rustwide/target/debug/build/parking_lot/3017d0de700e5711/out -L dependency=/opt/rustwide/target/debug/build/parking_lot_core/a8c17d0f51a302aa/out -L dependency=/opt/rustwide/target/debug/build/pear/f1b0698527a6d0e0/out -L dependency=/opt/rustwide/target/debug/build/pear_codegen/3255c9683104a81c/out -L dependency=/opt/rustwide/target/debug/build/percent-encoding/f0f3780066f274e0/out -L dependency=/opt/rustwide/target/debug/build/phf/c66f5ea1d545665b/out -L dependency=/opt/rustwide/target/debug/build/phf_shared/52a72f9d8a36ffd9/out -L dependency=/opt/rustwide/target/debug/build/pin-project-lite/7176d3be2b7ee2e1/out -L dependency=/opt/rustwide/target/debug/build/postgres-protocol/0307fdec5f22c327/out -L dependency=/opt/rustwide/target/debug/build/postgres-types/cc26ee8b10d4f18a/out -L dependency=/opt/rustwide/target/debug/build/potential_utf/471c3ca7631e15d3/out -L dependency=/opt/rustwide/target/debug/build/ppv-lite86/394943ae43223b4e/out -L dependency=/opt/rustwide/target/debug/build/prost-derive/237407f42d7ed90d/out -L dependency=/opt/rustwide/target/debug/build/prost/74cde10eac253a1b/out -L dependency=/opt/rustwide/target/debug/build/rand/9ccaaaed5200cb80/out -L dependency=/opt/rustwide/target/debug/build/rand/e2dc6c1b92ec2ff7/out -L dependency=/opt/rustwide/target/debug/build/rand_chacha/92ffeff93355a510/out -L dependency=/opt/rustwide/target/debug/build/rand_core/9a5dc38792b219e1/out -L dependency=/opt/rustwide/target/debug/build/rand_core/9b17468d33d04c68/out -L dependency=/opt/rustwide/target/debug/build/redis/1385fd5d70b91af0/out -L dependency=/opt/rustwide/target/debug/build/regex-automata/84283bd0c43e5277/out -L dependency=/opt/rustwide/target/debug/build/regex-syntax/aa2c0ef21912879c/out -L dependency=/opt/rustwide/target/debug/build/regex/d0a903706de57f23/out -L dependency=/opt/rustwide/target/debug/build/reqwest/7ce3613b22b3a984/out -L dependency=/opt/rustwide/target/debug/build/ring/40778ce6ceb52ab2/out -L dependency=/opt/rustwide/target/debug/build/rusqlite/d7ca1497dd8d4337/out -L dependency=/opt/rustwide/target/debug/build/rustls-native-certs/0e9fc743e0c7bdc4/out -L dependency=/opt/rustwide/target/debug/build/rustls-pki-types/4cbbe2598a880b1d/out -L dependency=/opt/rustwide/target/debug/build/rustls-webpki/9aae2c299d232dd1/out -L dependency=/opt/rustwide/target/debug/build/rustls/ce6ef8da83a63710/out -L dependency=/opt/rustwide/target/debug/build/rustversion/5cea38e78999152b/out -L dependency=/opt/rustwide/target/debug/build/ryu/3da2ab8eb39d89f2/out -L dependency=/opt/rustwide/target/debug/build/scopeguard/e7d227cb308b3799/out -L dependency=/opt/rustwide/target/debug/build/secrecy/049ce1703d908ba3/out -L dependency=/opt/rustwide/target/debug/build/serde/b0f8d5a68e38e1d9/out -L dependency=/opt/rustwide/target/debug/build/serde_core/0a1ba5c7e6f8457f/out -L dependency=/opt/rustwide/target/debug/build/serde_derive/e4e475adb7ce99e9/out -L dependency=/opt/rustwide/target/debug/build/serde_json/3834b951da46c5f7/out -L dependency=/opt/rustwide/target/debug/build/serde_path_to_error/fcbab7a2847b1eba/out -L dependency=/opt/rustwide/target/debug/build/serde_spanned/7733c379733c6871/out -L dependency=/opt/rustwide/target/debug/build/serde_urlencoded/0972040d9a7d5639/out -L dependency=/opt/rustwide/target/debug/build/sha1_smol/4e2b7f6914ec1690/out -L dependency=/opt/rustwide/target/debug/build/sha2/8f822a0303e13660/out -L dependency=/opt/rustwide/target/debug/build/sharded-slab/5d7560049c0c9021/out -L dependency=/opt/rustwide/target/debug/build/signal-hook-registry/e631dbe7df418f4f/out -L dependency=/opt/rustwide/target/debug/build/siphasher/893e00f08ec67819/out -L dependency=/opt/rustwide/target/debug/build/slab/ae595133c23c4338/out -L dependency=/opt/rustwide/target/debug/build/smallvec/9c5df4053197dbb3/out -L dependency=/opt/rustwide/target/debug/build/socket2/081bf329e7bc52a9/out -L dependency=/opt/rustwide/target/debug/build/spki/d89d8d00502e244c/out -L dependency=/opt/rustwide/target/debug/build/stable_deref_trait/a4bd0afb694af506/out -L dependency=/opt/rustwide/target/debug/build/stringprep/1e1df74d95a8f68f/out -L dependency=/opt/rustwide/target/debug/build/subtle/350c4d777e42ad0b/out -L dependency=/opt/rustwide/target/debug/build/sync_wrapper/c28c30f601668a0a/out -L dependency=/opt/rustwide/target/debug/build/thiserror-impl/a8a18086e4622c3f/out -L dependency=/opt/rustwide/target/debug/build/thiserror/f91f0fb89610fc7b/out -L dependency=/opt/rustwide/target/debug/build/thread_local/b0e35f54bc420134/out -L dependency=/opt/rustwide/target/debug/build/tinystr/d072f021dfdf068a/out -L dependency=/opt/rustwide/target/debug/build/tinyvec/35a193a734dfc272/out -L dependency=/opt/rustwide/target/debug/build/tinyvec_macros/8f2743a6fdad0226/out -L dependency=/opt/rustwide/target/debug/build/tokio-macros/8ccaf1fa616d94a3/out -L dependency=/opt/rustwide/target/debug/build/tokio-postgres-rustls/8a83f85f527e91ba/out -L dependency=/opt/rustwide/target/debug/build/tokio-postgres/1c660580d782a78f/out -L dependency=/opt/rustwide/target/debug/build/tokio-rustls/362a58e103fc804e/out -L dependency=/opt/rustwide/target/debug/build/tokio-util/ce82d800de8de396/out -L dependency=/opt/rustwide/target/debug/build/tokio/764c56fda788eb35/out -L dependency=/opt/rustwide/target/debug/build/toml/0db23ff33a45e950/out -L dependency=/opt/rustwide/target/debug/build/toml_datetime/c9c83ad46b8e5b10/out -L dependency=/opt/rustwide/target/debug/build/toml_edit/b80a6873c281834e/out -L dependency=/opt/rustwide/target/debug/build/toml_write/47ffa1ec0c7e097d/out -L dependency=/opt/rustwide/target/debug/build/tower-http/51d7fb176dff1a28/out -L dependency=/opt/rustwide/target/debug/build/tower-layer/f6d5cc7b185cf351/out -L dependency=/opt/rustwide/target/debug/build/tower-service/e69ac8dcc8243395/out -L dependency=/opt/rustwide/target/debug/build/tower/4f2ceaa8455bf1e2/out -L dependency=/opt/rustwide/target/debug/build/tracing-attributes/bce7024c6f388e42/out -L dependency=/opt/rustwide/target/debug/build/tracing-core/924ceb6a991dbdfe/out -L dependency=/opt/rustwide/target/debug/build/tracing-log/e1e22f23525e8f83/out -L dependency=/opt/rustwide/target/debug/build/tracing-opentelemetry/8ab137fc5b62bf3d/out -L dependency=/opt/rustwide/target/debug/build/tracing-serde/4b4b76b4c841de10/out -L dependency=/opt/rustwide/target/debug/build/tracing-subscriber/4681ce652ee07f14/out -L dependency=/opt/rustwide/target/debug/build/tracing/ec176651d8c2a333/out -L dependency=/opt/rustwide/target/debug/build/try-lock/08abaa63f4861efa/out -L dependency=/opt/rustwide/target/debug/build/typenum/24aab6a4200ddd27/out -L dependency=/opt/rustwide/target/debug/build/uncased/8886864904c67f6f/out -L dependency=/opt/rustwide/target/debug/build/unicode-bidi/b38c5b9f0edeee4c/out -L dependency=/opt/rustwide/target/debug/build/unicode-normalization/41b80ba5f2a21e0f/out -L dependency=/opt/rustwide/target/debug/build/unicode-properties/8bc31be9a5479a6f/out -L dependency=/opt/rustwide/target/debug/build/untrusted/03cde965a30f6cbb/out -L dependency=/opt/rustwide/target/debug/build/url/0177646c8c6fe00e/out -L dependency=/opt/rustwide/target/debug/build/utf8_iter/88f5a358869389d3/out -L dependency=/opt/rustwide/target/debug/build/utoipa-gen/9f85d581313fe3a3/out -L dependency=/opt/rustwide/target/debug/build/utoipa/9ad03318a7922cc4/out -L dependency=/opt/rustwide/target/debug/build/want/cc3dcee12d270b38/out -L dependency=/opt/rustwide/target/debug/build/webpki-roots/3093fb6bbb079fb9/out -L dependency=/opt/rustwide/target/debug/build/whoami/2d64dd16c53cd60c/out -L dependency=/opt/rustwide/target/debug/build/winnow/2af4cb063769d751/out -L dependency=/opt/rustwide/target/debug/build/writeable/5ca0ec95d9ef6c5c/out -L dependency=/opt/rustwide/target/debug/build/x509-cert/25ccb50801520c16/out -L dependency=/opt/rustwide/target/debug/build/xxhash-rust/dd762593c1166589/out -L dependency=/opt/rustwide/target/debug/build/yansi/38c89a8a588ce42c/out -L dependency=/opt/rustwide/target/debug/build/yoke-derive/09d8a5e970f34c46/out -L dependency=/opt/rustwide/target/debug/build/yoke/efb6b5d684f0fbb9/out -L dependency=/opt/rustwide/target/debug/build/zerocopy/775c253805583f72/out -L dependency=/opt/rustwide/target/debug/build/zerofrom-derive/2b366f6106c6e48c/out -L dependency=/opt/rustwide/target/debug/build/zerofrom/bf92bca5ab8b049f/out -L dependency=/opt/rustwide/target/debug/build/zeroize/635551755f6edc1d/out -L dependency=/opt/rustwide/target/debug/build/zerotrie/1dedd9c05781abd5/out -L dependency=/opt/rustwide/target/debug/build/zerovec-derive/0e1e06c0927a0293/out -L dependency=/opt/rustwide/target/debug/build/zerovec/b13838e138131bc8/out -L dependency=/opt/rustwide/target/debug/build/zmij/93cb3e10a525d438/out --extern aes_kw=/opt/rustwide/target/debug/build/aes-kw/4714f789a03d08b6/out/libaes_kw-4714f789a03d08b6.rmeta --extern anyhow=/opt/rustwide/target/debug/build/anyhow/d5f04c2d9d0d7bf2/out/libanyhow-d5f04c2d9d0d7bf2.rmeta --extern arc_swap=/opt/rustwide/target/debug/build/arc-swap/8a3fb7143ac71502/out/libarc_swap-8a3fb7143ac71502.rmeta --extern async_trait=/opt/rustwide/target/debug/build/async-trait/36ba14eb4500caa6/out/libasync_trait-36ba14eb4500caa6.so --extern axond_fuzz_seam=/opt/rustwide/target/debug/build/axond/878d7c008ac2d8d8/out/libaxond_fuzz_seam-878d7c008ac2d8d8.rmeta --extern axum=/opt/rustwide/target/debug/build/axum/9f9075b1d61712e1/out/libaxum-9f9075b1d61712e1.rmeta --extern base64=/opt/rustwide/target/debug/build/base64/d8aec028dea2d277/out/libbase64-d8aec028dea2d277.rmeta --extern bytes=/opt/rustwide/target/debug/build/bytes/4fbd75942b1503ad/out/libbytes-4fbd75942b1503ad.rmeta --extern clap=/opt/rustwide/target/debug/build/clap/4415ea67f46bd9ce/out/libclap-4415ea67f46bd9ce.rmeta --extern figment=/opt/rustwide/target/debug/build/figment/decd29142082dd61/out/libfigment-decd29142082dd61.rmeta --extern futures=/opt/rustwide/target/debug/build/futures/4b0c9b90b6fba707/out/libfutures-4b0c9b90b6fba707.rmeta --extern http_body=/opt/rustwide/target/debug/build/http-body/6ca649109301c00f/out/libhttp_body-6ca649109301c00f.rmeta --extern jiff=/opt/rustwide/target/debug/build/jiff/7fd5397fee2ce2aa/out/libjiff-7fd5397fee2ce2aa.rmeta --extern jsonwebtoken=/opt/rustwide/target/debug/build/jsonwebtoken/31fea8a27cfba897/out/libjsonwebtoken-31fea8a27cfba897.rmeta --extern opentelemetry=/opt/rustwide/target/debug/build/opentelemetry/1d53f8d83a870219/out/libopentelemetry-1d53f8d83a870219.rmeta --extern opentelemetry_http=/opt/rustwide/target/debug/build/opentelemetry-http/646cd094696c9632/out/libopentelemetry_http-646cd094696c9632.rmeta --extern opentelemetry_otlp=/opt/rustwide/target/debug/build/opentelemetry-otlp/e3ba69cabc3c5a71/out/libopentelemetry_otlp-e3ba69cabc3c5a71.rmeta --extern opentelemetry_sdk=/opt/rustwide/target/debug/build/opentelemetry_sdk/0841a867ba58ff81/out/libopentelemetry_sdk-0841a867ba58ff81.rmeta --extern redis=/opt/rustwide/target/debug/build/redis/1385fd5d70b91af0/out/libredis-1385fd5d70b91af0.rmeta --extern regex=/opt/rustwide/target/debug/build/regex/d0a903706de57f23/out/libregex-d0a903706de57f23.rmeta --extern regex_syntax=/opt/rustwide/target/debug/build/regex-syntax/aa2c0ef21912879c/out/libregex_syntax-aa2c0ef21912879c.rmeta --extern reqwest=/opt/rustwide/target/debug/build/reqwest/7ce3613b22b3a984/out/libreqwest-7ce3613b22b3a984.rmeta --extern ring=/opt/rustwide/target/debug/build/ring/40778ce6ceb52ab2/out/libring-40778ce6ceb52ab2.rmeta --extern rusqlite=/opt/rustwide/target/debug/build/rusqlite/d7ca1497dd8d4337/out/librusqlite-d7ca1497dd8d4337.rmeta --extern rustls=/opt/rustwide/target/debug/build/rustls/ce6ef8da83a63710/out/librustls-ce6ef8da83a63710.rmeta --extern secrecy=/opt/rustwide/target/debug/build/secrecy/049ce1703d908ba3/out/libsecrecy-049ce1703d908ba3.rmeta --extern serde=/opt/rustwide/target/debug/build/serde/b0f8d5a68e38e1d9/out/libserde-b0f8d5a68e38e1d9.rmeta --extern serde_json=/opt/rustwide/target/debug/build/serde_json/3834b951da46c5f7/out/libserde_json-3834b951da46c5f7.rmeta --extern serde_path_to_error=/opt/rustwide/target/debug/build/serde_path_to_error/fcbab7a2847b1eba/out/libserde_path_to_error-fcbab7a2847b1eba.rmeta --extern thiserror=/opt/rustwide/target/debug/build/thiserror/f91f0fb89610fc7b/out/libthiserror-f91f0fb89610fc7b.rmeta --extern tokio=/opt/rustwide/target/debug/build/tokio/764c56fda788eb35/out/libtokio-764c56fda788eb35.rmeta --extern tokio_postgres=/opt/rustwide/target/debug/build/tokio-postgres/1c660580d782a78f/out/libtokio_postgres-1c660580d782a78f.rmeta --extern tokio_postgres_rustls=/opt/rustwide/target/debug/build/tokio-postgres-rustls/8a83f85f527e91ba/out/libtokio_postgres_rustls-8a83f85f527e91ba.rmeta --extern toml=/opt/rustwide/target/debug/build/toml/0db23ff33a45e950/out/libtoml-0db23ff33a45e950.rmeta --extern tower=/opt/rustwide/target/debug/build/tower/4f2ceaa8455bf1e2/out/libtower-4f2ceaa8455bf1e2.rmeta --extern tower_http=/opt/rustwide/target/debug/build/tower-http/51d7fb176dff1a28/out/libtower_http-51d7fb176dff1a28.rmeta --extern tracing=/opt/rustwide/target/debug/build/tracing/ec176651d8c2a333/out/libtracing-ec176651d8c2a333.rmeta --extern tracing_opentelemetry=/opt/rustwide/target/debug/build/tracing-opentelemetry/8ab137fc5b62bf3d/out/libtracing_opentelemetry-8ab137fc5b62bf3d.rmeta --extern tracing_subscriber=/opt/rustwide/target/debug/build/tracing-subscriber/4681ce652ee07f14/out/libtracing_subscriber-4681ce652ee07f14.rmeta --extern utoipa=/opt/rustwide/target/debug/build/utoipa/9ad03318a7922cc4/out/libutoipa-9ad03318a7922cc4.rmeta --cap-lints=forbid --force-warn=unused_crate_dependencies -L native=/opt/rustwide/target/debug/build/ring/b1387851e8152ca6/out -L native=/opt/rustwide/target/debug/build/libsqlite3-sys/6c9fb62ac9505473/out` (signal: 9, SIGKILL: kill)
[INFO] [stderr] warning: build failed, waiting for other jobs to finish...
[INFO] running `Command { std: "docker" "inspect" "f122f5e728e80e44862bc3ceb043bd2af32ffd48fc95582f906204658a811335", kill_on_drop: false }`
[INFO] running `Command { std: "docker" "rm" "-f" "f122f5e728e80e44862bc3ceb043bd2af32ffd48fc95582f906204658a811335", kill_on_drop: false }`
[INFO] [stdout] f122f5e728e80e44862bc3ceb043bd2af32ffd48fc95582f906204658a811335
