[INFO] fetching crate axioval-ids 0.3.0...
[INFO] checking axioval-ids-0.3.0 against 3154cc1a3e6424e44f438a95007d043ed5ceaaf6 for pr-133502-30
[INFO] extracting crate axioval-ids 0.3.0 into /workspace/builds/worker-3-tc2/source
[INFO] started tweaking crates.io crate axioval-ids 0.3.0
[INFO] removed 0 missing examples
[INFO] removed 0 missing tests
[INFO] finished tweaking crates.io crate axioval-ids 0.3.0
[INFO] tweaked toml for crates.io crate axioval-ids 0.3.0 written to /workspace/builds/worker-3-tc2/source/Cargo.toml
[INFO] validating manifest of crates.io crate axioval-ids 0.3.0 on toolchain 3154cc1a3e6424e44f438a95007d043ed5ceaaf6
[INFO] running `Command { std: CARGO_HOME="/workspace/cargo-home" RUSTUP_HOME="/workspace/rustup-home" "/workspace/cargo-home/bin/cargo" "+3154cc1a3e6424e44f438a95007d043ed5ceaaf6" "metadata" "--manifest-path" "Cargo.toml" "--no-deps", kill_on_drop: false }`
[INFO] crate crates.io crate axioval-ids 0.3.0 already has a lockfile, it will not be regenerated
[INFO] running `Command { std: CARGO_HOME="/workspace/cargo-home" RUSTUP_HOME="/workspace/rustup-home" "/workspace/cargo-home/bin/cargo" "+3154cc1a3e6424e44f438a95007d043ed5ceaaf6" "fetch" "--manifest-path" "Cargo.toml", kill_on_drop: false }`
[INFO] running `Command { std: "docker" "create" "-v" "/var/lib/crater-agent-workspace/builds/worker-3-tc2/source:/opt/rustwide/workdir:ro,Z" "-v" "/var/lib/crater-agent-workspace/builds/worker-3-tc2/target:/opt/rustwide/target:rw,Z" "-v" "/var/lib/crater-agent-workspace/cargo-home:/opt/rustwide/cargo-home:ro,Z" "-v" "/var/lib/crater-agent-workspace/rustup-home:/opt/rustwide/rustup-home:ro,Z" "-m" "1610612736" "--network" "none" "ghcr.io/rust-lang/crates-build-env/linux@sha256:77db811e55d90add9212f6832c23229e3de5f1c1f9905e8cb07319ea15df73ac" "sleep" "infinity", kill_on_drop: false }`
[INFO] [stdout] 5b3d5ca7684ecf8faadeafbfa4ec948f8176c7514f161786b1b57c6ed27950c5
[INFO] running `Command { std: "docker" "start" "5b3d5ca7684ecf8faadeafbfa4ec948f8176c7514f161786b1b57c6ed27950c5", kill_on_drop: false }`
[INFO] running `Command { std: "docker" "inspect" "5b3d5ca7684ecf8faadeafbfa4ec948f8176c7514f161786b1b57c6ed27950c5", kill_on_drop: false }`
[INFO] running `Command { std: "docker" "exec" "-e" "SOURCE_DIR=/opt/rustwide/workdir" "-e" "CARGO_HOME=/opt/rustwide/cargo-home" "-e" "RUSTUP_HOME=/opt/rustwide/rustup-home" "-e" "CARGO_TARGET_DIR=/opt/rustwide/target" "-w" "/opt/rustwide/workdir" "--user" "0:0" "5b3d5ca7684ecf8faadeafbfa4ec948f8176c7514f161786b1b57c6ed27950c5" "/opt/rustwide/cargo-home/bin/cargo" "+3154cc1a3e6424e44f438a95007d043ed5ceaaf6" "metadata" "--no-deps" "--format-version=1", kill_on_drop: false }`
[INFO] running `Command { std: "docker" "inspect" "5b3d5ca7684ecf8faadeafbfa4ec948f8176c7514f161786b1b57c6ed27950c5", kill_on_drop: false }`
[INFO] running `Command { std: "docker" "exec" "-e" "SOURCE_DIR=/opt/rustwide/workdir" "-e" "CARGO_HOME=/opt/rustwide/cargo-home" "-e" "RUSTUP_HOME=/opt/rustwide/rustup-home" "-e" "CARGO_TARGET_DIR=/opt/rustwide/target" "-e" "CARGO_INCREMENTAL=0" "-e" "RUST_BACKTRACE=full" "-e" "RUSTFLAGS=--cap-lints=forbid" "-e" "RUSTDOCFLAGS=--cap-lints=forbid" "-w" "/opt/rustwide/workdir" "--user" "0:0" "5b3d5ca7684ecf8faadeafbfa4ec948f8176c7514f161786b1b57c6ed27950c5" "/opt/rustwide/cargo-home/bin/cargo" "+3154cc1a3e6424e44f438a95007d043ed5ceaaf6" "check" "--frozen" "--all" "--all-targets" "--message-format=json", kill_on_drop: false }`
[INFO] [stderr]    Compiling thiserror v2.0.21
[INFO] [stderr]    Compiling libc v0.2.189
[INFO] [stderr]     Checking sha1_smol v1.0.1
[INFO] [stderr]    Compiling ahash v0.8.12
[INFO] [stderr]    Compiling syn v3.0.4
[INFO] [stderr]    Compiling syn v2.0.119
[INFO] [stderr]     Checking serde_json v1.0.151
[INFO] [stderr]     Checking indexmap v2.14.2
[INFO] [stderr]     Checking openbim-step v0.5.1
[INFO] [stderr]     Checking roxmltree v0.21.1
[INFO] [stderr]     Checking openbim-core v0.1.0
[INFO] [stderr]     Checking bincode v2.0.1
[INFO] [stderr]     Checking uuid v1.26.1
[INFO] [stderr]     Checking openbim-ids v0.1.3
[INFO] [stderr]    Compiling thiserror-impl v2.0.21
[INFO] [stderr]    Compiling serde_derive v1.0.229
[INFO] [stderr]     Checking getrandom v0.3.4
[INFO] [stderr]     Checking ifc-schema v0.2.4
[INFO] [stderr]     Checking serde v1.0.229
[INFO] [stderr]     Checking smallvec v1.16.2
[INFO] [stderr]     Checking axioval-ir v0.3.0
[INFO] [stderr]    Compiling tracing-attributes v0.1.31
[INFO] [stderr]     Checking tracing v0.1.44
[INFO] [stderr]     Checking axioval-engine v0.3.0
[INFO] [stderr]     Checking axioval-rules v0.3.0
[INFO] [stderr]     Checking axioval-ids v0.3.0 (/opt/rustwide/workdir)
[INFO] [stdout] error[E0433]: cannot find module or crate `axioval` in this scope
[INFO] [stdout]   --> tests/corpus.rs:28:5
[INFO] [stdout]    |
[INFO] [stdout] 28 | use axioval::engine::{Runtime, compile};
[INFO] [stdout]    |     ^^^^^^^ use of unresolved module or unlinked crate `axioval`
[INFO] [stdout]    |
[INFO] [stdout]    = help: if you wanted to use a crate named `axioval`, use `cargo add axioval` to add it to your `Cargo.toml`
[INFO] [stdout] 
[INFO] [stdout] 
[INFO] [stdout] error[E0433]: cannot find module or crate `axioval` in this scope
[INFO] [stdout]   --> tests/corpus.rs:29:5
[INFO] [stdout]    |
[INFO] [stdout] 29 | use axioval::ifc::import_ifc_session;
[INFO] [stdout]    |     ^^^^^^^ use of unresolved module or unlinked crate `axioval`
[INFO] [stdout]    |
[INFO] [stdout]    = help: if you wanted to use a crate named `axioval`, use `cargo add axioval` to add it to your `Cargo.toml`
[INFO] [stdout] 
[INFO] [stdout] 
[INFO] [stdout] error[E0432]: unresolved import `axioval`
[INFO] [stdout]   --> tests/corpus.rs:27:5
[INFO] [stdout]    |
[INFO] [stdout] 27 | use axioval::default_registry;
[INFO] [stdout]    |     ^^^^^^^ use of unresolved module or unlinked crate `axioval`
[INFO] [stdout]    |
[INFO] [stdout]    = help: if you wanted to use a crate named `axioval`, use `cargo add axioval` to add it to your `Cargo.toml`
[INFO] [stdout] 
[INFO] [stdout] 
[INFO] [stdout] Some errors have detailed explanations: E0432, E0433.
[INFO] [stdout] 
[INFO] [stdout] For more information about an error, try `rustc --explain E0432`.
[INFO] [stdout] 
[INFO] [stderr] error: could not compile `axioval-ids` (test "corpus") due to 3 previous errors
[INFO] [stderr] warning: build failed, waiting for other jobs to finish...
[INFO] [stdout] error[E0433]: cannot find module or crate `axioval` in this scope
[INFO] [stdout]  --> tests/translate.rs:5:5
[INFO] [stdout]   |
[INFO] [stdout] 5 | use axioval::engine::{Runtime, compile};
[INFO] [stdout]   |     ^^^^^^^ use of unresolved module or unlinked crate `axioval`
[INFO] [stdout]   |
[INFO] [stdout]   = help: if you wanted to use a crate named `axioval`, use `cargo add axioval` to add it to your `Cargo.toml`
[INFO] [stdout] 
[INFO] [stdout] 
[INFO] [stdout] error[E0433]: cannot find module or crate `axioval` in this scope
[INFO] [stdout]  --> tests/translate.rs:6:5
[INFO] [stdout]   |
[INFO] [stdout] 6 | use axioval::ifc::import_ifc_session;
[INFO] [stdout]   |     ^^^^^^^ use of unresolved module or unlinked crate `axioval`
[INFO] [stdout]   |
[INFO] [stdout]   = help: if you wanted to use a crate named `axioval`, use `cargo add axioval` to add it to your `Cargo.toml`
[INFO] [stdout] 
[INFO] [stdout] 
[INFO] [stdout] error[E0433]: cannot find module or crate `axioval` in this scope
[INFO] [stdout]  --> tests/translate.rs:7:5
[INFO] [stdout]   |
[INFO] [stdout] 7 | use axioval::ir::Report;
[INFO] [stdout]   |     ^^^^^^^ use of unresolved module or unlinked crate `axioval`
[INFO] [stdout]   |
[INFO] [stdout]   = help: if you wanted to use a crate named `axioval`, use `cargo add axioval` to add it to your `Cargo.toml`
[INFO] [stdout] 
[INFO] [stdout] 
[INFO] [stdout] error[E0433]: cannot find module or crate `axioval` in this scope
[INFO] [stdout]  --> tests/translate.rs:8:5
[INFO] [stdout]   |
[INFO] [stdout] 8 | use axioval::ir::contract::{ParameterValue, RuleApplicability, Selector};
[INFO] [stdout]   |     ^^^^^^^ use of unresolved module or unlinked crate `axioval`
[INFO] [stdout]   |
[INFO] [stdout]   = help: if you wanted to use a crate named `axioval`, use `cargo add axioval` to add it to your `Cargo.toml`
[INFO] [stdout] 
[INFO] [stdout] 
[INFO] [stdout] error[E0432]: unresolved import `axioval`
[INFO] [stdout]  --> tests/translate.rs:4:5
[INFO] [stdout]   |
[INFO] [stdout] 4 | use axioval::default_registry;
[INFO] [stdout]   |     ^^^^^^^ use of unresolved module or unlinked crate `axioval`
[INFO] [stdout]   |
[INFO] [stdout]   = help: if you wanted to use a crate named `axioval`, use `cargo add axioval` to add it to your `Cargo.toml`
[INFO] [stdout] 
[INFO] [stdout] 
[INFO] [stdout] error[E0433]: cannot find module or crate `axioval` in this scope
[INFO] [stdout]   --> tests/translate.rs:76:36
[INFO] [stdout]    |
[INFO] [stdout] 76 |     assert_eq!(IFC2X3_TYPE_SYSTEM, axioval::ifc::IFC2X3_TYPE_SYSTEM);
[INFO] [stdout]    |                                    ^^^^^^^ use of unresolved module or unlinked crate `axioval`
[INFO] [stdout]    |
[INFO] [stdout]    = help: if you wanted to use a crate named `axioval`, use `cargo add axioval` to add it to your `Cargo.toml`
[INFO] [stdout] 
[INFO] [stdout] 
[INFO] [stdout] error[E0433]: cannot find module or crate `axioval` in this scope
[INFO] [stdout]   --> tests/translate.rs:77:34
[INFO] [stdout]    |
[INFO] [stdout] 77 |     assert_eq!(IFC4_TYPE_SYSTEM, axioval::ifc::IFC4_TYPE_SYSTEM);
[INFO] [stdout]    |                                  ^^^^^^^ use of unresolved module or unlinked crate `axioval`
[INFO] [stdout]    |
[INFO] [stdout]    = help: if you wanted to use a crate named `axioval`, use `cargo add axioval` to add it to your `Cargo.toml`
[INFO] [stdout] 
[INFO] [stdout] 
[INFO] [stdout] error[E0433]: cannot find module or crate `axioval` in this scope
[INFO] [stdout]   --> tests/translate.rs:78:36
[INFO] [stdout]    |
[INFO] [stdout] 78 |     assert_eq!(IFC4X3_TYPE_SYSTEM, axioval::ifc::IFC4X3_TYPE_SYSTEM);
[INFO] [stdout]    |                                    ^^^^^^^ use of unresolved module or unlinked crate `axioval`
[INFO] [stdout]    |
[INFO] [stdout]    = help: if you wanted to use a crate named `axioval`, use `cargo add axioval` to add it to your `Cargo.toml`
[INFO] [stdout] 
[INFO] [stdout] 
[INFO] [stdout] error[E0433]: cannot find module or crate `axioval` in this scope
[INFO] [stdout]    --> tests/translate.rs:782:45
[INFO] [stdout]     |
[INFO] [stdout] 782 | fn only_rule(translation: &Translation) -> &axioval::ir::contract::RuleInstance {
[INFO] [stdout]     |                                             ^^^^^^^ use of unresolved module or unlinked crate `axioval`
[INFO] [stdout]     |
[INFO] [stdout]     = help: if you wanted to use a crate named `axioval`, use `cargo add axioval` to add it to your `Cargo.toml`
[INFO] [stdout] help: consider importing this module
[INFO] [stdout]     |
[INFO] [stdout]   4 + use axioval_ir::contract;
[INFO] [stdout]     |
[INFO] [stdout] help: if you import `contract`, refer to it directly
[INFO] [stdout]     |
[INFO] [stdout] 782 - fn only_rule(translation: &Translation) -> &axioval::ir::contract::RuleInstance {
[INFO] [stdout] 782 + fn only_rule(translation: &Translation) -> &contract::RuleInstance {
[INFO] [stdout]     |
[INFO] [stdout] 
[INFO] [stdout] 
[INFO] [stdout] Some errors have detailed explanations: E0432, E0433.
[INFO] [stdout] 
[INFO] [stdout] For more information about an error, try `rustc --explain E0432`.
[INFO] [stdout] 
[INFO] [stderr] error: could not compile `axioval-ids` (test "translate") due to 9 previous errors
[INFO] running `Command { std: "docker" "inspect" "5b3d5ca7684ecf8faadeafbfa4ec948f8176c7514f161786b1b57c6ed27950c5", kill_on_drop: false }`
[INFO] running `Command { std: "docker" "rm" "-f" "5b3d5ca7684ecf8faadeafbfa4ec948f8176c7514f161786b1b57c6ed27950c5", kill_on_drop: false }`
[INFO] [stdout] 5b3d5ca7684ecf8faadeafbfa4ec948f8176c7514f161786b1b57c6ed27950c5
