[INFO] fetching crate ax-runtime 0.13.5...
[INFO] checking ax-runtime-0.13.5 against 3154cc1a3e6424e44f438a95007d043ed5ceaaf6 for pr-133502-30
[INFO] extracting crate ax-runtime 0.13.5 into /workspace/builds/worker-7-tc2/source
[INFO] started tweaking crates.io crate ax-runtime 0.13.5
[INFO] finished tweaking crates.io crate ax-runtime 0.13.5
[INFO] tweaked toml for crates.io crate ax-runtime 0.13.5 written to /workspace/builds/worker-7-tc2/source/Cargo.toml
[INFO] validating manifest of crates.io crate ax-runtime 0.13.5 on toolchain 3154cc1a3e6424e44f438a95007d043ed5ceaaf6
[INFO] running `Command { std: CARGO_HOME="/workspace/cargo-home" RUSTUP_HOME="/workspace/rustup-home" "/workspace/cargo-home/bin/cargo" "+3154cc1a3e6424e44f438a95007d043ed5ceaaf6" "metadata" "--manifest-path" "Cargo.toml" "--no-deps", kill_on_drop: false }`
[INFO] crate crates.io crate ax-runtime 0.13.5 already has a lockfile, it will not be regenerated
[INFO] running `Command { std: CARGO_HOME="/workspace/cargo-home" RUSTUP_HOME="/workspace/rustup-home" "/workspace/cargo-home/bin/cargo" "+3154cc1a3e6424e44f438a95007d043ed5ceaaf6" "fetch" "--manifest-path" "Cargo.toml", kill_on_drop: false }`
[INFO] running `Command { std: "docker" "create" "-v" "/var/lib/crater-agent-workspace/builds/worker-7-tc2/source:/opt/rustwide/workdir:ro,Z" "-v" "/var/lib/crater-agent-workspace/builds/worker-7-tc2/target:/opt/rustwide/target:rw,Z" "-v" "/var/lib/crater-agent-workspace/cargo-home:/opt/rustwide/cargo-home:ro,Z" "-v" "/var/lib/crater-agent-workspace/rustup-home:/opt/rustwide/rustup-home:ro,Z" "-m" "1610612736" "--network" "none" "ghcr.io/rust-lang/crates-build-env/linux@sha256:77db811e55d90add9212f6832c23229e3de5f1c1f9905e8cb07319ea15df73ac" "sleep" "infinity", kill_on_drop: false }`
[INFO] [stdout] 8b7c8903f133139492dd6c325ed22f4ea23c3c3616f26c7bba6fb5d6d4509bed
[INFO] running `Command { std: "docker" "start" "8b7c8903f133139492dd6c325ed22f4ea23c3c3616f26c7bba6fb5d6d4509bed", kill_on_drop: false }`
[INFO] running `Command { std: "docker" "inspect" "8b7c8903f133139492dd6c325ed22f4ea23c3c3616f26c7bba6fb5d6d4509bed", kill_on_drop: false }`
[INFO] running `Command { std: "docker" "exec" "-e" "SOURCE_DIR=/opt/rustwide/workdir" "-e" "CARGO_HOME=/opt/rustwide/cargo-home" "-e" "RUSTUP_HOME=/opt/rustwide/rustup-home" "-e" "CARGO_TARGET_DIR=/opt/rustwide/target" "-w" "/opt/rustwide/workdir" "--user" "0:0" "8b7c8903f133139492dd6c325ed22f4ea23c3c3616f26c7bba6fb5d6d4509bed" "/opt/rustwide/cargo-home/bin/cargo" "+3154cc1a3e6424e44f438a95007d043ed5ceaaf6" "metadata" "--no-deps" "--format-version=1", kill_on_drop: false }`
[INFO] running `Command { std: "docker" "inspect" "8b7c8903f133139492dd6c325ed22f4ea23c3c3616f26c7bba6fb5d6d4509bed", kill_on_drop: false }`
[INFO] running `Command { std: "docker" "exec" "-e" "SOURCE_DIR=/opt/rustwide/workdir" "-e" "CARGO_HOME=/opt/rustwide/cargo-home" "-e" "RUSTUP_HOME=/opt/rustwide/rustup-home" "-e" "CARGO_TARGET_DIR=/opt/rustwide/target" "-e" "CARGO_INCREMENTAL=0" "-e" "RUST_BACKTRACE=full" "-e" "RUSTFLAGS=--cap-lints=forbid" "-e" "RUSTDOCFLAGS=--cap-lints=forbid" "-w" "/opt/rustwide/workdir" "--user" "0:0" "8b7c8903f133139492dd6c325ed22f4ea23c3c3616f26c7bba6fb5d6d4509bed" "/opt/rustwide/cargo-home/bin/cargo" "+3154cc1a3e6424e44f438a95007d043ed5ceaaf6" "check" "--frozen" "--all" "--all-targets" "--message-format=json", kill_on_drop: false }`
[INFO] [stderr]     Checking bitflags v2.13.2
[INFO] [stderr]     Checking log v0.4.34
[INFO] [stderr]    Compiling heapless v0.9.3
[INFO] [stderr]     Checking as-any v0.3.2
[INFO] [stderr]    Compiling const_fn v0.4.12
[INFO] [stderr]    Compiling proc-macro2 v1.0.107
[INFO] [stderr]     Checking raw-cpuid v10.7.0
[INFO] [stderr]    Compiling x86 v0.52.0
[INFO] [stderr]    Compiling convert_case v0.8.0
[INFO] [stderr]     Checking ax-lazyinit v0.5.1
[INFO] [stderr]     Checking volatile v0.4.6
[INFO] [stderr]     Checking num-align v0.1.0
[INFO] [stderr]     Checking ax-memory-addr v0.7.1
[INFO] [stderr]    Compiling ax-cpu v0.10.3
[INFO] [stderr]     Checking tock-registers v0.10.1
[INFO] [stderr]     Checking spinning_top v0.3.0
[INFO] [stderr]    Compiling cpu-local v0.4.3
[INFO] [stderr]    Compiling num-traits v0.2.19
[INFO] [stderr]    Compiling ax-percpu v0.4.24
[INFO] [stderr]    Compiling anyhow v1.0.104
[INFO] [stderr]    Compiling rust_decimal v1.43.0
[INFO] [stderr]     Checking const-default v1.0.0
[INFO] [stderr]     Checking uguid v2.2.1
[INFO] [stderr]     Checking const-str v1.1.0
[INFO] [stderr]    Compiling ax-alloc v0.9.2
[INFO] [stderr]     Checking rlsf v0.2.3
[INFO] [stderr]     Checking ucs2 v0.3.3
[INFO] [stderr]     Checking mbarrier v0.1.3
[INFO] [stderr]     Checking utf8-width v0.1.9
[INFO] [stderr]     Checking bit v0.1.1
[INFO] [stderr]     Checking pci_types v0.10.1
[INFO] [stderr]     Checking uefi-raw v0.14.0
[INFO] [stderr]    Compiling ax-driver v0.18.1
[INFO] [stderr]    Compiling somehal v0.11.3
[INFO] [stderr]     Checking axpanic v0.1.1
[INFO] [stderr]    Compiling axplat-dyn v0.10.4
[INFO] [stderr]     Checking linux-raw-sys v0.12.1
[INFO] [stderr]     Checking ax-linked-list-r4l v0.5.7
[INFO] [stderr]     Checking axbacktrace v0.4.12
[INFO] [stderr]     Checking ax-sched v0.5.11
[INFO] [stderr]     Checking fdt-parser v0.4.19
[INFO] [stderr]     Checking acpi v6.1.1
[INFO] [stderr]     Checking x86_64 v0.15.5
[INFO] [stderr]    Compiling quote v1.0.47
[INFO] [stderr]     Checking axpoll v0.7.0
[INFO] [stderr]    Compiling syn v3.0.6
[INFO] [stderr]    Compiling syn v2.0.119
[INFO] [stderr]    Compiling ax-hal v0.8.4
[INFO] [stderr]    Compiling ax-runtime v0.13.5 (/opt/rustwide/workdir)
[INFO] [stderr]     Checking chrono v0.4.45
[INFO] [stderr]     Checking byte-unit v5.2.6
[INFO] [stderr]     Checking x2apic v0.5.0
[INFO] [stderr]    Compiling darling_core v0.23.0
[INFO] [stderr]    Compiling prettyplease v0.3.0
[INFO] [stderr]    Compiling derive_more-impl v2.1.1
[INFO] [stderr]    Compiling enum_dispatch v0.3.13
[INFO] [stderr]    Compiling strum_macros v0.27.2
[INFO] [stderr]    Compiling uefi-macros v0.19.0
[INFO] [stderr]    Compiling thiserror-impl v2.0.20
[INFO] [stderr]    Compiling async-trait v0.1.92
[INFO] [stderr]    Compiling trait-ffi-macros v0.4.0
[INFO] [stderr]    Compiling ax-crate-interface v0.5.8
[INFO] [stderr]    Compiling ax-percpu-macros v0.4.12
[INFO] [stderr]    Compiling rdrive-macros v0.4.3
[INFO] [stderr]    Compiling ptr_meta_derive v0.3.2
[INFO] [stderr]    Compiling ax-plat-macros v0.3.10
[INFO] [stderr]    Compiling ax-ctor-bare-macros v0.4.10
[INFO] [stderr]     Checking ax-ctor-bare v0.4.10
[INFO] [stderr]     Checking ptr_meta v0.3.2
[INFO] [stderr]    Compiling someboot v0.7.2
[INFO] [stderr]     Checking ax-sync v0.6.0
[INFO] [stderr]     Checking ax-log v0.6.1
[INFO] [stderr]     Checking uefi v0.37.0
[INFO] [stderr]     Checking buddy-slab-allocator v0.6.1
[INFO] [stderr]     Checking axpoll-set v0.1.1
[INFO] [stderr]     Checking trait-ffi v0.3.1
[INFO] [stderr]     Checking thiserror v2.0.20
[INFO] [stderr]     Checking rdif-def v0.4.1
[INFO] [stderr]     Checking irq-framework v0.5.0
[INFO] [stderr]     Checking page-table-generic v0.9.1
[INFO] [stderr]     Checking fdt-raw v0.3.0
[INFO] [stderr]     Checking rdif-serial v0.10.1
[INFO] [stderr]     Checking ranges-ext v0.6.4
[INFO] [stderr]     Checking ax-task v0.8.4
[INFO] [stderr]     Checking kernutil v0.3.1
[INFO] [stderr]     Checking rdif-base v0.9.1
[INFO] [stderr]     Checking rdif-pcie v0.3.1
[INFO] [stderr]     Checking rdif-reset v0.2.1
[INFO] [stderr]     Checking rdif-clk v0.5.7
[INFO] [stderr]     Checking rdif-power v0.9.1
[INFO] [stderr]     Checking some-serial v0.7.8
[INFO] [stderr]     Checking rdif-msi v0.3.1
[INFO] [stderr]     Checking fdt-edit v0.2.3
[INFO] [stderr]     Checking rdif-intc v0.16.1
[INFO] [stderr]     Checking x86-apic-driver v0.2.0
[INFO] [stderr]     Checking strum v0.27.2
[INFO] [stderr]    Compiling darling_macro v0.23.0
[INFO] [stderr]    Compiling darling v0.23.0
[INFO] [stderr]     Checking rdif-pinctrl v0.2.1
[INFO] [stderr]    Compiling somehal-macros v0.1.7
[INFO] [stderr]     Checking derive_more v2.1.1
[INFO] [stderr]     Checking mmio-api v0.3.1
[INFO] [stderr]     Checking dma-api v0.10.2
[INFO] [stderr]     Checking pcie v0.7.1
[INFO] [stderr]     Checking rdrive v0.25.0
[INFO] [stderr]     Checking ax-plat v0.15.0
[INFO] [stderr]     Checking axklib v0.9.1
[INFO] [stdout] warning: the feature `allocator_api` has been partially stabilized since 1.100.0 and is succeeded by the feature `allocator_ext`
[INFO] [stdout]   --> src/lib.rs:32:12
[INFO] [stdout]    |
[INFO] [stdout] 32 | #![feature(allocator_api)]
[INFO] [stdout]    |            ^^^^^^^^^^^^^
[INFO] [stdout]    |
[INFO] [stdout]    = note: `#[warn(stable_features)]` on by default
[INFO] [stdout] help: if you are using features which are still unstable, change to using `allocator_ext`
[INFO] [stdout]    |
[INFO] [stdout] 32 - #![feature(allocator_api)]
[INFO] [stdout] 32 + #![feature(allocator_ext)]
[INFO] [stdout]    |
[INFO] [stdout] help: if you are using features which are now stable, remove this line
[INFO] [stdout]    |
[INFO] [stdout] 32 - #![feature(allocator_api)]
[INFO] [stdout]    |
[INFO] [stdout] 
[INFO] [stdout] 
[INFO] [stdout] error[E0433]: cannot find `host_test` in `cpu_local`
[INFO] [stdout]    --> src/thread/context.rs:854:32
[INFO] [stdout]     |
[INFO] [stdout] 854 |                     cpu_local::host_test::reset_register_read_counts();
[INFO] [stdout]     |                                ^^^^^^^^^ could not find `host_test` in `cpu_local`
[INFO] [stdout]     |
[INFO] [stdout] note: found an item that was configured out
[INFO] [stdout]    --> /opt/rustwide/cargo-home/registry/src/index.crates.io-1949cf8c6b5b557f/cpu-local-0.4.3/src/lib.rs:45:9
[INFO] [stdout]     |
[INFO] [stdout]  43 | #[cfg(feature = "host-test")]
[INFO] [stdout]     |       --------------------- the item is gated behind the `host-test` feature
[INFO] [stdout]  44 | #[doc(hidden)]
[INFO] [stdout]  45 | pub mod host_test {
[INFO] [stdout]     |         ^^^^^^^^^
[INFO] [stdout] 
[INFO] [stdout] 
[INFO] [stdout] error[E0433]: cannot find `host_test` in `cpu_local`
[INFO] [stdout]    --> src/thread/context.rs:858:44
[INFO] [stdout]     |
[INFO] [stdout] 858 |                     let reads = cpu_local::host_test::register_read_counts();
[INFO] [stdout]     |                                            ^^^^^^^^^ could not find `host_test` in `cpu_local`
[INFO] [stdout]     |
[INFO] [stdout] note: found an item that was configured out
[INFO] [stdout]    --> /opt/rustwide/cargo-home/registry/src/index.crates.io-1949cf8c6b5b557f/cpu-local-0.4.3/src/lib.rs:45:9
[INFO] [stdout]     |
[INFO] [stdout]  43 | #[cfg(feature = "host-test")]
[INFO] [stdout]     |       --------------------- the item is gated behind the `host-test` feature
[INFO] [stdout]  44 | #[doc(hidden)]
[INFO] [stdout]  45 | pub mod host_test {
[INFO] [stdout]     |         ^^^^^^^^^
[INFO] [stdout] 
[INFO] [stdout] 
[INFO] [stdout] error[E0433]: cannot find `host_test` in `cpu_local`
[INFO] [stdout]    --> src/thread/context.rs:897:32
[INFO] [stdout]     |
[INFO] [stdout] 897 |                     cpu_local::host_test::reset_register_read_counts();
[INFO] [stdout]     |                                ^^^^^^^^^ could not find `host_test` in `cpu_local`
[INFO] [stdout]     |
[INFO] [stdout] note: found an item that was configured out
[INFO] [stdout]    --> /opt/rustwide/cargo-home/registry/src/index.crates.io-1949cf8c6b5b557f/cpu-local-0.4.3/src/lib.rs:45:9
[INFO] [stdout]     |
[INFO] [stdout]  43 | #[cfg(feature = "host-test")]
[INFO] [stdout]     |       --------------------- the item is gated behind the `host-test` feature
[INFO] [stdout]  44 | #[doc(hidden)]
[INFO] [stdout]  45 | pub mod host_test {
[INFO] [stdout]     |         ^^^^^^^^^
[INFO] [stdout] 
[INFO] [stdout] 
[INFO] [stdout] error[E0433]: cannot find `host_test` in `cpu_local`
[INFO] [stdout]    --> src/thread/context.rs:903:44
[INFO] [stdout]     |
[INFO] [stdout] 903 |                     let reads = cpu_local::host_test::register_read_counts();
[INFO] [stdout]     |                                            ^^^^^^^^^ could not find `host_test` in `cpu_local`
[INFO] [stdout]     |
[INFO] [stdout] note: found an item that was configured out
[INFO] [stdout]    --> /opt/rustwide/cargo-home/registry/src/index.crates.io-1949cf8c6b5b557f/cpu-local-0.4.3/src/lib.rs:45:9
[INFO] [stdout]     |
[INFO] [stdout]  43 | #[cfg(feature = "host-test")]
[INFO] [stdout]     |       --------------------- the item is gated behind the `host-test` feature
[INFO] [stdout]  44 | #[doc(hidden)]
[INFO] [stdout]  45 | pub mod host_test {
[INFO] [stdout]     |         ^^^^^^^^^
[INFO] [stdout] 
[INFO] [stdout] 
[INFO] [stdout] error[E0433]: cannot find `host_test` in `cpu_local`
[INFO] [stdout]    --> src/thread/context.rs:910:32
[INFO] [stdout]     |
[INFO] [stdout] 910 |                     cpu_local::host_test::reset_register_read_counts();
[INFO] [stdout]     |                                ^^^^^^^^^ could not find `host_test` in `cpu_local`
[INFO] [stdout]     |
[INFO] [stdout] note: found an item that was configured out
[INFO] [stdout]    --> /opt/rustwide/cargo-home/registry/src/index.crates.io-1949cf8c6b5b557f/cpu-local-0.4.3/src/lib.rs:45:9
[INFO] [stdout]     |
[INFO] [stdout]  43 | #[cfg(feature = "host-test")]
[INFO] [stdout]     |       --------------------- the item is gated behind the `host-test` feature
[INFO] [stdout]  44 | #[doc(hidden)]
[INFO] [stdout]  45 | pub mod host_test {
[INFO] [stdout]     |         ^^^^^^^^^
[INFO] [stdout] 
[INFO] [stdout] 
[INFO] [stdout] error[E0433]: cannot find `host_test` in `cpu_local`
[INFO] [stdout]    --> src/thread/context.rs:912:44
[INFO] [stdout]     |
[INFO] [stdout] 912 |                     let reads = cpu_local::host_test::register_read_counts();
[INFO] [stdout]     |                                            ^^^^^^^^^ could not find `host_test` in `cpu_local`
[INFO] [stdout]     |
[INFO] [stdout] note: found an item that was configured out
[INFO] [stdout]    --> /opt/rustwide/cargo-home/registry/src/index.crates.io-1949cf8c6b5b557f/cpu-local-0.4.3/src/lib.rs:45:9
[INFO] [stdout]     |
[INFO] [stdout]  43 | #[cfg(feature = "host-test")]
[INFO] [stdout]     |       --------------------- the item is gated behind the `host-test` feature
[INFO] [stdout]  44 | #[doc(hidden)]
[INFO] [stdout]  45 | pub mod host_test {
[INFO] [stdout]     |         ^^^^^^^^^
[INFO] [stdout] 
[INFO] [stdout] 
[INFO] [stdout] warning: the feature `allocator_api` has been partially stabilized since 1.100.0 and is succeeded by the feature `allocator_ext`
[INFO] [stdout]   --> src/lib.rs:32:12
[INFO] [stdout]    |
[INFO] [stdout] 32 | #![feature(allocator_api)]
[INFO] [stdout]    |            ^^^^^^^^^^^^^
[INFO] [stdout]    |
[INFO] [stdout]    = note: `#[warn(stable_features)]` on by default
[INFO] [stdout] help: if you are using features which are still unstable, change to using `allocator_ext`
[INFO] [stdout]    |
[INFO] [stdout] 32 - #![feature(allocator_api)]
[INFO] [stdout] 32 + #![feature(allocator_ext)]
[INFO] [stdout]    |
[INFO] [stdout] help: if you are using features which are now stable, remove this line
[INFO] [stdout]    |
[INFO] [stdout] 32 - #![feature(allocator_api)]
[INFO] [stdout]    |
[INFO] [stdout] 
[INFO] [stdout] 
[INFO] [stdout] For more information about this error, try `rustc --explain E0433`.
[INFO] [stdout] 
[INFO] [stderr] error: could not compile `ax-runtime` (lib test) due to 6 previous errors; 1 warning emitted
[INFO] [stderr] warning: unused dependency `chrono`
[INFO] [stderr]   --> Cargo.toml:92:15
[INFO] [stderr]    |
[INFO] [stderr] 92 | [dependencies.chrono]
[INFO] [stderr]    |               ^^^^^^^
[INFO] [stderr]    |
[INFO] [stderr]    = note: `cargo::unused_dependencies` is set to `warn` by default
[INFO] [stderr] help: consider removing the dependency on `chrono`
[INFO] [stderr] warning: `ax-runtime` (manifest) generated 1 warning
[INFO] running `Command { std: "docker" "inspect" "8b7c8903f133139492dd6c325ed22f4ea23c3c3616f26c7bba6fb5d6d4509bed", kill_on_drop: false }`
[INFO] running `Command { std: "docker" "rm" "-f" "8b7c8903f133139492dd6c325ed22f4ea23c3c3616f26c7bba6fb5d6d4509bed", kill_on_drop: false }`
[INFO] [stdout] 8b7c8903f133139492dd6c325ed22f4ea23c3c3616f26c7bba6fb5d6d4509bed
