[INFO] fetching crate autoitx 0.1.2...
[INFO] checking autoitx-0.1.2 against 3154cc1a3e6424e44f438a95007d043ed5ceaaf6+rustflags=-Znext-solver=coherence for pr-133502-30
[INFO] extracting crate autoitx 0.1.2 into /workspace/builds/worker-7-tc1/source
[INFO] started tweaking crates.io crate autoitx 0.1.2
[INFO] removed 0 missing examples
[INFO] removed 0 missing tests
[INFO] finished tweaking crates.io crate autoitx 0.1.2
[INFO] tweaked toml for crates.io crate autoitx 0.1.2 written to /workspace/builds/worker-7-tc1/source/Cargo.toml
[INFO] validating manifest of crates.io crate autoitx 0.1.2 on toolchain 3154cc1a3e6424e44f438a95007d043ed5ceaaf6
[INFO] running `Command { std: CARGO_HOME="/workspace/cargo-home" RUSTUP_HOME="/workspace/rustup-home" "/workspace/cargo-home/bin/cargo" "+3154cc1a3e6424e44f438a95007d043ed5ceaaf6" "metadata" "--manifest-path" "Cargo.toml" "--no-deps", kill_on_drop: false }`
[INFO] crate crates.io crate autoitx 0.1.2 already has a lockfile, it will not be regenerated
[INFO] running `Command { std: CARGO_HOME="/workspace/cargo-home" RUSTUP_HOME="/workspace/rustup-home" "/workspace/cargo-home/bin/cargo" "+3154cc1a3e6424e44f438a95007d043ed5ceaaf6" "fetch" "--manifest-path" "Cargo.toml", kill_on_drop: false }`
[INFO] [stderr]     Blocking waiting for file lock on package cache
[INFO] [stderr]     Updating crates.io index
[INFO] [stderr]  Downloading crates ...
[INFO] [stderr]   Downloaded objc2-application-services v0.3.2
[INFO] [stderr]   Downloaded autoitx-sys v0.1.2
[INFO] [stderr]   Downloaded objc2-core-services v0.3.2
[INFO] [stderr]   Downloaded objc2-security v0.3.2
[INFO] running `Command { std: "docker" "create" "-v" "/var/lib/crater-agent-workspace/builds/worker-7-tc1/source:/opt/rustwide/workdir:ro,Z" "-v" "/var/lib/crater-agent-workspace/builds/worker-7-tc1/target:/opt/rustwide/target:rw,Z" "-v" "/var/lib/crater-agent-workspace/cargo-home:/opt/rustwide/cargo-home:ro,Z" "-v" "/var/lib/crater-agent-workspace/rustup-home:/opt/rustwide/rustup-home:ro,Z" "-m" "1610612736" "--network" "none" "ghcr.io/rust-lang/crates-build-env/linux@sha256:77db811e55d90add9212f6832c23229e3de5f1c1f9905e8cb07319ea15df73ac" "sleep" "infinity", kill_on_drop: false }`
[INFO] [stdout] 1f03d92bed595e6269596fd7dfc39c2ff45adfe133466723a1fd0e468bd083b9
[INFO] running `Command { std: "docker" "start" "1f03d92bed595e6269596fd7dfc39c2ff45adfe133466723a1fd0e468bd083b9", kill_on_drop: false }`
[INFO] running `Command { std: "docker" "inspect" "1f03d92bed595e6269596fd7dfc39c2ff45adfe133466723a1fd0e468bd083b9", kill_on_drop: false }`
[INFO] running `Command { std: "docker" "exec" "-e" "SOURCE_DIR=/opt/rustwide/workdir" "-e" "CARGO_HOME=/opt/rustwide/cargo-home" "-e" "RUSTUP_HOME=/opt/rustwide/rustup-home" "-e" "CARGO_TARGET_DIR=/opt/rustwide/target" "-w" "/opt/rustwide/workdir" "--user" "0:0" "1f03d92bed595e6269596fd7dfc39c2ff45adfe133466723a1fd0e468bd083b9" "/opt/rustwide/cargo-home/bin/cargo" "+3154cc1a3e6424e44f438a95007d043ed5ceaaf6" "metadata" "--no-deps" "--format-version=1", kill_on_drop: false }`
[INFO] running `Command { std: "docker" "inspect" "1f03d92bed595e6269596fd7dfc39c2ff45adfe133466723a1fd0e468bd083b9", kill_on_drop: false }`
[INFO] running `Command { std: "docker" "exec" "-e" "SOURCE_DIR=/opt/rustwide/workdir" "-e" "CARGO_HOME=/opt/rustwide/cargo-home" "-e" "RUSTUP_HOME=/opt/rustwide/rustup-home" "-e" "CARGO_TARGET_DIR=/opt/rustwide/target" "-e" "CARGO_INCREMENTAL=0" "-e" "RUST_BACKTRACE=full" "-e" "RUSTFLAGS=--cap-lints=forbid -Znext-solver=coherence" "-e" "RUSTDOCFLAGS=--cap-lints=forbid" "-w" "/opt/rustwide/workdir" "--user" "0:0" "1f03d92bed595e6269596fd7dfc39c2ff45adfe133466723a1fd0e468bd083b9" "/opt/rustwide/cargo-home/bin/cargo" "+3154cc1a3e6424e44f438a95007d043ed5ceaaf6" "check" "--frozen" "--all" "--all-targets" "--message-format=json", kill_on_drop: false }`
[INFO] [stderr]    Compiling syn v3.0.3
[INFO] [stderr]     Checking smallvec v1.15.2
[INFO] [stderr]     Checking bitflags v2.13.1
[INFO] [stderr]     Checking libloading v0.8.9
[INFO] [stderr]     Checking parking_lot_core v0.9.12
[INFO] [stderr]     Checking parking_lot v0.12.5
[INFO] [stderr]    Compiling thiserror-impl v2.0.19
[INFO] [stderr]     Checking thiserror v2.0.19
[INFO] [stderr]     Checking autoitx-sys v0.1.2
[INFO] [stderr]     Checking autoitx v0.1.2 (/opt/rustwide/workdir)
[INFO] [stdout] error[E0433]: cannot find `AutoIt` in `autoitx`
[INFO] [stdout]   --> examples/diagnose.rs:30:20
[INFO] [stdout]    |
[INFO] [stdout] 30 |     match autoitx::AutoIt::new() {
[INFO] [stdout]    |                    ^^^^^^ could not find `AutoIt` in `autoitx`
[INFO] [stdout]    |
[INFO] [stdout] note: found an item that was configured out
[INFO] [stdout]   --> src/lib.rs:85:18
[INFO] [stdout]    |
[INFO] [stdout] 84 | #[cfg(any(windows, target_os = "macos", feature = "mock-loader", docsrs))]
[INFO] [stdout]    |          --------------------------------------------------------------- the item is gated here
[INFO] [stdout] 85 | pub use autoit::{AutoIt, AutoItBuilder, MouseButton, Session, WinCondition};
[INFO] [stdout]    |                  ^^^^^^
[INFO] [stdout] 
[INFO] [stdout] 
[INFO] [stdout] For more information about this error, try `rustc --explain E0433`.
[INFO] [stdout] 
[INFO] [stderr] error: could not compile `autoitx` (example "diagnose") due to 1 previous error
[INFO] [stderr] warning: build failed, waiting for other jobs to finish...
[INFO] [stdout] error[E0432]: unresolved import `autoitx::AutoIt`
[INFO] [stdout]   --> examples/anchored_click.rs:14:15
[INFO] [stdout]    |
[INFO] [stdout] 14 | use autoitx::{AutoIt, Selector};
[INFO] [stdout]    |               ^^^^^^ no `AutoIt` in the root
[INFO] [stdout]    |
[INFO] [stdout] note: found an item that was configured out
[INFO] [stdout]   --> src/lib.rs:85:18
[INFO] [stdout]    |
[INFO] [stdout] 84 | #[cfg(any(windows, target_os = "macos", feature = "mock-loader", docsrs))]
[INFO] [stdout]    |          --------------------------------------------------------------- the item is gated here
[INFO] [stdout] 85 | pub use autoit::{AutoIt, AutoItBuilder, MouseButton, Session, WinCondition};
[INFO] [stdout]    |                  ^^^^^^
[INFO] [stdout] 
[INFO] [stdout] 
[INFO] [stdout] error[E0432]: unresolved imports `autoitx::AutoIt`, `autoitx::recipes`
[INFO] [stdout]    --> examples/read_field.rs:21:15
[INFO] [stdout]     |
[INFO] [stdout]  21 | use autoitx::{AutoIt, keys, recipes};
[INFO] [stdout]     |               ^^^^^^        ^^^^^^^ no `recipes` in the root
[INFO] [stdout]     |               |
[INFO] [stdout]     |               no `AutoIt` in the root
[INFO] [stdout]     |
[INFO] [stdout] note: found an item that was configured out
[INFO] [stdout]    --> src/lib.rs:85:18
[INFO] [stdout]     |
[INFO] [stdout]  84 | #[cfg(any(windows, target_os = "macos", feature = "mock-loader", docsrs))]
[INFO] [stdout]     |          --------------------------------------------------------------- the item is gated here
[INFO] [stdout]  85 | pub use autoit::{AutoIt, AutoItBuilder, MouseButton, Session, WinCondition};
[INFO] [stdout]     |                  ^^^^^^
[INFO] [stdout] note: found an item that was configured out
[INFO] [stdout]    --> src/lib.rs:155:9
[INFO] [stdout]     |
[INFO] [stdout] 154 | #[cfg(any(windows, target_os = "macos", feature = "mock-loader", docsrs))]
[INFO] [stdout]     |          --------------------------------------------------------------- the item is gated here
[INFO] [stdout] 155 | pub mod recipes;
[INFO] [stdout]     |         ^^^^^^^
[INFO] [stdout] 
[INFO] [stdout] 
[INFO] [stdout] For more information about this error, try `rustc --explain E0432`.
[INFO] [stdout] 
[INFO] [stderr] error: could not compile `autoitx` (example "anchored_click") due to 1 previous error
[INFO] [stdout] For more information about this error, try `rustc --explain E0432`.
[INFO] [stdout] 
[INFO] [stderr] error: could not compile `autoitx` (example "read_field") due to 1 previous error
[INFO] [stdout] error[E0432]: unresolved import `autoitx::AutoIt`
[INFO] [stdout]   --> examples/list_windows.rs:12:15
[INFO] [stdout]    |
[INFO] [stdout] 12 | use autoitx::{AutoIt, Selector};
[INFO] [stdout]    |               ^^^^^^ no `AutoIt` in the root
[INFO] [stdout]    |
[INFO] [stdout] note: found an item that was configured out
[INFO] [stdout]   --> src/lib.rs:85:18
[INFO] [stdout]    |
[INFO] [stdout] 84 | #[cfg(any(windows, target_os = "macos", feature = "mock-loader", docsrs))]
[INFO] [stdout]    |          --------------------------------------------------------------- the item is gated here
[INFO] [stdout] 85 | pub use autoit::{AutoIt, AutoItBuilder, MouseButton, Session, WinCondition};
[INFO] [stdout]    |                  ^^^^^^
[INFO] [stdout] 
[INFO] [stdout] 
[INFO] [stdout] error[E0432]: unresolved imports `autoitx::AutoIt`, `autoitx::recipes`
[INFO] [stdout]    --> examples/port_from_csharp.rs:14:15
[INFO] [stdout]     |
[INFO] [stdout]  14 | use autoitx::{AutoIt, Keys, Selector, keys, recipes};
[INFO] [stdout]     |               ^^^^^^                        ^^^^^^^ no `recipes` in the root
[INFO] [stdout]     |               |
[INFO] [stdout]     |               no `AutoIt` in the root
[INFO] [stdout]     |
[INFO] [stdout] note: found an item that was configured out
[INFO] [stdout]    --> src/lib.rs:85:18
[INFO] [stdout]     |
[INFO] [stdout]  84 | #[cfg(any(windows, target_os = "macos", feature = "mock-loader", docsrs))]
[INFO] [stdout]     |          --------------------------------------------------------------- the item is gated here
[INFO] [stdout]  85 | pub use autoit::{AutoIt, AutoItBuilder, MouseButton, Session, WinCondition};
[INFO] [stdout]     |                  ^^^^^^
[INFO] [stdout] note: found an item that was configured out
[INFO] [stdout]    --> src/lib.rs:155:9
[INFO] [stdout]     |
[INFO] [stdout] 154 | #[cfg(any(windows, target_os = "macos", feature = "mock-loader", docsrs))]
[INFO] [stdout]     |          --------------------------------------------------------------- the item is gated here
[INFO] [stdout] 155 | pub mod recipes;
[INFO] [stdout]     |         ^^^^^^^
[INFO] [stdout] 
[INFO] [stdout] 
[INFO] [stdout] error[E0432]: unresolved imports `autoitx::AutoIt`, `autoitx::recipes`
[INFO] [stdout]    --> examples/wait_until_ready.rs:15:15
[INFO] [stdout]     |
[INFO] [stdout]  15 | use autoitx::{AutoIt, recipes};
[INFO] [stdout]     |               ^^^^^^  ^^^^^^^ no `recipes` in the root
[INFO] [stdout]     |               |
[INFO] [stdout]     |               no `AutoIt` in the root
[INFO] [stdout]     |
[INFO] [stdout] note: found an item that was configured out
[INFO] [stdout]    --> src/lib.rs:85:18
[INFO] [stdout]     |
[INFO] [stdout]  84 | #[cfg(any(windows, target_os = "macos", feature = "mock-loader", docsrs))]
[INFO] [stdout]     |          --------------------------------------------------------------- the item is gated here
[INFO] [stdout]  85 | pub use autoit::{AutoIt, AutoItBuilder, MouseButton, Session, WinCondition};
[INFO] [stdout]     |                  ^^^^^^
[INFO] [stdout] note: found an item that was configured out
[INFO] [stdout]    --> src/lib.rs:155:9
[INFO] [stdout]     |
[INFO] [stdout] 154 | #[cfg(any(windows, target_os = "macos", feature = "mock-loader", docsrs))]
[INFO] [stdout]     |          --------------------------------------------------------------- the item is gated here
[INFO] [stdout] 155 | pub mod recipes;
[INFO] [stdout]     |         ^^^^^^^
[INFO] [stdout] 
[INFO] [stdout] 
[INFO] [stdout] For more information about this error, try `rustc --explain E0432`.
[INFO] [stdout] 
[INFO] [stdout] For more information about this error, try `rustc --explain E0432`.
[INFO] [stdout] 
[INFO] [stdout] error[E0277]: the size for values of type `str` cannot be known at compilation time
[INFO] [stdout]   --> examples/list_windows.rs:26:12
[INFO] [stdout]    |
[INFO] [stdout] 26 |         Ok(title) => {
[INFO] [stdout]    |            ^^^^^ doesn't have a size known at compile-time
[INFO] [stdout]    |
[INFO] [stdout]    = help: the trait `Sized` is not implemented for `str`
[INFO] [stdout]    = note: all local variables must have a statically known size
[INFO] [stdout] 
[INFO] [stdout] 
[INFO] [stderr] error: could not compile `autoitx` (example "port_from_csharp") due to 1 previous error
[INFO] [stdout] error[E0277]: the size for values of type `str` cannot be known at compilation time
[INFO] [stdout]   --> examples/list_windows.rs:30:32
[INFO] [stdout]    |
[INFO] [stdout] 30 |             println!("  title  {title:?}");
[INFO] [stdout]    |                                ^^^^^^^^^ doesn't have a size known at compile-time
[INFO] [stdout]    |
[INFO] [stdout]    = help: the trait `Sized` is not implemented for `str`
[INFO] [stdout] 
[INFO] [stdout] 
[INFO] [stderr] error: could not compile `autoitx` (example "wait_until_ready") due to 1 previous error
[INFO] [stdout] Some errors have detailed explanations: E0277, E0432.
[INFO] [stdout] 
[INFO] [stdout] For more information about an error, try `rustc --explain E0277`.
[INFO] [stdout] 
[INFO] [stderr] error: could not compile `autoitx` (example "list_windows") due to 3 previous errors
[INFO] [stderr] warning: unused dependency `parking_lot`
[INFO] [stderr]   --> Cargo.toml:10:15
[INFO] [stderr]    |
[INFO] [stderr] 10 | [dependencies.parking_lot]
[INFO] [stderr]    |               ^^^^^^^^^^^^
[INFO] [stderr]    |
[INFO] [stderr]    = note: `cargo::unused_dependencies` is set to `warn` by default
[INFO] [stderr] help: consider removing the dependency on `parking_lot`
[INFO] [stderr] warning: `autoitx` (manifest) generated 1 warning
[INFO] running `Command { std: "docker" "inspect" "1f03d92bed595e6269596fd7dfc39c2ff45adfe133466723a1fd0e468bd083b9", kill_on_drop: false }`
[INFO] running `Command { std: "docker" "rm" "-f" "1f03d92bed595e6269596fd7dfc39c2ff45adfe133466723a1fd0e468bd083b9", kill_on_drop: false }`
[INFO] [stdout] 1f03d92bed595e6269596fd7dfc39c2ff45adfe133466723a1fd0e468bd083b9
