[INFO] fetching crate autd3-rs-pattern-holo-wgpu 0.9.0...
[INFO] checking autd3-rs-pattern-holo-wgpu-0.9.0 against 3154cc1a3e6424e44f438a95007d043ed5ceaaf6 for pr-133502-30
[INFO] extracting crate autd3-rs-pattern-holo-wgpu 0.9.0 into /workspace/builds/worker-2-tc2/source
[INFO] started tweaking crates.io crate autd3-rs-pattern-holo-wgpu 0.9.0
[INFO] removed 0 missing tests
[INFO] finished tweaking crates.io crate autd3-rs-pattern-holo-wgpu 0.9.0
[INFO] tweaked toml for crates.io crate autd3-rs-pattern-holo-wgpu 0.9.0 written to /workspace/builds/worker-2-tc2/source/Cargo.toml
[INFO] validating manifest of crates.io crate autd3-rs-pattern-holo-wgpu 0.9.0 on toolchain 3154cc1a3e6424e44f438a95007d043ed5ceaaf6
[INFO] running `Command { std: CARGO_HOME="/workspace/cargo-home" RUSTUP_HOME="/workspace/rustup-home" "/workspace/cargo-home/bin/cargo" "+3154cc1a3e6424e44f438a95007d043ed5ceaaf6" "metadata" "--manifest-path" "Cargo.toml" "--no-deps", kill_on_drop: false }`
[INFO] crate crates.io crate autd3-rs-pattern-holo-wgpu 0.9.0 already has a lockfile, it will not be regenerated
[INFO] running `Command { std: CARGO_HOME="/workspace/cargo-home" RUSTUP_HOME="/workspace/rustup-home" "/workspace/cargo-home/bin/cargo" "+3154cc1a3e6424e44f438a95007d043ed5ceaaf6" "fetch" "--manifest-path" "Cargo.toml", kill_on_drop: false }`
[INFO] running `Command { std: "docker" "create" "-v" "/var/lib/crater-agent-workspace/builds/worker-2-tc2/source:/opt/rustwide/workdir:ro,Z" "-v" "/var/lib/crater-agent-workspace/builds/worker-2-tc2/target:/opt/rustwide/target:rw,Z" "-v" "/var/lib/crater-agent-workspace/cargo-home:/opt/rustwide/cargo-home:ro,Z" "-v" "/var/lib/crater-agent-workspace/rustup-home:/opt/rustwide/rustup-home:ro,Z" "-m" "1610612736" "--network" "none" "ghcr.io/rust-lang/crates-build-env/linux@sha256:77db811e55d90add9212f6832c23229e3de5f1c1f9905e8cb07319ea15df73ac" "sleep" "infinity", kill_on_drop: false }`
[INFO] [stdout] 79742494d9e8b6460ac84693dcce28754ed5f9dbaad149dccd507fa2995541d2
[INFO] running `Command { std: "docker" "start" "79742494d9e8b6460ac84693dcce28754ed5f9dbaad149dccd507fa2995541d2", kill_on_drop: false }`
[INFO] running `Command { std: "docker" "inspect" "79742494d9e8b6460ac84693dcce28754ed5f9dbaad149dccd507fa2995541d2", kill_on_drop: false }`
[INFO] running `Command { std: "docker" "exec" "-e" "SOURCE_DIR=/opt/rustwide/workdir" "-e" "CARGO_HOME=/opt/rustwide/cargo-home" "-e" "RUSTUP_HOME=/opt/rustwide/rustup-home" "-e" "CARGO_TARGET_DIR=/opt/rustwide/target" "-w" "/opt/rustwide/workdir" "--user" "0:0" "79742494d9e8b6460ac84693dcce28754ed5f9dbaad149dccd507fa2995541d2" "/opt/rustwide/cargo-home/bin/cargo" "+3154cc1a3e6424e44f438a95007d043ed5ceaaf6" "metadata" "--no-deps" "--format-version=1", kill_on_drop: false }`
[INFO] running `Command { std: "docker" "inspect" "79742494d9e8b6460ac84693dcce28754ed5f9dbaad149dccd507fa2995541d2", kill_on_drop: false }`
[INFO] running `Command { std: "docker" "exec" "-e" "SOURCE_DIR=/opt/rustwide/workdir" "-e" "CARGO_HOME=/opt/rustwide/cargo-home" "-e" "RUSTUP_HOME=/opt/rustwide/rustup-home" "-e" "CARGO_TARGET_DIR=/opt/rustwide/target" "-e" "CARGO_INCREMENTAL=0" "-e" "RUST_BACKTRACE=full" "-e" "RUSTFLAGS=--cap-lints=forbid" "-e" "RUSTDOCFLAGS=--cap-lints=forbid" "-w" "/opt/rustwide/workdir" "--user" "0:0" "79742494d9e8b6460ac84693dcce28754ed5f9dbaad149dccd507fa2995541d2" "/opt/rustwide/cargo-home/bin/cargo" "+3154cc1a3e6424e44f438a95007d043ed5ceaaf6" "check" "--frozen" "--all" "--all-targets" "--message-format=json", kill_on_drop: false }`
[INFO] [stderr]    Compiling unicode-ident v1.0.24
[INFO] [stderr]    Compiling libm v0.2.16
[INFO] [stderr]    Compiling libc v0.2.189
[INFO] [stderr]    Compiling cfg_aliases v0.2.2
[INFO] [stderr]    Compiling num-traits v0.2.19
[INFO] [stderr]    Compiling thiserror v2.0.19
[INFO] [stderr]    Compiling zerocopy v0.8.55
[INFO] [stderr]     Checking foldhash v0.2.0
[INFO] [stderr]     Checking bitflags v2.13.1
[INFO] [stderr]    Compiling proc-macro2 v1.0.107
[INFO] [stderr]     Checking log v0.4.33
[INFO] [stderr]     Checking once_cell v1.21.4
[INFO] [stderr]     Checking hashbrown v0.17.1
[INFO] [stderr]     Checking rustc-hash v1.1.0
[INFO] [stderr]    Compiling naga v30.0.0
[INFO] [stderr]     Checking bit-vec v0.9.1
[INFO] [stderr]    Compiling ash v0.38.0+1.3.281
[INFO] [stderr]    Compiling crossbeam-utils v0.8.22
[INFO] [stderr]     Checking unicode-width v0.2.2
[INFO] [stderr]     Checking spirv v0.4.0+sdk-1.4.341.0
[INFO] [stderr]     Checking bit-set v0.10.0
[INFO] [stderr]     Checking libloading v0.8.9
[INFO] [stderr]     Checking codespan-reporting v0.13.1
[INFO] [stderr]     Checking smallvec v1.15.2
[INFO] [stderr]    Compiling quote v1.0.47
[INFO] [stderr]    Compiling syn v2.0.119
[INFO] [stderr]    Compiling syn v3.0.3
[INFO] [stderr]    Compiling crossbeam-epoch v0.9.20
[INFO] [stderr]     Checking raw-window-handle v0.6.2
[INFO] [stderr]     Checking indexmap v2.14.0
[INFO] [stderr]     Checking arrayvec v0.7.8
[INFO] [stderr]     Checking hashbrown v0.16.1
[INFO] [stderr]     Checking parking_lot_core v0.9.12
[INFO] [stderr]    Compiling wgpu-hal v30.0.0
[INFO] [stderr]    Compiling matrixmultiply v0.3.11
[INFO] [stderr]     Checking presser v0.3.1
[INFO] [stderr]    Compiling crossbeam-deque v0.8.7
[INFO] [stderr]     Checking ordered-float v5.3.0
[INFO] [stderr]     Checking approx v0.5.1
[INFO] [stderr]     Checking num-integer v0.1.46
[INFO] [stderr]     Checking num-complex v0.4.6
[INFO] [stderr]     Checking parking_lot v0.12.5
[INFO] [stderr]    Compiling rayon-core v1.13.0
[INFO] [stderr]    Compiling getrandom v0.4.3
[INFO] [stderr]     Checking profiling v1.0.18
[INFO] [stderr]     Checking rawpointer v0.2.1
[INFO] [stderr]     Checking renderdoc-sys v1.1.0
[INFO] [stderr]     Checking rand_core v0.10.1
[INFO] [stderr]     Checking num-rational v0.4.2
[INFO] [stderr]     Checking num_cpus v1.17.0
[INFO] [stderr]     Checking tracing-core v0.1.36
[INFO] [stderr]    Compiling wgpu-core v30.0.0
[INFO] [stderr]     Checking typenum v1.20.1
[INFO] [stderr]    Compiling litrs v1.0.0
[INFO] [stderr]     Checking pin-project-lite v0.2.17
[INFO] [stderr]     Checking cpufeatures v0.3.0
[INFO] [stderr]     Checking chacha20 v0.10.2
[INFO] [stderr]     Checking tracing v0.1.44
[INFO] [stderr]     Checking core_affinity v0.8.3
[INFO] [stderr]     Checking thread-priority v3.1.1
[INFO] [stderr]     Checking chrono v0.4.45
[INFO] [stderr]    Compiling document-features v0.2.12
[INFO] [stderr]    Compiling wgpu v30.0.0
[INFO] [stderr]    Compiling thiserror-impl v2.0.19
[INFO] [stderr]     Checking either v1.17.0
[INFO] [stderr]     Checking rayon v1.12.0
[INFO] [stderr]     Checking rand v0.10.2
[INFO] [stderr]     Checking pollster v1.0.1
[INFO] [stderr]     Checking naga-types v30.0.0
[INFO] [stderr]    Compiling bytemuck_derive v1.11.0
[INFO] [stderr]    Compiling zerocopy-derive v0.8.55
[INFO] [stderr]     Checking bytemuck v1.25.2
[INFO] [stderr]     Checking wgpu-types v30.0.0
[INFO] [stderr]     Checking safe_arch v1.1.0
[INFO] [stderr]     Checking wide v1.5.0
[INFO] [stderr]     Checking simba v0.10.0
[INFO] [stderr]     Checking half v2.7.1
[INFO] [stderr]     Checking autd3-cpu-wire v0.9.0
[INFO] [stderr]     Checking nalgebra v0.35.0
[INFO] [stderr]     Checking gpu-allocator v0.28.0
[INFO] [stderr]     Checking wgpu-naga-bridge v30.0.0
[INFO] [stderr]     Checking autd3-rs-core v0.9.0
[INFO] [stderr]     Checking autd3-rs-pattern-holo v0.9.0
[INFO] [stderr]     Checking wgpu-core-deps-windows-linux-android v30.0.0
[INFO] [stderr]     Checking autd3-rs-pattern-holo-wgpu v0.9.0 (/opt/rustwide/workdir)
[INFO] [stdout] error[E0433]: cannot find module or crate `autd3_rs_pattern` in this scope
[INFO] [stdout]   --> tests/parity.rs:76:14
[INFO] [stdout]    |
[INFO] [stdout] 76 |     let wl = autd3_rs_pattern::wavelength(340.0 * m / s);
[INFO] [stdout]    |              ^^^^^^^^^^^^^^^^ use of unresolved module or unlinked crate `autd3_rs_pattern`
[INFO] [stdout]    |
[INFO] [stdout] help: there is a crate or module with a similar name
[INFO] [stdout]    |
[INFO] [stdout] 76 |     let wl = autd3_rs_pattern_holo::wavelength(340.0 * m / s);
[INFO] [stdout]    |                              +++++
[INFO] [stdout] 
[INFO] [stdout] 
[INFO] [stdout] error[E0433]: cannot find module or crate `autd3_rs_pattern` in this scope
[INFO] [stdout]   --> tests/throughput.rs:15:14
[INFO] [stdout]    |
[INFO] [stdout] 15 |     let wl = autd3_rs_pattern::wavelength(340.0 * m / s);
[INFO] [stdout]    |              ^^^^^^^^^^^^^^^^ use of unresolved module or unlinked crate `autd3_rs_pattern`
[INFO] [stdout]    |
[INFO] [stdout] help: there is a crate or module with a similar name
[INFO] [stdout]    |
[INFO] [stdout] 15 |     let wl = autd3_rs_pattern_holo::wavelength(340.0 * m / s);
[INFO] [stdout]    |                              +++++
[INFO] [stdout] 
[INFO] [stdout] 
[INFO] [stdout] error[E0433]: cannot find module or crate `autd3_rs_pattern` in this scope
[INFO] [stdout]    --> tests/parity.rs:124:14
[INFO] [stdout]     |
[INFO] [stdout] 124 |     let wl = autd3_rs_pattern::wavelength(340.0 * m / s);
[INFO] [stdout]     |              ^^^^^^^^^^^^^^^^ use of unresolved module or unlinked crate `autd3_rs_pattern`
[INFO] [stdout]     |
[INFO] [stdout] help: there is a crate or module with a similar name
[INFO] [stdout]     |
[INFO] [stdout] 124 |     let wl = autd3_rs_pattern_holo::wavelength(340.0 * m / s);
[INFO] [stdout]     |                              +++++
[INFO] [stdout] 
[INFO] [stdout] 
[INFO] [stdout] For more information about this error, try `rustc --explain E0433`.
[INFO] [stdout] 
[INFO] [stdout] error[E0433]: cannot find module or crate `autd3_rs_pattern` in this scope
[INFO] [stdout]   --> tests/throughput.rs:69:14
[INFO] [stdout]    |
[INFO] [stdout] 69 |     let wl = autd3_rs_pattern::wavelength(340.0 * m / s);
[INFO] [stdout]    |              ^^^^^^^^^^^^^^^^ use of unresolved module or unlinked crate `autd3_rs_pattern`
[INFO] [stdout]    |
[INFO] [stdout] help: there is a crate or module with a similar name
[INFO] [stdout]    |
[INFO] [stdout] 69 |     let wl = autd3_rs_pattern_holo::wavelength(340.0 * m / s);
[INFO] [stdout]    |                              +++++
[INFO] [stdout] 
[INFO] [stdout] 
[INFO] [stderr] error: could not compile `autd3-rs-pattern-holo-wgpu` (test "parity") due to 2 previous errors
[INFO] [stderr] warning: build failed, waiting for other jobs to finish...
[INFO] [stdout] For more information about this error, try `rustc --explain E0433`.
[INFO] [stdout] 
[INFO] [stderr] error: could not compile `autd3-rs-pattern-holo-wgpu` (test "throughput") due to 2 previous errors
[INFO] [stdout] error[E0433]: cannot find module or crate `autd3_rs_pattern` in this scope
[INFO] [stdout]   --> tests/dispatch_cost.rs:41:52
[INFO] [stdout]    |
[INFO] [stdout] 41 |     let wavenumber = 2.0 * core::f32::consts::PI / autd3_rs_pattern::wavelength(340.0 * m / s).mm();
[INFO] [stdout]    |                                                    ^^^^^^^^^^^^^^^^ use of unresolved module or unlinked crate `autd3_rs_pattern`
[INFO] [stdout]    |
[INFO] [stdout] help: there is a crate or module with a similar name
[INFO] [stdout]    |
[INFO] [stdout] 41 |     let wavenumber = 2.0 * core::f32::consts::PI / autd3_rs_pattern_holo::wavelength(340.0 * m / s).mm();
[INFO] [stdout]    |                                                                    +++++
[INFO] [stdout] 
[INFO] [stdout] 
[INFO] [stdout] error[E0433]: cannot find module or crate `autd3_rs_pattern` in this scope
[INFO] [stdout]    --> tests/batch_parity.rs:190:14
[INFO] [stdout]     |
[INFO] [stdout] 190 |     let wl = autd3_rs_pattern::wavelength(340.0 * m / s);
[INFO] [stdout]     |              ^^^^^^^^^^^^^^^^ use of unresolved module or unlinked crate `autd3_rs_pattern`
[INFO] [stdout]     |
[INFO] [stdout] help: there is a crate or module with a similar name
[INFO] [stdout]     |
[INFO] [stdout] 190 |     let wl = autd3_rs_pattern_holo::wavelength(340.0 * m / s);
[INFO] [stdout]     |                              +++++
[INFO] [stdout] 
[INFO] [stdout] 
[INFO] [stdout] error[E0433]: cannot find module or crate `autd3_rs_pattern` in this scope
[INFO] [stdout]    --> tests/batch_parity.rs:244:14
[INFO] [stdout]     |
[INFO] [stdout] 244 |     let wl = autd3_rs_pattern::wavelength(340.0 * m / s);
[INFO] [stdout]     |              ^^^^^^^^^^^^^^^^ use of unresolved module or unlinked crate `autd3_rs_pattern`
[INFO] [stdout]     |
[INFO] [stdout] help: there is a crate or module with a similar name
[INFO] [stdout]     |
[INFO] [stdout] 244 |     let wl = autd3_rs_pattern_holo::wavelength(340.0 * m / s);
[INFO] [stdout]     |                              +++++
[INFO] [stdout] 
[INFO] [stdout] 
[INFO] [stdout] For more information about this error, try `rustc --explain E0433`.
[INFO] [stdout] 
[INFO] [stdout] For more information about this error, try `rustc --explain E0433`.
[INFO] [stdout] 
[INFO] [stderr] error: could not compile `autd3-rs-pattern-holo-wgpu` (test "dispatch_cost") due to 1 previous error
[INFO] [stderr] error: could not compile `autd3-rs-pattern-holo-wgpu` (test "batch_parity") due to 2 previous errors
[INFO] running `Command { std: "docker" "inspect" "79742494d9e8b6460ac84693dcce28754ed5f9dbaad149dccd507fa2995541d2", kill_on_drop: false }`
[INFO] running `Command { std: "docker" "rm" "-f" "79742494d9e8b6460ac84693dcce28754ed5f9dbaad149dccd507fa2995541d2", kill_on_drop: false }`
[INFO] [stdout] 79742494d9e8b6460ac84693dcce28754ed5f9dbaad149dccd507fa2995541d2
