[INFO] fetching crate audiovert 0.0.6...
[INFO] checking audiovert-0.0.6 against 3154cc1a3e6424e44f438a95007d043ed5ceaaf6+rustflags=-Znext-solver=coherence for pr-133502-30
[INFO] extracting crate audiovert 0.0.6 into /workspace/builds/worker-0-tc1/source
[INFO] started tweaking crates.io crate audiovert 0.0.6
[INFO] finished tweaking crates.io crate audiovert 0.0.6
[INFO] tweaked toml for crates.io crate audiovert 0.0.6 written to /workspace/builds/worker-0-tc1/source/Cargo.toml
[INFO] validating manifest of crates.io crate audiovert 0.0.6 on toolchain 3154cc1a3e6424e44f438a95007d043ed5ceaaf6
[INFO] running `Command { std: CARGO_HOME="/workspace/cargo-home" RUSTUP_HOME="/workspace/rustup-home" "/workspace/cargo-home/bin/cargo" "+3154cc1a3e6424e44f438a95007d043ed5ceaaf6" "metadata" "--manifest-path" "Cargo.toml" "--no-deps", kill_on_drop: false }`
[INFO] crate crates.io crate audiovert 0.0.6 already has a lockfile, it will not be regenerated
[INFO] running `Command { std: CARGO_HOME="/workspace/cargo-home" RUSTUP_HOME="/workspace/rustup-home" "/workspace/cargo-home/bin/cargo" "+3154cc1a3e6424e44f438a95007d043ed5ceaaf6" "fetch" "--manifest-path" "Cargo.toml", kill_on_drop: false }`
[INFO] [stderr] warning: `package.homepage` is redundant with `package.repository`
[INFO] [stderr]   --> Cargo.toml:52:12
[INFO] [stderr]    |
[INFO] [stderr] 52 | homepage = "https://github.com/udoprog/mediavert"
[INFO] [stderr]    |            ^^^^^^^^^^^^^^^^^^^^^^^^^^^^^^^^^^^^^^
[INFO] [stderr] ...
[INFO] [stderr] 57 | repository = "https://github.com/udoprog/mediavert"
[INFO] [stderr]    |              --------------------------------------
[INFO] [stderr]    |
[INFO] [stderr]    = note: `cargo::redundant_homepage` is set to `warn` by default
[INFO] [stderr] help: consider removing `package.homepage`
[INFO] [stderr] warning: `audiovert` (manifest) generated 1 warning
[INFO] [stderr]     Updating crates.io index
[INFO] [stderr]  Downloading crates ...
[INFO] [stderr]   Downloaded simd-adler32 v0.3.8
[INFO] [stderr]   Downloaded ppmd-rust v1.3.0
[INFO] [stderr]   Downloaded lofty_attr v0.11.1
[INFO] [stderr]   Downloaded terminal_size v0.4.3
[INFO] [stderr]   Downloaded ogg_pager v0.7.0
[INFO] [stderr]   Downloaded clap_lex v0.7.6
[INFO] [stderr]   Downloaded relative-path v2.0.1
[INFO] [stderr]   Downloaded anstream v0.6.21
[INFO] [stderr]   Downloaded deflate64 v0.1.10
[INFO] [stderr]   Downloaded flate2 v1.1.5
[INFO] [stderr]   Downloaded clap_derive v4.5.49
[INFO] [stderr]   Downloaded unrar v0.5.8
[INFO] [stderr]   Downloaded libz-rs-sys v0.5.4
[INFO] [stderr]   Downloaded ignore v0.4.25
[INFO] [stderr]   Downloaded clap v4.5.53
[INFO] [stderr]   Downloaded libbz2-rs-sys v0.2.2
[INFO] [stderr]   Downloaded jiff-tzdb v0.1.5
[INFO] [stderr]   Downloaded jiff-static v0.2.16
[INFO] [stderr]   Downloaded zip v6.0.0
[INFO] [stderr]   Downloaded clap_builder v4.5.53
[INFO] [stderr]   Downloaded lzma-rust2 v0.13.0
[INFO] [stderr]   Downloaded zlib-rs v0.5.4
[INFO] [stderr]   Downloaded lzma-rust2 v0.15.4
[INFO] [stderr]   Downloaded lofty v0.22.4
[INFO] [stderr]   Downloaded unrar_sys v0.5.8
[INFO] [stderr]   Downloaded jiff v0.2.16
[INFO] [stderr]   Downloaded sevenz-rust2 v0.20.0
[INFO] running `Command { std: "docker" "create" "-v" "/var/lib/crater-agent-workspace/builds/worker-0-tc1/source:/opt/rustwide/workdir:ro,Z" "-v" "/var/lib/crater-agent-workspace/builds/worker-0-tc1/target:/opt/rustwide/target:rw,Z" "-v" "/var/lib/crater-agent-workspace/cargo-home:/opt/rustwide/cargo-home:ro,Z" "-v" "/var/lib/crater-agent-workspace/rustup-home:/opt/rustwide/rustup-home:ro,Z" "-m" "1610612736" "--network" "none" "ghcr.io/rust-lang/crates-build-env/linux@sha256:77db811e55d90add9212f6832c23229e3de5f1c1f9905e8cb07319ea15df73ac" "sleep" "infinity", kill_on_drop: false }`
[INFO] [stdout] 6377734490acc1a3cf776f5d5278783d0d3a58ef489afaa69624cfca3ad2c6b7
[INFO] running `Command { std: "docker" "start" "6377734490acc1a3cf776f5d5278783d0d3a58ef489afaa69624cfca3ad2c6b7", kill_on_drop: false }`
[INFO] running `Command { std: "docker" "inspect" "6377734490acc1a3cf776f5d5278783d0d3a58ef489afaa69624cfca3ad2c6b7", kill_on_drop: false }`
[INFO] running `Command { std: "docker" "exec" "-e" "SOURCE_DIR=/opt/rustwide/workdir" "-e" "CARGO_HOME=/opt/rustwide/cargo-home" "-e" "RUSTUP_HOME=/opt/rustwide/rustup-home" "-e" "CARGO_TARGET_DIR=/opt/rustwide/target" "-w" "/opt/rustwide/workdir" "--user" "0:0" "6377734490acc1a3cf776f5d5278783d0d3a58ef489afaa69624cfca3ad2c6b7" "/opt/rustwide/cargo-home/bin/cargo" "+3154cc1a3e6424e44f438a95007d043ed5ceaaf6" "metadata" "--no-deps" "--format-version=1", kill_on_drop: false }`
[INFO] running `Command { std: "docker" "inspect" "6377734490acc1a3cf776f5d5278783d0d3a58ef489afaa69624cfca3ad2c6b7", kill_on_drop: false }`
[INFO] running `Command { std: "docker" "exec" "-e" "SOURCE_DIR=/opt/rustwide/workdir" "-e" "CARGO_HOME=/opt/rustwide/cargo-home" "-e" "RUSTUP_HOME=/opt/rustwide/rustup-home" "-e" "CARGO_TARGET_DIR=/opt/rustwide/target" "-e" "CARGO_INCREMENTAL=0" "-e" "RUST_BACKTRACE=full" "-e" "RUSTFLAGS=--cap-lints=forbid -Znext-solver=coherence" "-e" "RUSTDOCFLAGS=--cap-lints=forbid" "-w" "/opt/rustwide/workdir" "--user" "0:0" "6377734490acc1a3cf776f5d5278783d0d3a58ef489afaa69624cfca3ad2c6b7" "/opt/rustwide/cargo-home/bin/cargo" "+3154cc1a3e6424e44f438a95007d043ed5ceaaf6" "check" "--frozen" "--all" "--all-targets" "--message-format=json", kill_on_drop: false }`
[INFO] [stderr] warning: `package.homepage` is redundant with `package.repository`
[INFO] [stderr]   --> Cargo.toml:52:12
[INFO] [stderr]    |
[INFO] [stderr] 52 | homepage = "https://github.com/udoprog/mediavert"
[INFO] [stderr]    |            ^^^^^^^^^^^^^^^^^^^^^^^^^^^^^^^^^^^^^^
[INFO] [stderr] ...
[INFO] [stderr] 57 | repository = "https://github.com/udoprog/mediavert"
[INFO] [stderr]    |              --------------------------------------
[INFO] [stderr]    |
[INFO] [stderr]    = note: `cargo::redundant_homepage` is set to `warn` by default
[INFO] [stderr] help: consider removing `package.homepage`
[INFO] [stderr] warning: `audiovert` (manifest) generated 1 warning
[INFO] [stderr]     Checking generic-array v0.14.7
[INFO] [stderr]    Compiling crc32fast v1.5.0
[INFO] [stderr]    Compiling pkg-config v0.3.32
[INFO] [stderr]    Compiling libc v0.2.178
[INFO] [stderr]    Compiling rustix v1.1.2
[INFO] [stderr]     Checking aho-corasick v1.1.4
[INFO] [stderr]     Checking simd-adler32 v0.3.8
[INFO] [stderr]     Checking log v0.4.29
[INFO] [stderr]    Compiling crossbeam-utils v0.8.21
[INFO] [stderr]     Checking bitflags v2.10.0
[INFO] [stderr]     Checking utf8parse v0.2.2
[INFO] [stderr]     Checking zlib-rs v0.5.4
[INFO] [stderr]    Compiling zstd-safe v7.2.4
[INFO] [stderr]     Checking linux-raw-sys v0.11.0
[INFO] [stderr]    Compiling syn v2.0.111
[INFO] [stderr]     Checking anstyle-parse v0.2.7
[INFO] [stderr]     Checking is_terminal_polyfill v1.70.2
[INFO] [stderr]     Checking anstyle v1.0.13
[INFO] [stderr]     Checking colorchoice v1.0.4
[INFO] [stderr]     Checking libbz2-rs-sys v0.2.2
[INFO] [stderr]     Checking anstyle-query v1.1.5
[INFO] [stderr]     Checking crc v3.4.0
[INFO] [stderr]     Checking bstr v1.12.1
[INFO] [stderr]     Checking miniz_oxide v0.8.9
[INFO] [stderr]     Checking same-file v1.0.6
[INFO] [stderr]     Checking clap_lex v0.7.6
[INFO] [stderr]     Checking anstream v0.6.21
[INFO] [stderr]     Checking ppmd-rust v1.3.0
[INFO] [stderr]     Checking unicode-width v0.2.0
[INFO] [stderr]    Compiling anyhow v1.0.100
[INFO] [stderr]     Checking crypto-common v0.1.7
[INFO] [stderr]     Checking block-buffer v0.10.4
[INFO] [stderr]     Checking block-padding v0.3.3
[INFO] [stderr]     Checking digest v0.10.7
[INFO] [stderr]     Checking strsim v0.11.1
[INFO] [stderr]     Checking hashbrown v0.16.1
[INFO] [stderr]     Checking bzip2 v0.6.1
[INFO] [stderr]     Checking crossbeam-epoch v0.9.18
[INFO] [stderr]     Checking bumpalo v3.19.1
[INFO] [stderr]     Checking unicase v2.8.1
[INFO] [stderr]     Checking inout v0.1.4
[INFO] [stderr]     Checking ogg_pager v0.7.0
[INFO] [stderr]     Checking walkdir v2.5.0
[INFO] [stderr]     Checking sha2 v0.10.9
[INFO] [stderr]     Checking hmac v0.12.1
[INFO] [stderr]     Checking cipher v0.4.4
[INFO] [stderr]     Checking sha1 v0.10.6
[INFO] [stderr]     Checking zopfli v0.8.3
[INFO] [stderr]     Checking crossbeam-deque v0.8.6
[INFO] [stderr]     Checking pbkdf2 v0.12.2
[INFO] [stderr]     Checking time v0.3.44
[INFO] [stderr]     Checking lzma-rust2 v0.15.4
[INFO] [stderr]     Checking deflate64 v0.1.10
[INFO] [stderr]     Checking data-encoding v2.9.0
[INFO] [stderr]     Checking widestring v1.2.1
[INFO] [stderr]     Checking aes v0.8.4
[INFO] [stderr]     Checking cbc v0.1.2
[INFO] [stderr]     Checking lzma-rust2 v0.13.0
[INFO] [stderr]     Checking jiff v0.2.16
[INFO] [stderr]     Checking regex-automata v0.4.13
[INFO] [stderr]     Checking termcolor v1.4.1
[INFO] [stderr]     Checking terminal_size v0.4.3
[INFO] [stderr]     Checking clap_builder v4.5.53
[INFO] [stderr]     Checking relative-path v2.0.1
[INFO] [stderr]    Compiling jobserver v0.1.34
[INFO] [stderr]     Checking indexmap v2.12.1
[INFO] [stderr]     Checking getrandom v0.3.4
[INFO] [stderr]     Checking libz-rs-sys v0.5.4
[INFO] [stderr]    Compiling cc v1.2.50
[INFO] [stderr]     Checking flate2 v1.1.5
[INFO] [stderr]     Checking sevenz-rust2 v0.20.0
[INFO] [stderr]     Checking globset v0.4.18
[INFO] [stderr]     Checking regex v1.12.2
[INFO] [stderr]    Compiling zstd-sys v2.0.16+zstd.1.5.7
[INFO] [stderr]    Compiling unrar_sys v0.5.8
[INFO] [stderr]     Checking ignore v0.4.25
[INFO] [stderr] error: could not compile `syn` (lib)
[INFO] [stderr] 
[INFO] [stderr] Caused by:
[INFO] [stderr]   process didn't exit successfully: `/opt/rustwide/rustup-home/toolchains/3154cc1a3e6424e44f438a95007d043ed5ceaaf6/bin/rustc --crate-name syn --edition=2021 /opt/rustwide/cargo-home/registry/src/index.crates.io-1949cf8c6b5b557f/syn-2.0.111/src/lib.rs --error-format=json --json=diagnostic-rendered-ansi,artifacts,future-incompat,unused-externs-silent --crate-type lib --emit=dep-info,metadata,link -Z embed-metadata=no -C embed-bitcode=no --cfg 'feature="clone-impls"' --cfg 'feature="default"' --cfg 'feature="derive"' --cfg 'feature="extra-traits"' --cfg 'feature="full"' --cfg 'feature="parsing"' --cfg 'feature="printing"' --cfg 'feature="proc-macro"' --cfg 'feature="visit"' --check-cfg 'cfg(docsrs,test)' --check-cfg 'cfg(feature, values("clone-impls", "default", "derive", "extra-traits", "fold", "full", "parsing", "printing", "proc-macro", "test", "visit", "visit-mut"))' -C metadata=ef46ab132c07d594 -C extra-filename=-13fac790ca4c3836 --out-dir /opt/rustwide/target/debug/build/syn/13fac790ca4c3836/out -L dependency=/opt/rustwide/target/debug/build/proc-macro2/22b8cb271afb446c/out -L dependency=/opt/rustwide/target/debug/build/unicode-ident/6efca7966941f1f7/out --extern proc_macro2=/opt/rustwide/target/debug/build/proc-macro2/22b8cb271afb446c/out/libproc_macro2-22b8cb271afb446c.rmeta --extern quote=/opt/rustwide/target/debug/build/quote/42dcee6bfa1d2dba/out/libquote-42dcee6bfa1d2dba.rmeta --extern unicode_ident=/opt/rustwide/target/debug/build/unicode-ident/6efca7966941f1f7/out/libunicode_ident-6efca7966941f1f7.rmeta --cap-lints allow --cap-lints=forbid -Znext-solver=coherence --force-warn=unused_crate_dependencies` (signal: 9, SIGKILL: kill)
[INFO] [stderr] warning: build failed, waiting for other jobs to finish...
[INFO] [stderr] error: could not compile `jiff` (lib)
[INFO] [stderr] 
[INFO] [stderr] Caused by:
[INFO] [stderr]   process didn't exit successfully: `/opt/rustwide/rustup-home/toolchains/3154cc1a3e6424e44f438a95007d043ed5ceaaf6/bin/rustc --crate-name jiff --edition=2021 /opt/rustwide/cargo-home/registry/src/index.crates.io-1949cf8c6b5b557f/jiff-0.2.16/src/lib.rs --error-format=json --json=diagnostic-rendered-ansi,artifacts,future-incompat,unused-externs-silent --crate-type lib --emit=dep-info,metadata -C embed-bitcode=no -C debuginfo=2 --cfg 'feature="alloc"' --cfg 'feature="default"' --cfg 'feature="perf-inline"' --cfg 'feature="std"' --cfg 'feature="tz-fat"' --cfg 'feature="tz-system"' --cfg 'feature="tzdb-bundle-platform"' --cfg 'feature="tzdb-concatenated"' --cfg 'feature="tzdb-zoneinfo"' --check-cfg 'cfg(docsrs,test)' --check-cfg 'cfg(feature, values("alloc", "default", "js", "logging", "perf-inline", "serde", "static", "static-tz", "std", "tz-fat", "tz-system", "tzdb-bundle-always", "tzdb-bundle-platform", "tzdb-concatenated", "tzdb-zoneinfo"))' -C metadata=09fea9879907f2c8 -C extra-filename=-2e8a6d435e9384c0 --out-dir /opt/rustwide/target/debug/build/jiff/2e8a6d435e9384c0/out --cap-lints allow --cap-lints=forbid -Znext-solver=coherence --force-warn=unused_crate_dependencies` (signal: 9, SIGKILL: kill)
[INFO] [stderr] warning: zstd-sys@2.0.16+zstd.1.5.7: cc: fatal error: Killed signal terminated program cc1
[INFO] [stderr] warning: zstd-sys@2.0.16+zstd.1.5.7: compilation terminated.
[INFO] [stderr] warning: zstd-sys@2.0.16+zstd.1.5.7: ToolExecError: command did not execute successfully (status code exit status: 1): LC_ALL="C" "cc" "-O0" "-ffunction-sections" "-fdata-sections" "-fPIC" "-g" "-gdwarf-4" "-fno-omit-frame-pointer" "-m64" "-I" "zstd/lib/" "-I" "zstd/lib/common" "-w" "-fvisibility=hidden" "-ffunction-sections" "-fdata-sections" "-fmerge-all-constants" "-DZSTD_LIB_DEPRECATED=0" "-DXXH_PRIVATE_API=" "-DZSTDLIB_VISIBILITY=" "-DZSTDERRORLIB_VISIBILITY=" "-o" "/opt/rustwide/target/debug/build/zstd-sys/dee00641852be27f/out/fb80479a5fb81f6a-zstd_lazy.o" "-c" "zstd/lib/compress/zstd_lazy.c"
[INFO] [stderr] error: failed to run custom build command for `zstd-sys v2.0.16+zstd.1.5.7`
[INFO] [stderr] note: To improve backtraces for build dependencies, set the CARGO_PROFILE_DEV_BUILD_OVERRIDE_DEBUG=true environment variable to enable debug information generation.
[INFO] [stderr] 
[INFO] [stderr] Caused by:
[INFO] [stderr]   process didn't exit successfully: `/opt/rustwide/target/debug/build/zstd-sys/846b1cbf29d977cb/out/build_script_build` (exit status: 1)
[INFO] [stderr]   --- stdout
[INFO] [stderr]   cargo:rerun-if-env-changed=ZSTD_SYS_USE_PKG_CONFIG
[INFO] [stderr]   OUT_DIR = Some(/opt/rustwide/target/debug/build/zstd-sys/dee00641852be27f/out)
[INFO] [stderr]   OPT_LEVEL = Some(0)
[INFO] [stderr]   TARGET = Some(x86_64-unknown-linux-gnu)
[INFO] [stderr]   CARGO_ENCODED_RUSTFLAGS = Some(--cap-lints=forbid-Znext-solver=coherence)
[INFO] [stderr]   HOST = Some(x86_64-unknown-linux-gnu)
[INFO] [stderr]   cargo:rerun-if-env-changed=CC_x86_64-unknown-linux-gnu
[INFO] [stderr]   CC_x86_64-unknown-linux-gnu = None
[INFO] [stderr]   cargo:rerun-if-env-changed=CC_x86_64_unknown_linux_gnu
[INFO] [stderr]   CC_x86_64_unknown_linux_gnu = None
[INFO] [stderr]   cargo:rerun-if-env-changed=HOST_CC
[INFO] [stderr]   HOST_CC = None
[INFO] [stderr]   cargo:rerun-if-env-changed=CC
[INFO] [stderr]   CC = None
[INFO] [stderr]   cargo:rerun-if-env-changed=CC_ENABLE_DEBUG_OUTPUT
[INFO] [stderr]   RUSTC_WRAPPER = None
[INFO] [stderr]   cargo:rerun-if-env-changed=CRATE_CC_NO_DEFAULTS
[INFO] [stderr]   CRATE_CC_NO_DEFAULTS = None
[INFO] [stderr]   DEBUG = Some(true)
[INFO] [stderr]   CARGO_CFG_TARGET_FEATURE = Some(fxsr,sse,sse2,x87)
[INFO] [stderr]   cargo:rerun-if-env-changed=CFLAGS
[INFO] [stderr]   CFLAGS = None
[INFO] [stderr]   cargo:rerun-if-env-changed=HOST_CFLAGS
[INFO] [stderr]   HOST_CFLAGS = None
[INFO] [stderr]   cargo:rerun-if-env-changed=CFLAGS_x86_64_unknown_linux_gnu
[INFO] [stderr]   CFLAGS_x86_64_unknown_linux_gnu = None
[INFO] [stderr]   cargo:rerun-if-env-changed=CFLAGS_x86_64-unknown-linux-gnu
[INFO] [stderr]   CFLAGS_x86_64-unknown-linux-gnu = None
[INFO] [stderr]   OUT_DIR = Some(/opt/rustwide/target/debug/build/zstd-sys/dee00641852be27f/out)
[INFO] [stderr]   cargo:rerun-if-env-changed=CC_ENABLE_DEBUG_OUTPUT
[INFO] [stderr]   cargo:rerun-if-env-changed=CRATE_CC_NO_DEFAULTS
[INFO] [stderr]   CRATE_CC_NO_DEFAULTS = None
[INFO] [stderr]   TARGET = Some(x86_64-unknown-linux-gnu)
[INFO] [stderr]   CARGO_CFG_TARGET_FEATURE = Some(fxsr,sse,sse2,x87)
[INFO] [stderr]   HOST = Some(x86_64-unknown-linux-gnu)
[INFO] [stderr]   cargo:rerun-if-env-changed=CFLAGS
[INFO] [stderr]   CFLAGS = None
[INFO] [stderr]   cargo:rerun-if-env-changed=HOST_CFLAGS
[INFO] [stderr]   HOST_CFLAGS = None
[INFO] [stderr]   cargo:rerun-if-env-changed=CFLAGS_x86_64_unknown_linux_gnu
[INFO] [stderr]   CFLAGS_x86_64_unknown_linux_gnu = None
[INFO] [stderr]   cargo:rerun-if-env-changed=CFLAGS_x86_64-unknown-linux-gnu
[INFO] [stderr]   CFLAGS_x86_64-unknown-linux-gnu = None
[INFO] [stderr]   OUT_DIR = Some(/opt/rustwide/target/debug/build/zstd-sys/dee00641852be27f/out)
[INFO] [stderr]   cargo:rerun-if-env-changed=CC_ENABLE_DEBUG_OUTPUT
[INFO] [stderr]   cargo:rerun-if-env-changed=CRATE_CC_NO_DEFAULTS
[INFO] [stderr]   CRATE_CC_NO_DEFAULTS = None
[INFO] [stderr]   TARGET = Some(x86_64-unknown-linux-gnu)
[INFO] [stderr]   CARGO_CFG_TARGET_FEATURE = Some(fxsr,sse,sse2,x87)
[INFO] [stderr]   HOST = Some(x86_64-unknown-linux-gnu)
[INFO] [stderr]   cargo:rerun-if-env-changed=CFLAGS
[INFO] [stderr]   CFLAGS = None
[INFO] [stderr]   cargo:rerun-if-env-changed=HOST_CFLAGS
[INFO] [stderr]   HOST_CFLAGS = None
[INFO] [stderr]   cargo:rerun-if-env-changed=CFLAGS_x86_64_unknown_linux_gnu
[INFO] [stderr]   CFLAGS_x86_64_unknown_linux_gnu = None
[INFO] [stderr]   cargo:rerun-if-env-changed=CFLAGS_x86_64-unknown-linux-gnu
[INFO] [stderr]   CFLAGS_x86_64-unknown-linux-gnu = None
[INFO] [stderr]   OUT_DIR = Some(/opt/rustwide/target/debug/build/zstd-sys/dee00641852be27f/out)
[INFO] [stderr]   cargo:rerun-if-env-changed=CC_ENABLE_DEBUG_OUTPUT
[INFO] [stderr]   cargo:rerun-if-env-changed=CRATE_CC_NO_DEFAULTS
[INFO] [stderr]   CRATE_CC_NO_DEFAULTS = None
[INFO] [stderr]   TARGET = Some(x86_64-unknown-linux-gnu)
[INFO] [stderr]   CARGO_CFG_TARGET_FEATURE = Some(fxsr,sse,sse2,x87)
[INFO] [stderr]   HOST = Some(x86_64-unknown-linux-gnu)
[INFO] [stderr]   cargo:rerun-if-env-changed=CFLAGS
[INFO] [stderr]   CFLAGS = None
[INFO] [stderr]   cargo:rerun-if-env-changed=HOST_CFLAGS
[INFO] [stderr]   HOST_CFLAGS = None
[INFO] [stderr]   cargo:rerun-if-env-changed=CFLAGS_x86_64_unknown_linux_gnu
[INFO] [stderr]   CFLAGS_x86_64_unknown_linux_gnu = None
[INFO] [stderr]   cargo:rerun-if-env-changed=CFLAGS_x86_64-unknown-linux-gnu
[INFO] [stderr]   CFLAGS_x86_64-unknown-linux-gnu = None
[INFO] [stderr]   exit status: 0
[INFO] [stderr]   exit status: 0
[INFO] [stderr]   exit status: 0
[INFO] [stderr]   exit status: 0
[INFO] [stderr]   exit status: 0
[INFO] [stderr]   exit status: 0
[INFO] [stderr]   exit status: 0
[INFO] [stderr]   exit status: 0
[INFO] [stderr]   exit status: 0
[INFO] [stderr]   exit status: 0
[INFO] [stderr]   exit status: 0
[INFO] [stderr]   exit status: 0
[INFO] [stderr]   exit status: 0
[INFO] [stderr]   exit status: 0
[INFO] [stderr]   exit status: 0
[INFO] [stderr]   exit status: 0
[INFO] [stderr]   exit status: 0
[INFO] [stderr]   exit status: 0
[INFO] [stderr]   exit status: 0
[INFO] [stderr]   exit status: 0
[INFO] [stderr]   exit status: 0
[INFO] [stderr]   exit status: 0
[INFO] [stderr]   exit status: 0
[INFO] [stderr]   exit status: 0
[INFO] [stderr]   cargo:warning=cc: fatal error: Killed signal terminated program cc1
[INFO] [stderr]   cargo:warning=compilation terminated.
[INFO] [stderr]   exit status: 0
[INFO] [stderr]   exit status: 1
[INFO] [stderr]   cargo:warning=ToolExecError: command did not execute successfully (status code exit status: 1): LC_ALL="C" "cc" "-O0" "-ffunction-sections" "-fdata-sections" "-fPIC" "-g" "-gdwarf-4" "-fno-omit-frame-pointer" "-m64" "-I" "zstd/lib/" "-I" "zstd/lib/common" "-w" "-fvisibility=hidden" "-ffunction-sections" "-fdata-sections" "-fmerge-all-constants" "-DZSTD_LIB_DEPRECATED=0" "-DXXH_PRIVATE_API=" "-DZSTDLIB_VISIBILITY=" "-DZSTDERRORLIB_VISIBILITY=" "-o" "/opt/rustwide/target/debug/build/zstd-sys/dee00641852be27f/out/fb80479a5fb81f6a-zstd_lazy.o" "-c" "zstd/lib/compress/zstd_lazy.c"
[INFO] [stderr] 
[INFO] [stderr]   --- stderr
[INFO] [stderr] 
[INFO] [stderr] 
[INFO] [stderr]   error occurred in cc-rs: command did not execute successfully (status code exit status: 1): LC_ALL="C" "cc" "-O0" "-ffunction-sections" "-fdata-sections" "-fPIC" "-g" "-gdwarf-4" "-fno-omit-frame-pointer" "-m64" "-I" "zstd/lib/" "-I" "zstd/lib/common" "-w" "-fvisibility=hidden" "-ffunction-sections" "-fdata-sections" "-fmerge-all-constants" "-DZSTD_LIB_DEPRECATED=0" "-DXXH_PRIVATE_API=" "-DZSTDLIB_VISIBILITY=" "-DZSTDERRORLIB_VISIBILITY=" "-o" "/opt/rustwide/target/debug/build/zstd-sys/dee00641852be27f/out/fb80479a5fb81f6a-zstd_lazy.o" "-c" "zstd/lib/compress/zstd_lazy.c"
[INFO] [stderr] 
[INFO] [stderr] 
[INFO] [stderr] warning: unrar_sys@0.5.8: c++: fatal error: Killed signal terminated program cc1plus
[INFO] [stderr] warning: unrar_sys@0.5.8: compilation terminated.
[INFO] [stderr] warning: unrar_sys@0.5.8: ToolExecError: command did not execute successfully (status code exit status: 1): LC_ALL="C" "c++" "-O2" "-ffunction-sections" "-fdata-sections" "-fPIC" "-g" "-gdwarf-4" "-fno-omit-frame-pointer" "-m64" "-std=c++14" "-w" "-fPIC" "-Wno-switch" "-Wno-parentheses" "-Wno-macro-redefined" "-Wno-dangling-else" "-Wno-logical-op-parentheses" "-Wno-unused-parameter" "-Wno-unused-variable" "-Wno-unused-function" "-Wno-missing-braces" "-Wno-unknown-pragmas" "-Wno-deprecated-declarations" "-D_FILE_OFFSET_BITS=64" "-D_LARGEFILE_SOURCE" "-DRAR_SMP" "-DRARDLL" "-o" "/opt/rustwide/target/debug/build/unrar_sys/70a335f666156197/out/0934600a39780889-pathfn.o" "-c" "vendor/unrar/pathfn.cpp"cargo:warning=c++: fatal error: Killed signal terminated program cc1plus
[INFO] [stderr] warning: unrar_sys@0.5.8: compilation terminated.
[INFO] [stderr] warning: unrar_sys@0.5.8: ToolExecError: command did not execute successfully (status code exit status: 1): LC_ALL="C" "c++" "-O2" "-ffunction-sections" "-fdata-sections" "-fPIC" "-g" "-gdwarf-4" "-fno-omit-frame-pointer" "-m64" "-std=c++14" "-w" "-fPIC" "-Wno-switch" "-Wno-parentheses" "-Wno-macro-redefined" "-Wno-dangling-else" "-Wno-logical-op-parentheses" "-Wno-unused-parameter" "-Wno-unused-variable" "-Wno-unused-function" "-Wno-missing-braces" "-Wno-unknown-pragmas" "-Wno-deprecated-declarations" "-D_FILE_OFFSET_BITS=64" "-D_LARGEFILE_SOURCE" "-DRAR_SMP" "-DRARDLL" "-o" "/opt/rustwide/target/debug/build/unrar_sys/70a335f666156197/out/0934600a39780889-strlist.o" "-c" "vendor/unrar/strlist.cpp"cargo:warning=c++: fatal error: Killed signal terminated program cc1plus
[INFO] [stderr] warning: unrar_sys@0.5.8: compilation terminated.
[INFO] [stderr] warning: unrar_sys@0.5.8: ToolExecError: command did not execute successfully (status code exit status: 1): LC_ALL="C" "c++" "-O2" "-ffunction-sections" "-fdata-sections" "-fPIC" "-g" "-gdwarf-4" "-fno-omit-frame-pointer" "-m64" "-std=c++14" "-w" "-fPIC" "-Wno-switch" "-Wno-parentheses" "-Wno-macro-redefined" "-Wno-dangling-else" "-Wno-logical-op-parentheses" "-Wno-unused-parameter" "-Wno-unused-variable" "-Wno-unused-function" "-Wno-missing-braces" "-Wno-unknown-pragmas" "-Wno-deprecated-declarations" "-D_FILE_OFFSET_BITS=64" "-D_LARGEFILE_SOURCE" "-DRAR_SMP" "-DRARDLL" "-o" "/opt/rustwide/target/debug/build/unrar_sys/70a335f666156197/out/0934600a39780889-file.o" "-c" "vendor/unrar/file.cpp"cargo:warning=c++: fatal error: Killed signal terminated program cc1plus
[INFO] [stderr] warning: unrar_sys@0.5.8: compilation terminated.
[INFO] [stderr] warning: unrar_sys@0.5.8: ToolExecError: command did not execute successfully (status code exit status: 1): LC_ALL="C" "c++" "-O2" "-ffunction-sections" "-fdata-sections" "-fPIC" "-g" "-gdwarf-4" "-fno-omit-frame-pointer" "-m64" "-std=c++14" "-w" "-fPIC" "-Wno-switch" "-Wno-parentheses" "-Wno-macro-redefined" "-Wno-dangling-else" "-Wno-logical-op-parentheses" "-Wno-unused-parameter" "-Wno-unused-variable" "-Wno-unused-function" "-Wno-missing-braces" "-Wno-unknown-pragmas" "-Wno-deprecated-declarations" "-D_FILE_OFFSET_BITS=64" "-D_LARGEFILE_SOURCE" "-DRAR_SMP" "-DRARDLL" "-o" "/opt/rustwide/target/debug/build/unrar_sys/70a335f666156197/out/0934600a39780889-smallfn.o" "-c" "vendor/unrar/smallfn.cpp"cargo:warning=c++: fatal error: Killed signal terminated program cc1plus
[INFO] [stderr] warning: unrar_sys@0.5.8: compilation terminated.
[INFO] [stderr] warning: unrar_sys@0.5.8: ToolExecError: command did not execute successfully (status code exit status: 1): LC_ALL="C" "c++" "-O2" "-ffunction-sections" "-fdata-sections" "-fPIC" "-g" "-gdwarf-4" "-fno-omit-frame-pointer" "-m64" "-std=c++14" "-w" "-fPIC" "-Wno-switch" "-Wno-parentheses" "-Wno-macro-redefined" "-Wno-dangling-else" "-Wno-logical-op-parentheses" "-Wno-unused-parameter" "-Wno-unused-variable" "-Wno-unused-function" "-Wno-missing-braces" "-Wno-unknown-pragmas" "-Wno-deprecated-declarations" "-D_FILE_OFFSET_BITS=64" "-D_LARGEFILE_SOURCE" "-DRAR_SMP" "-DRARDLL" "-o" "/opt/rustwide/target/debug/build/unrar_sys/70a335f666156197/out/0934600a39780889-global.o" "-c" "vendor/unrar/global.cpp"cargo:warning=c++: fatal error: Killed signal terminated program cc1plus
[INFO] [stderr] warning: unrar_sys@0.5.8: compilation terminated.
[INFO] [stderr] warning: unrar_sys@0.5.8: ToolExecError: command did not execute successfully (status code exit status: 1): LC_ALL="C" "c++" "-O2" "-ffunction-sections" "-fdata-sections" "-fPIC" "-g" "-gdwarf-4" "-fno-omit-frame-pointer" "-m64" "-std=c++14" "-w" "-fPIC" "-Wno-switch" "-Wno-parentheses" "-Wno-macro-redefined" "-Wno-dangling-else" "-Wno-logical-op-parentheses" "-Wno-unused-parameter" "-Wno-unused-variable" "-Wno-unused-function" "-Wno-missing-braces" "-Wno-unknown-pragmas" "-Wno-deprecated-declarations" "-D_FILE_OFFSET_BITS=64" "-D_LARGEFILE_SOURCE" "-DRAR_SMP" "-DRARDLL" "-o" "/opt/rustwide/target/debug/build/unrar_sys/70a335f666156197/out/0934600a39780889-filefn.o" "-c" "vendor/unrar/filefn.cpp"cargo:warning=c++: fatal error: Killed signal terminated program cc1plus
[INFO] [stderr] warning: unrar_sys@0.5.8: compilation terminated.
[INFO] [stderr] warning: unrar_sys@0.5.8: ToolExecError: command did not execute successfully (status code exit status: 1): LC_ALL="C" "c++" "-O2" "-ffunction-sections" "-fdata-sections" "-fPIC" "-g" "-gdwarf-4" "-fno-omit-frame-pointer" "-m64" "-std=c++14" "-w" "-fPIC" "-Wno-switch" "-Wno-parentheses" "-Wno-macro-redefined" "-Wno-dangling-else" "-Wno-logical-op-parentheses" "-Wno-unused-parameter" "-Wno-unused-variable" "-Wno-unused-function" "-Wno-missing-braces" "-Wno-unknown-pragmas" "-Wno-deprecated-declarations" "-D_FILE_OFFSET_BITS=64" "-D_LARGEFILE_SOURCE" "-DRAR_SMP" "-DRARDLL" "-o" "/opt/rustwide/target/debug/build/unrar_sys/70a335f666156197/out/0934600a39780889-archive.o" "-c" "vendor/unrar/archive.cpp"cargo:warning=c++: fatal error: Killed signal terminated program cc1plus
[INFO] [stderr] warning: unrar_sys@0.5.8: compilation terminated.
[INFO] [stderr] warning: unrar_sys@0.5.8: ToolExecError: command did not execute successfully (status code exit status: 1): LC_ALL="C" "c++" "-O2" "-ffunction-sections" "-fdata-sections" "-fPIC" "-g" "-gdwarf-4" "-fno-omit-frame-pointer" "-m64" "-std=c++14" "-w" "-fPIC" "-Wno-switch" "-Wno-parentheses" "-Wno-macro-redefined" "-Wno-dangling-else" "-Wno-logical-op-parentheses" "-Wno-unused-parameter" "-Wno-unused-variable" "-Wno-unused-function" "-Wno-missing-braces" "-Wno-unknown-pragmas" "-Wno-deprecated-declarations" "-D_FILE_OFFSET_BITS=64" "-D_LARGEFILE_SOURCE" "-DRAR_SMP" "-DRARDLL" "-o" "/opt/rustwide/target/debug/build/unrar_sys/70a335f666156197/out/0934600a39780889-strfn.o" "-c" "vendor/unrar/strfn.cpp"cargo:warning=c++: fatal error: Killed signal terminated program cc1plus
[INFO] [stderr] warning: unrar_sys@0.5.8: compilation terminated.
[INFO] [stderr] warning: unrar_sys@0.5.8: ToolExecError: command did not execute successfully (status code exit status: 1): LC_ALL="C" "c++" "-O2" "-ffunction-sections" "-fdata-sections" "-fPIC" "-g" "-gdwarf-4" "-fno-omit-frame-pointer" "-m64" "-std=c++14" "-w" "-fPIC" "-Wno-switch" "-Wno-parentheses" "-Wno-macro-redefined" "-Wno-dangling-else" "-Wno-logical-op-parentheses" "-Wno-unused-parameter" "-Wno-unused-variable" "-Wno-unused-function" "-Wno-missing-braces" "-Wno-unknown-pragmas" "-Wno-deprecated-declarations" "-D_FILE_OFFSET_BITS=64" "-D_LARGEFILE_SOURCE" "-DRAR_SMP" "-DRARDLL" "-o" "/opt/rustwide/target/debug/build/unrar_sys/70a335f666156197/out/0934600a39780889-filcreat.o" "-c" "vendor/unrar/filcreat.cpp"cargo:warning=c++: fatal error: Killed signal terminated program cc1plus
[INFO] [stderr] warning: unrar_sys@0.5.8: compilation terminated.
[INFO] [stderr] warning: unrar_sys@0.5.8: ToolExecError: command did not execute successfully (status code exit status: 1): LC_ALL="C" "c++" "-O2" "-ffunction-sections" "-fdata-sections" "-fPIC" "-g" "-gdwarf-4" "-fno-omit-frame-pointer" "-m64" "-std=c++14" "-w" "-fPIC" "-Wno-switch" "-Wno-parentheses" "-Wno-macro-redefined" "-Wno-dangling-else" "-Wno-logical-op-parentheses" "-Wno-unused-parameter" "-Wno-unused-variable" "-Wno-unused-function" "-Wno-missing-braces" "-Wno-unknown-pragmas" "-Wno-deprecated-declarations" "-D_FILE_OFFSET_BITS=64" "-D_LARGEFILE_SOURCE" "-DRAR_SMP" "-DRARDLL" "-o" "/opt/rustwide/target/debug/build/unrar_sys/70a335f666156197/out/0934600a39780889-arcread.o" "-c" "vendor/unrar/arcread.cpp"cargo:warning=c++: fatal error: Killed signal terminated program cc1plus
[INFO] [stderr] warning: unrar_sys@0.5.8: compilation terminated.
[INFO] [stderr] warning: unrar_sys@0.5.8: ToolExecError: command did not execute successfully (status code exit status: 1): LC_ALL="C" "c++" "-O2" "-ffunction-sections" "-fdata-sections" "-fPIC" "-g" "-gdwarf-4" "-fno-omit-frame-pointer" "-m64" "-std=c++14" "-w" "-fPIC" "-Wno-switch" "-Wno-parentheses" "-Wno-macro-redefined" "-Wno-dangling-else" "-Wno-logical-op-parentheses" "-Wno-unused-parameter" "-Wno-unused-variable" "-Wno-unused-function" "-Wno-missing-braces" "-Wno-unknown-pragmas" "-Wno-deprecated-declarations" "-D_FILE_OFFSET_BITS=64" "-D_LARGEFILE_SOURCE" "-DRAR_SMP" "-DRARDLL" "-o" "/opt/rustwide/target/debug/build/unrar_sys/70a335f666156197/out/0934600a39780889-unicode.o" "-c" "vendor/unrar/unicode.cpp"cargo:warning=c++: fatal error: Killed signal terminated program cc1plus
[INFO] [stderr] warning: unrar_sys@0.5.8: compilation terminated.
[INFO] [stderr] warning: unrar_sys@0.5.8: ToolExecError: command did not execute successfully (status code exit status: 1): LC_ALL="C" "c++" "-O2" "-ffunction-sections" "-fdata-sections" "-fPIC" "-g" "-gdwarf-4" "-fno-omit-frame-pointer" "-m64" "-std=c++14" "-w" "-fPIC" "-Wno-switch" "-Wno-parentheses" "-Wno-macro-redefined" "-Wno-dangling-else" "-Wno-logical-op-parentheses" "-Wno-unused-parameter" "-Wno-unused-variable" "-Wno-unused-function" "-Wno-missing-braces" "-Wno-unknown-pragmas" "-Wno-deprecated-declarations" "-D_FILE_OFFSET_BITS=64" "-D_LARGEFILE_SOURCE" "-DRAR_SMP" "-DRARDLL" "-o" "/opt/rustwide/target/debug/build/unrar_sys/70a335f666156197/out/0934600a39780889-system.o" "-c" "vendor/unrar/system.cpp"cargo:warning=c++: fatal error: Killed signal terminated program cc1plus
[INFO] [stderr] warning: unrar_sys@0.5.8: compilation terminated.
[INFO] [stderr] warning: unrar_sys@0.5.8: ToolExecError: command did not execute successfully (status code exit status: 1): LC_ALL="C" "c++" "-O2" "-ffunction-sections" "-fdata-sections" "-fPIC" "-g" "-gdwarf-4" "-fno-omit-frame-pointer" "-m64" "-std=c++14" "-w" "-fPIC" "-Wno-switch" "-Wno-parentheses" "-Wno-macro-redefined" "-Wno-dangling-else" "-Wno-logical-op-parentheses" "-Wno-unused-parameter" "-Wno-unused-variable" "-Wno-unused-function" "-Wno-missing-braces" "-Wno-unknown-pragmas" "-Wno-deprecated-declarations" "-D_FILE_OFFSET_BITS=64" "-D_LARGEFILE_SOURCE" "-DRAR_SMP" "-DRARDLL" "-o" "/opt/rustwide/target/debug/build/unrar_sys/70a335f666156197/out/0934600a39780889-crc.o" "-c" "vendor/unrar/crc.cpp"cargo:warning=c++: fatal error: Killed signal terminated program cc1plus
[INFO] [stderr] warning: unrar_sys@0.5.8: compilation terminated.
[INFO] [stderr] warning: unrar_sys@0.5.8: ToolExecError: command did not execute successfully (status code exit status: 1): LC_ALL="C" "c++" "-O2" "-ffunction-sections" "-fdata-sections" "-fPIC" "-g" "-gdwarf-4" "-fno-omit-frame-pointer" "-m64" "-std=c++14" "-w" "-fPIC" "-Wno-switch" "-Wno-parentheses" "-Wno-macro-redefined" "-Wno-dangling-else" "-Wno-logical-op-parentheses" "-Wno-unused-parameter" "-Wno-unused-variable" "-Wno-unused-function" "-Wno-missing-braces" "-Wno-unknown-pragmas" "-Wno-deprecated-declarations" "-D_FILE_OFFSET_BITS=64" "-D_LARGEFILE_SOURCE" "-DRAR_SMP" "-DRARDLL" "-o" "/opt/rustwide/target/debug/build/unrar_sys/70a335f666156197/out/0934600a39780889-crypt.o" "-c" "vendor/unrar/crypt.cpp"cargo:warning=c++: fatal error: Killed signal terminated program cc1plus
[INFO] [stderr] warning: unrar_sys@0.5.8: compilation terminated.
[INFO] [stderr] warning: unrar_sys@0.5.8: ToolExecError: command did not execute successfully (status code exit status: 1): LC_ALL="C" "c++" "-O2" "-ffunction-sections" "-fdata-sections" "-fPIC" "-g" "-gdwarf-4" "-fno-omit-frame-pointer" "-m64" "-std=c++14" "-w" "-fPIC" "-Wno-switch" "-Wno-parentheses" "-Wno-macro-redefined" "-Wno-dangling-else" "-Wno-logical-op-parentheses" "-Wno-unused-parameter" "-Wno-unused-variable" "-Wno-unused-function" "-Wno-missing-braces" "-Wno-unknown-pragmas" "-Wno-deprecated-declarations" "-D_FILE_OFFSET_BITS=64" "-D_LARGEFILE_SOURCE" "-DRAR_SMP" "-DRARDLL" "-o" "/opt/rustwide/target/debug/build/unrar_sys/70a335f666156197/out/0934600a39780889-timefn.o" "-c" "vendor/unrar/timefn.cpp"cargo:warning=c++: fatal error: Killed signal terminated program cc1plus
[INFO] [stderr] warning: unrar_sys@0.5.8: compilation terminated.
[INFO] [stderr] warning: unrar_sys@0.5.8: ToolExecError: command did not execute successfully (status code exit status: 1): LC_ALL="C" "c++" "-O2" "-ffunction-sections" "-fdata-sections" "-fPIC" "-g" "-gdwarf-4" "-fno-omit-frame-pointer" "-m64" "-std=c++14" "-w" "-fPIC" "-Wno-switch" "-Wno-parentheses" "-Wno-macro-redefined" "-Wno-dangling-else" "-Wno-logical-op-parentheses" "-Wno-unused-parameter" "-Wno-unused-variable" "-Wno-unused-function" "-Wno-missing-braces" "-Wno-unknown-pragmas" "-Wno-deprecated-declarations" "-D_FILE_OFFSET_BITS=64" "-D_LARGEFILE_SOURCE" "-DRAR_SMP" "-DRARDLL" "-o" "/opt/rustwide/target/debug/build/unrar_sys/70a335f666156197/out/0934600a39780889-rawread.o" "-c" "vendor/unrar/rawread.cpp"cargo:warning=c++: fatal error: Killed signal terminated program cc1plus
[INFO] [stderr] warning: unrar_sys@0.5.8: compilation terminated.
[INFO] [stderr] warning: unrar_sys@0.5.8: ToolExecError: command did not execute successfully (status code exit status: 1): LC_ALL="C" "c++" "-O2" "-ffunction-sections" "-fdata-sections" "-fPIC" "-g" "-gdwarf-4" "-fno-omit-frame-pointer" "-m64" "-std=c++14" "-w" "-fPIC" "-Wno-switch" "-Wno-parentheses" "-Wno-macro-redefined" "-Wno-dangling-else" "-Wno-logical-op-parentheses" "-Wno-unused-parameter" "-Wno-unused-variable" "-Wno-unused-function" "-Wno-missing-braces" "-Wno-unknown-pragmas" "-Wno-deprecated-declarations" "-D_FILE_OFFSET_BITS=64" "-D_LARGEFILE_SOURCE" "-DRAR_SMP" "-DRARDLL" "-o" "/opt/rustwide/target/debug/build/unrar_sys/70a335f666156197/out/0934600a39780889-consio.o" "-c" "vendor/unrar/consio.cpp"cargo:warning=c++: fatal error: Killed signal terminated program cc1plus
[INFO] [stderr] warning: unrar_sys@0.5.8: compilation terminated.
[INFO] [stderr] warning: unrar_sys@0.5.8: ToolExecError: command did not execute successfully (status code exit status: 1): LC_ALL="C" "c++" "-O2" "-ffunction-sections" "-fdata-sections" "-fPIC" "-g" "-gdwarf-4" "-fno-omit-frame-pointer" "-m64" "-std=c++14" "-w" "-fPIC" "-Wno-switch" "-Wno-parentheses" "-Wno-macro-redefined" "-Wno-dangling-else" "-Wno-logical-op-parentheses" "-Wno-unused-parameter" "-Wno-unused-variable" "-Wno-unused-function" "-Wno-missing-braces" "-Wno-unknown-pragmas" "-Wno-deprecated-declarations" "-D_FILE_OFFSET_BITS=64" "-D_LARGEFILE_SOURCE" "-DRAR_SMP" "-DRARDLL" "-o" "/opt/rustwide/target/debug/build/unrar_sys/70a335f666156197/out/0934600a39780889-encname.o" "-c" "vendor/unrar/encname.cpp"cargo:warning=c++: fatal error: Killed signal terminated program cc1plus
[INFO] [stderr] warning: unrar_sys@0.5.8: compilation terminated.
[INFO] [stderr] warning: unrar_sys@0.5.8: ToolExecError: command did not execute successfully (status code exit status: 1): LC_ALL="C" "c++" "-O2" "-ffunction-sections" "-fdata-sections" "-fPIC" "-g" "-gdwarf-4" "-fno-omit-frame-pointer" "-m64" "-std=c++14" "-w" "-fPIC" "-Wno-switch" "-Wno-parentheses" "-Wno-macro-redefined" "-Wno-dangling-else" "-Wno-logical-op-parentheses" "-Wno-unused-parameter" "-Wno-unused-variable" "-Wno-unused-function" "-Wno-missing-braces" "-Wno-unknown-pragmas" "-Wno-deprecated-declarations" "-D_FILE_OFFSET_BITS=64" "-D_LARGEFILE_SOURCE" "-DRAR_SMP" "-DRARDLL" "-o" "/opt/rustwide/target/debug/build/unrar_sys/70a335f666156197/out/0934600a39780889-match.o" "-c" "vendor/unrar/match.cpp"cargo:warning=c++: fatal error: Killed signal terminated program cc1plus
[INFO] [stderr] warning: unrar_sys@0.5.8: compilation terminated.
[INFO] [stderr] warning: unrar_sys@0.5.8: ToolExecError: command did not execute successfully (status code exit status: 1): LC_ALL="C" "c++" "-O2" "-ffunction-sections" "-fdata-sections" "-fPIC" "-g" "-gdwarf-4" "-fno-omit-frame-pointer" "-m64" "-std=c++14" "-w" "-fPIC" "-Wno-switch" "-Wno-parentheses" "-Wno-macro-redefined" "-Wno-dangling-else" "-Wno-logical-op-parentheses" "-Wno-unused-parameter" "-Wno-unused-variable" "-Wno-unused-function" "-Wno-missing-braces" "-Wno-unknown-pragmas" "-Wno-deprecated-declarations" "-D_FILE_OFFSET_BITS=64" "-D_LARGEFILE_SOURCE" "-DRAR_SMP" "-DRARDLL" "-o" "/opt/rustwide/target/debug/build/unrar_sys/70a335f666156197/out/0934600a39780889-rdwrfn.o" "-c" "vendor/unrar/rdwrfn.cpp"cargo:warning=c++: fatal error: Killed signal terminated program cc1plus
[INFO] [stderr] warning: unrar_sys@0.5.8: compilation terminated.
[INFO] [stderr] warning: unrar_sys@0.5.8: ToolExecError: command did not execute successfully (status code exit status: 1): LC_ALL="C" "c++" "-O2" "-ffunction-sections" "-fdata-sections" "-fPIC" "-g" "-gdwarf-4" "-fno-omit-frame-pointer" "-m64" "-std=c++14" "-w" "-fPIC" "-Wno-switch" "-Wno-parentheses" "-Wno-macro-redefined" "-Wno-dangling-else" "-Wno-logical-op-parentheses" "-Wno-unused-parameter" "-Wno-unused-variable" "-Wno-unused-function" "-Wno-missing-braces" "-Wno-unknown-pragmas" "-Wno-deprecated-declarations" "-D_FILE_OFFSET_BITS=64" "-D_LARGEFILE_SOURCE" "-DRAR_SMP" "-DRARDLL" "-o" "/opt/rustwide/target/debug/build/unrar_sys/70a335f666156197/out/0934600a39780889-options.o" "-c" "vendor/unrar/options.cpp"cargo:warning=c++: fatal error: Killed signal terminated program cc1plus
[INFO] [stderr] warning: unrar_sys@0.5.8: compilation terminated.
[INFO] [stderr] warning: unrar_sys@0.5.8: ToolExecError: command did not execute successfully (status code exit status: 1): LC_ALL="C" "c++" "-O2" "-ffunction-sections" "-fdata-sections" "-fPIC" "-g" "-gdwarf-4" "-fno-omit-frame-pointer" "-m64" "-std=c++14" "-w" "-fPIC" "-Wno-switch" "-Wno-parentheses" "-Wno-macro-redefined" "-Wno-dangling-else" "-Wno-logical-op-parentheses" "-Wno-unused-parameter" "-Wno-unused-variable" "-Wno-unused-function" "-Wno-missing-braces" "-Wno-unknown-pragmas" "-Wno-deprecated-declarations" "-D_FILE_OFFSET_BITS=64" "-D_LARGEFILE_SOURCE" "-DRAR_SMP" "-DRARDLL" "-o" "/opt/rustwide/target/debug/build/unrar_sys/70a335f666156197/out/0934600a39780889-rarvm.o" "-c" "vendor/unrar/rarvm.cpp"cargo:warning=c++: fatal error: Killed signal terminated program cc1plus
[INFO] [stderr] warning: unrar_sys@0.5.8: compilation terminated.
[INFO] [stderr] warning: unrar_sys@0.5.8: ToolExecError: command did not execute successfully (status code exit status: 1): LC_ALL="C" "c++" "-O2" "-ffunction-sections" "-fdata-sections" "-fPIC" "-g" "-gdwarf-4" "-fno-omit-frame-pointer" "-m64" "-std=c++14" "-w" "-fPIC" "-Wno-switch" "-Wno-parentheses" "-Wno-macro-redefined" "-Wno-dangling-else" "-Wno-logical-op-parentheses" "-Wno-unused-parameter" "-Wno-unused-variable" "-Wno-unused-function" "-Wno-missing-braces" "-Wno-unknown-pragmas" "-Wno-deprecated-declarations" "-D_FILE_OFFSET_BITS=64" "-D_LARGEFILE_SOURCE" "-DRAR_SMP" "-DRARDLL" "-o" "/opt/rustwide/target/debug/build/unrar_sys/70a335f666156197/out/0934600a39780889-getbits.o" "-c" "vendor/unrar/getbits.cpp"cargo:warning=c++: fatal error: Killed signal terminated program cc1plus
[INFO] [stderr] warning: unrar_sys@0.5.8: compilation terminated.
[INFO] [stderr] warning: unrar_sys@0.5.8: ToolExecError: command did not execute successfully (status code exit status: 1): LC_ALL="C" "c++" "-O2" "-ffunction-sections" "-fdata-sections" "-fPIC" "-g" "-gdwarf-4" "-fno-omit-frame-pointer" "-m64" "-std=c++14" "-w" "-fPIC" "-Wno-switch" "-Wno-parentheses" "-Wno-macro-redefined" "-Wno-dangling-else" "-Wno-logical-op-parentheses" "-Wno-unused-parameter" "-Wno-unused-variable" "-Wno-unused-function" "-Wno-missing-braces" "-Wno-unknown-pragmas" "-Wno-deprecated-declarations" "-D_FILE_OFFSET_BITS=64" "-D_LARGEFILE_SOURCE" "-DRAR_SMP" "-DRARDLL" "-o" "/opt/rustwide/target/debug/build/unrar_sys/70a335f666156197/out/0934600a39780889-sha1.o" "-c" "vendor/unrar/sha1.cpp"cargo:warning=c++: fatal error: Killed signal terminated program cc1plus
[INFO] [stderr] warning: unrar_sys@0.5.8: compilation terminated.
[INFO] [stderr] warning: unrar_sys@0.5.8: ToolExecError: command did not execute successfully (status code exit status: 1): LC_ALL="C" "c++" "-O2" "-ffunction-sections" "-fdata-sections" "-fPIC" "-g" "-gdwarf-4" "-fno-omit-frame-pointer" "-m64" "-std=c++14" "-w" "-fPIC" "-Wno-switch" "-Wno-parentheses" "-Wno-macro-redefined" "-Wno-dangling-else" "-Wno-logical-op-parentheses" "-Wno-unused-parameter" "-Wno-unused-variable" "-Wno-unused-function" "-Wno-missing-braces" "-Wno-unknown-pragmas" "-Wno-deprecated-declarations" "-D_FILE_OFFSET_BITS=64" "-D_LARGEFILE_SOURCE" "-DRAR_SMP" "-DRARDLL" "-o" "/opt/rustwide/target/debug/build/unrar_sys/70a335f666156197/out/0934600a39780889-errhnd.o" "-c" "vendor/unrar/errhnd.cpp"cargo:warning=c++: fatal error: Killed signal terminated program cc1plus
[INFO] [stderr] warning: unrar_sys@0.5.8: compilation terminated.
[INFO] [stderr] warning: unrar_sys@0.5.8: ToolExecError: command did not execute successfully (status code exit status: 1): LC_ALL="C" "c++" "-O2" "-ffunction-sections" "-fdata-sections" "-fPIC" "-g" "-gdwarf-4" "-fno-omit-frame-pointer" "-m64" "-std=c++14" "-w" "-fPIC" "-Wno-switch" "-Wno-parentheses" "-Wno-macro-redefined" "-Wno-dangling-else" "-Wno-logical-op-parentheses" "-Wno-unused-parameter" "-Wno-unused-variable" "-Wno-unused-function" "-Wno-missing-braces" "-Wno-unknown-pragmas" "-Wno-deprecated-declarations" "-D_FILE_OFFSET_BITS=64" "-D_LARGEFILE_SOURCE" "-DRAR_SMP" "-DRARDLL" "-o" "/opt/rustwide/target/debug/build/unrar_sys/70a335f666156197/out/0934600a39780889-secpassword.o" "-c" "vendor/unrar/secpassword.cpp"cargo:warning=c++: fatal error: Killed signal terminated program cc1plus
[INFO] [stderr] warning: unrar_sys@0.5.8: compilation terminated.
[INFO] [stderr] warning: unrar_sys@0.5.8: ToolExecError: command did not execute successfully (status code exit status: 1): LC_ALL="C" "c++" "-O2" "-ffunction-sections" "-fdata-sections" "-fPIC" "-g" "-gdwarf-4" "-fno-omit-frame-pointer" "-m64" "-std=c++14" "-w" "-fPIC" "-Wno-switch" "-Wno-parentheses" "-Wno-macro-redefined" "-Wno-dangling-else" "-Wno-logical-op-parentheses" "-Wno-unused-parameter" "-Wno-unused-variable" "-Wno-unused-function" "-Wno-missing-braces" "-Wno-unknown-pragmas" "-Wno-deprecated-declarations" "-D_FILE_OFFSET_BITS=64" "-D_LARGEFILE_SOURCE" "-DRAR_SMP" "-DRARDLL" "-o" "/opt/rustwide/target/debug/build/unrar_sys/70a335f666156197/out/0934600a39780889-sha256.o" "-c" "vendor/unrar/sha256.cpp"cargo:warning=c++: fatal error: Killed signal terminated program cc1plus
[INFO] [stderr] warning: unrar_sys@0.5.8: compilation terminated.
[INFO] [stderr] warning: unrar_sys@0.5.8: ToolExecError: command did not execute successfully (status code exit status: 1): LC_ALL="C" "c++" "-O2" "-ffunction-sections" "-fdata-sections" "-fPIC" "-g" "-gdwarf-4" "-fno-omit-frame-pointer" "-m64" "-std=c++14" "-w" "-fPIC" "-Wno-switch" "-Wno-parentheses" "-Wno-macro-redefined" "-Wno-dangling-else" "-Wno-logical-op-parentheses" "-Wno-unused-parameter" "-Wno-unused-variable" "-Wno-unused-function" "-Wno-missing-braces" "-Wno-unknown-pragmas" "-Wno-deprecated-declarations" "-D_FILE_OFFSET_BITS=64" "-D_LARGEFILE_SOURCE" "-DRAR_SMP" "-DRARDLL" "-o" "/opt/rustwide/target/debug/build/unrar_sys/70a335f666156197/out/0934600a39780889-rijndael.o" "-c" "vendor/unrar/rijndael.cpp"cargo:warning=c++: fatal error: Killed signal terminated program cc1plus
[INFO] [stderr] warning: unrar_sys@0.5.8: compilation terminated.
[INFO] [stderr] warning: unrar_sys@0.5.8: ToolExecError: command did not execute successfully (status code exit status: 1): LC_ALL="C" "c++" "-O2" "-ffunction-sections" "-fdata-sections" "-fPIC" "-g" "-gdwarf-4" "-fno-omit-frame-pointer" "-m64" "-std=c++14" "-w" "-fPIC" "-Wno-switch" "-Wno-parentheses" "-Wno-macro-redefined" "-Wno-dangling-else" "-Wno-logical-op-parentheses" "-Wno-unused-parameter" "-Wno-unused-variable" "-Wno-unused-function" "-Wno-missing-braces" "-Wno-unknown-pragmas" "-Wno-deprecated-declarations" "-D_FILE_OFFSET_BITS=64" "-D_LARGEFILE_SOURCE" "-DRAR_SMP" "-DRARDLL" "-o" "/opt/rustwide/target/debug/build/unrar_sys/70a335f666156197/out/0934600a39780889-hash.o" "-c" "vendor/unrar/hash.cpp"cargo:warning=c++: fatal error: Killed signal terminated program cc1plus
[INFO] [stderr] warning: unrar_sys@0.5.8: compilation terminated.
[INFO] [stderr] warning: unrar_sys@0.5.8: ToolExecError: command did not execute successfully (status code exit status: 1): LC_ALL="C" "c++" "-O2" "-ffunction-sections" "-fdata-sections" "-fPIC" "-g" "-gdwarf-4" "-fno-omit-frame-pointer" "-m64" "-std=c++14" "-w" "-fPIC" "-Wno-switch" "-Wno-parentheses" "-Wno-macro-redefined" "-Wno-dangling-else" "-Wno-logical-op-parentheses" "-Wno-unused-parameter" "-Wno-unused-variable" "-Wno-unused-function" "-Wno-missing-braces" "-Wno-unknown-pragmas" "-Wno-deprecated-declarations" "-D_FILE_OFFSET_BITS=64" "-D_LARGEFILE_SOURCE" "-DRAR_SMP" "-DRARDLL" "-o" "/opt/rustwide/target/debug/build/unrar_sys/70a335f666156197/out/0934600a39780889-extract.o" "-c" "vendor/unrar/extract.cpp"cargo:warning=c++: fatal error: Killed signal terminated program cc1plus
[INFO] [stderr] warning: unrar_sys@0.5.8: compilation terminated.
[INFO] [stderr] warning: unrar_sys@0.5.8: ToolExecError: command did not execute successfully (status code exit status: 1): LC_ALL="C" "c++" "-O2" "-ffunction-sections" "-fdata-sections" "-fPIC" "-g" "-gdwarf-4" "-fno-omit-frame-pointer" "-m64" "-std=c++14" "-w" "-fPIC" "-Wno-switch" "-Wno-parentheses" "-Wno-macro-redefined" "-Wno-dangling-else" "-Wno-logical-op-parentheses" "-Wno-unused-parameter" "-Wno-unused-variable" "-Wno-unused-function" "-Wno-missing-braces" "-Wno-unknown-pragmas" "-Wno-deprecated-declarations" "-D_FILE_OFFSET_BITS=64" "-D_LARGEFILE_SOURCE" "-DRAR_SMP" "-DRARDLL" "-o" "/opt/rustwide/target/debug/build/unrar_sys/70a335f666156197/out/0934600a39780889-blake2s.o" "-c" "vendor/unrar/blake2s.cpp"cargo:warning=c++: fatal error: Killed signal terminated program cc1plus
[INFO] [stderr] warning: unrar_sys@0.5.8: compilation terminated.
[INFO] [stderr] warning: unrar_sys@0.5.8: ToolExecError: command did not execute successfully (status code exit status: 1): LC_ALL="C" "c++" "-O2" "-ffunction-sections" "-fdata-sections" "-fPIC" "-g" "-gdwarf-4" "-fno-omit-frame-pointer" "-m64" "-std=c++14" "-w" "-fPIC" "-Wno-switch" "-Wno-parentheses" "-Wno-macro-redefined" "-Wno-dangling-else" "-Wno-logical-op-parentheses" "-Wno-unused-parameter" "-Wno-unused-variable" "-Wno-unused-function" "-Wno-missing-braces" "-Wno-unknown-pragmas" "-Wno-deprecated-declarations" "-D_FILE_OFFSET_BITS=64" "-D_LARGEFILE_SOURCE" "-DRAR_SMP" "-DRARDLL" "-o" "/opt/rustwide/target/debug/build/unrar_sys/70a335f666156197/out/0934600a39780889-find.o" "-c" "vendor/unrar/find.cpp"cargo:warning=c++: fatal error: Killed signal terminated program cc1plus
[INFO] [stderr] warning: unrar_sys@0.5.8: compilation terminated.
[INFO] [stderr] warning: unrar_sys@0.5.8: ToolExecError: command did not execute successfully (status code exit status: 1): LC_ALL="C" "c++" "-O2" "-ffunction-sections" "-fdata-sections" "-fPIC" "-g" "-gdwarf-4" "-fno-omit-frame-pointer" "-m64" "-std=c++14" "-w" "-fPIC" "-Wno-switch" "-Wno-parentheses" "-Wno-macro-redefined" "-Wno-dangling-else" "-Wno-logical-op-parentheses" "-Wno-unused-parameter" "-Wno-unused-variable" "-Wno-unused-function" "-Wno-missing-braces" "-Wno-unknown-pragmas" "-Wno-deprecated-declarations" "-D_FILE_OFFSET_BITS=64" "-D_LARGEFILE_SOURCE" "-DRAR_SMP" "-DRARDLL" "-o" "/opt/rustwide/target/debug/build/unrar_sys/70a335f666156197/out/0934600a39780889-extinfo.o" "-c" "vendor/unrar/extinfo.cpp"cargo:warning=c++: fatal error: Killed signal terminated program cc1plus
[INFO] [stderr] warning: unrar_sys@0.5.8: compilation terminated.
[INFO] [stderr] warning: unrar_sys@0.5.8: ToolExecError: command did not execute successfully (status code exit status: 1): LC_ALL="C" "c++" "-O2" "-ffunction-sections" "-fdata-sections" "-fPIC" "-g" "-gdwarf-4" "-fno-omit-frame-pointer" "-m64" "-std=c++14" "-w" "-fPIC" "-Wno-switch" "-Wno-parentheses" "-Wno-macro-redefined" "-Wno-dangling-else" "-Wno-logical-op-parentheses" "-Wno-unused-parameter" "-Wno-unused-variable" "-Wno-unused-function" "-Wno-missing-braces" "-Wno-unknown-pragmas" "-Wno-deprecated-declarations" "-D_FILE_OFFSET_BITS=64" "-D_LARGEFILE_SOURCE" "-DRAR_SMP" "-DRARDLL" "-o" "/opt/rustwide/target/debug/build/unrar_sys/70a335f666156197/out/0934600a39780889-volume.o" "-c" "vendor/unrar/volume.cpp"cargo:warning=c++: fatal error: Killed signal terminated program cc1plus
[INFO] [stderr] warning: unrar_sys@0.5.8: compilation terminated.
[INFO] [stderr] warning: unrar_sys@0.5.8: ToolExecError: command did not execute successfully (status code exit status: 1): LC_ALL="C" "c++" "-O2" "-ffunction-sections" "-fdata-sections" "-fPIC" "-g" "-gdwarf-4" "-fno-omit-frame-pointer" "-m64" "-std=c++14" "-w" "-fPIC" "-Wno-switch" "-Wno-parentheses" "-Wno-macro-redefined" "-Wno-dangling-else" "-Wno-logical-op-parentheses" "-Wno-unused-parameter" "-Wno-unused-variable" "-Wno-unused-function" "-Wno-missing-braces" "-Wno-unknown-pragmas" "-Wno-deprecated-declarations" "-D_FILE_OFFSET_BITS=64" "-D_LARGEFILE_SOURCE" "-DRAR_SMP" "-DRARDLL" "-o" "/opt/rustwide/target/debug/build/unrar_sys/70a335f666156197/out/0934600a39780889-ui.o" "-c" "vendor/unrar/ui.cpp"cargo:warning=c++: fatal error: Killed signal terminated program cc1plus
[INFO] [stderr] warning: unrar_sys@0.5.8: compilation terminated.
[INFO] [stderr] warning: unrar_sys@0.5.8: ToolExecError: command did not execute successfully (status code exit status: 1): LC_ALL="C" "c++" "-O2" "-ffunction-sections" "-fdata-sections" "-fPIC" "-g" "-gdwarf-4" "-fno-omit-frame-pointer" "-m64" "-std=c++14" "-w" "-fPIC" "-Wno-switch" "-Wno-parentheses" "-Wno-macro-redefined" "-Wno-dangling-else" "-Wno-logical-op-parentheses" "-Wno-unused-parameter" "-Wno-unused-variable" "-Wno-unused-function" "-Wno-missing-braces" "-Wno-unknown-pragmas" "-Wno-deprecated-declarations" "-D_FILE_OFFSET_BITS=64" "-D_LARGEFILE_SOURCE" "-DRAR_SMP" "-DRARDLL" "-o" "/opt/rustwide/target/debug/build/unrar_sys/70a335f666156197/out/0934600a39780889-list.o" "-c" "vendor/unrar/list.cpp"cargo:warning=c++: fatal error: Killed signal terminated program cc1plus
[INFO] [stderr] warning: unrar_sys@0.5.8: compilation terminated.
[INFO] [stderr] warning: unrar_sys@0.5.8: ToolExecError: command did not execute successfully (status code exit status: 1): LC_ALL="C" "c++" "-O2" "-ffunction-sections" "-fdata-sections" "-fPIC" "-g" "-gdwarf-4" "-fno-omit-frame-pointer" "-m64" "-std=c++14" "-w" "-fPIC" "-Wno-switch" "-Wno-parentheses" "-Wno-macro-redefined" "-Wno-dangling-else" "-Wno-logical-op-parentheses" "-Wno-unused-parameter" "-Wno-unused-variable" "-Wno-unused-function" "-Wno-missing-braces" "-Wno-unknown-pragmas" "-Wno-deprecated-declarations" "-D_FILE_OFFSET_BITS=64" "-D_LARGEFILE_SOURCE" "-DRAR_SMP" "-DRARDLL" "-o" "/opt/rustwide/target/debug/build/unrar_sys/70a335f666156197/out/0934600a39780889-unpack.o" "-c" "vendor/unrar/unpack.cpp"cargo:warning=c++: fatal error: Killed signal terminated program cc1plus
[INFO] [stderr] warning: unrar_sys@0.5.8: compilation terminated.
[INFO] [stderr] warning: unrar_sys@0.5.8: ToolExecError: command did not execute successfully (status code exit status: 1): LC_ALL="C" "c++" "-O2" "-ffunction-sections" "-fdata-sections" "-fPIC" "-g" "-gdwarf-4" "-fno-omit-frame-pointer" "-m64" "-std=c++14" "-w" "-fPIC" "-Wno-switch" "-Wno-parentheses" "-Wno-macro-redefined" "-Wno-dangling-else" "-Wno-logical-op-parentheses" "-Wno-unused-parameter" "-Wno-unused-variable" "-Wno-unused-function" "-Wno-missing-braces" "-Wno-unknown-pragmas" "-Wno-deprecated-declarations" "-D_FILE_OFFSET_BITS=64" "-D_LARGEFILE_SOURCE" "-DRAR_SMP" "-DRARDLL" "-o" "/opt/rustwide/target/debug/build/unrar_sys/70a335f666156197/out/0934600a39780889-qopen.o" "-c" "vendor/unrar/qopen.cpp"
[INFO] [stderr] error: failed to run custom build command for `unrar_sys v0.5.8`
[INFO] [stderr] note: To improve backtraces for build dependencies, set the CARGO_PROFILE_DEV_BUILD_OVERRIDE_DEBUG=true environment variable to enable debug information generation.
[INFO] [stderr] 
[INFO] [stderr] Caused by:
[INFO] [stderr]   process didn't exit successfully: `/opt/rustwide/target/debug/build/unrar_sys/63c86d88fddecf1f/out/build_script_build` (exit status: 1)
[INFO] [stderr]   --- stdout
[INFO] [stderr]   cargo:rustc-link-lib=pthread
[INFO] [stderr]   OUT_DIR = Some(/opt/rustwide/target/debug/build/unrar_sys/70a335f666156197/out)
[INFO] [stderr]   TARGET = Some(x86_64-unknown-linux-gnu)
[INFO] [stderr]   CARGO_ENCODED_RUSTFLAGS = Some(--cap-lints=forbid-Znext-solver=coherence)
[INFO] [stderr]   HOST = Some(x86_64-unknown-linux-gnu)
[INFO] [stderr]   cargo:rerun-if-env-changed=CXX_x86_64-unknown-linux-gnu
[INFO] [stderr]   CXX_x86_64-unknown-linux-gnu = None
[INFO] [stderr]   cargo:rerun-if-env-changed=CXX_x86_64_unknown_linux_gnu
[INFO] [stderr]   CXX_x86_64_unknown_linux_gnu = None
[INFO] [stderr]   cargo:rerun-if-env-changed=HOST_CXX
[INFO] [stderr]   HOST_CXX = None
[INFO] [stderr]   cargo:rerun-if-env-changed=CXX
[INFO] [stderr]   CXX = None
[INFO] [stderr]   cargo:rerun-if-env-changed=CC_ENABLE_DEBUG_OUTPUT
[INFO] [stderr]   RUSTC_WRAPPER = None
[INFO] [stderr]   cargo:rerun-if-env-changed=CRATE_CC_NO_DEFAULTS
[INFO] [stderr]   CRATE_CC_NO_DEFAULTS = None
[INFO] [stderr]   DEBUG = Some(true)
[INFO] [stderr]   CARGO_CFG_TARGET_FEATURE = Some(fxsr,sse,sse2,x87)
[INFO] [stderr]   cargo:rerun-if-env-changed=CXXFLAGS
[INFO] [stderr]   CXXFLAGS = None
[INFO] [stderr]   cargo:rerun-if-env-changed=HOST_CXXFLAGS
[INFO] [stderr]   HOST_CXXFLAGS = None
[INFO] [stderr]   cargo:rerun-if-env-changed=CXXFLAGS_x86_64_unknown_linux_gnu
[INFO] [stderr]   CXXFLAGS_x86_64_unknown_linux_gnu = None
[INFO] [stderr]   cargo:rerun-if-env-changed=CXXFLAGS_x86_64-unknown-linux-gnu
[INFO] [stderr]   CXXFLAGS_x86_64-unknown-linux-gnu = None
[INFO] [stderr]   OUT_DIR = Some(/opt/rustwide/target/debug/build/unrar_sys/70a335f666156197/out)
[INFO] [stderr]   cargo:rerun-if-env-changed=CC_ENABLE_DEBUG_OUTPUT
[INFO] [stderr]   cargo:rerun-if-env-changed=CRATE_CC_NO_DEFAULTS
[INFO] [stderr]   CRATE_CC_NO_DEFAULTS = None
[INFO] [stderr]   TARGET = Some(x86_64-unknown-linux-gnu)
[INFO] [stderr]   CARGO_CFG_TARGET_FEATURE = Some(fxsr,sse,sse2,x87)
[INFO] [stderr]   HOST = Some(x86_64-unknown-linux-gnu)
[INFO] [stderr]   cargo:rerun-if-env-changed=CXXFLAGS
[INFO] [stderr]   CXXFLAGS = None
[INFO] [stderr]   cargo:rerun-if-env-changed=HOST_CXXFLAGS
[INFO] [stderr]   HOST_CXXFLAGS = None
[INFO] [stderr]   cargo:rerun-if-env-changed=CXXFLAGS_x86_64_unknown_linux_gnu
[INFO] [stderr]   CXXFLAGS_x86_64_unknown_linux_gnu = None
[INFO] [stderr]   cargo:rerun-if-env-changed=CXXFLAGS_x86_64-unknown-linux-gnu
[INFO] [stderr]   CXXFLAGS_x86_64-unknown-linux-gnu = None
[INFO] [stderr]   OUT_DIR = Some(/opt/rustwide/target/debug/build/unrar_sys/70a335f666156197/out)
[INFO] [stderr]   cargo:rerun-if-env-changed=CC_ENABLE_DEBUG_OUTPUT
[INFO] [stderr]   cargo:rerun-if-env-changed=CRATE_CC_NO_DEFAULTS
[INFO] [stderr]   CRATE_CC_NO_DEFAULTS = None
[INFO] [stderr]   TARGET = Some(x86_64-unknown-linux-gnu)
[INFO] [stderr]   CARGO_CFG_TARGET_FEATURE = Some(fxsr,sse,sse2,x87)
[INFO] [stderr]   HOST = Some(x86_64-unknown-linux-gnu)
[INFO] [stderr]   cargo:rerun-if-env-changed=CXXFLAGS
[INFO] [stderr]   CXXFLAGS = None
[INFO] [stderr]   cargo:rerun-if-env-changed=HOST_CXXFLAGS
[INFO] [stderr]   HOST_CXXFLAGS = None
[INFO] [stderr]   cargo:rerun-if-env-changed=CXXFLAGS_x86_64_unknown_linux_gnu
[INFO] [stderr]   CXXFLAGS_x86_64_unknown_linux_gnu = None
[INFO] [stderr]   cargo:rerun-if-env-changed=CXXFLAGS_x86_64-unknown-linux-gnu
[INFO] [stderr]   CXXFLAGS_x86_64-unknown-linux-gnu = None
[INFO] [stderr]   OUT_DIR = Some(/opt/rustwide/target/debug/build/unrar_sys/70a335f666156197/out)
[INFO] [stderr]   cargo:rerun-if-env-changed=CC_ENABLE_DEBUG_OUTPUT
[INFO] [stderr]   cargo:rerun-if-env-changed=CRATE_CC_NO_DEFAULTS
[INFO] [stderr]   CRATE_CC_NO_DEFAULTS = None
[INFO] [stderr]   TARGET = Some(x86_64-unknown-linux-gnu)
[INFO] [stderr]   CARGO_CFG_TARGET_FEATURE = Some(fxsr,sse,sse2,x87)
[INFO] [stderr]   HOST = Some(x86_64-unknown-linux-gnu)
[INFO] [stderr]   cargo:rerun-if-env-changed=CXXFLAGS
[INFO] [stderr]   CXXFLAGS = None
[INFO] [stderr]   cargo:rerun-if-env-changed=HOST_CXXFLAGS
[INFO] [stderr]   HOST_CXXFLAGS = None
[INFO] [stderr]   cargo:rerun-if-env-changed=CXXFLAGS_x86_64_unknown_linux_gnu
[INFO] [stderr]   CXXFLAGS_x86_64_unknown_linux_gnu = None
[INFO] [stderr]   cargo:rerun-if-env-changed=CXXFLAGS_x86_64-unknown-linux-gnu
[INFO] [stderr]   CXXFLAGS_x86_64-unknown-linux-gnu = None
[INFO] [stderr]   OUT_DIR = Some(/opt/rustwide/target/debug/build/unrar_sys/70a335f666156197/out)
[INFO] [stderr]   cargo:rerun-if-env-changed=CC_ENABLE_DEBUG_OUTPUT
[INFO] [stderr]   cargo:rerun-if-env-changed=CRATE_CC_NO_DEFAULTS
[INFO] [stderr]   CRATE_CC_NO_DEFAULTS = None
[INFO] [stderr]   TARGET = Some(x86_64-unknown-linux-gnu)
[INFO] [stderr]   CARGO_CFG_TARGET_FEATURE = Some(fxsr,sse,sse2,x87)
[INFO] [stderr]   HOST = Some(x86_64-unknown-linux-gnu)
[INFO] [stderr]   cargo:rerun-if-env-changed=CXXFLAGS
[INFO] [stderr]   CXXFLAGS = None
[INFO] [stderr]   cargo:rerun-if-env-changed=HOST_CXXFLAGS
[INFO] [stderr]   HOST_CXXFLAGS = None
[INFO] [stderr]   cargo:rerun-if-env-changed=CXXFLAGS_x86_64_unknown_linux_gnu
[INFO] [stderr]   CXXFLAGS_x86_64_unknown_linux_gnu = None
[INFO] [stderr]   cargo:rerun-if-env-changed=CXXFLAGS_x86_64-unknown-linux-gnu
[INFO] [stderr]   CXXFLAGS_x86_64-unknown-linux-gnu = None
[INFO] [stderr]   OUT_DIR = Some(/opt/rustwide/target/debug/build/unrar_sys/70a335f666156197/out)
[INFO] [stderr]   cargo:rerun-if-env-changed=CC_ENABLE_DEBUG_OUTPUT
[INFO] [stderr]   cargo:rerun-if-env-changed=CRATE_CC_NO_DEFAULTS
[INFO] [stderr]   CRATE_CC_NO_DEFAULTS = None
[INFO] [stderr]   TARGET = Some(x86_64-unknown-linux-gnu)
[INFO] [stderr]   CARGO_CFG_TARGET_FEATURE = Some(fxsr,sse,sse2,x87)
[INFO] [stderr]   HOST = Some(x86_64-unknown-linux-gnu)
[INFO] [stderr]   cargo:rerun-if-env-changed=CXXFLAGS
[INFO] [stderr]   CXXFLAGS = None
[INFO] [stderr]   cargo:rerun-if-env-changed=HOST_CXXFLAGS
[INFO] [stderr]   HOST_CXXFLAGS = None
[INFO] [stderr]   cargo:rerun-if-env-changed=CXXFLAGS_x86_64_unknown_linux_gnu
[INFO] [stderr]   CXXFLAGS_x86_64_unknown_linux_gnu = None
[INFO] [stderr]   cargo:rerun-if-env-changed=CXXFLAGS_x86_64-unknown-linux-gnu
[INFO] [stderr]   CXXFLAGS_x86_64-unknown-linux-gnu = None
[INFO] [stderr]   OUT_DIR = Some(/opt/rustwide/target/debug/build/unrar_sys/70a335f666156197/out)
[INFO] [stderr]   cargo:rerun-if-env-changed=CC_ENABLE_DEBUG_OUTPUT
[INFO] [stderr]   cargo:rerun-if-env-changed=CRATE_CC_NO_DEFAULTS
[INFO] [stderr]   CRATE_CC_NO_DEFAULTS = None
[INFO] [stderr]   TARGET = Some(x86_64-unknown-linux-gnu)
[INFO] [stderr]   CARGO_CFG_TARGET_FEATURE = Some(fxsr,sse,sse2,x87)
[INFO] [stderr]   HOST = Some(x86_64-unknown-linux-gnu)
[INFO] [stderr]   cargo:rerun-if-env-changed=CXXFLAGS
[INFO] [stderr]   CXXFLAGS = None
[INFO] [stderr]   cargo:rerun-if-env-changed=HOST_CXXFLAGS
[INFO] [stderr]   HOST_CXXFLAGS = None
[INFO] [stderr]   cargo:rerun-if-env-changed=CXXFLAGS_x86_64_unknown_linux_gnu
[INFO] [stderr]   CXXFLAGS_x86_64_unknown_linux_gnu = None
[INFO] [stderr]   cargo:rerun-if-env-changed=CXXFLAGS_x86_64-unknown-linux-gnu
[INFO] [stderr]   CXXFLAGS_x86_64-unknown-linux-gnu = None
[INFO] [stderr]   OUT_DIR = Some(/opt/rustwide/target/debug/build/unrar_sys/70a335f666156197/out)
[INFO] [stderr]   cargo:rerun-if-env-changed=CC_ENABLE_DEBUG_OUTPUT
[INFO] [stderr]   cargo:rerun-if-env-changed=CRATE_CC_NO_DEFAULTS
[INFO] [stderr]   CRATE_CC_NO_DEFAULTS = None
[INFO] [stderr]   TARGET = Some(x86_64-unknown-linux-gnu)
[INFO] [stderr]   CARGO_CFG_TARGET_FEATURE = Some(fxsr,sse,sse2,x87)
[INFO] [stderr]   HOST = Some(x86_64-unknown-linux-gnu)
[INFO] [stderr]   cargo:rerun-if-env-changed=CXXFLAGS
[INFO] [stderr]   CXXFLAGS = None
[INFO] [stderr]   cargo:rerun-if-env-changed=HOST_CXXFLAGS
[INFO] [stderr]   HOST_CXXFLAGS = None
[INFO] [stderr]   cargo:rerun-if-env-changed=CXXFLAGS_x86_64_unknown_linux_gnu
[INFO] [stderr]   CXXFLAGS_x86_64_unknown_linux_gnu = None
[INFO] [stderr]   cargo:rerun-if-env-changed=CXXFLAGS_x86_64-unknown-linux-gnu
[INFO] [stderr]   CXXFLAGS_x86_64-unknown-linux-gnu = None
[INFO] [stderr]   OUT_DIR = Some(/opt/rustwide/target/debug/build/unrar_sys/70a335f666156197/out)
[INFO] [stderr]   cargo:rerun-if-env-changed=CC_ENABLE_DEBUG_OUTPUT
[INFO] [stderr]   cargo:rerun-if-env-changed=CRATE_CC_NO_DEFAULTS
[INFO] [stderr]   CRATE_CC_NO_DEFAULTS = None
[INFO] [stderr]   TARGET = Some(x86_64-unknown-linux-gnu)
[INFO] [stderr]   CARGO_CFG_TARGET_FEATURE = Some(fxsr,sse,sse2,x87)
[INFO] [stderr]   HOST = Some(x86_64-unknown-linux-gnu)
[INFO] [stderr]   cargo:rerun-if-env-changed=CXXFLAGS
[INFO] [stderr]   CXXFLAGS = None
[INFO] [stderr]   cargo:rerun-if-env-changed=HOST_CXXFLAGS
[INFO] [stderr]   HOST_CXXFLAGS = None
[INFO] [stderr]   cargo:rerun-if-env-changed=CXXFLAGS_x86_64_unknown_linux_gnu
[INFO] [stderr]   CXXFLAGS_x86_64_unknown_linux_gnu = None
[INFO] [stderr]   cargo:rerun-if-env-changed=CXXFLAGS_x86_64-unknown-linux-gnu
[INFO] [stderr]   CXXFLAGS_x86_64-unknown-linux-gnu = None
[INFO] [stderr]   OUT_DIR = Some(/opt/rustwide/target/debug/build/unrar_sys/70a335f666156197/out)
[INFO] [stderr]   cargo:rerun-if-env-changed=CC_ENABLE_DEBUG_OUTPUT
[INFO] [stderr]   cargo:rerun-if-env-changed=CRATE_CC_NO_DEFAULTS
[INFO] [stderr]   CRATE_CC_NO_DEFAULTS = None
[INFO] [stderr]   TARGET = Some(x86_64-unknown-linux-gnu)
[INFO] [stderr]   CARGO_CFG_TARGET_FEATURE = Some(fxsr,sse,sse2,x87)
[INFO] [stderr]   HOST = Some(x86_64-unknown-linux-gnu)
[INFO] [stderr]   cargo:rerun-if-env-changed=CXXFLAGS
[INFO] [stderr]   CXXFLAGS = None
[INFO] [stderr]   cargo:rerun-if-env-changed=HOST_CXXFLAGS
[INFO] [stderr]   HOST_CXXFLAGS = None
[INFO] [stderr]   cargo:rerun-if-env-changed=CXXFLAGS_x86_64_unknown_linux_gnu
[INFO] [stderr]   CXXFLAGS_x86_64_unknown_linux_gnu = None
[INFO] [stderr]   cargo:rerun-if-env-changed=CXXFLAGS_x86_64-unknown-linux-gnu
[INFO] [stderr]   CXXFLAGS_x86_64-unknown-linux-gnu = None
[INFO] [stderr]   OUT_DIR = Some(/opt/rustwide/target/debug/build/unrar_sys/70a335f666156197/out)
[INFO] [stderr]   cargo:rerun-if-env-changed=CC_ENABLE_DEBUG_OUTPUT
[INFO] [stderr]   cargo:rerun-if-env-changed=CRATE_CC_NO_DEFAULTS
[INFO] [stderr]   CRATE_CC_NO_DEFAULTS = None
[INFO] [stderr]   TARGET = Some(x86_64-unknown-linux-gnu)
[INFO] [stderr]   CARGO_CFG_TARGET_FEATURE = Some(fxsr,sse,sse2,x87)
[INFO] [stderr]   HOST = Some(x86_64-unknown-linux-gnu)
[INFO] [stderr]   cargo:rerun-if-env-changed=CXXFLAGS
[INFO] [stderr]   CXXFLAGS = None
[INFO] [stderr]   cargo:rerun-if-env-changed=HOST_CXXFLAGS
[INFO] [stderr]   HOST_CXXFLAGS = None
[INFO] [stderr]   cargo:rerun-if-env-changed=CXXFLAGS_x86_64_unknown_linux_gnu
[INFO] [stderr]   CXXFLAGS_x86_64_unknown_linux_gnu = None
[INFO] [stderr]   cargo:rerun-if-env-changed=CXXFLAGS_x86_64-unknown-linux-gnu
[INFO] [stderr]   CXXFLAGS_x86_64-unknown-linux-gnu = None
[INFO] [stderr]   OUT_DIR = Some(/opt/rustwide/target/debug/build/unrar_sys/70a335f666156197/out)
[INFO] [stderr]   cargo:rerun-if-env-changed=CC_ENABLE_DEBUG_OUTPUT
[INFO] [stderr]   cargo:rerun-if-env-changed=CRATE_CC_NO_DEFAULTS
[INFO] [stderr]   CRATE_CC_NO_DEFAULTS = None
[INFO] [stderr]   TARGET = Some(x86_64-unknown-linux-gnu)
[INFO] [stderr]   CARGO_CFG_TARGET_FEATURE = Some(fxsr,sse,sse2,x87)
[INFO] [stderr]   HOST = Some(x86_64-unknown-linux-gnu)
[INFO] [stderr]   cargo:rerun-if-env-changed=CXXFLAGS
[INFO] [stderr]   CXXFLAGS = None
[INFO] [stderr]   cargo:rerun-if-env-changed=HOST_CXXFLAGS
[INFO] [stderr]   HOST_CXXFLAGS = None
[INFO] [stderr]   cargo:rerun-if-env-changed=CXXFLAGS_x86_64_unknown_linux_gnu
[INFO] [stderr]   CXXFLAGS_x86_64_unknown_linux_gnu = None
[INFO] [stderr]   cargo:rerun-if-env-changed=CXXFLAGS_x86_64-unknown-linux-gnu
[INFO] [stderr]   CXXFLAGS_x86_64-unknown-linux-gnu = None
[INFO] [stderr]   OUT_DIR = Some(/opt/rustwide/target/debug/build/unrar_sys/70a335f666156197/out)
[INFO] [stderr]   cargo:rerun-if-env-changed=CC_ENABLE_DEBUG_OUTPUT
[INFO] [stderr]   cargo:rerun-if-env-changed=CRATE_CC_NO_DEFAULTS
[INFO] [stderr]   CRATE_CC_NO_DEFAULTS = None
[INFO] [stderr]   TARGET = Some(x86_64-unknown-linux-gnu)
[INFO] [stderr]   CARGO_CFG_TARGET_FEATURE = Some(fxsr,sse,sse2,x87)
[INFO] [stderr]   HOST = Some(x86_64-unknown-linux-gnu)
[INFO] [stderr]   cargo:rerun-if-env-changed=CXXFLAGS
[INFO] [stderr]   CXXFLAGS = None
[INFO] [stderr]   cargo:rerun-if-env-changed=HOST_CXXFLAGS
[INFO] [stderr]   HOST_CXXFLAGS = None
[INFO] [stderr]   cargo:rerun-if-env-changed=CXXFLAGS_x86_64_unknown_linux_gnu
[INFO] [stderr]   CXXFLAGS_x86_64_unknown_linux_gnu = None
[INFO] [stderr]   cargo:rerun-if-env-changed=CXXFLAGS_x86_64-unknown-linux-gnu
[INFO] [stderr]   CXXFLAGS_x86_64-unknown-linux-gnu = None
[INFO] [stderr]   OUT_DIR = Some(/opt/rustwide/target/debug/build/unrar_sys/70a335f666156197/out)
[INFO] [stderr]   cargo:rerun-if-env-changed=CC_ENABLE_DEBUG_OUTPUT
[INFO] [stderr]   cargo:rerun-if-env-changed=CRATE_CC_NO_DEFAULTS
[INFO] [stderr]   CRATE_CC_NO_DEFAULTS = None
[INFO] [stderr]   TARGET = Some(x86_64-unknown-linux-gnu)
[INFO] [stderr]   CARGO_CFG_TARGET_FEATURE = Some(fxsr,sse,sse2,x87)
[INFO] [stderr]   HOST = Some(x86_64-unknown-linux-gnu)
[INFO] [stderr]   cargo:rerun-if-env-changed=CXXFLAGS
[INFO] [stderr]   CXXFLAGS = None
[INFO] [stderr]   cargo:rerun-if-env-changed=HOST_CXXFLAGS
[INFO] [stderr]   HOST_CXXFLAGS = None
[INFO] [stderr]   cargo:rerun-if-env-changed=CXXFLAGS_x86_64_unknown_linux_gnu
[INFO] [stderr]   CXXFLAGS_x86_64_unknown_linux_gnu = None
[INFO] [stderr]   cargo:rerun-if-env-changed=CXXFLAGS_x86_64-unknown-linux-gnu
[INFO] [stderr]   CXXFLAGS_x86_64-unknown-linux-gnu = None
[INFO] [stderr]   cargo:warning=c++: fatal error: Killed signal terminated program cc1plus
[INFO] [stderr]   cargo:warning=compilation terminated.
[INFO] [stderr]   exit status: 1
[INFO] [stderr]   cargo:warning=ToolExecError: command did not execute successfully (status code exit status: 1): LC_ALL="C" "c++" "-O2" "-ffunction-sections" "-fdata-sections" "-fPIC" "-g" "-gdwarf-4" "-fno-omit-frame-pointer" "-m64" "-std=c++14" "-w" "-fPIC" "-Wno-switch" "-Wno-parentheses" "-Wno-macro-redefined" "-Wno-dangling-else" "-Wno-logical-op-parentheses" "-Wno-unused-parameter" "-Wno-unused-variable" "-Wno-unused-function" "-Wno-missing-braces" "-Wno-unknown-pragmas" "-Wno-deprecated-declarations" "-D_FILE_OFFSET_BITS=64" "-D_LARGEFILE_SOURCE" "-DRAR_SMP" "-DRARDLL" "-o" "/opt/rustwide/target/debug/build/unrar_sys/70a335f666156197/out/0934600a39780889-pathfn.o" "-c" "vendor/unrar/pathfn.cpp"cargo:warning=c++: fatal error: Killed signal terminated program cc1plus
[INFO] [stderr]   cargo:warning=compilation terminated.
[INFO] [stderr] 
[INFO] [stderr]   exit status: 1
[INFO] [stderr]   cargo:warning=ToolExecError: command did not execute successfully (status code exit status: 1): LC_ALL="C" "c++" "-O2" "-ffunction-sections" "-fdata-sections" "-fPIC" "-g" "-gdwarf-4" "-fno-omit-frame-pointer" "-m64" "-std=c++14" "-w" "-fPIC" "-Wno-switch" "-Wno-parentheses" "-Wno-macro-redefined" "-Wno-dangling-else" "-Wno-logical-op-parentheses" "-Wno-unused-parameter" "-Wno-unused-variable" "-Wno-unused-function" "-Wno-missing-braces" "-Wno-unknown-pragmas" "-Wno-deprecated-declarations" "-D_FILE_OFFSET_BITS=64" "-D_LARGEFILE_SOURCE" "-DRAR_SMP" "-DRARDLL" "-o" "/opt/rustwide/target/debug/build/unrar_sys/70a335f666156197/out/0934600a39780889-strlist.o" "-c" "vendor/unrar/strlist.cpp"cargo:warning=c++: fatal error: Killed signal terminated program cc1plus
[INFO] [stderr]   cargo:warning=compilation terminated.
[INFO] [stderr] 
[INFO] [stderr]   exit status: 1
[INFO] [stderr]   cargo:warning=ToolExecError: command did not execute successfully (status code exit status: 1): LC_ALL="C" "c++" "-O2" "-ffunction-sections" "-fdata-sections" "-fPIC" "-g" "-gdwarf-4" "-fno-omit-frame-pointer" "-m64" "-std=c++14" "-w" "-fPIC" "-Wno-switch" "-Wno-parentheses" "-Wno-macro-redefined" "-Wno-dangling-else" "-Wno-logical-op-parentheses" "-Wno-unused-parameter" "-Wno-unused-variable" "-Wno-unused-function" "-Wno-missing-braces" "-Wno-unknown-pragmas" "-Wno-deprecated-declarations" "-D_FILE_OFFSET_BITS=64" "-D_LARGEFILE_SOURCE" "-DRAR_SMP" "-DRARDLL" "-o" "/opt/rustwide/target/debug/build/unrar_sys/70a335f666156197/out/0934600a39780889-file.o" "-c" "vendor/unrar/file.cpp"cargo:warning=c++: fatal error: Killed signal terminated program cc1plus
[INFO] [stderr]   cargo:warning=compilation terminated.
[INFO] [stderr] 
[INFO] [stderr]   exit status: 1
[INFO] [stderr]   cargo:warning=ToolExecError: command did not execute successfully (status code exit status: 1): LC_ALL="C" "c++" "-O2" "-ffunction-sections" "-fdata-sections" "-fPIC" "-g" "-gdwarf-4" "-fno-omit-frame-pointer" "-m64" "-std=c++14" "-w" "-fPIC" "-Wno-switch" "-Wno-parentheses" "-Wno-macro-redefined" "-Wno-dangling-else" "-Wno-logical-op-parentheses" "-Wno-unused-parameter" "-Wno-unused-variable" "-Wno-unused-function" "-Wno-missing-braces" "-Wno-unknown-pragmas" "-Wno-deprecated-declarations" "-D_FILE_OFFSET_BITS=64" "-D_LARGEFILE_SOURCE" "-DRAR_SMP" "-DRARDLL" "-o" "/opt/rustwide/target/debug/build/unrar_sys/70a335f666156197/out/0934600a39780889-smallfn.o" "-c" "vendor/unrar/smallfn.cpp"cargo:warning=c++: fatal error: Killed signal terminated program cc1plus
[INFO] [stderr]   cargo:warning=compilation terminated.
[INFO] [stderr] 
[INFO] [stderr]   exit status: 1
[INFO] [stderr]   cargo:warning=ToolExecError: command did not execute successfully (status code exit status: 1): LC_ALL="C" "c++" "-O2" "-ffunction-sections" "-fdata-sections" "-fPIC" "-g" "-gdwarf-4" "-fno-omit-frame-pointer" "-m64" "-std=c++14" "-w" "-fPIC" "-Wno-switch" "-Wno-parentheses" "-Wno-macro-redefined" "-Wno-dangling-else" "-Wno-logical-op-parentheses" "-Wno-unused-parameter" "-Wno-unused-variable" "-Wno-unused-function" "-Wno-missing-braces" "-Wno-unknown-pragmas" "-Wno-deprecated-declarations" "-D_FILE_OFFSET_BITS=64" "-D_LARGEFILE_SOURCE" "-DRAR_SMP" "-DRARDLL" "-o" "/opt/rustwide/target/debug/build/unrar_sys/70a335f666156197/out/0934600a39780889-global.o" "-c" "vendor/unrar/global.cpp"cargo:warning=c++: fatal error: Killed signal terminated program cc1plus
[INFO] [stderr]   cargo:warning=compilation terminated.
[INFO] [stderr] 
[INFO] [stderr]   exit status: 1
[INFO] [stderr]   cargo:warning=ToolExecError: command did not execute successfully (status code exit status: 1): LC_ALL="C" "c++" "-O2" "-ffunction-sections" "-fdata-sections" "-fPIC" "-g" "-gdwarf-4" "-fno-omit-frame-pointer" "-m64" "-std=c++14" "-w" "-fPIC" "-Wno-switch" "-Wno-parentheses" "-Wno-macro-redefined" "-Wno-dangling-else" "-Wno-logical-op-parentheses" "-Wno-unused-parameter" "-Wno-unused-variable" "-Wno-unused-function" "-Wno-missing-braces" "-Wno-unknown-pragmas" "-Wno-deprecated-declarations" "-D_FILE_OFFSET_BITS=64" "-D_LARGEFILE_SOURCE" "-DRAR_SMP" "-DRARDLL" "-o" "/opt/rustwide/target/debug/build/unrar_sys/70a335f666156197/out/0934600a39780889-filefn.o" "-c" "vendor/unrar/filefn.cpp"cargo:warning=c++: fatal error: Killed signal terminated program cc1plus
[INFO] [stderr]   cargo:warning=compilation terminated.
[INFO] [stderr] 
[INFO] [stderr]   exit status: 1
[INFO] [stderr]   cargo:warning=ToolExecError: command did not execute successfully (status code exit status: 1): LC_ALL="C" "c++" "-O2" "-ffunction-sections" "-fdata-sections" "-fPIC" "-g" "-gdwarf-4" "-fno-omit-frame-pointer" "-m64" "-std=c++14" "-w" "-fPIC" "-Wno-switch" "-Wno-parentheses" "-Wno-macro-redefined" "-Wno-dangling-else" "-Wno-logical-op-parentheses" "-Wno-unused-parameter" "-Wno-unused-variable" "-Wno-unused-function" "-Wno-missing-braces" "-Wno-unknown-pragmas" "-Wno-deprecated-declarations" "-D_FILE_OFFSET_BITS=64" "-D_LARGEFILE_SOURCE" "-DRAR_SMP" "-DRARDLL" "-o" "/opt/rustwide/target/debug/build/unrar_sys/70a335f666156197/out/0934600a39780889-archive.o" "-c" "vendor/unrar/archive.cpp"cargo:warning=c++: fatal error: Killed signal terminated program cc1plus
[INFO] [stderr]   cargo:warning=compilation terminated.
[INFO] [stderr] 
[INFO] [stderr]   exit status: 1
[INFO] [stderr]   cargo:warning=ToolExecError: command did not execute successfully (status code exit status: 1): LC_ALL="C" "c++" "-O2" "-ffunction-sections" "-fdata-sections" "-fPIC" "-g" "-gdwarf-4" "-fno-omit-frame-pointer" "-m64" "-std=c++14" "-w" "-fPIC" "-Wno-switch" "-Wno-parentheses" "-Wno-macro-redefined" "-Wno-dangling-else" "-Wno-logical-op-parentheses" "-Wno-unused-parameter" "-Wno-unused-variable" "-Wno-unused-function" "-Wno-missing-braces" "-Wno-unknown-pragmas" "-Wno-deprecated-declarations" "-D_FILE_OFFSET_BITS=64" "-D_LARGEFILE_SOURCE" "-DRAR_SMP" "-DRARDLL" "-o" "/opt/rustwide/target/debug/build/unrar_sys/70a335f666156197/out/0934600a39780889-strfn.o" "-c" "vendor/unrar/strfn.cpp"cargo:warning=c++: fatal error: Killed signal terminated program cc1plus
[INFO] [stderr]   cargo:warning=compilation terminated.
[INFO] [stderr] 
[INFO] [stderr]   exit status: 1
[INFO] [stderr]   cargo:warning=ToolExecError: command did not execute successfully (status code exit status: 1): LC_ALL="C" "c++" "-O2" "-ffunction-sections" "-fdata-sections" "-fPIC" "-g" "-gdwarf-4" "-fno-omit-frame-pointer" "-m64" "-std=c++14" "-w" "-fPIC" "-Wno-switch" "-Wno-parentheses" "-Wno-macro-redefined" "-Wno-dangling-else" "-Wno-logical-op-parentheses" "-Wno-unused-parameter" "-Wno-unused-variable" "-Wno-unused-function" "-Wno-missing-braces" "-Wno-unknown-pragmas" "-Wno-deprecated-declarations" "-D_FILE_OFFSET_BITS=64" "-D_LARGEFILE_SOURCE" "-DRAR_SMP" "-DRARDLL" "-o" "/opt/rustwide/target/debug/build/unrar_sys/70a335f666156197/out/0934600a39780889-filcreat.o" "-c" "vendor/unrar/filcreat.cpp"cargo:warning=c++: fatal error: Killed signal terminated program cc1plus
[INFO] [stderr]   cargo:warning=compilation terminated.
[INFO] [stderr] 
[INFO] [stderr]   exit status: 1
[INFO] [stderr]   cargo:warning=ToolExecError: command did not execute successfully (status code exit status: 1): LC_ALL="C" "c++" "-O2" "-ffunction-sections" "-fdata-sections" "-fPIC" "-g" "-gdwarf-4" "-fno-omit-frame-pointer" "-m64" "-std=c++14" "-w" "-fPIC" "-Wno-switch" "-Wno-parentheses" "-Wno-macro-redefined" "-Wno-dangling-else" "-Wno-logical-op-parentheses" "-Wno-unused-parameter" "-Wno-unused-variable" "-Wno-unused-function" "-Wno-missing-braces" "-Wno-unknown-pragmas" "-Wno-deprecated-declarations" "-D_FILE_OFFSET_BITS=64" "-D_LARGEFILE_SOURCE" "-DRAR_SMP" "-DRARDLL" "-o" "/opt/rustwide/target/debug/build/unrar_sys/70a335f666156197/out/0934600a39780889-arcread.o" "-c" "vendor/unrar/arcread.cpp"cargo:warning=c++: fatal error: Killed signal terminated program cc1plus
[INFO] [stderr]   cargo:warning=compilation terminated.
[INFO] [stderr] 
[INFO] [stderr]   exit status: 1
[INFO] [stderr]   cargo:warning=ToolExecError: command did not execute successfully (status code exit status: 1): LC_ALL="C" "c++" "-O2" "-ffunction-sections" "-fdata-sections" "-fPIC" "-g" "-gdwarf-4" "-fno-omit-frame-pointer" "-m64" "-std=c++14" "-w" "-fPIC" "-Wno-switch" "-Wno-parentheses" "-Wno-macro-redefined" "-Wno-dangling-else" "-Wno-logical-op-parentheses" "-Wno-unused-parameter" "-Wno-unused-variable" "-Wno-unused-function" "-Wno-missing-braces" "-Wno-unknown-pragmas" "-Wno-deprecated-declarations" "-D_FILE_OFFSET_BITS=64" "-D_LARGEFILE_SOURCE" "-DRAR_SMP" "-DRARDLL" "-o" "/opt/rustwide/target/debug/build/unrar_sys/70a335f666156197/out/0934600a39780889-unicode.o" "-c" "vendor/unrar/unicode.cpp"cargo:warning=c++: fatal error: Killed signal terminated program cc1plus
[INFO] [stderr]   cargo:warning=compilation terminated.
[INFO] [stderr] 
[INFO] [stderr]   exit status: 1
[INFO] [stderr]   cargo:warning=ToolExecError: command did not execute successfully (status code exit status: 1): LC_ALL="C" "c++" "-O2" "-ffunction-sections" "-fdata-sections" "-fPIC" "-g" "-gdwarf-4" "-fno-omit-frame-pointer" "-m64" "-std=c++14" "-w" "-fPIC" "-Wno-switch" "-Wno-parentheses" "-Wno-macro-redefined" "-Wno-dangling-else" "-Wno-logical-op-parentheses" "-Wno-unused-parameter" "-Wno-unused-variable" "-Wno-unused-function" "-Wno-missing-braces" "-Wno-unknown-pragmas" "-Wno-deprecated-declarations" "-D_FILE_OFFSET_BITS=64" "-D_LARGEFILE_SOURCE" "-DRAR_SMP" "-DRARDLL" "-o" "/opt/rustwide/target/debug/build/unrar_sys/70a335f666156197/out/0934600a39780889-system.o" "-c" "vendor/unrar/system.cpp"cargo:warning=c++: fatal error: Killed signal terminated program cc1plus
[INFO] [stderr]   cargo:warning=compilation terminated.
[INFO] [stderr] 
[INFO] [stderr]   exit status: 1
[INFO] [stderr]   cargo:warning=ToolExecError: command did not execute successfully (status code exit status: 1): LC_ALL="C" "c++" "-O2" "-ffunction-sections" "-fdata-sections" "-fPIC" "-g" "-gdwarf-4" "-fno-omit-frame-pointer" "-m64" "-std=c++14" "-w" "-fPIC" "-Wno-switch" "-Wno-parentheses" "-Wno-macro-redefined" "-Wno-dangling-else" "-Wno-logical-op-parentheses" "-Wno-unused-parameter" "-Wno-unused-variable" "-Wno-unused-function" "-Wno-missing-braces" "-Wno-unknown-pragmas" "-Wno-deprecated-declarations" "-D_FILE_OFFSET_BITS=64" "-D_LARGEFILE_SOURCE" "-DRAR_SMP" "-DRARDLL" "-o" "/opt/rustwide/target/debug/build/unrar_sys/70a335f666156197/out/0934600a39780889-crc.o" "-c" "vendor/unrar/crc.cpp"cargo:warning=c++: fatal error: Killed signal terminated program cc1plus
[INFO] [stderr]   cargo:warning=compilation terminated.
[INFO] [stderr] 
[INFO] [stderr]   exit status: 1
[INFO] [stderr]   cargo:warning=ToolExecError: command did not execute successfully (status code exit status: 1): LC_ALL="C" "c++" "-O2" "-ffunction-sections" "-fdata-sections" "-fPIC" "-g" "-gdwarf-4" "-fno-omit-frame-pointer" "-m64" "-std=c++14" "-w" "-fPIC" "-Wno-switch" "-Wno-parentheses" "-Wno-macro-redefined" "-Wno-dangling-else" "-Wno-logical-op-parentheses" "-Wno-unused-parameter" "-Wno-unused-variable" "-Wno-unused-function" "-Wno-missing-braces" "-Wno-unknown-pragmas" "-Wno-deprecated-declarations" "-D_FILE_OFFSET_BITS=64" "-D_LARGEFILE_SOURCE" "-DRAR_SMP" "-DRARDLL" "-o" "/opt/rustwide/target/debug/build/unrar_sys/70a335f666156197/out/0934600a39780889-crypt.o" "-c" "vendor/unrar/crypt.cpp"cargo:warning=c++: fatal error: Killed signal terminated program cc1plus
[INFO] [stderr]   cargo:warning=compilation terminated.
[INFO] [stderr] 
[INFO] [stderr]   exit status: 1
[INFO] [stderr]   cargo:warning=ToolExecError: command did not execute successfully (status code exit status: 1): LC_ALL="C" "c++" "-O2" "-ffunction-sections" "-fdata-sections" "-fPIC" "-g" "-gdwarf-4" "-fno-omit-frame-pointer" "-m64" "-std=c++14" "-w" "-fPIC" "-Wno-switch" "-Wno-parentheses" "-Wno-macro-redefined" "-Wno-dangling-else" "-Wno-logical-op-parentheses" "-Wno-unused-parameter" "-Wno-unused-variable" "-Wno-unused-function" "-Wno-missing-braces" "-Wno-unknown-pragmas" "-Wno-deprecated-declarations" "-D_FILE_OFFSET_BITS=64" "-D_LARGEFILE_SOURCE" "-DRAR_SMP" "-DRARDLL" "-o" "/opt/rustwide/target/debug/build/unrar_sys/70a335f666156197/out/0934600a39780889-timefn.o" "-c" "vendor/unrar/timefn.cpp"cargo:warning=c++: fatal error: Killed signal terminated program cc1plus
[INFO] [stderr]   cargo:warning=compilation terminated.
[INFO] [stderr] 
[INFO] [stderr]   exit status: 1
[INFO] [stderr]   cargo:warning=ToolExecError: command did not execute successfully (status code exit status: 1): LC_ALL="C" "c++" "-O2" "-ffunction-sections" "-fdata-sections" "-fPIC" "-g" "-gdwarf-4" "-fno-omit-frame-pointer" "-m64" "-std=c++14" "-w" "-fPIC" "-Wno-switch" "-Wno-parentheses" "-Wno-macro-redefined" "-Wno-dangling-else" "-Wno-logical-op-parentheses" "-Wno-unused-parameter" "-Wno-unused-variable" "-Wno-unused-function" "-Wno-missing-braces" "-Wno-unknown-pragmas" "-Wno-deprecated-declarations" "-D_FILE_OFFSET_BITS=64" "-D_LARGEFILE_SOURCE" "-DRAR_SMP" "-DRARDLL" "-o" "/opt/rustwide/target/debug/build/unrar_sys/70a335f666156197/out/0934600a39780889-rawread.o" "-c" "vendor/unrar/rawread.cpp"cargo:warning=c++: fatal error: Killed signal terminated program cc1plus
[INFO] [stderr]   cargo:warning=compilation terminated.
[INFO] [stderr] 
[INFO] [stderr]   exit status: 1
[INFO] [stderr]   cargo:warning=ToolExecError: command did not execute successfully (status code exit status: 1): LC_ALL="C" "c++" "-O2" "-ffunction-sections" "-fdata-sections" "-fPIC" "-g" "-gdwarf-4" "-fno-omit-frame-pointer" "-m64" "-std=c++14" "-w" "-fPIC" "-Wno-switch" "-Wno-parentheses" "-Wno-macro-redefined" "-Wno-dangling-else" "-Wno-logical-op-parentheses" "-Wno-unused-parameter" "-Wno-unused-variable" "-Wno-unused-function" "-Wno-missing-braces" "-Wno-unknown-pragmas" "-Wno-deprecated-declarations" "-D_FILE_OFFSET_BITS=64" "-D_LARGEFILE_SOURCE" "-DRAR_SMP" "-DRARDLL" "-o" "/opt/rustwide/target/debug/build/unrar_sys/70a335f666156197/out/0934600a39780889-consio.o" "-c" "vendor/unrar/consio.cpp"cargo:warning=c++: fatal error: Killed signal terminated program cc1plus
[INFO] [stderr]   cargo:warning=compilation terminated.
[INFO] [stderr] 
[INFO] [stderr]   exit status: 1
[INFO] [stderr]   cargo:warning=ToolExecError: command did not execute successfully (status code exit status: 1): LC_ALL="C" "c++" "-O2" "-ffunction-sections" "-fdata-sections" "-fPIC" "-g" "-gdwarf-4" "-fno-omit-frame-pointer" "-m64" "-std=c++14" "-w" "-fPIC" "-Wno-switch" "-Wno-parentheses" "-Wno-macro-redefined" "-Wno-dangling-else" "-Wno-logical-op-parentheses" "-Wno-unused-parameter" "-Wno-unused-variable" "-Wno-unused-function" "-Wno-missing-braces" "-Wno-unknown-pragmas" "-Wno-deprecated-declarations" "-D_FILE_OFFSET_BITS=64" "-D_LARGEFILE_SOURCE" "-DRAR_SMP" "-DRARDLL" "-o" "/opt/rustwide/target/debug/build/unrar_sys/70a335f666156197/out/0934600a39780889-encname.o" "-c" "vendor/unrar/encname.cpp"cargo:warning=c++: fatal error: Killed signal terminated program cc1plus
[INFO] [stderr]   cargo:warning=compilation terminated.
[INFO] [stderr] 
[INFO] [stderr]   exit status: 1
[INFO] [stderr]   cargo:warning=ToolExecError: command did not execute successfully (status code exit status: 1): LC_ALL="C" "c++" "-O2" "-ffunction-sections" "-fdata-sections" "-fPIC" "-g" "-gdwarf-4" "-fno-omit-frame-pointer" "-m64" "-std=c++14" "-w" "-fPIC" "-Wno-switch" "-Wno-parentheses" "-Wno-macro-redefined" "-Wno-dangling-else" "-Wno-logical-op-parentheses" "-Wno-unused-parameter" "-Wno-unused-variable" "-Wno-unused-function" "-Wno-missing-braces" "-Wno-unknown-pragmas" "-Wno-deprecated-declarations" "-D_FILE_OFFSET_BITS=64" "-D_LARGEFILE_SOURCE" "-DRAR_SMP" "-DRARDLL" "-o" "/opt/rustwide/target/debug/build/unrar_sys/70a335f666156197/out/0934600a39780889-match.o" "-c" "vendor/unrar/match.cpp"cargo:warning=c++: fatal error: Killed signal terminated program cc1plus
[INFO] [stderr]   cargo:warning=compilation terminated.
[INFO] [stderr] 
[INFO] [stderr]   exit status: 1
[INFO] [stderr]   cargo:warning=ToolExecError: command did not execute successfully (status code exit status: 1): LC_ALL="C" "c++" "-O2" "-ffunction-sections" "-fdata-sections" "-fPIC" "-g" "-gdwarf-4" "-fno-omit-frame-pointer" "-m64" "-std=c++14" "-w" "-fPIC" "-Wno-switch" "-Wno-parentheses" "-Wno-macro-redefined" "-Wno-dangling-else" "-Wno-logical-op-parentheses" "-Wno-unused-parameter" "-Wno-unused-variable" "-Wno-unused-function" "-Wno-missing-braces" "-Wno-unknown-pragmas" "-Wno-deprecated-declarations" "-D_FILE_OFFSET_BITS=64" "-D_LARGEFILE_SOURCE" "-DRAR_SMP" "-DRARDLL" "-o" "/opt/rustwide/target/debug/build/unrar_sys/70a335f666156197/out/0934600a39780889-rdwrfn.o" "-c" "vendor/unrar/rdwrfn.cpp"cargo:warning=c++: fatal error: Killed signal terminated program cc1plus
[INFO] [stderr]   cargo:warning=compilation terminated.
[INFO] [stderr] 
[INFO] [stderr]   exit status: 1
[INFO] [stderr]   cargo:warning=ToolExecError: command did not execute successfully (status code exit status: 1): LC_ALL="C" "c++" "-O2" "-ffunction-sections" "-fdata-sections" "-fPIC" "-g" "-gdwarf-4" "-fno-omit-frame-pointer" "-m64" "-std=c++14" "-w" "-fPIC" "-Wno-switch" "-Wno-parentheses" "-Wno-macro-redefined" "-Wno-dangling-else" "-Wno-logical-op-parentheses" "-Wno-unused-parameter" "-Wno-unused-variable" "-Wno-unused-function" "-Wno-missing-braces" "-Wno-unknown-pragmas" "-Wno-deprecated-declarations" "-D_FILE_OFFSET_BITS=64" "-D_LARGEFILE_SOURCE" "-DRAR_SMP" "-DRARDLL" "-o" "/opt/rustwide/target/debug/build/unrar_sys/70a335f666156197/out/0934600a39780889-options.o" "-c" "vendor/unrar/options.cpp"cargo:warning=c++: fatal error: Killed signal terminated program cc1plus
[INFO] [stderr]   cargo:warning=compilation terminated.
[INFO] [stderr] 
[INFO] [stderr]   exit status: 1
[INFO] [stderr]   cargo:warning=ToolExecError: command did not execute successfully (status code exit status: 1): LC_ALL="C" "c++" "-O2" "-ffunction-sections" "-fdata-sections" "-fPIC" "-g" "-gdwarf-4" "-fno-omit-frame-pointer" "-m64" "-std=c++14" "-w" "-fPIC" "-Wno-switch" "-Wno-parentheses" "-Wno-macro-redefined" "-Wno-dangling-else" "-Wno-logical-op-parentheses" "-Wno-unused-parameter" "-Wno-unused-variable" "-Wno-unused-function" "-Wno-missing-braces" "-Wno-unknown-pragmas" "-Wno-deprecated-declarations" "-D_FILE_OFFSET_BITS=64" "-D_LARGEFILE_SOURCE" "-DRAR_SMP" "-DRARDLL" "-o" "/opt/rustwide/target/debug/build/unrar_sys/70a335f666156197/out/0934600a39780889-rarvm.o" "-c" "vendor/unrar/rarvm.cpp"cargo:warning=c++: fatal error: Killed signal terminated program cc1plus
[INFO] [stderr]   cargo:warning=compilation terminated.
[INFO] [stderr] 
[INFO] [stderr]   exit status: 1
[INFO] [stderr]   cargo:warning=ToolExecError: command did not execute successfully (status code exit status: 1): LC_ALL="C" "c++" "-O2" "-ffunction-sections" "-fdata-sections" "-fPIC" "-g" "-gdwarf-4" "-fno-omit-frame-pointer" "-m64" "-std=c++14" "-w" "-fPIC" "-Wno-switch" "-Wno-parentheses" "-Wno-macro-redefined" "-Wno-dangling-else" "-Wno-logical-op-parentheses" "-Wno-unused-parameter" "-Wno-unused-variable" "-Wno-unused-function" "-Wno-missing-braces" "-Wno-unknown-pragmas" "-Wno-deprecated-declarations" "-D_FILE_OFFSET_BITS=64" "-D_LARGEFILE_SOURCE" "-DRAR_SMP" "-DRARDLL" "-o" "/opt/rustwide/target/debug/build/unrar_sys/70a335f666156197/out/0934600a39780889-getbits.o" "-c" "vendor/unrar/getbits.cpp"cargo:warning=c++: fatal error: Killed signal terminated program cc1plus
[INFO] [stderr]   cargo:warning=compilation terminated.
[INFO] [stderr] 
[INFO] [stderr]   exit status: 1
[INFO] [stderr]   cargo:warning=ToolExecError: command did not execute successfully (status code exit status: 1): LC_ALL="C" "c++" "-O2" "-ffunction-sections" "-fdata-sections" "-fPIC" "-g" "-gdwarf-4" "-fno-omit-frame-pointer" "-m64" "-std=c++14" "-w" "-fPIC" "-Wno-switch" "-Wno-parentheses" "-Wno-macro-redefined" "-Wno-dangling-else" "-Wno-logical-op-parentheses" "-Wno-unused-parameter" "-Wno-unused-variable" "-Wno-unused-function" "-Wno-missing-braces" "-Wno-unknown-pragmas" "-Wno-deprecated-declarations" "-D_FILE_OFFSET_BITS=64" "-D_LARGEFILE_SOURCE" "-DRAR_SMP" "-DRARDLL" "-o" "/opt/rustwide/target/debug/build/unrar_sys/70a335f666156197/out/0934600a39780889-sha1.o" "-c" "vendor/unrar/sha1.cpp"cargo:warning=c++: fatal error: Killed signal terminated program cc1plus
[INFO] [stderr]   cargo:warning=compilation terminated.
[INFO] [stderr] 
[INFO] [stderr]   exit status: 1
[INFO] [stderr]   cargo:warning=ToolExecError: command did not execute successfully (status code exit status: 1): LC_ALL="C" "c++" "-O2" "-ffunction-sections" "-fdata-sections" "-fPIC" "-g" "-gdwarf-4" "-fno-omit-frame-pointer" "-m64" "-std=c++14" "-w" "-fPIC" "-Wno-switch" "-Wno-parentheses" "-Wno-macro-redefined" "-Wno-dangling-else" "-Wno-logical-op-parentheses" "-Wno-unused-parameter" "-Wno-unused-variable" "-Wno-unused-function" "-Wno-missing-braces" "-Wno-unknown-pragmas" "-Wno-deprecated-declarations" "-D_FILE_OFFSET_BITS=64" "-D_LARGEFILE_SOURCE" "-DRAR_SMP" "-DRARDLL" "-o" "/opt/rustwide/target/debug/build/unrar_sys/70a335f666156197/out/0934600a39780889-errhnd.o" "-c" "vendor/unrar/errhnd.cpp"cargo:warning=c++: fatal error: Killed signal terminated program cc1plus
[INFO] [stderr]   cargo:warning=compilation terminated.
[INFO] [stderr] 
[INFO] [stderr]   exit status: 1
[INFO] [stderr]   cargo:warning=ToolExecError: command did not execute successfully (status code exit status: 1): LC_ALL="C" "c++" "-O2" "-ffunction-sections" "-fdata-sections" "-fPIC" "-g" "-gdwarf-4" "-fno-omit-frame-pointer" "-m64" "-std=c++14" "-w" "-fPIC" "-Wno-switch" "-Wno-parentheses" "-Wno-macro-redefined" "-Wno-dangling-else" "-Wno-logical-op-parentheses" "-Wno-unused-parameter" "-Wno-unused-variable" "-Wno-unused-function" "-Wno-missing-braces" "-Wno-unknown-pragmas" "-Wno-deprecated-declarations" "-D_FILE_OFFSET_BITS=64" "-D_LARGEFILE_SOURCE" "-DRAR_SMP" "-DRARDLL" "-o" "/opt/rustwide/target/debug/build/unrar_sys/70a335f666156197/out/0934600a39780889-secpassword.o" "-c" "vendor/unrar/secpassword.cpp"cargo:warning=c++: fatal error: Killed signal terminated program cc1plus
[INFO] [stderr]   cargo:warning=compilation terminated.
[INFO] [stderr] 
[INFO] [stderr]   exit status: 1
[INFO] [stderr]   cargo:warning=ToolExecError: command did not execute successfully (status code exit status: 1): LC_ALL="C" "c++" "-O2" "-ffunction-sections" "-fdata-sections" "-fPIC" "-g" "-gdwarf-4" "-fno-omit-frame-pointer" "-m64" "-std=c++14" "-w" "-fPIC" "-Wno-switch" "-Wno-parentheses" "-Wno-macro-redefined" "-Wno-dangling-else" "-Wno-logical-op-parentheses" "-Wno-unused-parameter" "-Wno-unused-variable" "-Wno-unused-function" "-Wno-missing-braces" "-Wno-unknown-pragmas" "-Wno-deprecated-declarations" "-D_FILE_OFFSET_BITS=64" "-D_LARGEFILE_SOURCE" "-DRAR_SMP" "-DRARDLL" "-o" "/opt/rustwide/target/debug/build/unrar_sys/70a335f666156197/out/0934600a39780889-sha256.o" "-c" "vendor/unrar/sha256.cpp"cargo:warning=c++: fatal error: Killed signal terminated program cc1plus
[INFO] [stderr]   cargo:warning=compilation terminated.
[INFO] [stderr] 
[INFO] [stderr]   exit status: 1
[INFO] [stderr]   cargo:warning=ToolExecError: command did not execute successfully (status code exit status: 1): LC_ALL="C" "c++" "-O2" "-ffunction-sections" "-fdata-sections" "-fPIC" "-g" "-gdwarf-4" "-fno-omit-frame-pointer" "-m64" "-std=c++14" "-w" "-fPIC" "-Wno-switch" "-Wno-parentheses" "-Wno-macro-redefined" "-Wno-dangling-else" "-Wno-logical-op-parentheses" "-Wno-unused-parameter" "-Wno-unused-variable" "-Wno-unused-function" "-Wno-missing-braces" "-Wno-unknown-pragmas" "-Wno-deprecated-declarations" "-D_FILE_OFFSET_BITS=64" "-D_LARGEFILE_SOURCE" "-DRAR_SMP" "-DRARDLL" "-o" "/opt/rustwide/target/debug/build/unrar_sys/70a335f666156197/out/0934600a39780889-rijndael.o" "-c" "vendor/unrar/rijndael.cpp"cargo:warning=c++: fatal error: Killed signal terminated program cc1plus
[INFO] [stderr]   cargo:warning=compilation terminated.
[INFO] [stderr] 
[INFO] [stderr]   exit status: 1
[INFO] [stderr]   cargo:warning=ToolExecError: command did not execute successfully (status code exit status: 1): LC_ALL="C" "c++" "-O2" "-ffunction-sections" "-fdata-sections" "-fPIC" "-g" "-gdwarf-4" "-fno-omit-frame-pointer" "-m64" "-std=c++14" "-w" "-fPIC" "-Wno-switch" "-Wno-parentheses" "-Wno-macro-redefined" "-Wno-dangling-else" "-Wno-logical-op-parentheses" "-Wno-unused-parameter" "-Wno-unused-variable" "-Wno-unused-function" "-Wno-missing-braces" "-Wno-unknown-pragmas" "-Wno-deprecated-declarations" "-D_FILE_OFFSET_BITS=64" "-D_LARGEFILE_SOURCE" "-DRAR_SMP" "-DRARDLL" "-o" "/opt/rustwide/target/debug/build/unrar_sys/70a335f666156197/out/0934600a39780889-hash.o" "-c" "vendor/unrar/hash.cpp"cargo:warning=c++: fatal error: Killed signal terminated program cc1plus
[INFO] [stderr]   cargo:warning=compilation terminated.
[INFO] [stderr] 
[INFO] [stderr]   exit status: 1
[INFO] [stderr]   cargo:warning=ToolExecError: command did not execute successfully (status code exit status: 1): LC_ALL="C" "c++" "-O2" "-ffunction-sections" "-fdata-sections" "-fPIC" "-g" "-gdwarf-4" "-fno-omit-frame-pointer" "-m64" "-std=c++14" "-w" "-fPIC" "-Wno-switch" "-Wno-parentheses" "-Wno-macro-redefined" "-Wno-dangling-else" "-Wno-logical-op-parentheses" "-Wno-unused-parameter" "-Wno-unused-variable" "-Wno-unused-function" "-Wno-missing-braces" "-Wno-unknown-pragmas" "-Wno-deprecated-declarations" "-D_FILE_OFFSET_BITS=64" "-D_LARGEFILE_SOURCE" "-DRAR_SMP" "-DRARDLL" "-o" "/opt/rustwide/target/debug/build/unrar_sys/70a335f666156197/out/0934600a39780889-extract.o" "-c" "vendor/unrar/extract.cpp"cargo:warning=c++: fatal error: Killed signal terminated program cc1plus
[INFO] [stderr]   cargo:warning=compilation terminated.
[INFO] [stderr] 
[INFO] [stderr]   exit status: 1
[INFO] [stderr]   cargo:warning=ToolExecError: command did not execute successfully (status code exit status: 1): LC_ALL="C" "c++" "-O2" "-ffunction-sections" "-fdata-sections" "-fPIC" "-g" "-gdwarf-4" "-fno-omit-frame-pointer" "-m64" "-std=c++14" "-w" "-fPIC" "-Wno-switch" "-Wno-parentheses" "-Wno-macro-redefined" "-Wno-dangling-else" "-Wno-logical-op-parentheses" "-Wno-unused-parameter" "-Wno-unused-variable" "-Wno-unused-function" "-Wno-missing-braces" "-Wno-unknown-pragmas" "-Wno-deprecated-declarations" "-D_FILE_OFFSET_BITS=64" "-D_LARGEFILE_SOURCE" "-DRAR_SMP" "-DRARDLL" "-o" "/opt/rustwide/target/debug/build/unrar_sys/70a335f666156197/out/0934600a39780889-blake2s.o" "-c" "vendor/unrar/blake2s.cpp"cargo:warning=c++: fatal error: Killed signal terminated program cc1plus
[INFO] [stderr]   cargo:warning=compilation terminated.
[INFO] [stderr] 
[INFO] [stderr]   exit status: 1
[INFO] [stderr]   cargo:warning=ToolExecError: command did not execute successfully (status code exit status: 1): LC_ALL="C" "c++" "-O2" "-ffunction-sections" "-fdata-sections" "-fPIC" "-g" "-gdwarf-4" "-fno-omit-frame-pointer" "-m64" "-std=c++14" "-w" "-fPIC" "-Wno-switch" "-Wno-parentheses" "-Wno-macro-redefined" "-Wno-dangling-else" "-Wno-logical-op-parentheses" "-Wno-unused-parameter" "-Wno-unused-variable" "-Wno-unused-function" "-Wno-missing-braces" "-Wno-unknown-pragmas" "-Wno-deprecated-declarations" "-D_FILE_OFFSET_BITS=64" "-D_LARGEFILE_SOURCE" "-DRAR_SMP" "-DRARDLL" "-o" "/opt/rustwide/target/debug/build/unrar_sys/70a335f666156197/out/0934600a39780889-find.o" "-c" "vendor/unrar/find.cpp"cargo:warning=c++: fatal error: Killed signal terminated program cc1plus
[INFO] [stderr]   cargo:warning=compilation terminated.
[INFO] [stderr] 
[INFO] [stderr]   exit status: 1
[INFO] [stderr]   cargo:warning=ToolExecError: command did not execute successfully (status code exit status: 1): LC_ALL="C" "c++" "-O2" "-ffunction-sections" "-fdata-sections" "-fPIC" "-g" "-gdwarf-4" "-fno-omit-frame-pointer" "-m64" "-std=c++14" "-w" "-fPIC" "-Wno-switch" "-Wno-parentheses" "-Wno-macro-redefined" "-Wno-dangling-else" "-Wno-logical-op-parentheses" "-Wno-unused-parameter" "-Wno-unused-variable" "-Wno-unused-function" "-Wno-missing-braces" "-Wno-unknown-pragmas" "-Wno-deprecated-declarations" "-D_FILE_OFFSET_BITS=64" "-D_LARGEFILE_SOURCE" "-DRAR_SMP" "-DRARDLL" "-o" "/opt/rustwide/target/debug/build/unrar_sys/70a335f666156197/out/0934600a39780889-extinfo.o" "-c" "vendor/unrar/extinfo.cpp"cargo:warning=c++: fatal error: Killed signal terminated program cc1plus
[INFO] [stderr]   cargo:warning=compilation terminated.
[INFO] [stderr] 
[INFO] [stderr]   exit status: 1
[INFO] [stderr]   cargo:warning=ToolExecError: command did not execute successfully (status code exit status: 1): LC_ALL="C" "c++" "-O2" "-ffunction-sections" "-fdata-sections" "-fPIC" "-g" "-gdwarf-4" "-fno-omit-frame-pointer" "-m64" "-std=c++14" "-w" "-fPIC" "-Wno-switch" "-Wno-parentheses" "-Wno-macro-redefined" "-Wno-dangling-else" "-Wno-logical-op-parentheses" "-Wno-unused-parameter" "-Wno-unused-variable" "-Wno-unused-function" "-Wno-missing-braces" "-Wno-unknown-pragmas" "-Wno-deprecated-declarations" "-D_FILE_OFFSET_BITS=64" "-D_LARGEFILE_SOURCE" "-DRAR_SMP" "-DRARDLL" "-o" "/opt/rustwide/target/debug/build/unrar_sys/70a335f666156197/out/0934600a39780889-volume.o" "-c" "vendor/unrar/volume.cpp"cargo:warning=c++: fatal error: Killed signal terminated program cc1plus
[INFO] [stderr]   cargo:warning=compilation terminated.
[INFO] [stderr] 
[INFO] [stderr]   exit status: 1
[INFO] [stderr]   cargo:warning=ToolExecError: command did not execute successfully (status code exit status: 1): LC_ALL="C" "c++" "-O2" "-ffunction-sections" "-fdata-sections" "-fPIC" "-g" "-gdwarf-4" "-fno-omit-frame-pointer" "-m64" "-std=c++14" "-w" "-fPIC" "-Wno-switch" "-Wno-parentheses" "-Wno-macro-redefined" "-Wno-dangling-else" "-Wno-logical-op-parentheses" "-Wno-unused-parameter" "-Wno-unused-variable" "-Wno-unused-function" "-Wno-missing-braces" "-Wno-unknown-pragmas" "-Wno-deprecated-declarations" "-D_FILE_OFFSET_BITS=64" "-D_LARGEFILE_SOURCE" "-DRAR_SMP" "-DRARDLL" "-o" "/opt/rustwide/target/debug/build/unrar_sys/70a335f666156197/out/0934600a39780889-ui.o" "-c" "vendor/unrar/ui.cpp"cargo:warning=c++: fatal error: Killed signal terminated program cc1plus
[INFO] [stderr]   cargo:warning=compilation terminated.
[INFO] [stderr] 
[INFO] [stderr]   exit status: 1
[INFO] [stderr]   cargo:warning=ToolExecError: command did not execute successfully (status code exit status: 1): LC_ALL="C" "c++" "-O2" "-ffunction-sections" "-fdata-sections" "-fPIC" "-g" "-gdwarf-4" "-fno-omit-frame-pointer" "-m64" "-std=c++14" "-w" "-fPIC" "-Wno-switch" "-Wno-parentheses" "-Wno-macro-redefined" "-Wno-dangling-else" "-Wno-logical-op-parentheses" "-Wno-unused-parameter" "-Wno-unused-variable" "-Wno-unused-function" "-Wno-missing-braces" "-Wno-unknown-pragmas" "-Wno-deprecated-declarations" "-D_FILE_OFFSET_BITS=64" "-D_LARGEFILE_SOURCE" "-DRAR_SMP" "-DRARDLL" "-o" "/opt/rustwide/target/debug/build/unrar_sys/70a335f666156197/out/0934600a39780889-list.o" "-c" "vendor/unrar/list.cpp"cargo:warning=c++: fatal error: Killed signal terminated program cc1plus
[INFO] [stderr]   cargo:warning=compilation terminated.
[INFO] [stderr] 
[INFO] [stderr]   exit status: 1
[INFO] [stderr]   cargo:warning=ToolExecError: command did not execute successfully (status code exit status: 1): LC_ALL="C" "c++" "-O2" "-ffunction-sections" "-fdata-sections" "-fPIC" "-g" "-gdwarf-4" "-fno-omit-frame-pointer" "-m64" "-std=c++14" "-w" "-fPIC" "-Wno-switch" "-Wno-parentheses" "-Wno-macro-redefined" "-Wno-dangling-else" "-Wno-logical-op-parentheses" "-Wno-unused-parameter" "-Wno-unused-variable" "-Wno-unused-function" "-Wno-missing-braces" "-Wno-unknown-pragmas" "-Wno-deprecated-declarations" "-D_FILE_OFFSET_BITS=64" "-D_LARGEFILE_SOURCE" "-DRAR_SMP" "-DRARDLL" "-o" "/opt/rustwide/target/debug/build/unrar_sys/70a335f666156197/out/0934600a39780889-unpack.o" "-c" "vendor/unrar/unpack.cpp"cargo:warning=c++: fatal error: Killed signal terminated program cc1plus
[INFO] [stderr]   cargo:warning=compilation terminated.
[INFO] [stderr] 
[INFO] [stderr]   exit status: 0
[INFO] [stderr]   exit status: 1
[INFO] [stderr]   cargo:warning=ToolExecError: command did not execute successfully (status code exit status: 1): LC_ALL="C" "c++" "-O2" "-ffunction-sections" "-fdata-sections" "-fPIC" "-g" "-gdwarf-4" "-fno-omit-frame-pointer" "-m64" "-std=c++14" "-w" "-fPIC" "-Wno-switch" "-Wno-parentheses" "-Wno-macro-redefined" "-Wno-dangling-else" "-Wno-logical-op-parentheses" "-Wno-unused-parameter" "-Wno-unused-variable" "-Wno-unused-function" "-Wno-missing-braces" "-Wno-unknown-pragmas" "-Wno-deprecated-declarations" "-D_FILE_OFFSET_BITS=64" "-D_LARGEFILE_SOURCE" "-DRAR_SMP" "-DRARDLL" "-o" "/opt/rustwide/target/debug/build/unrar_sys/70a335f666156197/out/0934600a39780889-qopen.o" "-c" "vendor/unrar/qopen.cpp"
[INFO] [stderr]   exit status: 0
[INFO] [stderr]   exit status: 0
[INFO] [stderr]   exit status: 0
[INFO] [stderr]   exit status: 0
[INFO] [stderr]   exit status: 0
[INFO] [stderr]   exit status: 0
[INFO] [stderr] 
[INFO] [stderr]   --- stderr
[INFO] [stderr] 
[INFO] [stderr] 
[INFO] [stderr]   error occurred in cc-rs: command did not execute successfully (status code exit status: 1): LC_ALL="C" "c++" "-O2" "-ffunction-sections" "-fdata-sections" "-fPIC" "-g" "-gdwarf-4" "-fno-omit-frame-pointer" "-m64" "-std=c++14" "-w" "-fPIC" "-Wno-switch" "-Wno-parentheses" "-Wno-macro-redefined" "-Wno-dangling-else" "-Wno-logical-op-parentheses" "-Wno-unused-parameter" "-Wno-unused-variable" "-Wno-unused-function" "-Wno-missing-braces" "-Wno-unknown-pragmas" "-Wno-deprecated-declarations" "-D_FILE_OFFSET_BITS=64" "-D_LARGEFILE_SOURCE" "-DRAR_SMP" "-DRARDLL" "-o" "/opt/rustwide/target/debug/build/unrar_sys/70a335f666156197/out/0934600a39780889-qopen.o" "-c" "vendor/unrar/qopen.cpp"
[INFO] [stderr] 
[INFO] [stderr] 
[INFO] running `Command { std: "docker" "inspect" "6377734490acc1a3cf776f5d5278783d0d3a58ef489afaa69624cfca3ad2c6b7", kill_on_drop: false }`
[INFO] running `Command { std: "docker" "rm" "-f" "6377734490acc1a3cf776f5d5278783d0d3a58ef489afaa69624cfca3ad2c6b7", kill_on_drop: false }`
[INFO] [stdout] 6377734490acc1a3cf776f5d5278783d0d3a58ef489afaa69624cfca3ad2c6b7
