[INFO] fetching crate audio_gen 0.1.0...
[INFO] checking audio_gen-0.1.0 against 3154cc1a3e6424e44f438a95007d043ed5ceaaf6 for pr-133502-30
[INFO] extracting crate audio_gen 0.1.0 into /workspace/builds/worker-5-tc2/source
[INFO] started tweaking crates.io crate audio_gen 0.1.0
[INFO] removed 0 missing tests
[INFO] finished tweaking crates.io crate audio_gen 0.1.0
[INFO] tweaked toml for crates.io crate audio_gen 0.1.0 written to /workspace/builds/worker-5-tc2/source/Cargo.toml
[INFO] validating manifest of crates.io crate audio_gen 0.1.0 on toolchain 3154cc1a3e6424e44f438a95007d043ed5ceaaf6
[INFO] running `Command { std: CARGO_HOME="/workspace/cargo-home" RUSTUP_HOME="/workspace/rustup-home" "/workspace/cargo-home/bin/cargo" "+3154cc1a3e6424e44f438a95007d043ed5ceaaf6" "metadata" "--manifest-path" "Cargo.toml" "--no-deps", kill_on_drop: false }`
[INFO] crate crates.io crate audio_gen 0.1.0 already has a lockfile, it will not be regenerated
[INFO] running `Command { std: CARGO_HOME="/workspace/cargo-home" RUSTUP_HOME="/workspace/rustup-home" "/workspace/cargo-home/bin/cargo" "+3154cc1a3e6424e44f438a95007d043ed5ceaaf6" "fetch" "--manifest-path" "Cargo.toml", kill_on_drop: false }`
[INFO] running `Command { std: "docker" "create" "-v" "/var/lib/crater-agent-workspace/builds/worker-5-tc2/source:/opt/rustwide/workdir:ro,Z" "-v" "/var/lib/crater-agent-workspace/builds/worker-5-tc2/target:/opt/rustwide/target:rw,Z" "-v" "/var/lib/crater-agent-workspace/cargo-home:/opt/rustwide/cargo-home:ro,Z" "-v" "/var/lib/crater-agent-workspace/rustup-home:/opt/rustwide/rustup-home:ro,Z" "-m" "1610612736" "--network" "none" "ghcr.io/rust-lang/crates-build-env/linux@sha256:77db811e55d90add9212f6832c23229e3de5f1c1f9905e8cb07319ea15df73ac" "sleep" "infinity", kill_on_drop: false }`
[INFO] [stdout] eacbd9597ec327a77cb1ca7f458062a8f15e1171c7779e3aa4a48aace0ce9c05
[INFO] running `Command { std: "docker" "start" "eacbd9597ec327a77cb1ca7f458062a8f15e1171c7779e3aa4a48aace0ce9c05", kill_on_drop: false }`
[INFO] running `Command { std: "docker" "inspect" "eacbd9597ec327a77cb1ca7f458062a8f15e1171c7779e3aa4a48aace0ce9c05", kill_on_drop: false }`
[INFO] running `Command { std: "docker" "exec" "-e" "SOURCE_DIR=/opt/rustwide/workdir" "-e" "CARGO_HOME=/opt/rustwide/cargo-home" "-e" "RUSTUP_HOME=/opt/rustwide/rustup-home" "-e" "CARGO_TARGET_DIR=/opt/rustwide/target" "-w" "/opt/rustwide/workdir" "--user" "0:0" "eacbd9597ec327a77cb1ca7f458062a8f15e1171c7779e3aa4a48aace0ce9c05" "/opt/rustwide/cargo-home/bin/cargo" "+3154cc1a3e6424e44f438a95007d043ed5ceaaf6" "metadata" "--no-deps" "--format-version=1", kill_on_drop: false }`
[INFO] running `Command { std: "docker" "inspect" "eacbd9597ec327a77cb1ca7f458062a8f15e1171c7779e3aa4a48aace0ce9c05", kill_on_drop: false }`
[INFO] running `Command { std: "docker" "exec" "-e" "SOURCE_DIR=/opt/rustwide/workdir" "-e" "CARGO_HOME=/opt/rustwide/cargo-home" "-e" "RUSTUP_HOME=/opt/rustwide/rustup-home" "-e" "CARGO_TARGET_DIR=/opt/rustwide/target" "-e" "CARGO_INCREMENTAL=0" "-e" "RUST_BACKTRACE=full" "-e" "RUSTFLAGS=--cap-lints=forbid" "-e" "RUSTDOCFLAGS=--cap-lints=forbid" "-w" "/opt/rustwide/workdir" "--user" "0:0" "eacbd9597ec327a77cb1ca7f458062a8f15e1171c7779e3aa4a48aace0ce9c05" "/opt/rustwide/cargo-home/bin/cargo" "+3154cc1a3e6424e44f438a95007d043ed5ceaaf6" "check" "--frozen" "--all" "--all-targets" "--message-format=json", kill_on_drop: false }`
[INFO] [stderr]    Compiling proc-macro2 v1.0.103
[INFO] [stderr]    Compiling quote v1.0.42
[INFO] [stderr]    Compiling unicode-ident v1.0.22
[INFO] [stderr]    Compiling zerocopy v0.8.31
[INFO] [stderr]    Compiling libc v0.2.178
[INFO] [stderr]    Compiling crossbeam-utils v0.8.21
[INFO] [stderr]    Compiling serde_core v1.0.228
[INFO] [stderr]    Compiling getrandom v0.3.4
[INFO] [stderr]     Checking bytemuck v1.24.0
[INFO] [stderr]    Compiling rayon-core v1.13.0
[INFO] [stderr]     Checking either v1.15.0
[INFO] [stderr]    Compiling paste v1.0.15
[INFO] [stderr]    Compiling num-traits v0.2.19
[INFO] [stderr]    Compiling matrixmultiply v0.3.10
[INFO] [stderr]    Compiling typenum v1.19.0
[INFO] [stderr]    Compiling alloca v0.4.0
[INFO] [stderr]     Checking regex-syntax v0.8.10
[INFO] [stderr]     Checking rawpointer v0.2.1
[INFO] [stderr]     Checking memchr v2.8.0
[INFO] [stderr]     Checking plotters-backend v0.3.7
[INFO] [stderr]     Checking ciborium-io v0.2.2
[INFO] [stderr]     Checking itoa v1.0.17
[INFO] [stderr]     Checking itertools v0.13.0
[INFO] [stderr]     Checking clap_builder v4.6.0
[INFO] [stderr]     Checking safe_arch v0.7.4
[INFO] [stderr]     Checking cast v0.3.0
[INFO] [stderr]     Checking oorandom v11.1.5
[INFO] [stderr]     Checking plotters-svg v0.3.7
[INFO] [stderr]     Checking anes v0.1.6
[INFO] [stderr]     Checking wide v0.7.33
[INFO] [stderr]     Checking crossbeam-epoch v0.9.18
[INFO] [stderr]     Checking num-integer v0.1.46
[INFO] [stderr]     Checking num-complex v0.4.6
[INFO] [stderr]     Checking approx v0.5.1
[INFO] [stderr]     Checking plotters v0.3.7
[INFO] [stderr]     Checking page_size v0.6.0
[INFO] [stderr]     Checking crossbeam-deque v0.8.6
[INFO] [stderr]     Checking rand_core v0.9.3
[INFO] [stderr]     Checking num-rational v0.4.2
[INFO] [stderr]    Compiling syn v2.0.110
[INFO] [stderr]     Checking criterion-plot v0.8.2
[INFO] [stderr]     Checking rayon v1.11.0
[INFO] [stderr]     Checking regex-automata v0.4.14
[INFO] [stderr]     Checking clap v4.6.0
[INFO] [stderr]     Checking simba v0.9.1
[INFO] [stderr]     Checking regex v1.12.3
[INFO] [stderr]     Checking serde_json v1.0.149
[INFO] [stderr]    Compiling zerocopy-derive v0.8.31
[INFO] [stderr]    Compiling serde_derive v1.0.228
[INFO] [stderr]    Compiling nalgebra-macros v0.3.0
[INFO] [stderr]     Checking serde v1.0.228
[INFO] [stderr]     Checking nalgebra v0.34.1
[INFO] [stderr]     Checking tinytemplate v1.2.1
[INFO] [stderr]     Checking ppv-lite86 v0.2.21
[INFO] [stderr]     Checking half v2.7.1
[INFO] [stderr]     Checking ciborium-ll v0.2.2
[INFO] [stderr]     Checking ciborium v0.2.2
[INFO] [stderr]     Checking rand_chacha v0.9.0
[INFO] [stderr]     Checking rand v0.9.2
[INFO] [stderr]     Checking criterion v0.8.2
[INFO] [stderr]     Checking audio_gen v0.1.0 (/opt/rustwide/workdir)
[INFO] [stdout] error[E0432]: unresolved import `test_utils`
[INFO] [stdout]   --> src/math/interpolator.rs:96:9
[INFO] [stdout]    |
[INFO] [stdout] 96 |     use test_utils::threshold_eq_float32;
[INFO] [stdout]    |         ^^^^^^^^^^ use of unresolved module or unlinked crate `test_utils`
[INFO] [stdout]    |
[INFO] [stdout]    = help: if you wanted to use a crate named `test_utils`, use `cargo add test_utils` to add it to your `Cargo.toml`
[INFO] [stdout] 
[INFO] [stdout] 
[INFO] [stdout] error[E0432]: unresolved import `test_utils`
[INFO] [stdout]   --> src/math/spline_polynomial.rs:63:9
[INFO] [stdout]    |
[INFO] [stdout] 63 |     use test_utils::threshold_eq_float32;
[INFO] [stdout]    |         ^^^^^^^^^^ use of unresolved module or unlinked crate `test_utils`
[INFO] [stdout]    |
[INFO] [stdout]    = help: if you wanted to use a crate named `test_utils`, use `cargo add test_utils` to add it to your `Cargo.toml`
[INFO] [stdout] 
[INFO] [stdout] 
[INFO] [stdout] For more information about this error, try `rustc --explain E0432`.
[INFO] [stdout] 
[INFO] [stderr] error: could not compile `audio_gen` (lib test) due to 2 previous errors
[INFO] [stderr] warning: build failed, waiting for other jobs to finish...
[INFO] [stdout] error[E0432]: unresolved import `test_utils`
[INFO] [stdout]  --> tests/sine_oscillator_test.rs:3:5
[INFO] [stdout]   |
[INFO] [stdout] 3 | use test_utils::threshold_eq_float32;
[INFO] [stdout]   |     ^^^^^^^^^^ use of unresolved module or unlinked crate `test_utils`
[INFO] [stdout]   |
[INFO] [stdout]   = help: if you wanted to use a crate named `test_utils`, use `cargo add test_utils` to add it to your `Cargo.toml`
[INFO] [stdout] 
[INFO] [stdout] 
[INFO] [stdout] error[E0432]: unresolved import `test_utils`
[INFO] [stdout]  --> tests/spline_float_test.rs:3:5
[INFO] [stdout]   |
[INFO] [stdout] 3 | use test_utils::threshold_eq_float32;
[INFO] [stdout]   |     ^^^^^^^^^^ use of unresolved module or unlinked crate `test_utils`
[INFO] [stdout]   |
[INFO] [stdout]   = help: if you wanted to use a crate named `test_utils`, use `cargo add test_utils` to add it to your `Cargo.toml`
[INFO] [stdout] 
[INFO] [stdout] 
[INFO] [stdout] error[E0432]: unresolved import `test_utils`
[INFO] [stdout]  --> tests/saw_oscillator_test.rs:3:5
[INFO] [stdout]   |
[INFO] [stdout] 3 | use test_utils::threshold_eq_float32;
[INFO] [stdout]   |     ^^^^^^^^^^ use of unresolved module or unlinked crate `test_utils`
[INFO] [stdout]   |
[INFO] [stdout]   = help: if you wanted to use a crate named `test_utils`, use `cargo add test_utils` to add it to your `Cargo.toml`
[INFO] [stdout] 
[INFO] [stdout] 
[INFO] [stdout] error[E0432]: unresolved import `test_utils`
[INFO] [stdout]  --> tests/generator_test.rs:8:5
[INFO] [stdout]   |
[INFO] [stdout] 8 | use test_utils::threshold_eq_float32;
[INFO] [stdout]   |     ^^^^^^^^^^ use of unresolved module or unlinked crate `test_utils`
[INFO] [stdout]   |
[INFO] [stdout]   = help: if you wanted to use a crate named `test_utils`, use `cargo add test_utils` to add it to your `Cargo.toml`
[INFO] [stdout] 
[INFO] [stdout] 
[INFO] [stdout] error[E0432]: unresolved import `test_utils`
[INFO] [stdout]  --> tests/sequence_node_test.rs:5:5
[INFO] [stdout]   |
[INFO] [stdout] 5 | use test_utils::threshold_eq_float32;
[INFO] [stdout]   |     ^^^^^^^^^^ use of unresolved module or unlinked crate `test_utils`
[INFO] [stdout]   |
[INFO] [stdout]   = help: if you wanted to use a crate named `test_utils`, use `cargo add test_utils` to add it to your `Cargo.toml`
[INFO] [stdout] 
[INFO] [stdout] 
[INFO] [stdout] error[E0432]: unresolved import `test_utils`
[INFO] [stdout]  --> tests/square_oscillator_test.rs:3:5
[INFO] [stdout]   |
[INFO] [stdout] 3 | use test_utils::threshold_eq_float32;
[INFO] [stdout]   |     ^^^^^^^^^^ use of unresolved module or unlinked crate `test_utils`
[INFO] [stdout]   |
[INFO] [stdout]   = help: if you wanted to use a crate named `test_utils`, use `cargo add test_utils` to add it to your `Cargo.toml`
[INFO] [stdout] 
[INFO] [stdout] 
[INFO] [stdout] For more information about this error, try `rustc --explain E0432`.
[INFO] [stdout] 
[INFO] [stdout] For more information about this error, try `rustc --explain E0432`.
[INFO] [stdout] 
[INFO] [stderr] error: could not compile `audio_gen` (test "sine_oscillator_test") due to 1 previous error
[INFO] [stderr] error: could not compile `audio_gen` (test "spline_float_test") due to 1 previous error
[INFO] [stdout] For more information about this error, try `rustc --explain E0432`.
[INFO] [stdout] 
[INFO] [stderr] error: could not compile `audio_gen` (test "sequence_node_test") due to 1 previous error
[INFO] [stdout] For more information about this error, try `rustc --explain E0432`.
[INFO] [stdout] 
[INFO] [stdout] For more information about this error, try `rustc --explain E0432`.
[INFO] [stdout] 
[INFO] [stderr] error: could not compile `audio_gen` (test "generator_test") due to 1 previous error
[INFO] [stdout] For more information about this error, try `rustc --explain E0432`.
[INFO] [stdout] 
[INFO] [stderr] error: could not compile `audio_gen` (test "saw_oscillator_test") due to 1 previous error
[INFO] [stderr] error: could not compile `audio_gen` (test "square_oscillator_test") due to 1 previous error
[INFO] running `Command { std: "docker" "inspect" "eacbd9597ec327a77cb1ca7f458062a8f15e1171c7779e3aa4a48aace0ce9c05", kill_on_drop: false }`
[INFO] running `Command { std: "docker" "rm" "-f" "eacbd9597ec327a77cb1ca7f458062a8f15e1171c7779e3aa4a48aace0ce9c05", kill_on_drop: false }`
[INFO] [stdout] eacbd9597ec327a77cb1ca7f458062a8f15e1171c7779e3aa4a48aace0ce9c05
