[INFO] fetching crate atomic_parser 1.1.1...
[INFO] checking atomic_parser-1.1.1 against 3154cc1a3e6424e44f438a95007d043ed5ceaaf6 for pr-133502-30
[INFO] extracting crate atomic_parser 1.1.1 into /workspace/builds/worker-7-tc2/source
[INFO] started tweaking crates.io crate atomic_parser 1.1.1
[INFO] finished tweaking crates.io crate atomic_parser 1.1.1
[INFO] tweaked toml for crates.io crate atomic_parser 1.1.1 written to /workspace/builds/worker-7-tc2/source/Cargo.toml
[INFO] validating manifest of crates.io crate atomic_parser 1.1.1 on toolchain 3154cc1a3e6424e44f438a95007d043ed5ceaaf6
[INFO] running `Command { std: CARGO_HOME="/workspace/cargo-home" RUSTUP_HOME="/workspace/rustup-home" "/workspace/cargo-home/bin/cargo" "+3154cc1a3e6424e44f438a95007d043ed5ceaaf6" "metadata" "--manifest-path" "Cargo.toml" "--no-deps", kill_on_drop: false }`
[INFO] crate crates.io crate atomic_parser 1.1.1 already has a lockfile, it will not be regenerated
[INFO] running `Command { std: CARGO_HOME="/workspace/cargo-home" RUSTUP_HOME="/workspace/rustup-home" "/workspace/cargo-home/bin/cargo" "+3154cc1a3e6424e44f438a95007d043ed5ceaaf6" "fetch" "--manifest-path" "Cargo.toml", kill_on_drop: false }`
[INFO] running `Command { std: "docker" "create" "-v" "/var/lib/crater-agent-workspace/builds/worker-7-tc2/source:/opt/rustwide/workdir:ro,Z" "-v" "/var/lib/crater-agent-workspace/builds/worker-7-tc2/target:/opt/rustwide/target:rw,Z" "-v" "/var/lib/crater-agent-workspace/cargo-home:/opt/rustwide/cargo-home:ro,Z" "-v" "/var/lib/crater-agent-workspace/rustup-home:/opt/rustwide/rustup-home:ro,Z" "-m" "1610612736" "--network" "none" "ghcr.io/rust-lang/crates-build-env/linux@sha256:77db811e55d90add9212f6832c23229e3de5f1c1f9905e8cb07319ea15df73ac" "sleep" "infinity", kill_on_drop: false }`
[INFO] [stdout] b6492f66f2f265c14a5977d1b51e357c015e98f3b30899e79169d8d946ef9fdb
[INFO] running `Command { std: "docker" "start" "b6492f66f2f265c14a5977d1b51e357c015e98f3b30899e79169d8d946ef9fdb", kill_on_drop: false }`
[INFO] running `Command { std: "docker" "inspect" "b6492f66f2f265c14a5977d1b51e357c015e98f3b30899e79169d8d946ef9fdb", kill_on_drop: false }`
[INFO] running `Command { std: "docker" "exec" "-e" "SOURCE_DIR=/opt/rustwide/workdir" "-e" "CARGO_HOME=/opt/rustwide/cargo-home" "-e" "RUSTUP_HOME=/opt/rustwide/rustup-home" "-e" "CARGO_TARGET_DIR=/opt/rustwide/target" "-w" "/opt/rustwide/workdir" "--user" "0:0" "b6492f66f2f265c14a5977d1b51e357c015e98f3b30899e79169d8d946ef9fdb" "/opt/rustwide/cargo-home/bin/cargo" "+3154cc1a3e6424e44f438a95007d043ed5ceaaf6" "metadata" "--no-deps" "--format-version=1", kill_on_drop: false }`
[INFO] running `Command { std: "docker" "inspect" "b6492f66f2f265c14a5977d1b51e357c015e98f3b30899e79169d8d946ef9fdb", kill_on_drop: false }`
[INFO] running `Command { std: "docker" "exec" "-e" "SOURCE_DIR=/opt/rustwide/workdir" "-e" "CARGO_HOME=/opt/rustwide/cargo-home" "-e" "RUSTUP_HOME=/opt/rustwide/rustup-home" "-e" "CARGO_TARGET_DIR=/opt/rustwide/target" "-e" "CARGO_INCREMENTAL=0" "-e" "RUST_BACKTRACE=full" "-e" "RUSTFLAGS=--cap-lints=forbid" "-e" "RUSTDOCFLAGS=--cap-lints=forbid" "-w" "/opt/rustwide/workdir" "--user" "0:0" "b6492f66f2f265c14a5977d1b51e357c015e98f3b30899e79169d8d946ef9fdb" "/opt/rustwide/cargo-home/bin/cargo" "+3154cc1a3e6424e44f438a95007d043ed5ceaaf6" "check" "--frozen" "--all" "--all-targets" "--message-format=json", kill_on_drop: false }`
[INFO] [stderr]     Checking atomic_parser v1.1.1 (/opt/rustwide/workdir)
[INFO] [stdout] error[E0599]: no method named `into_bytes` found for struct `Atom` in the current scope
[INFO] [stdout]    --> src/tests.rs:325:32
[INFO] [stdout]     |
[INFO] [stdout] 325 |     assert_eq!(expected, input.into_bytes());
[INFO] [stdout]     |                                ^^^^^^^^^^ method not found in `Atom`
[INFO] [stdout]     |
[INFO] [stdout]    ::: src/lib.rs:145:1
[INFO] [stdout]     |
[INFO] [stdout] 145 | pub struct Atom {
[INFO] [stdout]     | --------------- method `into_bytes` not found for this struct
[INFO] [stdout] 
[INFO] [stdout] 
[INFO] [stdout] error[E0425]: cannot find function `atoms_into_bytes` in this scope
[INFO] [stdout]    --> src/tests.rs:344:26
[INFO] [stdout]     |
[INFO] [stdout] 344 |     assert_eq!(expected, atoms_into_bytes(input));
[INFO] [stdout]     |                          ^^^^^^^^^^^^^^^^ not found in this scope
[INFO] [stdout]     |
[INFO] [stdout] note: similarly named static `atom_into_bytes` defined here
[INFO] [stdout]    --> src/tests.rs:310:1
[INFO] [stdout]     |
[INFO] [stdout] 309 | #[test]
[INFO] [stdout]     | ------- in this attribute macro expansion
[INFO] [stdout] 310 | fn atom_into_bytes() {
[INFO] [stdout]     | ^^^^^^^^^^^^^^^^^^^^
[INFO] [stdout] note: found an item that was configured out
[INFO] [stdout]    --> src/lib.rs:320:8
[INFO] [stdout]     |
[INFO] [stdout] 319 | #[cfg(feature = "write")]
[INFO] [stdout]     |       ----------------- the item is gated behind the `write` feature
[INFO] [stdout] 320 | pub fn atoms_into_bytes(items: Vec<Atom>) -> Vec<u8> {
[INFO] [stdout]     |        ^^^^^^^^^^^^^^^^
[INFO] [stdout] help: a static with a similar name exists
[INFO] [stdout]     |
[INFO] [stdout] 344 -     assert_eq!(expected, atoms_into_bytes(input));
[INFO] [stdout] 344 +     assert_eq!(expected, atom_into_bytes(input));
[INFO] [stdout]     |
[INFO] [stdout] 
[INFO] [stdout] 
[INFO] [stdout] error[E0425]: cannot find function `atoms_into_bytes` in this scope
[INFO] [stdout]    --> src/tests.rs:405:26
[INFO] [stdout]     |
[INFO] [stdout] 405 |     assert_eq!(expected, atoms_into_bytes(input));
[INFO] [stdout]     |                          ^^^^^^^^^^^^^^^^ not found in this scope
[INFO] [stdout]     |
[INFO] [stdout] note: similarly named static `atom_into_bytes` defined here
[INFO] [stdout]    --> src/tests.rs:310:1
[INFO] [stdout]     |
[INFO] [stdout] 309 | #[test]
[INFO] [stdout]     | ------- in this attribute macro expansion
[INFO] [stdout] 310 | fn atom_into_bytes() {
[INFO] [stdout]     | ^^^^^^^^^^^^^^^^^^^^
[INFO] [stdout] note: found an item that was configured out
[INFO] [stdout]    --> src/lib.rs:320:8
[INFO] [stdout]     |
[INFO] [stdout] 319 | #[cfg(feature = "write")]
[INFO] [stdout]     |       ----------------- the item is gated behind the `write` feature
[INFO] [stdout] 320 | pub fn atoms_into_bytes(items: Vec<Atom>) -> Vec<u8> {
[INFO] [stdout]     |        ^^^^^^^^^^^^^^^^
[INFO] [stdout] help: a static with a similar name exists
[INFO] [stdout]     |
[INFO] [stdout] 405 -     assert_eq!(expected, atoms_into_bytes(input));
[INFO] [stdout] 405 +     assert_eq!(expected, atom_into_bytes(input));
[INFO] [stdout]     |
[INFO] [stdout] 
[INFO] [stdout] 
[INFO] [stdout] Some errors have detailed explanations: E0425, E0599.
[INFO] [stdout] 
[INFO] [stdout] For more information about an error, try `rustc --explain E0425`.
[INFO] [stdout] 
[INFO] [stderr] error: could not compile `atomic_parser` (lib test) due to 3 previous errors
[INFO] running `Command { std: "docker" "inspect" "b6492f66f2f265c14a5977d1b51e357c015e98f3b30899e79169d8d946ef9fdb", kill_on_drop: false }`
[INFO] running `Command { std: "docker" "rm" "-f" "b6492f66f2f265c14a5977d1b51e357c015e98f3b30899e79169d8d946ef9fdb", kill_on_drop: false }`
[INFO] [stdout] b6492f66f2f265c14a5977d1b51e357c015e98f3b30899e79169d8d946ef9fdb
