[INFO] fetching crate armature-acme 0.4.0...
[INFO] checking armature-acme-0.4.0 against 3154cc1a3e6424e44f438a95007d043ed5ceaaf6+rustflags=-Znext-solver=coherence for pr-133502-30
[INFO] extracting crate armature-acme 0.4.0 into /workspace/builds/worker-1-tc1/source
[INFO] started tweaking crates.io crate armature-acme 0.4.0
[INFO] removed 0 missing tests
[INFO] finished tweaking crates.io crate armature-acme 0.4.0
[INFO] tweaked toml for crates.io crate armature-acme 0.4.0 written to /workspace/builds/worker-1-tc1/source/Cargo.toml
[INFO] validating manifest of crates.io crate armature-acme 0.4.0 on toolchain 3154cc1a3e6424e44f438a95007d043ed5ceaaf6
[INFO] running `Command { std: CARGO_HOME="/workspace/cargo-home" RUSTUP_HOME="/workspace/rustup-home" "/workspace/cargo-home/bin/cargo" "+3154cc1a3e6424e44f438a95007d043ed5ceaaf6" "metadata" "--manifest-path" "Cargo.toml" "--no-deps", kill_on_drop: false }`
[INFO] crate crates.io crate armature-acme 0.4.0 already has a lockfile, it will not be regenerated
[INFO] running `Command { std: CARGO_HOME="/workspace/cargo-home" RUSTUP_HOME="/workspace/rustup-home" "/workspace/cargo-home/bin/cargo" "+3154cc1a3e6424e44f438a95007d043ed5ceaaf6" "fetch" "--manifest-path" "Cargo.toml", kill_on_drop: false }`
[INFO] [stderr]     Updating crates.io index
[INFO] [stderr]  Downloading crates ...
[INFO] [stderr]   Downloaded matchit v0.9.2
[INFO] [stderr]   Downloaded core_affinity v0.8.3
[INFO] [stderr]   Downloaded armature-log v0.2.3
[INFO] [stderr]   Downloaded compact_str v0.10.0
[INFO] [stderr]   Downloaded dependency-injector v2.1.0
[INFO] [stderr]   Downloaded brotli-decompressor v6.0.0
[INFO] [stderr]   Downloaded armature-h1 v0.3.1
[INFO] [stderr]   Downloaded armature-core v0.10.0
[INFO] running `Command { std: "docker" "create" "-v" "/var/lib/crater-agent-workspace/builds/worker-1-tc1/source:/opt/rustwide/workdir:ro,Z" "-v" "/var/lib/crater-agent-workspace/builds/worker-1-tc1/target:/opt/rustwide/target:rw,Z" "-v" "/var/lib/crater-agent-workspace/cargo-home:/opt/rustwide/cargo-home:ro,Z" "-v" "/var/lib/crater-agent-workspace/rustup-home:/opt/rustwide/rustup-home:ro,Z" "-m" "1610612736" "--network" "none" "ghcr.io/rust-lang/crates-build-env/linux@sha256:77db811e55d90add9212f6832c23229e3de5f1c1f9905e8cb07319ea15df73ac" "sleep" "infinity", kill_on_drop: false }`
[INFO] [stdout] b4a3b1ea9c0fb21d896164093d30dec0db2e8fe98ebae8422de05d84b5458393
[INFO] running `Command { std: "docker" "start" "b4a3b1ea9c0fb21d896164093d30dec0db2e8fe98ebae8422de05d84b5458393", kill_on_drop: false }`
[INFO] running `Command { std: "docker" "inspect" "b4a3b1ea9c0fb21d896164093d30dec0db2e8fe98ebae8422de05d84b5458393", kill_on_drop: false }`
[INFO] running `Command { std: "docker" "exec" "-e" "SOURCE_DIR=/opt/rustwide/workdir" "-e" "CARGO_HOME=/opt/rustwide/cargo-home" "-e" "RUSTUP_HOME=/opt/rustwide/rustup-home" "-e" "CARGO_TARGET_DIR=/opt/rustwide/target" "-w" "/opt/rustwide/workdir" "--user" "0:0" "b4a3b1ea9c0fb21d896164093d30dec0db2e8fe98ebae8422de05d84b5458393" "/opt/rustwide/cargo-home/bin/cargo" "+3154cc1a3e6424e44f438a95007d043ed5ceaaf6" "metadata" "--no-deps" "--format-version=1", kill_on_drop: false }`
[INFO] running `Command { std: "docker" "inspect" "b4a3b1ea9c0fb21d896164093d30dec0db2e8fe98ebae8422de05d84b5458393", kill_on_drop: false }`
[INFO] running `Command { std: "docker" "exec" "-e" "SOURCE_DIR=/opt/rustwide/workdir" "-e" "CARGO_HOME=/opt/rustwide/cargo-home" "-e" "RUSTUP_HOME=/opt/rustwide/rustup-home" "-e" "CARGO_TARGET_DIR=/opt/rustwide/target" "-e" "CARGO_INCREMENTAL=0" "-e" "RUST_BACKTRACE=full" "-e" "RUSTFLAGS=--cap-lints=forbid -Znext-solver=coherence" "-e" "RUSTDOCFLAGS=--cap-lints=forbid" "-w" "/opt/rustwide/workdir" "--user" "0:0" "b4a3b1ea9c0fb21d896164093d30dec0db2e8fe98ebae8422de05d84b5458393" "/opt/rustwide/cargo-home/bin/cargo" "+3154cc1a3e6424e44f438a95007d043ed5ceaaf6" "check" "--frozen" "--all" "--all-targets" "--message-format=json", kill_on_drop: false }`
[INFO] [stderr]     Checking smallvec v1.16.1
[INFO] [stderr]    Compiling syn v3.0.5
[INFO] [stderr]     Checking getrandom v0.2.17
[INFO] [stderr]    Compiling cc v1.4.6
[INFO] [stderr]    Compiling rustls v0.23.45
[INFO] [stderr]     Checking indexmap v2.14.2
[INFO] [stderr]     Checking bitflags v2.13.2
[INFO] [stderr]     Checking serde_json v1.0.151
[INFO] [stderr]    Compiling zstd-safe v8.0.0
[INFO] [stderr]     Checking alloc-no-stdlib v3.0.0
[INFO] [stderr]     Checking rand v0.10.2
[INFO] [stderr]     Checking getrandom v0.3.4
[INFO] [stderr]     Checking sha1 v0.11.0
[INFO] [stderr]     Checking core_affinity v0.8.3
[INFO] [stderr]     Checking num-bigint v0.4.8
[INFO] [stderr]     Checking crc32fast v1.5.2
[INFO] [stderr]     Checking compact_str v0.10.0
[INFO] [stderr]     Checking pem v4.0.0
[INFO] [stderr]     Checking uuid v1.26.1
[INFO] [stderr]     Checking parking_lot_core v0.9.12
[INFO] [stderr]     Checking alloc-stdlib v0.3.0
[INFO] [stderr]     Checking inotify v0.11.5
[INFO] [stderr]     Checking brotli-decompressor v6.0.0
[INFO] [stderr]     Checking notify-types v2.1.0
[INFO] [stderr]     Checking lru v0.18.4
[INFO] [stderr]     Checking flate2 v1.1.10
[INFO] [stderr]     Checking ahash v0.8.12
[INFO] [stderr]     Checking dashmap v6.2.1
[INFO] [stderr]     Checking parking_lot v0.12.5
[INFO] [stderr]     Checking rustls-pemfile v2.2.0
[INFO] [stderr]     Checking bumpalo v3.20.3
[INFO] [stderr]    Compiling cargo-husky v1.5.0
[INFO] [stderr]     Checking inventory v0.3.24
[INFO] [stderr]     Checking matchit v0.9.2
[INFO] [stderr]     Checking notify v8.2.0
[INFO] [stderr]    Compiling cmake v0.1.58
[INFO] [stderr]     Checking brotli v9.0.0
[INFO] [stderr]    Compiling aws-lc-sys v0.45.0
[INFO] [stderr]    Compiling ring v0.17.14
[INFO] [stderr]    Compiling zstd-sys v2.1.0+zstd.1.5.7
[INFO] [stderr]     Checking rcgen v0.14.10
[INFO] [stderr]    Compiling displaydoc v0.2.7
[INFO] [stderr]    Compiling tokio-macros v2.7.2
[INFO] [stderr]    Compiling zerovec-derive v0.11.6
[INFO] [stderr]    Compiling thiserror-impl v2.0.20
[INFO] [stderr]    Compiling serde_derive v1.0.229
[INFO] [stderr]    Compiling futures-macro v0.3.34
[INFO] [stderr]    Compiling async-trait v0.1.92
[INFO] [stderr]     Checking tokio v1.53.1
[INFO] [stderr]     Checking zerotrie v0.2.5
[INFO] [stderr]     Checking zstd v0.14.0
[INFO] [stderr]     Checking futures-util v0.3.34
[INFO] [stderr]     Checking zerovec v0.11.8
[INFO] [stderr]     Checking thiserror v2.0.20
[INFO] [stderr]     Checking asn1-rs v0.7.2
[INFO] [stderr]     Checking tungstenite v0.30.0
[INFO] [stderr]     Checking dependency-injector v2.1.0
[INFO] [stderr]     Checking tinystr v0.8.4
[INFO] [stderr]     Checking potential_utf v0.1.6
[INFO] [stderr]     Checking icu_collections v2.3.0
[INFO] [stderr]     Checking icu_locale_core v2.3.0
[INFO] [stderr]     Checking der-parser v10.0.0
[INFO] [stderr]     Checking oid-registry v0.8.1
[INFO] [stderr]     Checking icu_provider v2.3.1
[INFO] [stderr]     Checking x509-parser v0.18.1
[INFO] [stderr]     Checking serde v1.0.229
[INFO] [stderr]     Checking icu_normalizer v2.3.0
[INFO] [stderr]     Checking icu_properties v2.3.0
[INFO] [stderr]     Checking tracing-serde v0.2.0
[INFO] [stderr]     Checking chrono v0.4.45
[INFO] [stderr]     Checking serde_urlencoded v0.7.1
[INFO] [stderr]     Checking tracing-subscriber v0.3.23
[INFO] [stderr]     Checking idna_adapter v1.2.2
[INFO] [stderr]     Checking idna v1.1.0
[INFO] [stderr]     Checking url v2.5.8
[INFO] [stderr]     Checking tracing-appender v0.2.5
[INFO] [stderr]     Checking armature-log v0.2.3
[INFO] [stderr]     Checking tokio-util v0.7.19
[INFO] [stderr]     Checking tower v0.5.3
[INFO] [stderr]     Checking tokio-stream v0.1.19
[INFO] [stderr]     Checking tokio-tungstenite v0.30.0
[INFO] [stderr]     Checking tower-http v0.6.11
[INFO] [stderr]     Checking h2 v0.4.19
[INFO] [stderr]     Checking tokio-test v0.4.5
[INFO] [stderr]    Compiling aws-lc-rs v1.18.1
[INFO] [stderr]     Checking hyper v1.11.1
[INFO] [stderr]     Checking hyper-util v0.1.20
[INFO] [stderr]     Checking rustls-webpki v0.103.15
[INFO] [stderr]     Checking tokio-rustls v0.26.5
[INFO] [stderr]     Checking rustls-platform-verifier v0.7.0
[INFO] [stderr]     Checking hyper-rustls v0.27.9
[INFO] [stderr]     Checking armature-h1 v0.3.1
[INFO] [stderr]     Checking reqwest v0.13.5
[INFO] [stderr]     Checking armature-core v0.10.0
[INFO] [stderr]     Checking armature-acme v0.4.0 (/opt/rustwide/workdir)
[INFO] [stdout] error[E0433]: cannot find module or crate `armature_testkit` in this scope
[INFO] [stdout]   --> tests/pebble_e2e.rs:14:5
[INFO] [stdout]    |
[INFO] [stdout] 14 | use armature_testkit::acme::PebbleCa;
[INFO] [stdout]    |     ^^^^^^^^^^^^^^^^ use of unresolved module or unlinked crate `armature_testkit`
[INFO] [stdout]    |
[INFO] [stdout]    = help: if you wanted to use a crate named `armature_testkit`, use `cargo add armature_testkit` to add it to your `Cargo.toml`
[INFO] [stdout] 
[INFO] [stdout] 
[INFO] [stdout] error[E0433]: cannot find module or crate `armature_testkit` in this scope
[INFO] [stdout]   --> tests/pebble_e2e.rs:57:5
[INFO] [stdout]    |
[INFO] [stdout] 57 |     armature_testkit::skip_if_no_docker!();
[INFO] [stdout]    |     ^^^^^^^^^^^^^^^^ use of unresolved module or unlinked crate `armature_testkit`
[INFO] [stdout] 
[INFO] [stdout] 
[INFO] [stdout] error[E0433]: cannot find module or crate `armature_testkit` in this scope
[INFO] [stdout]    --> tests/pebble_e2e.rs:151:5
[INFO] [stdout]     |
[INFO] [stdout] 151 |     armature_testkit::skip_if_no_docker!();
[INFO] [stdout]     |     ^^^^^^^^^^^^^^^^ use of unresolved module or unlinked crate `armature_testkit`
[INFO] [stdout] 
[INFO] [stdout] 
[INFO] [stdout] For more information about this error, try `rustc --explain E0433`.
[INFO] [stdout] 
[INFO] [stderr] error: could not compile `armature-acme` (test "pebble_e2e") due to 3 previous errors
[INFO] [stderr] warning: build failed, waiting for other jobs to finish...
[INFO] [stderr] warning: unused dependency `armature-core`
[INFO] [stderr]  --> Cargo.toml:1:15
[INFO] [stderr]   |
[INFO] [stderr] 1 | [dependencies.armature-core]
[INFO] [stderr]   |               ^^^^^^^^^^^^^^
[INFO] [stderr]   |
[INFO] [stderr]   = note: `cargo::unused_dependencies` is set to `warn` by default
[INFO] [stderr] help: consider removing the dependency on `armature-core`
[INFO] [stderr] warning: `armature-acme` (manifest) generated 1 warning
[INFO] running `Command { std: "docker" "inspect" "b4a3b1ea9c0fb21d896164093d30dec0db2e8fe98ebae8422de05d84b5458393", kill_on_drop: false }`
[INFO] running `Command { std: "docker" "rm" "-f" "b4a3b1ea9c0fb21d896164093d30dec0db2e8fe98ebae8422de05d84b5458393", kill_on_drop: false }`
[INFO] [stdout] b4a3b1ea9c0fb21d896164093d30dec0db2e8fe98ebae8422de05d84b5458393
