[INFO] fetching crate accelerated-crypto 0.1.0...
[INFO] checking accelerated-crypto-0.1.0 against 3154cc1a3e6424e44f438a95007d043ed5ceaaf6+rustflags=-Znext-solver=coherence for pr-133502-30
[INFO] extracting crate accelerated-crypto 0.1.0 into /workspace/builds/worker-7-tc1/source
[INFO] started tweaking crates.io crate accelerated-crypto 0.1.0
[INFO] removed 0 missing tests
[INFO] finished tweaking crates.io crate accelerated-crypto 0.1.0
[INFO] tweaked toml for crates.io crate accelerated-crypto 0.1.0 written to /workspace/builds/worker-7-tc1/source/Cargo.toml
[INFO] validating manifest of crates.io crate accelerated-crypto 0.1.0 on toolchain 3154cc1a3e6424e44f438a95007d043ed5ceaaf6
[INFO] running `Command { std: CARGO_HOME="/workspace/cargo-home" RUSTUP_HOME="/workspace/rustup-home" "/workspace/cargo-home/bin/cargo" "+3154cc1a3e6424e44f438a95007d043ed5ceaaf6" "metadata" "--manifest-path" "Cargo.toml" "--no-deps", kill_on_drop: false }`
[INFO] crate crates.io crate accelerated-crypto 0.1.0 already has a lockfile, it will not be regenerated
[INFO] running `Command { std: CARGO_HOME="/workspace/cargo-home" RUSTUP_HOME="/workspace/rustup-home" "/workspace/cargo-home/bin/cargo" "+3154cc1a3e6424e44f438a95007d043ed5ceaaf6" "fetch" "--manifest-path" "Cargo.toml", kill_on_drop: false }`
[INFO] [stderr]     Updating crates.io index
[INFO] [stderr]  Downloading crates ...
[INFO] [stderr]   Downloaded primeorder v0.14.0
[INFO] [stderr]   Downloaded primefield v0.14.0
[INFO] [stderr]   Downloaded wnaf v0.14.1
[INFO] [stderr]   Downloaded ff v0.14.0
[INFO] [stderr]   Downloaded p384 v0.14.0
[INFO] [stderr]   Downloaded rfc6979 v0.6.0
[INFO] [stderr]   Downloaded sec1 v0.8.1
[INFO] [stderr]   Downloaded base16ct v1.0.0
[INFO] [stderr]   Downloaded group v0.14.0
[INFO] [stderr]   Downloaded ecdsa v0.17.0
[INFO] [stderr]   Downloaded embassy-crypto v0.0.0
[INFO] [stderr]   Downloaded elliptic-curve v0.14.1
[INFO] [stderr]   Downloaded generic-array v1.4.5
[INFO] [stderr]   Downloaded p256 v0.14.0
[INFO] [stderr]   Downloaded crypto-bigint v0.7.5
[INFO] running `Command { std: "docker" "create" "-v" "/var/lib/crater-agent-workspace/builds/worker-7-tc1/source:/opt/rustwide/workdir:ro,Z" "-v" "/var/lib/crater-agent-workspace/builds/worker-7-tc1/target:/opt/rustwide/target:rw,Z" "-v" "/var/lib/crater-agent-workspace/cargo-home:/opt/rustwide/cargo-home:ro,Z" "-v" "/var/lib/crater-agent-workspace/rustup-home:/opt/rustwide/rustup-home:ro,Z" "-m" "1610612736" "--network" "none" "ghcr.io/rust-lang/crates-build-env/linux@sha256:77db811e55d90add9212f6832c23229e3de5f1c1f9905e8cb07319ea15df73ac" "sleep" "infinity", kill_on_drop: false }`
[INFO] [stdout] 2cf3ec301481f68f8df04d26b34b7feaa7aa0f9e697af2264e740a0589b5a6a4
[INFO] running `Command { std: "docker" "start" "2cf3ec301481f68f8df04d26b34b7feaa7aa0f9e697af2264e740a0589b5a6a4", kill_on_drop: false }`
[INFO] running `Command { std: "docker" "inspect" "2cf3ec301481f68f8df04d26b34b7feaa7aa0f9e697af2264e740a0589b5a6a4", kill_on_drop: false }`
[INFO] running `Command { std: "docker" "exec" "-e" "SOURCE_DIR=/opt/rustwide/workdir" "-e" "CARGO_HOME=/opt/rustwide/cargo-home" "-e" "RUSTUP_HOME=/opt/rustwide/rustup-home" "-e" "CARGO_TARGET_DIR=/opt/rustwide/target" "-w" "/opt/rustwide/workdir" "--user" "0:0" "2cf3ec301481f68f8df04d26b34b7feaa7aa0f9e697af2264e740a0589b5a6a4" "/opt/rustwide/cargo-home/bin/cargo" "+3154cc1a3e6424e44f438a95007d043ed5ceaaf6" "metadata" "--no-deps" "--format-version=1", kill_on_drop: false }`
[INFO] running `Command { std: "docker" "inspect" "2cf3ec301481f68f8df04d26b34b7feaa7aa0f9e697af2264e740a0589b5a6a4", kill_on_drop: false }`
[INFO] running `Command { std: "docker" "exec" "-e" "SOURCE_DIR=/opt/rustwide/workdir" "-e" "CARGO_HOME=/opt/rustwide/cargo-home" "-e" "RUSTUP_HOME=/opt/rustwide/rustup-home" "-e" "CARGO_TARGET_DIR=/opt/rustwide/target" "-e" "CARGO_INCREMENTAL=0" "-e" "RUST_BACKTRACE=full" "-e" "RUSTFLAGS=--cap-lints=forbid -Znext-solver=coherence" "-e" "RUSTDOCFLAGS=--cap-lints=forbid" "-w" "/opt/rustwide/workdir" "--user" "0:0" "2cf3ec301481f68f8df04d26b34b7feaa7aa0f9e697af2264e740a0589b5a6a4" "/opt/rustwide/cargo-home/bin/cargo" "+3154cc1a3e6424e44f438a95007d043ed5ceaaf6" "check" "--frozen" "--all" "--all-targets" "--message-format=json", kill_on_drop: false }`
[INFO] [stderr]     Checking hybrid-array v0.4.15
[INFO] [stderr]    Compiling rustversion v1.0.23
[INFO] [stderr]     Checking zeroize v1.9.0
[INFO] [stderr]     Checking embassy-crypto v0.0.0
[INFO] [stderr]     Checking generic-array v1.4.5
[INFO] [stderr]     Checking crypto-common v0.2.2
[INFO] [stderr]     Checking inout v0.2.2
[INFO] [stderr]     Checking aead v0.6.1
[INFO] [stderr]     Checking cipher v0.5.2
[INFO] [stderr]     Checking digest v0.11.3
[INFO] [stderr]     Checking accelerated-crypto v0.1.0 (/opt/rustwide/workdir)
[INFO] [stdout] error[E0432]: unresolved imports `accelerated_crypto::HmacSha256`, `accelerated_crypto::Sha256`
[INFO] [stdout]   --> tests/sha256.rs:12:26
[INFO] [stdout]    |
[INFO] [stdout] 12 | use accelerated_crypto::{HmacSha256, Sha256};
[INFO] [stdout]    |                          ^^^^^^^^^^  ^^^^^^ no `Sha256` in the root
[INFO] [stdout]    |                          |
[INFO] [stdout]    |                          no `HmacSha256` in the root
[INFO] [stdout] 
[INFO] [stdout] 
[INFO] [stdout] error[E0433]: cannot find `sha256_impl` in `embassy_crypto`
[INFO] [stdout]    --> tests/sha256.rs:171:17
[INFO] [stdout]     |
[INFO] [stdout] 171 | embassy_crypto::sha256_impl!(SwSha256);
[INFO] [stdout]     |                 ^^^^^^^^^^^ could not find `sha256_impl` in `embassy_crypto`
[INFO] [stdout] 
[INFO] [stdout] 
[INFO] [stdout] error[E0433]: cannot find `hmac_sha256_impl` in `embassy_crypto`
[INFO] [stdout]    --> tests/sha256.rs:232:17
[INFO] [stdout]     |
[INFO] [stdout] 232 | embassy_crypto::hmac_sha256_impl!(SwHmacSha256);
[INFO] [stdout]     |                 ^^^^^^^^^^^^^^^^ could not find `hmac_sha256_impl` in `embassy_crypto`
[INFO] [stdout] 
[INFO] [stdout] 
[INFO] [stdout] error[E0433]: cannot find `driver` in `embassy_crypto`
[INFO] [stdout]    --> tests/sha256.rs:155:22
[INFO] [stdout]     |
[INFO] [stdout] 155 | impl embassy_crypto::driver::Sha256 for SwSha256 {
[INFO] [stdout]     |                      ^^^^^^ could not find `driver` in `embassy_crypto`
[INFO] [stdout] 
[INFO] [stdout] 
[INFO] [stdout] error[E0433]: cannot find `driver` in `embassy_crypto`
[INFO] [stdout]    --> tests/sha256.rs:175:22
[INFO] [stdout]     |
[INFO] [stdout] 175 | impl embassy_crypto::driver::HmacSha256 for SwHmacSha256 {
[INFO] [stdout]     |                      ^^^^^^ could not find `driver` in `embassy_crypto`
[INFO] [stdout] 
[INFO] [stdout] 
[INFO] [stdout] warning: unused import: `KeyInit`
[INFO] [stdout]   --> tests/sha256.rs:13:22
[INFO] [stdout]    |
[INFO] [stdout] 13 | use digest::{Digest, KeyInit, Mac};
[INFO] [stdout]    |                      ^^^^^^^
[INFO] [stdout]    |
[INFO] [stdout]    = note: `#[warn(unused_imports)]` (part of `#[warn(unused)]`) on by default
[INFO] [stdout] 
[INFO] [stdout] 
[INFO] [stdout] Some errors have detailed explanations: E0432, E0433.
[INFO] [stdout] 
[INFO] [stdout] For more information about an error, try `rustc --explain E0432`.
[INFO] [stdout] 
[INFO] [stderr] error: could not compile `accelerated-crypto` (test "sha256") due to 5 previous errors; 1 warning emitted
[INFO] [stderr] warning: unused dependency `aead`
[INFO] [stderr]  --> Cargo.toml:1:15
[INFO] [stderr]   |
[INFO] [stderr] 1 | [dependencies.aead]
[INFO] [stderr]   |               ^^^^^
[INFO] [stderr]   |
[INFO] [stderr]   = note: `cargo::unused_dependencies` is set to `warn` by default
[INFO] [stderr] help: consider removing the dependency on `aead`
[INFO] [stderr] warning: unused dependency `cipher`
[INFO] [stderr]  --> Cargo.toml:5:15
[INFO] [stderr]   |
[INFO] [stderr] 5 | [dependencies.cipher]
[INFO] [stderr]   |               ^^^^^^^
[INFO] [stderr]   |
[INFO] [stderr] help: consider removing the dependency on `cipher`
[INFO] [stderr] warning: unused dependency `digest`
[INFO] [stderr]   --> Cargo.toml:12:15
[INFO] [stderr]    |
[INFO] [stderr] 12 | [dependencies.digest]
[INFO] [stderr]    |               ^^^^^^^
[INFO] [stderr]    |
[INFO] [stderr] help: consider removing the dependency on `digest`
[INFO] [stderr] help: to still use for development builds, move to `dev-dependencies`
[INFO] [stderr] warning: unused dependency `embassy-crypto`
[INFO] [stderr]   --> Cargo.toml:29:15
[INFO] [stderr]    |
[INFO] [stderr] 29 | [dependencies.embassy-crypto]
[INFO] [stderr]    |               ^^^^^^^^^^^^^^^
[INFO] [stderr]    |
[INFO] [stderr] help: consider removing the dependency on `embassy-crypto`
[INFO] [stderr] help: to still use for development builds, move to `dev-dependencies`
[INFO] [stderr] warning: unused dependency `generic-array`
[INFO] [stderr]   --> Cargo.toml:32:15
[INFO] [stderr]    |
[INFO] [stderr] 32 | [dependencies.generic-array]
[INFO] [stderr]    |               ^^^^^^^^^^^^^^
[INFO] [stderr]    |
[INFO] [stderr] help: consider removing the dependency on `generic-array`
[INFO] [stderr] warning: `accelerated-crypto` (manifest) generated 5 warnings
[INFO] running `Command { std: "docker" "inspect" "2cf3ec301481f68f8df04d26b34b7feaa7aa0f9e697af2264e740a0589b5a6a4", kill_on_drop: false }`
[INFO] running `Command { std: "docker" "rm" "-f" "2cf3ec301481f68f8df04d26b34b7feaa7aa0f9e697af2264e740a0589b5a6a4", kill_on_drop: false }`
[INFO] [stdout] 2cf3ec301481f68f8df04d26b34b7feaa7aa0f9e697af2264e740a0589b5a6a4
