[INFO] cloning repository https://github.com/zyvorai/device-agent
[INFO] running `Command { std: "git" "-c" "credential.helper=" "-c" "credential.helper=/workspace/cargo-home/bin/git-credential-null" "clone" "--bare" "https://github.com/zyvorai/device-agent" "/workspace/cache/git-repos/https%3A%2F%2Fgithub.com%2Fzyvorai%2Fdevice-agent", kill_on_drop: false }`
[INFO] [stderr] Cloning into bare repository '/workspace/cache/git-repos/https%3A%2F%2Fgithub.com%2Fzyvorai%2Fdevice-agent'...
[INFO] running `Command { std: "git" "rev-parse" "HEAD", kill_on_drop: false }`
[INFO] [stdout] 2a2cd398884022fe521faea4c995d83847005406
[INFO] checking zyvorai/device-agent against 3154cc1a3e6424e44f438a95007d043ed5ceaaf6+rustflags=-Znext-solver=coherence for pr-133502-30
[INFO] running `Command { std: "git" "clone" "/workspace/cache/git-repos/https%3A%2F%2Fgithub.com%2Fzyvorai%2Fdevice-agent" "/workspace/builds/worker-0-tc1/source", kill_on_drop: false }`
[INFO] [stderr] Cloning into '/workspace/builds/worker-0-tc1/source'...
[INFO] [stderr] done.
[INFO] started tweaking git repo https://github.com/zyvorai/device-agent
[INFO] finished tweaking git repo https://github.com/zyvorai/device-agent
[INFO] tweaked toml for git repo https://github.com/zyvorai/device-agent written to /workspace/builds/worker-0-tc1/source/Cargo.toml
[INFO] validating manifest of git repo https://github.com/zyvorai/device-agent on toolchain 3154cc1a3e6424e44f438a95007d043ed5ceaaf6
[INFO] running `Command { std: CARGO_HOME="/workspace/cargo-home" RUSTUP_HOME="/workspace/rustup-home" "/workspace/cargo-home/bin/cargo" "+3154cc1a3e6424e44f438a95007d043ed5ceaaf6" "metadata" "--manifest-path" "Cargo.toml" "--no-deps", kill_on_drop: false }`
[INFO] crate git repo https://github.com/zyvorai/device-agent already has a lockfile, it will not be regenerated
[INFO] running `Command { std: CARGO_HOME="/workspace/cargo-home" RUSTUP_HOME="/workspace/rustup-home" "/workspace/cargo-home/bin/cargo" "+3154cc1a3e6424e44f438a95007d043ed5ceaaf6" "fetch" "--manifest-path" "Cargo.toml", kill_on_drop: false }`
[INFO] [stderr] warning: Cargo.toml: file `/workspace/builds/worker-0-tc1/source/src/main.rs` found to be present in multiple build targets:
[INFO] [stderr]   * `bin` target `agentctl`
[INFO] [stderr]   * `bin` target `zyvor-device-agent`
[INFO] [stderr] warning: `zyvor-device-agent` (manifest) generated 1 warning
[INFO] [stderr]     Blocking waiting for file lock on package cache
[INFO] [stderr]     Updating crates.io index
[INFO] [stderr]     Blocking waiting for file lock on package cache
[INFO] [stderr]  Downloading crates ...
[INFO] [stderr]   Downloaded zstd-safe v8.0.0
[INFO] [stderr]   Downloaded rusticata-macros v4.1.0
[INFO] [stderr]   Downloaded x509-parser v0.18.1
[INFO] [stderr]   Downloaded cranelift-bitset v0.123.16
[INFO] [stderr]   Downloaded zstd v0.14.0
[INFO] [stderr]   Downloaded wasmtime-internal-math v36.0.16
[INFO] [stderr]   Downloaded data-encoding v2.11.1
[INFO] [stderr]   Downloaded picky-asn1-der v0.5.6
[INFO] [stderr]   Downloaded pulley-macros v36.0.16
[INFO] [stderr]   Downloaded cranelift-control v0.123.16
[INFO] [stderr]   Downloaded cranelift-codegen-shared v0.123.16
[INFO] [stderr]   Downloaded wasmtime-internal-jit-icache-coherence v36.0.16
[INFO] [stderr]   Downloaded wasmtime-internal-jit-debug v36.0.16
[INFO] [stderr]   Downloaded leb128fmt v0.1.0
[INFO] [stderr]   Downloaded embedded-io v0.4.0
[INFO] [stderr]   Downloaded cobs v0.3.0
[INFO] [stderr]   Downloaded memfd v0.6.6
[INFO] [stderr]   Downloaded which v4.4.2
[INFO] [stderr]   Downloaded peeking_take_while v0.1.2
[INFO] [stderr]   Downloaded zeroize_derive v1.5.0
[INFO] [stderr]   Downloaded serde_bytes v0.11.19
[INFO] [stderr]   Downloaded oid v0.2.1
[INFO] [stderr]   Downloaded mbox v0.7.1
[INFO] [stderr]   Downloaded hostname-validator v1.1.1
[INFO] [stderr]   Downloaded bitfield-macros v0.19.5
[INFO] [stderr]   Downloaded nonzero_ext v0.3.0
[INFO] [stderr]   Downloaded forwarded-header-value v0.1.1
[INFO] [stderr]   Downloaded nonempty v0.7.0
[INFO] [stderr]   Downloaded oid-registry v0.8.1
[INFO] [stderr]   Downloaded asn1-rs-impl v0.2.0
[INFO] [stderr]   Downloaded asn1-rs-derive v0.6.0
[INFO] [stderr]   Downloaded num-integer v0.1.47
[INFO] [stderr]   Downloaded wasmtime-internal-versioned-export-macros v36.0.16
[INFO] [stderr]   Downloaded wasmtime-internal-unwinder v36.0.16
[INFO] [stderr]   Downloaded target-lexicon v0.13.5
[INFO] [stderr]   Downloaded cranelift-entity v0.123.16
[INFO] [stderr]   Downloaded cranelift-srcgen v0.123.16
[INFO] [stderr]   Downloaded cranelift-assembler-x64 v0.123.16
[INFO] [stderr]   Downloaded wasmtime-internal-slab v36.0.16
[INFO] [stderr]   Downloaded wasmtime-internal-fiber v36.0.16
[INFO] [stderr]   Downloaded wasmtime-internal-asm-macros v36.0.16
[INFO] [stderr]   Downloaded termcolor v1.4.1
[INFO] [stderr]   Downloaded postcard v1.1.3
[INFO] [stderr]   Downloaded embedded-io v0.6.1
[INFO] [stderr]   Downloaded either v1.18.0
[INFO] [stderr]   Downloaded cranelift-native v0.123.16
[INFO] [stderr]   Downloaded mach2 v0.4.3
[INFO] [stderr]   Downloaded v4l v0.14.0
[INFO] [stderr]   Downloaded v4l2-sys-mit v0.3.0
[INFO] [stderr]   Downloaded lazycell v1.3.0
[INFO] [stderr]   Downloaded libloading v0.8.9
[INFO] [stderr]   Downloaded picky-asn1 v0.10.1
[INFO] [stderr]   Downloaded bitfield v0.19.5
[INFO] [stderr]   Downloaded tower_governor v0.7.0
[INFO] [stderr]   Downloaded pin-project-internal v1.1.13
[INFO] [stderr]   Downloaded no-std-compat v0.4.1
[INFO] [stderr]   Downloaded futures-timer v3.0.4
[INFO] [stderr]   Downloaded fixedbitset v0.5.7
[INFO] [stderr]   Downloaded der-parser v10.0.0
[INFO] [stderr]   Downloaded pulley-interpreter v36.0.16
[INFO] [stderr]   Downloaded arbitrary v1.4.2
[INFO] [stderr]   Downloaded cranelift-assembler-x64-meta v0.123.16
[INFO] [stderr]   Downloaded cranelift-bforest v0.123.16
[INFO] [stderr]   Downloaded wasmprinter v0.236.1
[INFO] [stderr]   Downloaded cranelift-frontend v0.123.16
[INFO] [stderr]   Downloaded addr2line v0.25.1
[INFO] [stderr]   Downloaded prettyplease v0.2.37
[INFO] [stderr]   Downloaded clang-sys v1.9.1
[INFO] [stderr]   Downloaded cexpr v0.6.0
[INFO] [stderr]   Downloaded pin-project v1.1.13
[INFO] [stderr]   Downloaded quanta v0.12.6
[INFO] [stderr]   Downloaded axum-macros v0.5.1
[INFO] [stderr]   Downloaded spin v0.9.9
[INFO] [stderr]   Downloaded asn1-rs v0.7.2
[INFO] [stderr]   Downloaded libm v0.2.16
[INFO] [stderr]   Downloaded cranelift-isle v0.123.16
[INFO] [stderr]   Downloaded cranelift-codegen-meta v0.123.16
[INFO] [stderr]   Downloaded wasm-encoder v0.236.1
[INFO] [stderr]   Downloaded spinning_top v0.3.0
[INFO] [stderr]   Downloaded zerocopy-derive v0.8.57
[INFO] [stderr]   Downloaded raw-cpuid v11.6.0
[INFO] [stderr]   Downloaded rumqttc v0.25.1
[INFO] [stderr]   Downloaded num-bigint v0.4.8
[INFO] [stderr]   Downloaded hashbrown v0.15.5
[INFO] [stderr]   Downloaded regalloc2 v0.12.2
[INFO] [stderr]   Downloaded picky-asn1-x509 v0.15.4
[INFO] [stderr]   Downloaded governor v0.8.1
[INFO] [stderr]   Downloaded seccompiler v0.5.0
[INFO] [stderr]   Downloaded wasmtime-internal-cranelift v36.0.16
[INFO] [stderr]   Downloaded bindgen v0.65.1
[INFO] [stderr]   Downloaded tss-esapi v7.7.0
[INFO] [stderr]   Downloaded tss-esapi-sys v0.6.0
[INFO] [stderr]   Downloaded tower-http v0.7.1
[INFO] [stderr]   Downloaded rustls-webpki v0.102.8
[INFO] [stderr]   Downloaded gimli v0.32.3
[INFO] [stderr]   Downloaded wasmtime-environ v36.0.16
[INFO] [stderr]   Downloaded wasmparser v0.236.1
[INFO] [stderr]   Downloaded zerocopy v0.8.57
[INFO] [stderr]   Downloaded object v0.37.3
[INFO] [stderr]   Downloaded zstd-sys v2.1.0+zstd.1.5.7
[INFO] [stderr]   Downloaded wasmtime v36.0.16
[INFO] [stderr]   Downloaded cranelift-codegen v0.123.16
[INFO] [stderr]   Downloaded rcgen v0.14.10
[INFO] [stderr]   Downloaded bit-vec v0.9.1
[INFO] [stderr]   Downloaded qrcode v0.14.1
[INFO] [stderr]   Downloaded group v0.14.0
[INFO] [stderr]   Downloaded pem v4.0.0
[INFO] [stderr]   Downloaded p256 v0.14.0
[INFO] [stderr]   Downloaded wnaf v0.14.1
[INFO] [stderr]   Downloaded ff v0.14.0
[INFO] [stderr]   Downloaded crypto-bigint v0.7.5
[INFO] [stderr]   Downloaded cpubits v0.1.1
[INFO] [stderr]   Downloaded serdect v0.4.3
[INFO] [stderr]   Downloaded signature v3.0.0
[INFO] [stderr]   Downloaded rfc6979 v0.6.0
[INFO] [stderr]   Downloaded yasna v0.6.0
[INFO] [stderr]   Downloaded primeorder v0.14.0
[INFO] [stderr]   Downloaded primefield v0.14.0
[INFO] [stderr]   Downloaded base16ct v1.0.0
[INFO] [stderr]   Downloaded elliptic-curve v0.14.1
[INFO] [stderr]   Downloaded base64ct v1.8.3
[INFO] [stderr]   Downloaded spki v0.8.0
[INFO] [stderr]   Downloaded sec1 v0.8.1
[INFO] [stderr]   Downloaded der v0.8.2
[INFO] [stderr]   Downloaded pem-rfc7468 v1.0.0
[INFO] [stderr]   Downloaded pkcs8 v0.11.0
[INFO] [stderr]   Downloaded ecdsa v0.17.0
[INFO] [stderr]   Downloaded netlink-sys v0.9.0
[INFO] [stderr]   Downloaded fs-err v3.3.1
[INFO] [stderr]   Downloaded axum-server v0.8.0
[INFO] [stderr]   Downloaded arc-swap v1.9.2
[INFO] [stderr]   Downloaded jpeg-encoder v0.7.1
[INFO] running `Command { std: "docker" "create" "-v" "/var/lib/crater-agent-workspace/builds/worker-0-tc1/source:/opt/rustwide/workdir:ro,Z" "-v" "/var/lib/crater-agent-workspace/builds/worker-0-tc1/target:/opt/rustwide/target:rw,Z" "-v" "/var/lib/crater-agent-workspace/cargo-home:/opt/rustwide/cargo-home:ro,Z" "-v" "/var/lib/crater-agent-workspace/rustup-home:/opt/rustwide/rustup-home:ro,Z" "-m" "1610612736" "--network" "none" "ghcr.io/rust-lang/crates-build-env/linux@sha256:77db811e55d90add9212f6832c23229e3de5f1c1f9905e8cb07319ea15df73ac" "sleep" "infinity", kill_on_drop: false }`
[INFO] [stdout] 435fd5664742b630022cac69d2e74aa616c267d3b88a555a83ffacc7e936baa8
[INFO] running `Command { std: "docker" "start" "435fd5664742b630022cac69d2e74aa616c267d3b88a555a83ffacc7e936baa8", kill_on_drop: false }`
[INFO] running `Command { std: "docker" "inspect" "435fd5664742b630022cac69d2e74aa616c267d3b88a555a83ffacc7e936baa8", kill_on_drop: false }`
[INFO] running `Command { std: "docker" "exec" "-e" "SOURCE_DIR=/opt/rustwide/workdir" "-e" "CARGO_HOME=/opt/rustwide/cargo-home" "-e" "RUSTUP_HOME=/opt/rustwide/rustup-home" "-e" "CARGO_TARGET_DIR=/opt/rustwide/target" "-w" "/opt/rustwide/workdir" "--user" "0:0" "435fd5664742b630022cac69d2e74aa616c267d3b88a555a83ffacc7e936baa8" "/opt/rustwide/cargo-home/bin/cargo" "+3154cc1a3e6424e44f438a95007d043ed5ceaaf6" "metadata" "--no-deps" "--format-version=1", kill_on_drop: false }`
[INFO] running `Command { std: "docker" "inspect" "435fd5664742b630022cac69d2e74aa616c267d3b88a555a83ffacc7e936baa8", kill_on_drop: false }`
[INFO] running `Command { std: "docker" "exec" "-e" "SOURCE_DIR=/opt/rustwide/workdir" "-e" "CARGO_HOME=/opt/rustwide/cargo-home" "-e" "RUSTUP_HOME=/opt/rustwide/rustup-home" "-e" "CARGO_TARGET_DIR=/opt/rustwide/target" "-e" "CARGO_INCREMENTAL=0" "-e" "RUST_BACKTRACE=full" "-e" "RUSTFLAGS=--cap-lints=forbid -Znext-solver=coherence" "-e" "RUSTDOCFLAGS=--cap-lints=forbid" "-w" "/opt/rustwide/workdir" "--user" "0:0" "435fd5664742b630022cac69d2e74aa616c267d3b88a555a83ffacc7e936baa8" "/opt/rustwide/cargo-home/bin/cargo" "+3154cc1a3e6424e44f438a95007d043ed5ceaaf6" "check" "--frozen" "--all" "--all-targets" "--message-format=json", kill_on_drop: false }`
[INFO] [stderr] warning: Cargo.toml: file `/opt/rustwide/workdir/src/main.rs` found to be present in multiple build targets:
[INFO] [stderr]   * `bin` target `agentctl`
[INFO] [stderr]   * `bin` target `zyvor-device-agent`
[INFO] [stderr] warning: `zyvor-device-agent` (manifest) generated 1 warning
[INFO] [stderr]    Compiling proc-macro2 v1.0.107
[INFO] [stderr]    Compiling unicode-ident v1.0.24
[INFO] [stderr]    Compiling quote v1.0.47
[INFO] [stderr]    Compiling libc v0.2.189
[INFO] [stderr]     Checking cfg-if v1.0.4
[INFO] [stderr]     Checking zeroize v1.9.0
[INFO] [stderr]    Compiling autocfg v1.5.1
[INFO] [stderr]    Compiling shlex v2.0.1
[INFO] [stderr]    Compiling find-msvc-tools v0.1.12
[INFO] [stderr]     Checking smallvec v1.16.0
[INFO] [stderr]     Checking subtle v2.6.1
[INFO] [stderr]     Checking scopeguard v1.2.0
[INFO] [stderr]     Checking pin-project-lite v0.2.17
[INFO] [stderr]     Checking once_cell v1.21.4
[INFO] [stderr]     Checking lock_api v0.4.14
[INFO] [stderr]    Compiling parking_lot_core v0.9.12
[INFO] [stderr]     Checking bytes v1.12.1
[INFO] [stderr]     Checking futures-core v0.3.34
[INFO] [stderr]    Compiling pkg-config v0.3.34
[INFO] [stderr]     Checking log v0.4.34
[INFO] [stderr]     Checking itoa v1.0.18
[INFO] [stderr]    Compiling num-traits v0.2.19
[INFO] [stderr]     Checking futures-sink v0.3.34
[INFO] [stderr]     Checking typenum v1.20.1
[INFO] [stderr]     Checking futures-task v0.3.34
[INFO] [stderr]     Checking slab v0.4.12
[INFO] [stderr]     Checking rand_core v0.10.1
[INFO] [stderr]     Checking tracing-core v0.1.36
[INFO] [stderr]    Compiling getrandom v0.4.3
[INFO] [stderr]     Checking stable_deref_trait v1.2.1
[INFO] [stderr]     Checking cmov v0.5.4
[INFO] [stderr]    Compiling syn v3.0.5
[INFO] [stderr]    Compiling syn v2.0.119
[INFO] [stderr]    Compiling fs_extra v1.3.0
[INFO] [stderr]    Compiling dunce v1.0.5
[INFO] [stderr]     Checking ctutils v0.4.2
[INFO] [stderr]     Checking http v1.5.0
[INFO] [stderr]     Checking hybrid-array v0.4.15
[INFO] [stderr]     Checking const-oid v0.10.2
[INFO] [stderr]    Compiling jobserver v0.1.35
[INFO] [stderr]     Checking rustls-pki-types v1.15.1
[INFO] [stderr]    Compiling serde_core v1.0.229
[INFO] [stderr]    Compiling cc v1.4.5
[INFO] [stderr]     Checking percent-encoding v2.3.2
[INFO] [stderr]     Checking untrusted v0.9.0
[INFO] [stderr]    Compiling aws-lc-rs v1.18.1
[INFO] [stderr]     Checking bitflags v2.13.2
[INFO] [stderr]     Checking tower-service v0.3.3
[INFO] [stderr]     Checking memchr v2.8.3
[INFO] [stderr]     Checking block-buffer v0.12.1
[INFO] [stderr]     Checking http-body v1.1.0
[INFO] [stderr]     Checking errno v0.3.14
[INFO] [stderr]     Checking mio v1.2.3
[INFO] [stderr]     Checking signal-hook-registry v1.4.8
[INFO] [stderr]     Checking parking_lot v0.12.5
[INFO] [stderr]     Checking socket2 v0.6.5
[INFO] [stderr]     Checking equivalent v1.0.2
[INFO] [stderr]     Checking crypto-common v0.2.2
[INFO] [stderr]    Compiling httparse v1.10.1
[INFO] [stderr]     Checking hashbrown v0.17.1
[INFO] [stderr]     Checking litemap v0.8.3
[INFO] [stderr]     Checking writeable v0.6.4
[INFO] [stderr]     Checking base64ct v1.8.3
[INFO] [stderr]    Compiling cmake v0.1.58
[INFO] [stderr]     Checking pem-rfc7468 v1.0.0
[INFO] [stderr]     Checking indexmap v2.14.2
[INFO] [stderr]     Checking fnv v1.0.7
[INFO] [stderr]    Compiling thiserror v2.0.20
[INFO] [stderr]    Compiling time-core v0.1.9
[INFO] [stderr]     Checking digest v0.11.3
[INFO] [stderr]     Checking httpdate v1.0.3
[INFO] [stderr]     Checking try-lock v0.2.5
[INFO] [stderr]    Compiling icu_properties_data v2.3.0
[INFO] [stderr]    Compiling rustls v0.23.45
[INFO] [stderr]    Compiling icu_normalizer_data v2.3.0
[INFO] [stderr]     Checking atomic-waker v1.1.2
[INFO] [stderr]    Compiling num-conv v0.2.2
[INFO] [stderr]     Checking cpubits v0.1.1
[INFO] [stderr]     Checking utf8_iter v1.0.4
[INFO] [stderr]     Checking crypto-bigint v0.7.5
[INFO] [stderr]     Checking want v0.3.1
[INFO] [stderr]    Compiling time-macros v0.2.32
[INFO] [stderr]    Compiling aws-lc-sys v0.45.0
[INFO] [stderr]     Checking der v0.8.2
[INFO] [stderr]     Checking ff v0.14.0
[INFO] [stderr]     Checking futures-channel v0.3.34
[INFO] [stderr]    Compiling getrandom v0.3.4
[INFO] [stderr]     Checking deranged v0.5.8
[INFO] [stderr]     Checking powerfmt v0.2.0
[INFO] [stderr]     Checking tower-layer v0.3.3
[INFO] [stderr]    Compiling zerocopy v0.8.57
[INFO] [stderr]     Checking form_urlencoded v1.2.2
[INFO] [stderr]     Checking sync_wrapper v1.0.2
[INFO] [stderr]     Checking minimal-lexical v0.2.1
[INFO] [stderr]     Checking ipnet v2.12.2
[INFO] [stderr]    Compiling serde v1.0.229
[INFO] [stderr]    Compiling zmij v1.0.23
[INFO] [stderr]    Compiling crossbeam-utils v0.8.23
[INFO] [stderr]     Checking base64 v0.22.1
[INFO] [stderr]     Checking time v0.3.55
[INFO] [stderr]     Checking nom v7.1.3
[INFO] [stderr]     Checking spki v0.8.0
[INFO] [stderr]    Compiling synstructure v0.13.2
[INFO] [stderr]     Checking group v0.14.0
[INFO] [stderr]    Compiling zstd-sys v2.1.0+zstd.1.5.7
[INFO] [stderr]    Compiling ring v0.17.14
[INFO] [stderr]     Checking http-body-util v0.1.5
[INFO] [stderr]     Checking base16ct v1.0.0
[INFO] [stderr]    Compiling serde_json v1.0.151
[INFO] [stderr]     Checking mime v0.3.17
[INFO] [stderr]     Checking sec1 v0.8.1
[INFO] [stderr]    Compiling tokio-macros v2.7.2
[INFO] [stderr]    Compiling displaydoc v0.2.7
[INFO] [stderr]    Compiling futures-macro v0.3.34
[INFO] [stderr]    Compiling zerovec-derive v0.11.6
[INFO] [stderr]     Checking tokio v1.53.1
[INFO] [stderr]    Compiling thiserror-impl v2.0.20
[INFO] [stderr]    Compiling zerofrom-derive v0.1.7
[INFO] [stderr]     Checking futures-util v0.3.34
[INFO] [stderr]    Compiling yoke-derive v0.8.2
[INFO] [stderr]     Checking zerofrom v0.1.8
[INFO] [stderr]    Compiling tracing-attributes v0.1.31
[INFO] [stderr]    Compiling serde_derive v1.0.229
[INFO] [stderr]     Checking yoke v0.8.3
[INFO] [stderr]     Checking zerovec v0.11.8
[INFO] [stderr]     Checking tracing v0.1.44
[INFO] [stderr]     Checking tinystr v0.8.4
[INFO] [stderr]     Checking potential_utf v0.1.6
[INFO] [stderr]     Checking zerotrie v0.2.5
[INFO] [stderr]     Checking icu_locale_core v2.3.0
[INFO] [stderr]     Checking icu_collections v2.3.0
[INFO] [stderr]     Checking ppv-lite86 v0.2.21
[INFO] [stderr]    Compiling asn1-rs-impl v0.2.0
[INFO] [stderr]    Compiling asn1-rs-derive v0.6.0
[INFO] [stderr]     Checking rusticata-macros v4.1.0
[INFO] [stderr]     Checking pkcs8 v0.11.0
[INFO] [stderr]     Checking rand_core v0.9.5
[INFO] [stderr]     Checking getrandom v0.2.17
[INFO] [stderr]    Compiling portable-atomic v1.15.0
[INFO] [stderr]     Checking icu_provider v2.3.1
[INFO] [stderr]    Compiling thiserror v1.0.69
[INFO] [stderr]     Checking utf8parse v0.2.2
[INFO] [stderr]    Compiling rustix v1.1.5
[INFO] [stderr]    Compiling rustversion v1.0.23
[INFO] [stderr]     Checking icu_properties v2.3.0
[INFO] [stderr]     Checking icu_normalizer v2.3.0
[INFO] [stderr]    Compiling unicase v2.9.0
[INFO] [stderr]     Checking openssl-probe v0.2.1
[INFO] [stderr]     Checking rustls-native-certs v0.8.4
[INFO] [stderr]    Compiling mime_guess v2.0.5
[INFO] [stderr]     Checking anstyle-parse v1.0.0
[INFO] [stderr]     Checking asn1-rs v0.7.2
[INFO] [stderr]     Checking idna_adapter v1.2.2
[INFO] [stderr]     Checking tokio-util v0.7.19
[INFO] [stderr]     Checking tower v0.5.3
[INFO] [stderr]     Checking idna v1.1.0
[INFO] [stderr]     Checking rand_chacha v0.9.0
[INFO] [stderr]     Checking elliptic-curve v0.14.1
[INFO] [stderr]    Compiling thiserror-impl v1.0.69
[INFO] [stderr]     Checking primefield v0.14.0
[INFO] [stderr]     Checking h2 v0.4.19
[INFO] [stderr]     Checking hmac v0.13.0
[INFO] [stderr]     Checking raw-cpuid v11.6.0
[INFO] [stderr]     Checking num-integer v0.1.47
[INFO] [stderr]    Compiling memoffset v0.9.1
[INFO] [stderr]    Compiling fs-err v3.3.1
[INFO] [stderr]     Checking anstyle v1.0.14
[INFO] [stderr]    Compiling cfg_aliases v0.2.2
[INFO] [stderr]    Compiling oid-registry v0.8.1
[INFO] [stderr]     Checking anstyle-query v1.1.5
[INFO] [stderr]     Checking ryu v1.0.23
[INFO] [stderr]     Checking colorchoice v1.0.5
[INFO] [stderr]     Checking hashbrown v0.14.5
[INFO] [stderr]    Compiling zstd-safe v8.0.0
[INFO] [stderr]     Checking lazy_static v1.5.0
[INFO] [stderr]     Checking base64 v0.23.1
[INFO] [stderr]     Checking regex-syntax v0.8.11
[INFO] [stderr]     Checking pxfm v0.1.30
[INFO] [stderr]     Checking linux-raw-sys v0.12.1
[INFO] [stderr]     Checking is_terminal_polyfill v1.70.2
[INFO] [stderr]     Checking anstream v1.0.0
[INFO] [stderr]     Checking dashmap v6.2.1
[INFO] [stderr]     Checking quanta v0.12.6
[INFO] [stderr]     Checking regex-automata v0.4.18
[INFO] [stderr]     Checking serde_urlencoded v0.7.1
[INFO] [stderr]    Compiling nix v0.31.3
[INFO] [stderr]     Checking num-bigint v0.4.8
[INFO] [stderr]     Checking wnaf v0.14.1
[INFO] [stderr]     Checking rfc6979 v0.6.0
[INFO] [stderr]     Checking rand v0.9.5
[INFO] [stderr]     Checking url v2.5.8
[INFO] [stderr]     Checking moxcms v0.8.1
[INFO] [stderr]     Checking axum-core v0.5.6
[INFO] [stderr]    Compiling pin-project-internal v1.1.13
[INFO] [stderr]    Compiling axum-macros v0.5.1
[INFO] [stderr]     Checking serde_path_to_error v0.1.20
[INFO] [stderr]     Checking signature v3.0.0
[INFO] [stderr]     Checking spin v0.9.9
[INFO] [stderr]     Checking spinning_top v0.3.0
[INFO] [stderr]     Checking hyper v1.11.1
[INFO] [stderr]     Checking no-std-compat v0.4.1
[INFO] [stderr]    Compiling anyhow v1.0.104
[INFO] [stderr]     Checking clap_lex v1.1.0
[INFO] [stderr]     Checking byteorder-lite v0.1.0
[INFO] [stderr]     Checking winnow v1.0.4
[INFO] [stderr]     Checking strsim v0.11.1
[INFO] [stderr]     Checking nonempty v0.7.0
[INFO] [stderr]     Checking nonzero_ext v0.3.0
[INFO] [stderr]     Checking futures-timer v3.0.4
[INFO] [stderr]     Checking web-time v1.1.0
[INFO] [stderr]     Checking bytemuck v1.25.2
[INFO] [stderr]    Compiling heck v0.5.0
[INFO] [stderr]     Checking cpufeatures v0.3.1
[INFO] [stderr]     Checking matchit v0.8.4
[INFO] [stderr]    Compiling clap_derive v4.6.7
[INFO] [stderr]     Checking sha2 v0.11.0
[INFO] [stderr]     Checking governor v0.8.1
[INFO] [stderr]     Checking forwarded-header-value v0.1.1
[INFO] [stderr]     Checking hyper-util v0.1.20
[INFO] [stderr]     Checking toml_parser v1.1.3+spec-1.1.0
[INFO] [stderr]     Checking clap_builder v4.6.7
[INFO] [stderr]     Checking pin-project v1.1.13
[INFO] [stderr]     Checking flume v0.11.1
[INFO] [stderr]     Checking ecdsa v0.17.0
[INFO] [stderr]     Checking xattr v1.6.1
[INFO] [stderr]     Checking arc-swap v1.9.2
[INFO] [stderr]     Checking matchers v0.2.0
[INFO] [stderr]     Checking tower-http v0.6.11
[INFO] [stderr]     Checking der-parser v10.0.0
[INFO] [stderr]     Checking primeorder v0.14.0
[INFO] [stderr]     Checking image v0.25.10
[INFO] [stderr]     Checking pem v4.0.0
[INFO] [stderr]     Checking axum v0.8.9
[INFO] [stderr]     Checking sharded-slab v0.1.7
[INFO] [stderr]     Checking tokio-stream v0.1.19
[INFO] [stderr]     Checking rustls-webpki v0.102.8
[INFO] [stderr]     Checking yasna v0.6.0
[INFO] [stderr]     Checking toml_datetime v1.1.1+spec-1.1.0
[INFO] [stderr]     Checking serde_spanned v1.1.1
[INFO] [stderr]     Checking filetime v0.2.29
[INFO] [stderr]     Checking rustls-pemfile v2.2.0
[INFO] [stderr]     Checking tracing-log v0.2.0
[INFO] [stderr]     Checking thread_local v1.1.10
[INFO] [stderr]     Checking data-encoding v2.11.1
[INFO] [stderr]     Checking either v1.18.0
[INFO] [stderr]     Checking fixedbitset v0.5.7
[INFO] [stderr]     Checking toml_writer v1.1.2+spec-1.1.0
[INFO] [stderr]     Checking http-range-header v0.4.2
[INFO] [stderr]     Checking nu-ansi-term v0.50.3
[INFO] [stderr]     Checking tower-http v0.7.1
[INFO] [stderr]     Checking toml v1.1.6+spec-1.1.0
[INFO] [stderr]     Checking x509-parser v0.18.1
[INFO] [stderr]     Checking tracing-subscriber v0.3.23
[INFO] [stderr]     Checking qrcode v0.14.1
[INFO] [stderr]     Checking tar v0.4.46
[INFO] [stderr]     Checking rcgen v0.14.10
[INFO] [stderr]     Checking clap v4.6.7
[INFO] [stderr]     Checking p256 v0.14.0
[INFO] [stderr]     Checking seccompiler v0.5.0
[INFO] [stderr]     Checking zstd v0.14.0
[INFO] [stderr]     Checking tower_governor v0.7.0
[INFO] [stderr]     Checking rustls-webpki v0.103.15
[INFO] [stderr]     Checking tokio-rustls v0.26.5
[INFO] [stderr]     Checking rustls-platform-verifier v0.7.0
[INFO] [stderr]     Checking hyper-rustls v0.27.9
[INFO] [stderr]     Checking axum-server v0.8.0
[INFO] [stderr]     Checking rumqttc v0.25.1
[INFO] [stderr]     Checking reqwest v0.13.5
[INFO] [stderr]     Checking zyvor-device-agent v0.2.0 (/opt/rustwide/workdir)
[INFO] [stdout] error[E0432]: unresolved import `p256::EncodedPoint`
[INFO] [stdout]   --> src/signing.rs:13:5
[INFO] [stdout]    |
[INFO] [stdout] 13 | use p256::EncodedPoint;
[INFO] [stdout]    |     ^^^^^^------------
[INFO] [stdout]    |           |
[INFO] [stdout]    |           no `EncodedPoint` in the root
[INFO] [stdout] 
[INFO] [stdout] 
[INFO] [stdout] error[E0432]: unresolved import `p256::EncodedPoint`
[INFO] [stdout]   --> src/signing.rs:13:5
[INFO] [stdout]    |
[INFO] [stdout] 13 | use p256::EncodedPoint;
[INFO] [stdout]    |     ^^^^^^------------
[INFO] [stdout]    |           |
[INFO] [stdout]    |           no `EncodedPoint` in the root
[INFO] [stdout] 
[INFO] [stdout] 
[INFO] [stdout] error[E0599]: no method named `to_encoded_point` found for reference `&ecdsa::verifying::VerifyingKey<NistP256>` in the current scope
[INFO] [stdout]   --> src/signing.rs:36:37
[INFO] [stdout]    |
[INFO] [stdout] 36 |     let point = key.verifying_key().to_encoded_point(false);
[INFO] [stdout]    |                                     ^^^^^^^^^^^^^^^^
[INFO] [stdout]    |
[INFO] [stdout] help: there is a method `to_sec1_point` with a similar name
[INFO] [stdout]    |
[INFO] [stdout] 36 -     let point = key.verifying_key().to_encoded_point(false);
[INFO] [stdout] 36 +     let point = key.verifying_key().to_sec1_point(false);
[INFO] [stdout]    |
[INFO] [stdout] 
[INFO] [stdout] 
[INFO] [stdout] error[E0599]: no associated function or constant named `from_encoded_point` found for struct `ecdsa::verifying::VerifyingKey<C>` in the current scope
[INFO] [stdout]    --> src/signing.rs:54:35
[INFO] [stdout]     |
[INFO] [stdout]  54 |     let verifying = VerifyingKey::from_encoded_point(&point)
[INFO] [stdout]     |                                   ^^^^^^^^^^^^^^^^^^ associated function or constant not found in `ecdsa::verifying::VerifyingKey<NistP256>`
[INFO] [stdout]     |
[INFO] [stdout] note: if you're trying to build a new `ecdsa::verifying::VerifyingKey<NistP256>` consider using one of the following associated functions:
[INFO] [stdout]       ecdsa::recovery::<impl ecdsa::verifying::VerifyingKey<C>>::recover_from_msg
[INFO] [stdout]       ecdsa::recovery::<impl ecdsa::verifying::VerifyingKey<C>>::recover_from_digest
[INFO] [stdout]       ecdsa::recovery::<impl ecdsa::verifying::VerifyingKey<C>>::recover_from_prehash
[INFO] [stdout]       ecdsa::verifying::VerifyingKey::<C>::from_sec1_bytes
[INFO] [stdout]       and 2 others
[INFO] [stdout]    --> /opt/rustwide/cargo-home/registry/src/index.crates.io-1949cf8c6b5b557f/ecdsa-0.17.0/src/recovery.rs:320:5
[INFO] [stdout]     |
[INFO] [stdout] 320 | /     pub fn recover_from_msg(
[INFO] [stdout] 321 | |         msg: &[u8],
[INFO] [stdout] 322 | |         signature: &Signature<C>,
[INFO] [stdout] 323 | |         recovery_id: RecoveryId,
[INFO] [stdout] 324 | |     ) -> Result<Self>
[INFO] [stdout] 325 | |     where
[INFO] [stdout] 326 | |         C: DigestAlgorithm,
[INFO] [stdout]     | |___________________________^
[INFO] [stdout] ...
[INFO] [stdout] 335 | /     pub fn recover_from_digest<D>(
[INFO] [stdout] 336 | |         msg_digest: D,
[INFO] [stdout] 337 | |         signature: &Signature<C>,
[INFO] [stdout] 338 | |         recovery_id: RecoveryId,
[INFO] [stdout] 339 | |     ) -> Result<Self>
[INFO] [stdout] 340 | |     where
[INFO] [stdout] 341 | |         D: Digest,
[INFO] [stdout]     | |__________________^
[INFO] [stdout] ...
[INFO] [stdout] 363 | /     pub fn recover_from_prehash(
[INFO] [stdout] 364 | |         prehash: &[u8],
[INFO] [stdout] 365 | |         signature: &Signature<C>,
[INFO] [stdout] 366 | |         recovery_id: RecoveryId,
[INFO] [stdout] 367 | |     ) -> Result<Self> {
[INFO] [stdout]     | |_____________________^
[INFO] [stdout]     |
[INFO] [stdout]    ::: /opt/rustwide/cargo-home/registry/src/index.crates.io-1949cf8c6b5b557f/ecdsa-0.17.0/src/verifying.rs:84:5
[INFO] [stdout]     |
[INFO] [stdout]  84 |       pub fn from_sec1_bytes(bytes: &[u8]) -> Result<Self> {
[INFO] [stdout]     |       ^^^^^^^^^^^^^^^^^^^^^^^^^^^^^^^^^^^^^^^^^^^^^^^^^^^^
[INFO] [stdout] help: there is an associated function `from_sec1_point` with a similar name
[INFO] [stdout]     |
[INFO] [stdout]  54 -     let verifying = VerifyingKey::from_encoded_point(&point)
[INFO] [stdout]  54 +     let verifying = VerifyingKey::from_sec1_point(&point)
[INFO] [stdout]     |
[INFO] [stdout] 
[INFO] [stdout] 
[INFO] [stdout] error[E0599]: no method named `to_encoded_point` found for reference `&ecdsa::verifying::VerifyingKey<NistP256>` in the current scope
[INFO] [stdout]   --> src/signing.rs:36:37
[INFO] [stdout]    |
[INFO] [stdout] 36 |     let point = key.verifying_key().to_encoded_point(false);
[INFO] [stdout]    |                                     ^^^^^^^^^^^^^^^^
[INFO] [stdout]    |
[INFO] [stdout] help: there is a method `to_sec1_point` with a similar name
[INFO] [stdout]    |
[INFO] [stdout] 36 -     let point = key.verifying_key().to_encoded_point(false);
[INFO] [stdout] 36 +     let point = key.verifying_key().to_sec1_point(false);
[INFO] [stdout]    |
[INFO] [stdout] 
[INFO] [stdout] 
[INFO] [stdout] error[E0599]: no associated function or constant named `from_encoded_point` found for struct `ecdsa::verifying::VerifyingKey<C>` in the current scope
[INFO] [stdout]    --> src/signing.rs:54:35
[INFO] [stdout]     |
[INFO] [stdout]  54 |     let verifying = VerifyingKey::from_encoded_point(&point)
[INFO] [stdout]     |                                   ^^^^^^^^^^^^^^^^^^ associated function or constant not found in `ecdsa::verifying::VerifyingKey<NistP256>`
[INFO] [stdout]     |
[INFO] [stdout] note: if you're trying to build a new `ecdsa::verifying::VerifyingKey<NistP256>` consider using one of the following associated functions:
[INFO] [stdout]       ecdsa::recovery::<impl ecdsa::verifying::VerifyingKey<C>>::recover_from_msg
[INFO] [stdout]       ecdsa::recovery::<impl ecdsa::verifying::VerifyingKey<C>>::recover_from_digest
[INFO] [stdout]       ecdsa::recovery::<impl ecdsa::verifying::VerifyingKey<C>>::recover_from_prehash
[INFO] [stdout]       ecdsa::verifying::VerifyingKey::<C>::from_sec1_bytes
[INFO] [stdout]       and 2 others
[INFO] [stdout]    --> /opt/rustwide/cargo-home/registry/src/index.crates.io-1949cf8c6b5b557f/ecdsa-0.17.0/src/recovery.rs:320:5
[INFO] [stdout]     |
[INFO] [stdout] 320 | /     pub fn recover_from_msg(
[INFO] [stdout] 321 | |         msg: &[u8],
[INFO] [stdout] 322 | |         signature: &Signature<C>,
[INFO] [stdout] 323 | |         recovery_id: RecoveryId,
[INFO] [stdout] 324 | |     ) -> Result<Self>
[INFO] [stdout] 325 | |     where
[INFO] [stdout] 326 | |         C: DigestAlgorithm,
[INFO] [stdout]     | |___________________________^
[INFO] [stdout] ...
[INFO] [stdout] 335 | /     pub fn recover_from_digest<D>(
[INFO] [stdout] 336 | |         msg_digest: D,
[INFO] [stdout] 337 | |         signature: &Signature<C>,
[INFO] [stdout] 338 | |         recovery_id: RecoveryId,
[INFO] [stdout] 339 | |     ) -> Result<Self>
[INFO] [stdout] 340 | |     where
[INFO] [stdout] 341 | |         D: Digest,
[INFO] [stdout]     | |__________________^
[INFO] [stdout] ...
[INFO] [stdout] 363 | /     pub fn recover_from_prehash(
[INFO] [stdout] 364 | |         prehash: &[u8],
[INFO] [stdout] 365 | |         signature: &Signature<C>,
[INFO] [stdout] 366 | |         recovery_id: RecoveryId,
[INFO] [stdout] 367 | |     ) -> Result<Self> {
[INFO] [stdout]     | |_____________________^
[INFO] [stdout]     |
[INFO] [stdout]    ::: /opt/rustwide/cargo-home/registry/src/index.crates.io-1949cf8c6b5b557f/ecdsa-0.17.0/src/verifying.rs:84:5
[INFO] [stdout]     |
[INFO] [stdout]  84 |       pub fn from_sec1_bytes(bytes: &[u8]) -> Result<Self> {
[INFO] [stdout]     |       ^^^^^^^^^^^^^^^^^^^^^^^^^^^^^^^^^^^^^^^^^^^^^^^^^^^^
[INFO] [stdout] help: there is an associated function `from_sec1_point` with a similar name
[INFO] [stdout]     |
[INFO] [stdout]  54 -     let verifying = VerifyingKey::from_encoded_point(&point)
[INFO] [stdout]  54 +     let verifying = VerifyingKey::from_sec1_point(&point)
[INFO] [stdout]     |
[INFO] [stdout] 
[INFO] [stdout] 
[INFO] [stdout] Some errors have detailed explanations: E0432, E0599.
[INFO] [stdout] 
[INFO] [stdout] For more information about an error, try `rustc --explain E0432`.
[INFO] [stdout] 
[INFO] [stdout] Some errors have detailed explanations: E0432, E0599.
[INFO] [stdout] 
[INFO] [stdout] For more information about an error, try `rustc --explain E0432`.
[INFO] [stdout] 
[INFO] [stderr] error: could not compile `zyvor-device-agent` (lib) due to 3 previous errors
[INFO] [stderr] warning: build failed, waiting for other jobs to finish...
[INFO] [stderr] error: could not compile `zyvor-device-agent` (lib test) due to 3 previous errors
[INFO] running `Command { std: "docker" "inspect" "435fd5664742b630022cac69d2e74aa616c267d3b88a555a83ffacc7e936baa8", kill_on_drop: false }`
[INFO] running `Command { std: "docker" "rm" "-f" "435fd5664742b630022cac69d2e74aa616c267d3b88a555a83ffacc7e936baa8", kill_on_drop: false }`
[INFO] [stdout] 435fd5664742b630022cac69d2e74aa616c267d3b88a555a83ffacc7e936baa8
