[INFO] cloning repository https://github.com/zyn-io/nap-wallet
[INFO] running `Command { std: "git" "-c" "credential.helper=" "-c" "credential.helper=/workspace/cargo-home/bin/git-credential-null" "clone" "--bare" "https://github.com/zyn-io/nap-wallet" "/workspace/cache/git-repos/https%3A%2F%2Fgithub.com%2Fzyn-io%2Fnap-wallet", kill_on_drop: false }`
[INFO] [stderr] Cloning into bare repository '/workspace/cache/git-repos/https%3A%2F%2Fgithub.com%2Fzyn-io%2Fnap-wallet'...
[INFO] running `Command { std: "git" "rev-parse" "HEAD", kill_on_drop: false }`
[INFO] [stdout] 0c352de4a9bdbdb06d410c121e5b4a6943b5d78b
[INFO] checking zyn-io/nap-wallet against 3154cc1a3e6424e44f438a95007d043ed5ceaaf6+rustflags=-Znext-solver=coherence for pr-133502-30
[INFO] running `Command { std: "git" "clone" "/workspace/cache/git-repos/https%3A%2F%2Fgithub.com%2Fzyn-io%2Fnap-wallet" "/workspace/builds/worker-3-tc1/source", kill_on_drop: false }`
[INFO] [stderr] Cloning into '/workspace/builds/worker-3-tc1/source'...
[INFO] [stderr] done.
[INFO] removed /workspace/builds/worker-3-tc1/source/.cargo/config.toml
[INFO] started tweaking git repo https://github.com/zyn-io/nap-wallet
[INFO] finished tweaking git repo https://github.com/zyn-io/nap-wallet
[INFO] tweaked toml for git repo https://github.com/zyn-io/nap-wallet written to /workspace/builds/worker-3-tc1/source/Cargo.toml
[INFO] validating manifest of git repo https://github.com/zyn-io/nap-wallet on toolchain 3154cc1a3e6424e44f438a95007d043ed5ceaaf6
[INFO] running `Command { std: CARGO_HOME="/workspace/cargo-home" RUSTUP_HOME="/workspace/rustup-home" "/workspace/cargo-home/bin/cargo" "+3154cc1a3e6424e44f438a95007d043ed5ceaaf6" "metadata" "--manifest-path" "Cargo.toml" "--no-deps", kill_on_drop: false }`
[INFO] crate git repo https://github.com/zyn-io/nap-wallet already has a lockfile, it will not be regenerated
[INFO] running `Command { std: CARGO_HOME="/workspace/cargo-home" RUSTUP_HOME="/workspace/rustup-home" "/workspace/cargo-home/bin/cargo" "+3154cc1a3e6424e44f438a95007d043ed5ceaaf6" "fetch" "--manifest-path" "Cargo.toml", kill_on_drop: false }`
[INFO] [stderr]     Updating crates.io index
[INFO] [stderr]  Downloading crates ...
[INFO] [stderr]   Downloaded memuse v0.2.2
[INFO] [stderr]   Downloaded blake2b_simd v1.0.5
[INFO] [stderr]   Downloaded zip32 v0.2.1
[INFO] [stderr]   Downloaded groth16-solana v0.2.0
[INFO] [stderr]   Downloaded zcash_spec v0.2.1
[INFO] [stderr]   Downloaded pairing v0.23.0
[INFO] [stderr]   Downloaded zcash_encoding v0.4.0
[INFO] [stderr]   Downloaded crypto-common v0.2.0-rc.1
[INFO] [stderr]   Downloaded zcash_note_encryption v0.4.2
[INFO] [stderr]   Downloaded zcash_transparent v0.10.0
[INFO] [stderr]   Downloaded nonempty v0.11.0
[INFO] [stderr]   Downloaded halo2_legacy_pdqsort v0.1.0
[INFO] [stderr]   Downloaded const-crc32-nostd v1.3.1
[INFO] [stderr]   Downloaded derive-getters v0.5.0
[INFO] [stderr]   Downloaded bounded-vec v0.9.0
[INFO] [stderr]   Downloaded ripemd v0.2.0-pre.4
[INFO] [stderr]   Downloaded corez v0.1.1
[INFO] [stderr]   Downloaded block-buffer v0.11.0-rc.3
[INFO] [stderr]   Downloaded frost-rerandomized v3.0.0
[INFO] [stderr]   Downloaded hex_lit v0.1.1
[INFO] [stderr]   Downloaded base58ck v0.1.101
[INFO] [stderr]   Downloaded sha2 v0.11.0-pre.4
[INFO] [stderr]   Downloaded digest v0.11.0-pre.9
[INFO] [stderr]   Downloaded incrementalmerkletree v0.8.2
[INFO] [stderr]   Downloaded fpe v0.6.1
[INFO] [stderr]   Downloaded equihash v0.3.0
[INFO] [stderr]   Downloaded jubjub v0.10.0
[INFO] [stderr]   Downloaded halo2_poseidon v0.1.0
[INFO] [stderr]   Downloaded bridgetree v0.7.1
[INFO] [stderr]   Downloaded hmac v0.13.0-pre.4
[INFO] [stderr]   Downloaded blake2s_simd v1.0.5
[INFO] [stderr]   Downloaded frost-secp256k1-tr v3.0.0
[INFO] [stderr]   Downloaded bitcoin-units v0.1.101
[INFO] [stderr]   Downloaded frost-core v3.0.0
[INFO] [stderr]   Downloaded frost-ed25519 v3.0.0
[INFO] [stderr]   Downloaded zcash_script v0.4.5
[INFO] [stderr]   Downloaded bip32 v0.6.0-pre.1
[INFO] [stderr]   Downloaded redjubjub v0.8.0
[INFO] [stderr]   Downloaded bellman v0.14.0
[INFO] [stderr]   Downloaded zcash_address v0.13.0
[INFO] [stderr]   Downloaded reddsa v0.5.2
[INFO] [stderr]   Downloaded sinsemilla v0.1.0
[INFO] [stderr]   Downloaded secp256k1 v0.29.1
[INFO] [stderr]   Downloaded f4jumble v0.1.1
[INFO] [stderr]   Downloaded sapling-crypto v0.7.0
[INFO] [stderr]   Downloaded halo2_proofs v0.3.5
[INFO] [stderr]   Downloaded halo2_gadgets v0.5.0
[INFO] [stderr]   Downloaded pasta_curves v0.5.2
[INFO] [stderr]   Downloaded bitcoin v0.32.102
[INFO] [stderr]   Downloaded zcash_primitives v0.30.1
[INFO] [stderr]   Downloaded bls12_381 v0.8.0
[INFO] [stderr]   Downloaded orchard v0.15.5
[INFO] running `Command { std: "docker" "create" "-v" "/var/lib/crater-agent-workspace/builds/worker-3-tc1/source:/opt/rustwide/workdir:ro,Z" "-v" "/var/lib/crater-agent-workspace/builds/worker-3-tc1/target:/opt/rustwide/target:rw,Z" "-v" "/var/lib/crater-agent-workspace/cargo-home:/opt/rustwide/cargo-home:ro,Z" "-v" "/var/lib/crater-agent-workspace/rustup-home:/opt/rustwide/rustup-home:ro,Z" "-m" "1610612736" "--network" "none" "ghcr.io/rust-lang/crates-build-env/linux@sha256:77db811e55d90add9212f6832c23229e3de5f1c1f9905e8cb07319ea15df73ac" "sleep" "infinity", kill_on_drop: false }`
[INFO] [stdout] 63f71197a93a1452cc811acd781259aac77458597c6d71f21670de0907f13b63
[INFO] running `Command { std: "docker" "start" "63f71197a93a1452cc811acd781259aac77458597c6d71f21670de0907f13b63", kill_on_drop: false }`
[INFO] running `Command { std: "docker" "inspect" "63f71197a93a1452cc811acd781259aac77458597c6d71f21670de0907f13b63", kill_on_drop: false }`
[INFO] running `Command { std: "docker" "exec" "-e" "SOURCE_DIR=/opt/rustwide/workdir" "-e" "CARGO_HOME=/opt/rustwide/cargo-home" "-e" "RUSTUP_HOME=/opt/rustwide/rustup-home" "-e" "CARGO_TARGET_DIR=/opt/rustwide/target" "-w" "/opt/rustwide/workdir" "--user" "0:0" "63f71197a93a1452cc811acd781259aac77458597c6d71f21670de0907f13b63" "/opt/rustwide/cargo-home/bin/cargo" "+3154cc1a3e6424e44f438a95007d043ed5ceaaf6" "metadata" "--no-deps" "--format-version=1", kill_on_drop: false }`
[INFO] running `Command { std: "docker" "inspect" "63f71197a93a1452cc811acd781259aac77458597c6d71f21670de0907f13b63", kill_on_drop: false }`
[INFO] running `Command { std: "docker" "exec" "-e" "SOURCE_DIR=/opt/rustwide/workdir" "-e" "CARGO_HOME=/opt/rustwide/cargo-home" "-e" "RUSTUP_HOME=/opt/rustwide/rustup-home" "-e" "CARGO_TARGET_DIR=/opt/rustwide/target" "-e" "CARGO_INCREMENTAL=0" "-e" "RUST_BACKTRACE=full" "-e" "RUSTFLAGS=--cap-lints=forbid -Znext-solver=coherence" "-e" "RUSTDOCFLAGS=--cap-lints=forbid" "-w" "/opt/rustwide/workdir" "--user" "0:0" "63f71197a93a1452cc811acd781259aac77458597c6d71f21670de0907f13b63" "/opt/rustwide/cargo-home/bin/cargo" "+3154cc1a3e6424e44f438a95007d043ed5ceaaf6" "check" "--frozen" "--all" "--all-targets" "--message-format=json", kill_on_drop: false }`
[INFO] [stderr]     Checking arrayvec v0.7.8
[INFO] [stderr]    Compiling num-traits v0.2.19
[INFO] [stderr]     Checking memuse v0.2.2
[INFO] [stderr]     Checking tap v1.0.1
[INFO] [stderr]    Compiling radium v0.7.0
[INFO] [stderr]     Checking funty v2.0.0
[INFO] [stderr]    Compiling syn v3.0.4
[INFO] [stderr]     Checking serde_core v1.0.229
[INFO] [stderr]     Checking rand_chacha v0.3.1
[INFO] [stderr]     Checking spin v0.9.9
[INFO] [stderr]     Checking generic-array v0.14.7
[INFO] [stderr]     Checking rayon v1.12.0
[INFO] [stderr]     Checking tracing v0.1.44
[INFO] [stderr]    Compiling serde v1.0.229
[INFO] [stderr]     Checking zerofrom v0.1.8
[INFO] [stderr]     Checking wyz v0.5.1
[INFO] [stderr]    Compiling syn v1.0.109
[INFO] [stderr]     Checking yoke v0.8.3
[INFO] [stderr]     Checking rand v0.8.8
[INFO] [stderr]    Compiling thiserror-impl v1.0.69
[INFO] [stderr]     Checking blake2b_simd v1.0.5
[INFO] [stderr]     Checking ahash v0.8.12
[INFO] [stderr]     Checking lazy_static v1.5.0
[INFO] [stderr]    Compiling ark-serialize-derive v0.5.0
[INFO] [stderr]     Checking der v0.7.10
[INFO] [stderr]    Compiling ark-ff-asm v0.5.0
[INFO] [stderr]     Checking bitvec v1.1.1
[INFO] [stderr]     Checking hybrid-array v0.2.3
[INFO] [stderr]     Checking itertools v0.13.0
[INFO] [stderr]    Compiling bitcoin-io v0.1.101
[INFO] [stderr]     Checking crypto-common v0.1.7
[INFO] [stderr]     Checking block-buffer v0.10.4
[INFO] [stderr]     Checking inout v0.1.4
[INFO] [stderr]     Checking universal-hash v0.5.1
[INFO] [stderr]     Checking cipher v0.4.4
[INFO] [stderr]     Checking aead v0.5.2
[INFO] [stderr]     Checking digest v0.10.7
[INFO] [stderr]    Compiling curve25519-dalek v4.1.3
[INFO] [stderr]     Checking poly1305 v0.8.0
[INFO] [stderr]     Checking sha2 v0.10.9
[INFO] [stderr]     Checking sha3 v0.10.9
[INFO] [stderr]    Compiling num-integer v0.1.47
[INFO] [stderr]     Checking chacha20 v0.9.1
[INFO] [stderr]     Checking signature v2.2.0
[INFO] [stderr]    Compiling visibility v0.1.1
[INFO] [stderr]    Compiling derive-getters v0.5.0
[INFO] [stderr]     Checking itertools v0.14.0
[INFO] [stderr]     Checking const-crc32-nostd v1.3.1
[INFO] [stderr]     Checking hmac v0.12.1
[INFO] [stderr]     Checking block-buffer v0.11.0-rc.3
[INFO] [stderr]     Checking crypto-common v0.2.0-rc.1
[INFO] [stderr]     Checking chacha20poly1305 v0.10.1
[INFO] [stderr]     Checking crypto-bigint v0.5.5
[INFO] [stderr]     Checking hex-conservative v0.2.3
[INFO] [stderr]    Compiling num-bigint v0.4.8
[INFO] [stderr]    Compiling secp256k1-sys v0.10.1
[INFO] [stderr]    Compiling curve25519-dalek-derive v0.1.1
[INFO] [stderr]     Checking thiserror v1.0.69
[INFO] [stderr]     Checking corez v0.1.1
[INFO] [stderr]     Checking hashbrown v0.15.5
[INFO] [stderr]     Checking sec1 v0.7.3
[INFO] [stderr]     Checking spki v0.7.3
[INFO] [stderr]     Checking bitcoin_hashes v0.14.101
[INFO] [stderr]     Checking rfc6979 v0.4.0
[INFO] [stderr]     Checking bech32 v0.11.1
[INFO] [stderr]     Checking digest v0.11.0-pre.9
[INFO] [stderr]    Compiling ring v0.17.14
[INFO] [stderr]    Compiling crunchy v0.2.4
[INFO] [stderr]     Checking nonempty v0.11.0
[INFO] [stderr]     Checking ed25519 v2.2.3
[INFO] [stderr]     Checking bs58 v0.5.1
[INFO] [stderr]     Checking zcash_spec v0.2.1
[INFO] [stderr]     Checking rustls-pki-types v1.15.1
[INFO] [stderr]     Checking smallvec v1.16.0
[INFO] [stderr]     Checking log v0.4.34
[INFO] [stderr]     Checking zip32 v0.2.1
[INFO] [stderr]     Checking zcash_encoding v0.4.0
[INFO] [stderr]     Checking hmac v0.13.0-pre.4
[INFO] [stderr]     Checking ripemd v0.2.0-pre.4
[INFO] [stderr]     Checking serde_json v1.0.151
[INFO] [stderr]     Checking sha2 v0.11.0-pre.4
[INFO] [stderr]     Checking cbc v0.1.2
[INFO] [stderr]     Checking tracing-subscriber v0.2.25
[INFO] [stderr]    Compiling getset v0.1.7
[INFO] [stderr]     Checking ed25519-dalek v2.2.0
[INFO] [stderr]     Checking x25519-dalek v2.0.1
[INFO] [stderr]     Checking incrementalmerkletree v0.8.2
[INFO] [stderr]     Checking halo2_legacy_pdqsort v0.1.0
[INFO] [stderr]     Checking fpe v0.6.1
[INFO] [stderr]     Checking zcash_protocol v0.10.5 (/opt/rustwide/workdir/vendor/zcash_protocol)
[INFO] [stderr]     Checking uint v0.9.5
[INFO] [stderr]     Checking ark-std v0.4.0
[INFO] [stderr]     Checking zcash_note_encryption v0.4.2
[INFO] [stderr]     Checking aes v0.8.4
[INFO] [stderr]     Checking ripemd v0.1.3
[INFO] [stderr]     Checking sha1 v0.10.7
[INFO] [stderr]     Checking f4jumble v0.1.1
[INFO] [stderr]     Checking ark-std v0.5.0
[INFO] [stderr]     Checking maybe-rayon v0.1.1
[INFO] [stderr]     Checking blake2s_simd v1.0.5
[INFO] [stderr]     Checking num_cpus v1.17.0
[INFO] [stderr]     Checking ark-serialize v0.5.0
[INFO] [stderr]    Compiling hex_lit v0.1.1
[INFO] [stderr]    Compiling ark-ff-macros v0.5.0
[INFO] [stderr]    Compiling equihash v0.3.0
[INFO] [stderr]     Checking zcash_address v0.13.0
[INFO] [stderr]     Checking webpki-roots v1.0.9
[INFO] [stderr]     Checking itertools v0.10.5
[INFO] [stderr]    Compiling bitcoin v0.32.102
[INFO] [stderr]    Compiling thiserror-impl v2.0.20
[INFO] [stderr]    Compiling serde_derive v1.0.229
[INFO] [stderr]    Compiling zerovec-derive v0.11.6
[INFO] [stderr]    Compiling enum-ordinalize-derive v4.4.2
[INFO] [stderr]    Compiling displaydoc v0.2.7
[INFO] [stderr]     Checking webpki-roots v0.26.11
[INFO] [stderr]     Checking base58ck v0.1.101
[INFO] [stderr]     Checking blake2 v0.10.6
[INFO] [stderr]     Checking hashbrown v0.13.2
[INFO] [stderr]     Checking merlin v3.0.0
[INFO] [stderr]     Checking ff v0.13.1
[INFO] [stderr]    Compiling ark-crypto-primitives-macros v0.5.0
[INFO] [stderr]     Checking bitcoin-units v0.1.101
[INFO] [stderr]     Checking bridgetree v0.7.1
[INFO] [stderr]     Checking group v0.13.0
[INFO] [stderr]     Checking pasta_curves v0.5.2
[INFO] [stderr]     Checking pairing v0.23.0
[INFO] [stderr]    Compiling enum-ordinalize v4.4.2
[INFO] [stderr]     Checking elliptic-curve v0.13.8
[INFO] [stderr]     Checking bls12_381 v0.8.0
[INFO] [stderr]    Compiling educe v0.6.0
[INFO] [stderr]     Checking bellman v0.14.0
[INFO] [stderr]    Compiling bytemuck_derive v1.12.1
[INFO] [stderr]     Checking solana-define-syscall v2.3.0
[INFO] [stderr]     Checking zerotrie v0.2.5
[INFO] [stderr]     Checking ecdsa v0.16.9
[INFO] [stderr]     Checking jubjub v0.10.0
[INFO] [stderr]     Checking thiserror v2.0.20
[INFO] [stderr]     Checking zerovec v0.11.8
[INFO] [stderr]     Checking cobs v0.3.0
[INFO] [stderr]     Checking bounded-vec v0.9.0
[INFO] [stderr]     Checking k256 v0.13.4
[INFO] [stderr]     Checking sinsemilla v0.1.0
[INFO] [stderr]     Checking halo2_poseidon v0.1.0
[INFO] [stderr]     Checking halo2_proofs v0.3.5
[INFO] [stderr]     Checking bytemuck v1.25.2
[INFO] [stderr]     Checking tinystr v0.8.4
[INFO] [stderr]     Checking potential_utf v0.1.6
[INFO] [stderr]     Checking zyn-vm v0.1.0 (/opt/rustwide/workdir/zyn-vm)
[INFO] [stderr]     Checking icu_collections v2.3.0
[INFO] [stderr]     Checking icu_locale_core v2.3.0
[INFO] [stderr]     Checking secp256k1 v0.29.1
[INFO] [stderr]    Compiling rustls v0.23.43
[INFO] [stderr]     Checking zyn-bridge v0.1.0 (/opt/rustwide/workdir/zyn-bridge)
[INFO] [stderr]     Checking bip32 v0.6.0-pre.1
[INFO] [stderr]     Checking ark-ff v0.5.0
[INFO] [stderr]    Compiling derivative v2.2.0
[INFO] [stderr]    Compiling ark-serialize-derive v0.4.2
[INFO] [stderr]    Compiling ark-ff-macros v0.4.2
[INFO] [stderr]    Compiling ark-ff-asm v0.4.2
[INFO] [stderr]     Checking icu_provider v2.3.1
[INFO] [stderr]     Checking zcash_script v0.4.5
[INFO] [stderr]     Checking rustls-webpki v0.103.15
[INFO] [stderr]     Checking icu_properties v2.3.0
[INFO] [stderr]     Checking icu_normalizer v2.3.0
[INFO] [stderr]     Checking ark-serialize v0.4.2
[INFO] [stderr]     Checking heapless v0.7.17
[INFO] [stderr]     Checking serdect v0.2.0
[INFO] [stderr]     Checking zcash_transparent v0.10.0
[INFO] [stderr]     Checking postcard v1.1.3
[INFO] [stderr]     Checking ark-ff v0.4.2
[INFO] [stderr]     Checking frost-core v3.0.0
[INFO] [stderr]     Checking halo2_gadgets v0.5.0
[INFO] [stderr]     Checking idna_adapter v1.2.2
[INFO] [stderr]     Checking idna v1.1.0
[INFO] [stderr]     Checking url v2.5.8
[INFO] [stderr]     Checking frost-rerandomized v3.0.0
[INFO] [stderr]     Checking reddsa v0.5.2
[INFO] [stderr]     Checking frost-secp256k1-tr v3.0.0
[INFO] [stderr]     Checking frost-ed25519 v3.0.0
[INFO] [stderr]     Checking redjubjub v0.8.0
[INFO] [stderr]     Checking orchard v0.15.5
[INFO] [stderr]     Checking sapling-crypto v0.7.0
[INFO] [stderr]     Checking ureq v2.12.1
[INFO] [stderr]     Checking ark-poly v0.5.0
[INFO] [stderr]     Checking ark-relations v0.5.1
[INFO] [stderr]     Checking ark-snark v0.5.1
[INFO] [stderr]     Checking zcash_primitives v0.30.1
[INFO] [stderr]     Checking ark-ec v0.5.0
[INFO] [stderr]     Checking zyn-custody v0.1.0 (/opt/rustwide/workdir/zyn-custody)
[INFO] [stderr]     Checking ark-poly v0.4.2
[INFO] [stdout] error[E0599]: no variant, associated function, or constant named `Nu7` found for enum `zcash_protocol::consensus::BranchId` in the current scope
[INFO] [stdout]    --> zyn-custody/src/payout.rs:435:42
[INFO] [stdout]     |
[INFO] [stdout] 435 | const _: fn() -> BranchId = || BranchId::Nu7;
[INFO] [stdout]     |                                          ^^^ variant, associated function, or constant not found in `zcash_protocol::consensus::BranchId`
[INFO] [stdout]     |
[INFO] [stdout] help: there is a variant with a similar name
[INFO] [stdout]     |
[INFO] [stdout] 435 - const _: fn() -> BranchId = || BranchId::Nu7;
[INFO] [stdout] 435 + const _: fn() -> BranchId = || BranchId::Nu5;
[INFO] [stdout]     |
[INFO] [stdout] 
[INFO] [stdout] 
[INFO] [stdout] error[E0599]: no variant, associated function, or constant named `Nu7` found for enum `zcash_protocol::consensus::BranchId` in the current scope
[INFO] [stdout]    --> zyn-custody/src/payout.rs:919:40
[INFO] [stdout]     |
[INFO] [stdout] 919 |         assert_eq!(u32::from(BranchId::Nu7), NU7_BRANCH_ID);
[INFO] [stdout]     |                                        ^^^ variant, associated function, or constant not found in `zcash_protocol::consensus::BranchId`
[INFO] [stdout]     |
[INFO] [stdout] help: there is a variant with a similar name
[INFO] [stdout]     |
[INFO] [stdout] 919 -         assert_eq!(u32::from(BranchId::Nu7), NU7_BRANCH_ID);
[INFO] [stdout] 919 +         assert_eq!(u32::from(BranchId::Nu5), NU7_BRANCH_ID);
[INFO] [stdout]     |
[INFO] [stdout] 
[INFO] [stdout] 
[INFO] [stdout] error[E0599]: no variant, associated function, or constant named `Nu7` found for enum `zcash_protocol::consensus::BranchId` in the current scope
[INFO] [stdout]    --> zyn-custody/src/payout.rs:920:74
[INFO] [stdout]     |
[INFO] [stdout] 920 |         assert_eq!(BranchId::try_from(NU7_BRANCH_ID).unwrap(), BranchId::Nu7);
[INFO] [stdout]     |                                                                          ^^^ variant, associated function, or constant not found in `zcash_protocol::consensus::BranchId`
[INFO] [stdout]     |
[INFO] [stdout] help: there is a variant with a similar name
[INFO] [stdout]     |
[INFO] [stdout] 920 -         assert_eq!(BranchId::try_from(NU7_BRANCH_ID).unwrap(), BranchId::Nu7);
[INFO] [stdout] 920 +         assert_eq!(BranchId::try_from(NU7_BRANCH_ID).unwrap(), BranchId::Nu5);
[INFO] [stdout]     |
[INFO] [stdout] 
[INFO] [stdout] 
[INFO] [stdout] error[E0599]: no variant, associated function, or constant named `Nu7` found for enum `zcash_protocol::consensus::NetworkUpgrade` in the current scope
[INFO] [stdout]    --> zyn-custody/src/payout.rs:921:73
[INFO] [stdout]     |
[INFO] [stdout] 921 |         let at = Network::TestNetwork.activation_height(NetworkUpgrade::Nu7).unwrap();
[INFO] [stdout]     |                                                                         ^^^ variant, associated function, or constant not found in `zcash_protocol::consensus::NetworkUpgrade`
[INFO] [stdout]     |
[INFO] [stdout] help: there is a variant with a similar name
[INFO] [stdout]     |
[INFO] [stdout] 921 -         let at = Network::TestNetwork.activation_height(NetworkUpgrade::Nu7).unwrap();
[INFO] [stdout] 921 +         let at = Network::TestNetwork.activation_height(NetworkUpgrade::Nu5).unwrap();
[INFO] [stdout]     |
[INFO] [stdout] 
[INFO] [stdout] 
[INFO] [stdout] error[E0599]: no variant, associated function, or constant named `Nu7` found for enum `zcash_protocol::consensus::BranchId` in the current scope
[INFO] [stdout]    --> zyn-custody/src/payout.rs:924:79
[INFO] [stdout]     |
[INFO] [stdout] 924 |         assert_eq!(BranchId::for_height(&Network::TestNetwork, at), BranchId::Nu7);
[INFO] [stdout]     |                                                                               ^^^ variant, associated function, or constant not found in `zcash_protocol::consensus::BranchId`
[INFO] [stdout]     |
[INFO] [stdout] help: there is a variant with a similar name
[INFO] [stdout]     |
[INFO] [stdout] 924 -         assert_eq!(BranchId::for_height(&Network::TestNetwork, at), BranchId::Nu7);
[INFO] [stdout] 924 +         assert_eq!(BranchId::for_height(&Network::TestNetwork, at), BranchId::Nu5);
[INFO] [stdout]     |
[INFO] [stdout] 
[INFO] [stdout] 
[INFO] [stdout] error[E0599]: no variant, associated function, or constant named `Nu7` found for enum `zcash_protocol::consensus::NetworkUpgrade` in the current scope
[INFO] [stdout]    --> zyn-custody/src/payout.rs:926:75
[INFO] [stdout]     |
[INFO] [stdout] 926 |         assert_eq!(Network::MainNetwork.activation_height(NetworkUpgrade::Nu7), None);
[INFO] [stdout]     |                                                                           ^^^ variant, associated function, or constant not found in `zcash_protocol::consensus::NetworkUpgrade`
[INFO] [stdout]     |
[INFO] [stdout] help: there is a variant with a similar name
[INFO] [stdout]     |
[INFO] [stdout] 926 -         assert_eq!(Network::MainNetwork.activation_height(NetworkUpgrade::Nu7), None);
[INFO] [stdout] 926 +         assert_eq!(Network::MainNetwork.activation_height(NetworkUpgrade::Nu5), None);
[INFO] [stdout]     |
[INFO] [stdout] 
[INFO] [stdout] 
[INFO] [stdout] error[E0599]: no variant, associated function, or constant named `Nu7` found for enum `zcash_protocol::consensus::BranchId` in the current scope
[INFO] [stdout]    --> zyn-custody/src/payout.rs:930:42
[INFO] [stdout]     |
[INFO] [stdout] 930 |         assert_eq!(env.branch, BranchId::Nu7);
[INFO] [stdout]     |                                          ^^^ variant, associated function, or constant not found in `zcash_protocol::consensus::BranchId`
[INFO] [stdout]     |
[INFO] [stdout] help: there is a variant with a similar name
[INFO] [stdout]     |
[INFO] [stdout] 930 -         assert_eq!(env.branch, BranchId::Nu7);
[INFO] [stdout] 930 +         assert_eq!(env.branch, BranchId::Nu5);
[INFO] [stdout]     |
[INFO] [stdout] 
[INFO] [stdout] 
[INFO] [stdout] error[E0599]: no variant, associated function, or constant named `Nu7` found for enum `BranchId` in the current scope
[INFO] [stdout]    --> zyn-custody/src/payout.rs:435:42
[INFO] [stdout]     |
[INFO] [stdout] 435 | const _: fn() -> BranchId = || BranchId::Nu7;
[INFO] [stdout]     |                                          ^^^ variant, associated function, or constant not found in `BranchId`
[INFO] [stdout]     |
[INFO] [stdout] help: there is a variant with a similar name
[INFO] [stdout]     |
[INFO] [stdout] 435 - const _: fn() -> BranchId = || BranchId::Nu7;
[INFO] [stdout] 435 + const _: fn() -> BranchId = || BranchId::Nu5;
[INFO] [stdout]     |
[INFO] [stdout] 
[INFO] [stdout] 
[INFO] [stderr]     Checking ark-ec v0.4.2
[INFO] [stderr]     Checking ark-bn254 v0.5.0
[INFO] [stderr]     Checking ark-crypto-primitives v0.5.0
[INFO] [stderr]     Checking ark-r1cs-std v0.5.0
[INFO] [stderr]     Checking ark-groth16 v0.5.0
[INFO] [stdout] For more information about this error, try `rustc --explain E0599`.
[INFO] [stdout] 
[INFO] [stderr] error: could not compile `zyn-custody` (lib test) due to 7 previous errors
[INFO] [stderr] warning: build failed, waiting for other jobs to finish...
[INFO] [stdout] For more information about this error, try `rustc --explain E0599`.
[INFO] [stdout] 
[INFO] [stderr] error: could not compile `zyn-custody` (lib) due to 1 previous error
[INFO] running `Command { std: "docker" "inspect" "63f71197a93a1452cc811acd781259aac77458597c6d71f21670de0907f13b63", kill_on_drop: false }`
[INFO] running `Command { std: "docker" "rm" "-f" "63f71197a93a1452cc811acd781259aac77458597c6d71f21670de0907f13b63", kill_on_drop: false }`
[INFO] [stdout] 63f71197a93a1452cc811acd781259aac77458597c6d71f21670de0907f13b63
