[INFO] cloning repository https://github.com/zubulmuk92/SidGate
[INFO] running `Command { std: "git" "-c" "credential.helper=" "-c" "credential.helper=/workspace/cargo-home/bin/git-credential-null" "clone" "--bare" "https://github.com/zubulmuk92/SidGate" "/workspace/cache/git-repos/https%3A%2F%2Fgithub.com%2Fzubulmuk92%2FSidGate", kill_on_drop: false }`
[INFO] [stderr] Cloning into bare repository '/workspace/cache/git-repos/https%3A%2F%2Fgithub.com%2Fzubulmuk92%2FSidGate'...
[INFO] running `Command { std: "git" "rev-parse" "HEAD", kill_on_drop: false }`
[INFO] [stdout] 14955cc1326c9d7e851c9cb69ab3099ea36962c7
[INFO] checking zubulmuk92/SidGate against 3154cc1a3e6424e44f438a95007d043ed5ceaaf6+rustflags=-Znext-solver=coherence for pr-133502-30
[INFO] running `Command { std: "git" "clone" "/workspace/cache/git-repos/https%3A%2F%2Fgithub.com%2Fzubulmuk92%2FSidGate" "/workspace/builds/worker-2-tc1/source", kill_on_drop: false }`
[INFO] [stderr] Cloning into '/workspace/builds/worker-2-tc1/source'...
[INFO] [stderr] done.
[INFO] started tweaking git repo https://github.com/zubulmuk92/SidGate
[INFO] finished tweaking git repo https://github.com/zubulmuk92/SidGate
[INFO] tweaked toml for git repo https://github.com/zubulmuk92/SidGate written to /workspace/builds/worker-2-tc1/source/Cargo.toml
[INFO] validating manifest of git repo https://github.com/zubulmuk92/SidGate on toolchain 3154cc1a3e6424e44f438a95007d043ed5ceaaf6
[INFO] running `Command { std: CARGO_HOME="/workspace/cargo-home" RUSTUP_HOME="/workspace/rustup-home" "/workspace/cargo-home/bin/cargo" "+3154cc1a3e6424e44f438a95007d043ed5ceaaf6" "metadata" "--manifest-path" "Cargo.toml" "--no-deps", kill_on_drop: false }`
[INFO] crate git repo https://github.com/zubulmuk92/SidGate already has a lockfile, it will not be regenerated
[INFO] running `Command { std: CARGO_HOME="/workspace/cargo-home" RUSTUP_HOME="/workspace/rustup-home" "/workspace/cargo-home/bin/cargo" "+3154cc1a3e6424e44f438a95007d043ed5ceaaf6" "fetch" "--manifest-path" "Cargo.toml", kill_on_drop: false }`
[INFO] [stderr]     Updating crates.io index
[INFO] [stderr]  Downloading crates ...
[INFO] [stderr]   Downloaded sansio v1.0.1
[INFO] [stderr]   Downloaded rtc-stun v0.20.5
[INFO] [stderr]   Downloaded rtc-shared v0.20.5
[INFO] [stderr]   Downloaded rtc-interceptor-derive v0.20.5
[INFO] [stderr]   Downloaded rtc-turn v0.20.5
[INFO] [stderr]   Downloaded crc32c v0.6.8
[INFO] [stderr]   Downloaded rtc-srtp v0.20.5
[INFO] [stderr]   Downloaded ptr_meta_derive v0.3.2
[INFO] [stderr]   Downloaded rend v0.5.4
[INFO] [stderr]   Downloaded rtc-sdp v0.20.5
[INFO] [stderr]   Downloaded rtc-mdns v0.20.5
[INFO] [stderr]   Downloaded bytecheck v0.8.3
[INFO] [stderr]   Downloaded rancor v0.1.3
[INFO] [stderr]   Downloaded ptr_meta v0.3.2
[INFO] [stderr]   Downloaded rtc-rtcp v0.20.5
[INFO] [stderr]   Downloaded rtc-media v0.20.5
[INFO] [stderr]   Downloaded rkyv_derive v0.8.18
[INFO] [stderr]   Downloaded bytecheck_derive v0.8.3
[INFO] [stderr]   Downloaded rtc-rtp v0.20.5
[INFO] [stderr]   Downloaded rtc-interceptor v0.20.5
[INFO] [stderr]   Downloaded rtc-ice v0.20.5
[INFO] [stderr]   Downloaded webrtc v0.20.5
[INFO] [stderr]   Downloaded rtc-datachannel v0.20.5
[INFO] [stderr]   Downloaded quinn-udp v0.6.2
[INFO] [stderr]   Downloaded rtc-sctp v0.20.5
[INFO] [stderr]   Downloaded rtc-dtls v0.20.5
[INFO] [stderr]   Downloaded rkyv v0.8.18
[INFO] [stderr]   Downloaded rtc v0.20.5
[INFO] running `Command { std: "docker" "create" "-v" "/var/lib/crater-agent-workspace/builds/worker-2-tc1/source:/opt/rustwide/workdir:ro,Z" "-v" "/var/lib/crater-agent-workspace/builds/worker-2-tc1/target:/opt/rustwide/target:rw,Z" "-v" "/var/lib/crater-agent-workspace/cargo-home:/opt/rustwide/cargo-home:ro,Z" "-v" "/var/lib/crater-agent-workspace/rustup-home:/opt/rustwide/rustup-home:ro,Z" "-m" "1610612736" "--network" "none" "ghcr.io/rust-lang/crates-build-env/linux@sha256:77db811e55d90add9212f6832c23229e3de5f1c1f9905e8cb07319ea15df73ac" "sleep" "infinity", kill_on_drop: false }`
[INFO] [stdout] 58289294a013d8ec6d31c48b0ef7a9e16f0406713c2a16e1513921f8ff06b67b
[INFO] running `Command { std: "docker" "start" "58289294a013d8ec6d31c48b0ef7a9e16f0406713c2a16e1513921f8ff06b67b", kill_on_drop: false }`
[INFO] running `Command { std: "docker" "inspect" "58289294a013d8ec6d31c48b0ef7a9e16f0406713c2a16e1513921f8ff06b67b", kill_on_drop: false }`
[INFO] running `Command { std: "docker" "exec" "-e" "SOURCE_DIR=/opt/rustwide/workdir" "-e" "CARGO_HOME=/opt/rustwide/cargo-home" "-e" "RUSTUP_HOME=/opt/rustwide/rustup-home" "-e" "CARGO_TARGET_DIR=/opt/rustwide/target" "-w" "/opt/rustwide/workdir" "--user" "0:0" "58289294a013d8ec6d31c48b0ef7a9e16f0406713c2a16e1513921f8ff06b67b" "/opt/rustwide/cargo-home/bin/cargo" "+3154cc1a3e6424e44f438a95007d043ed5ceaaf6" "metadata" "--no-deps" "--format-version=1", kill_on_drop: false }`
[INFO] running `Command { std: "docker" "inspect" "58289294a013d8ec6d31c48b0ef7a9e16f0406713c2a16e1513921f8ff06b67b", kill_on_drop: false }`
[INFO] running `Command { std: "docker" "exec" "-e" "SOURCE_DIR=/opt/rustwide/workdir" "-e" "CARGO_HOME=/opt/rustwide/cargo-home" "-e" "RUSTUP_HOME=/opt/rustwide/rustup-home" "-e" "CARGO_TARGET_DIR=/opt/rustwide/target" "-e" "CARGO_INCREMENTAL=0" "-e" "RUST_BACKTRACE=full" "-e" "RUSTFLAGS=--cap-lints=forbid -Znext-solver=coherence" "-e" "RUSTDOCFLAGS=--cap-lints=forbid" "-w" "/opt/rustwide/workdir" "--user" "0:0" "58289294a013d8ec6d31c48b0ef7a9e16f0406713c2a16e1513921f8ff06b67b" "/opt/rustwide/cargo-home/bin/cargo" "+3154cc1a3e6424e44f438a95007d043ed5ceaaf6" "check" "--frozen" "--all" "--all-targets" "--message-format=json", kill_on_drop: false }`
[INFO] [stderr]     Checking typenum v1.20.1
[INFO] [stderr]     Checking const-oid v0.9.6
[INFO] [stderr]     Checking smallvec v1.16.1
[INFO] [stderr]    Compiling find-msvc-tools v0.1.12
[INFO] [stderr]     Checking log v0.4.34
[INFO] [stderr]    Compiling libc v0.2.189
[INFO] [stderr]    Compiling generic-array v0.14.7
[INFO] [stderr]     Checking base64ct v1.8.3
[INFO] [stderr]    Compiling num-conv v0.2.2
[INFO] [stderr]    Compiling time-core v0.1.9
[INFO] [stderr]    Compiling syn v3.0.5
[INFO] [stderr]    Compiling zeroize_derive v1.5.0
[INFO] [stderr]    Compiling synstructure v0.13.2
[INFO] [stderr]     Checking base16ct v0.2.0
[INFO] [stderr]     Checking rand_core v0.10.1
[INFO] [stderr]    Compiling getrandom v0.4.3
[INFO] [stderr]    Compiling nix v0.31.3
[INFO] [stderr]     Checking pem-rfc7468 v0.7.0
[INFO] [stderr]    Compiling substring v1.4.5
[INFO] [stderr]     Checking base64 v0.23.1
[INFO] [stderr]     Checking cpufeatures v0.3.1
[INFO] [stderr]    Compiling tracing-attributes v0.1.31
[INFO] [stderr]    Compiling fs_extra v1.3.0
[INFO] [stderr]     Checking chacha20 v0.10.2
[INFO] [stderr]    Compiling dunce v1.0.5
[INFO] [stderr]     Checking futures-sink v0.3.34
[INFO] [stderr]    Compiling time-macros v0.2.32
[INFO] [stderr]    Compiling num-traits v0.2.19
[INFO] [stderr]    Compiling aws-lc-rs v1.18.1
[INFO] [stderr]     Checking futures-channel v0.3.34
[INFO] [stderr]     Checking hashbrown v0.17.1
[INFO] [stderr]     Checking nom v7.1.3
[INFO] [stderr]    Compiling thiserror-impl v1.0.69
[INFO] [stderr]     Checking pem v4.0.0
[INFO] [stderr]     Checking sansio v1.0.1
[INFO] [stderr]    Compiling zerocopy v0.8.57
[INFO] [stderr]    Compiling curve25519-dalek v4.1.3
[INFO] [stderr]    Compiling asn1-rs-impl v0.2.0
[INFO] [stderr]     Checking data-encoding v2.11.1
[INFO] [stderr]    Compiling rustls v0.23.44
[INFO] [stderr]     Checking zeroize v1.9.0
[INFO] [stderr]    Compiling crc32c v0.6.8
[INFO] [stderr]    Compiling curve25519-dalek-derive v0.1.1
[INFO] [stderr]    Compiling zerofrom-derive v0.1.7
[INFO] [stderr]    Compiling yoke-derive v0.8.2
[INFO] [stderr]     Checking der v0.7.10
[INFO] [stderr]     Checking rustls-pki-types v1.15.1
[INFO] [stderr]    Compiling asn1-rs-derive v0.5.1
[INFO] [stderr]     Checking num-integer v0.1.47
[INFO] [stderr]    Compiling serde_json v1.0.151
[INFO] [stderr]     Checking crc-catalog v2.5.0
[INFO] [stderr]     Checking block-buffer v0.10.4
[INFO] [stderr]     Checking block-padding v0.3.3
[INFO] [stderr]    Compiling jobserver v0.1.35
[INFO] [stderr]     Checking getrandom v0.2.17
[INFO] [stderr]     Checking socket2 v0.6.5
[INFO] [stderr]     Checking tracing v0.1.44
[INFO] [stderr]     Checking inout v0.1.4
[INFO] [stderr]     Checking rand_core v0.6.4
[INFO] [stderr]     Checking rand v0.10.2
[INFO] [stderr]     Checking parking_lot_core v0.9.12
[INFO] [stderr]     Checking errno v0.3.14
[INFO] [stderr]     Checking mio v1.2.3
[INFO] [stderr]     Checking crypto-common v0.1.7
[INFO] [stderr]    Compiling cc v1.4.6
[INFO] [stderr]     Checking ff v0.13.1
[INFO] [stderr]     Checking digest v0.10.7
[INFO] [stderr]     Checking cipher v0.4.4
[INFO] [stderr]     Checking group v0.13.0
[INFO] [stderr]     Checking universal-hash v0.5.1
[INFO] [stderr]     Checking crypto-bigint v0.5.5
[INFO] [stderr]     Checking time v0.3.55
[INFO] [stderr]     Checking aead v0.5.2
[INFO] [stderr]     Checking parking_lot v0.12.5
[INFO] [stderr]     Checking polyval v0.6.2
[INFO] [stderr]     Checking hmac v0.12.1
[INFO] [stderr]     Checking signature v2.2.0
[INFO] [stderr]     Checking sha2 v0.10.9
[INFO] [stderr]     Checking signal-hook-registry v1.4.8
[INFO] [stderr]     Checking sha1 v0.10.7
[INFO] [stderr]     Checking hkdf v0.12.4
[INFO] [stderr]     Checking rfc6979 v0.4.0
[INFO] [stderr]     Checking ctr v0.9.2
[INFO] [stderr]     Checking aes v0.8.4
[INFO] [stderr]     Checking ghash v0.5.1
[INFO] [stderr]     Checking thiserror v1.0.69
[INFO] [stderr]     Checking spki v0.7.3
[INFO] [stderr]     Checking getrandom v0.3.4
[INFO] [stderr]    Compiling oid-registry v0.7.1
[INFO] [stderr]     Checking simdutf8 v0.1.5
[INFO] [stderr]     Checking indexmap v2.14.2
[INFO] [stderr]     Checking pkcs8 v0.10.2
[INFO] [stderr]     Checking rand_core v0.9.5
[INFO] [stderr]     Checking md-5 v0.10.6
[INFO] [stderr]     Checking zerofrom v0.1.8
[INFO] [stderr]     Checking crc v3.4.0
[INFO] [stderr]     Checking sec1 v0.7.3
[INFO] [stderr]     Checking num-bigint v0.4.8
[INFO] [stderr]     Checking yoke v0.8.3
[INFO] [stderr]     Checking rusticata-macros v4.1.0
[INFO] [stderr]    Compiling munge_macro v0.4.7
[INFO] [stderr]    Compiling crossbeam-utils v0.8.23
[INFO] [stderr]     Checking regex-syntax v0.8.11
[INFO] [stderr]     Checking chacha20 v0.9.1
[INFO] [stderr]     Checking aes-gcm v0.10.3
[INFO] [stderr]     Checking poly1305 v0.8.0
[INFO] [stderr]     Checking rustc-hash v2.1.3
[INFO] [stderr]     Checking ccm v0.5.0
[INFO] [stderr]     Checking cbc v0.1.2
[INFO] [stderr]     Checking uuid v1.26.1
[INFO] [stderr]     Checking tracing-log v0.2.0
[INFO] [stderr]     Checking munge v0.4.7
[INFO] [stderr]    Compiling cmake v0.1.58
[INFO] [stderr]     Checking chacha20poly1305 v0.10.1
[INFO] [stderr]    Compiling quinn-udp v0.6.2
[INFO] [stderr]    Compiling rtc-interceptor-derive v0.20.5
[INFO] [stderr]    Compiling fs-err v3.3.1
[INFO] [stderr]     Checking thread_local v1.1.10
[INFO] [stderr]     Checking sync_wrapper v1.0.2
[INFO] [stderr]     Checking nu-ansi-term v0.50.3
[INFO] [stderr]     Checking concurrent-queue v2.5.0
[INFO] [stderr]    Compiling rustversion v1.0.23
[INFO] [stderr]     Checking winnow v1.0.4
[INFO] [stderr]     Checking unicase v2.9.0
[INFO] [stderr]     Checking async-channel v2.5.0
[INFO] [stderr]    Compiling anyhow v1.0.104
[INFO] [stderr]     Checking clap_builder v4.6.6
[INFO] [stderr]     Checking axum-core v0.5.6
[INFO] [stderr]     Checking async-broadcast v0.7.2
[INFO] [stderr]     Checking elliptic-curve v0.13.8
[INFO] [stderr]     Checking regex-automata v0.4.18
[INFO] [stderr]     Checking ed25519 v2.2.3
[INFO] [stderr]     Checking x25519-dalek v2.0.1
[INFO] [stderr]     Checking serde_path_to_error v0.1.20
[INFO] [stderr]     Checking toml_datetime v1.1.1+spec-1.1.0
[INFO] [stderr]     Checking serde_spanned v1.1.1
[INFO] [stderr]    Compiling axum-macros v0.5.1
[INFO] [stderr]     Checking toml_parser v1.1.3+spec-1.1.0
[INFO] [stderr]     Checking arc-swap v1.9.2
[INFO] [stderr]     Checking matchit v0.8.4
[INFO] [stderr]     Checking toml_writer v1.1.2+spec-1.1.0
[INFO] [stderr]     Checking primeorder v0.13.6
[INFO] [stderr]     Checking ecdsa v0.16.9
[INFO] [stderr]    Compiling ring v0.17.14
[INFO] [stderr]    Compiling aws-lc-sys v0.45.0
[INFO] [stderr]     Checking either v1.18.0
[INFO] [stderr]     Checking ed25519-dalek v2.2.0
[INFO] [stderr]     Checking toml v1.1.6+spec-1.1.0
[INFO] [stderr]     Checking p256 v0.13.2
[INFO] [stderr]     Checking p384 v0.13.1
[INFO] [stderr]     Checking yasna v0.6.0
[INFO] [stderr]    Compiling displaydoc v0.2.7
[INFO] [stderr]    Compiling thiserror-impl v2.0.20
[INFO] [stderr]    Compiling zerovec-derive v0.11.6
[INFO] [stderr]    Compiling serde_derive v1.0.229
[INFO] [stderr]    Compiling tokio-macros v2.7.2
[INFO] [stderr]    Compiling ptr_meta_derive v0.3.2
[INFO] [stderr]    Compiling futures-macro v0.3.34
[INFO] [stderr]    Compiling bytecheck_derive v0.8.3
[INFO] [stderr]    Compiling rkyv_derive v0.8.18
[INFO] [stderr]    Compiling async-trait v0.1.92
[INFO] [stderr]    Compiling clap_derive v4.6.4
[INFO] [stderr]     Checking ptr_meta v0.3.2
[INFO] [stderr]     Checking rancor v0.1.3
[INFO] [stderr]     Checking ppv-lite86 v0.2.21
[INFO] [stderr]     Checking matchers v0.2.0
[INFO] [stderr]     Checking tracing-subscriber v0.3.23
[INFO] [stderr]     Checking rand_chacha v0.9.0
[INFO] [stderr]     Checking bytecheck v0.8.3
[INFO] [stderr]     Checking tokio v1.53.1
[INFO] [stderr]     Checking zerotrie v0.2.5
[INFO] [stderr]     Checking asn1-rs v0.6.2
[INFO] [stderr]     Checking rand v0.9.5
[INFO] [stderr]     Checking futures-util v0.3.34
[INFO] [stderr]     Checking rend v0.5.4
[INFO] [stderr]     Checking zerovec v0.11.8
[INFO] [stderr]     Checking thiserror v2.0.20
[INFO] [stderr]     Checking sidgate-capture v1.0.0 (/opt/rustwide/workdir/crates/sidgate-capture)
[INFO] [stderr]     Checking sidgate-encode v1.0.0 (/opt/rustwide/workdir/crates/sidgate-encode)
[INFO] [stderr]     Checking tungstenite v0.29.0
[INFO] [stderr]     Checking tinystr v0.8.4
[INFO] [stderr]     Checking potential_utf v0.1.6
[INFO] [stderr]     Checking icu_collections v2.3.0
[INFO] [stderr]     Checking clap v4.6.6
[INFO] [stderr]     Checking icu_locale_core v2.3.0
[INFO] [stderr]     Checking rcgen v0.14.10
[INFO] [stderr]     Checking der-parser v9.0.0
[INFO] [stderr]     Checking icu_provider v2.3.1
[INFO] [stderr]     Checking x509-parser v0.16.0
[INFO] [stderr]     Checking icu_normalizer v2.3.0
[INFO] [stderr]     Checking icu_properties v2.3.0
[INFO] [stderr]     Checking serde v1.0.229
[INFO] [stderr]     Checking sidgate-proto v1.0.0 (/opt/rustwide/workdir/crates/sidgate-proto)
[INFO] [stderr]     Checking serde_urlencoded v0.7.1
[INFO] [stderr]     Checking futures-executor v0.3.34
[INFO] [stderr]     Checking idna_adapter v1.2.2
[INFO] [stderr]     Checking futures v0.3.34
[INFO] [stderr]     Checking idna v1.1.0
[INFO] [stderr]     Checking url v2.5.8
[INFO] [stderr]     Checking sidgate-input v1.0.0 (/opt/rustwide/workdir/crates/sidgate-input)
[INFO] [stderr]     Checking rtc-shared v0.20.5
[INFO] [stderr]     Checking rtc-rtp v0.20.5
[INFO] [stderr]     Checking rtc-rtcp v0.20.5
[INFO] [stderr]     Checking rtc-stun v0.20.5
[INFO] [stderr]     Checking rtc-mdns v0.20.5
[INFO] [stderr]     Checking rtc-sctp v0.20.5
[INFO] [stderr]     Checking rtc-sdp v0.20.5
[INFO] [stderr]     Checking rkyv v0.8.18
[INFO] [stderr]     Checking rtc-turn v0.20.5
[INFO] [stderr]     Checking rtc-ice v0.20.5
[INFO] [stderr]     Checking rtc-media v0.20.5
[INFO] [stderr]     Checking rtc-srtp v0.20.5
[INFO] [stderr]     Checking rtc-interceptor v0.20.5
[INFO] [stderr]     Checking tokio-util v0.7.19
[INFO] [stderr]     Checking tokio-tungstenite v0.29.0
[INFO] [stderr]     Checking tower v0.5.3
[INFO] [stderr]     Checking rtc-datachannel v0.20.5
[INFO] [stderr]     Checking h2 v0.4.19
[INFO] [stderr]     Checking hyper v1.11.1
[INFO] [stderr]     Checking hyper-util v0.1.20
[INFO] [stderr]     Checking axum v0.8.9
[INFO] [stderr]     Checking rustls-webpki v0.103.15
[INFO] [stderr]     Checking rtc-dtls v0.20.5
[INFO] [stderr]     Checking tokio-rustls v0.26.5
[INFO] [stderr]     Checking axum-server v0.8.0
[INFO] [stderr]     Checking rtc v0.20.5
[INFO] [stderr]     Checking webrtc v0.20.5
[INFO] [stderr]     Checking sidgate-agent v1.0.0 (/opt/rustwide/workdir/crates/sidgate-agent)
[INFO] [stdout] error[E0432]: unresolved import `sidgate_capture::PointerState`
[INFO] [stdout]   --> crates/sidgate-agent/src/pipeline.rs:19:72
[INFO] [stdout]    |
[INFO] [stdout] 19 |     CaptureError, DesktopInfo, FrameSource, FrameStatus, PointerShape, PointerState,
[INFO] [stdout]    |                                                                        ^^^^^^^^^^^^ no `PointerState` in the root
[INFO] [stdout]    |
[INFO] [stdout] note: found an item that was configured out
[INFO] [stdout]   --> crates/sidgate-capture/src/lib.rs:27:61
[INFO] [stdout]    |
[INFO] [stdout] 26 | #[cfg(windows)]
[INFO] [stdout]    |       ------- the item is gated here
[INFO] [stdout] 27 | pub use dxgi::{enumerate_outputs, DxgiCapturer as Capturer, PointerState};
[INFO] [stdout]    |                                                             ^^^^^^^^^^^^
[INFO] [stdout] help: a similar name exists in the module
[INFO] [stdout]    |
[INFO] [stdout] 19 -     CaptureError, DesktopInfo, FrameSource, FrameStatus, PointerShape, PointerState,
[INFO] [stdout] 19 +     CaptureError, DesktopInfo, FrameSource, FrameStatus, PointerShape, PointerShape,
[INFO] [stdout]    |
[INFO] [stdout] 
[INFO] [stdout] 
[INFO] [stdout] error[E0432]: unresolved import `sidgate_encode::Submission`
[INFO] [stdout]   --> crates/sidgate-agent/src/pipeline.rs:21:51
[INFO] [stdout]    |
[INFO] [stdout] 21 | use sidgate_encode::{EncodedFrame, EncoderConfig, Submission};
[INFO] [stdout]    |                                                   ^^^^^^^^^^ no `Submission` in the root
[INFO] [stdout]    |
[INFO] [stdout] note: found an item that was configured out
[INFO] [stdout]   --> crates/sidgate-encode/src/lib.rs:21:78
[INFO] [stdout]    |
[INFO] [stdout] 20 | #[cfg(windows)]
[INFO] [stdout]    |       ------- the item is gated here
[INFO] [stdout] 21 | pub use mediafoundation::{EncoderTimings, MediaFoundationEncoder as Encoder, Submission};
[INFO] [stdout]    |                                                                              ^^^^^^^^^^
[INFO] [stdout] 
[INFO] [stdout] 
[INFO] [stdout] error[E0433]: cannot find module or crate `windows` in this scope
[INFO] [stdout]   --> crates/sidgate-agent/src/service/launcher.rs:29:5
[INFO] [stdout]    |
[INFO] [stdout] 29 | use windows::core::{PCWSTR, PWSTR};
[INFO] [stdout]    |     ^^^^^^^ use of unresolved module or unlinked crate `windows`
[INFO] [stdout]    |
[INFO] [stdout]    = help: if you wanted to use a crate named `windows`, use `cargo add windows` to add it to your `Cargo.toml`
[INFO] [stdout] 
[INFO] [stdout] 
[INFO] [stdout] error[E0433]: cannot find module or crate `windows` in this scope
[INFO] [stdout]   --> crates/sidgate-agent/src/service/launcher.rs:30:5
[INFO] [stdout]    |
[INFO] [stdout] 30 | use windows::Win32::Foundation::{CloseHandle, HANDLE};
[INFO] [stdout]    |     ^^^^^^^ use of unresolved module or unlinked crate `windows`
[INFO] [stdout]    |
[INFO] [stdout]    = help: if you wanted to use a crate named `windows`, use `cargo add windows` to add it to your `Cargo.toml`
[INFO] [stdout] 
[INFO] [stdout] 
[INFO] [stdout] error[E0433]: cannot find module or crate `windows` in this scope
[INFO] [stdout]   --> crates/sidgate-agent/src/service/launcher.rs:31:5
[INFO] [stdout]    |
[INFO] [stdout] 31 | use windows::Win32::Security::{
[INFO] [stdout]    |     ^^^^^^^ use of unresolved module or unlinked crate `windows`
[INFO] [stdout]    |
[INFO] [stdout]    = help: if you wanted to use a crate named `windows`, use `cargo add windows` to add it to your `Cargo.toml`
[INFO] [stdout] 
[INFO] [stdout] 
[INFO] [stdout] error[E0433]: cannot find module or crate `windows` in this scope
[INFO] [stdout]   --> crates/sidgate-agent/src/service/launcher.rs:35:5
[INFO] [stdout]    |
[INFO] [stdout] 35 | use windows::Win32::System::Environment::{CreateEnvironmentBlock, DestroyEnvironmentBlock};
[INFO] [stdout]    |     ^^^^^^^ use of unresolved module or unlinked crate `windows`
[INFO] [stdout]    |
[INFO] [stdout]    = help: if you wanted to use a crate named `windows`, use `cargo add windows` to add it to your `Cargo.toml`
[INFO] [stdout] 
[INFO] [stdout] 
[INFO] [stdout] error[E0433]: cannot find module or crate `windows` in this scope
[INFO] [stdout]   --> crates/sidgate-agent/src/service/launcher.rs:36:5
[INFO] [stdout]    |
[INFO] [stdout] 36 | use windows::Win32::System::RemoteDesktop::{WTSGetActiveConsoleSessionId, WTSQueryUserToken};
[INFO] [stdout]    |     ^^^^^^^ use of unresolved module or unlinked crate `windows`
[INFO] [stdout]    |
[INFO] [stdout]    = help: if you wanted to use a crate named `windows`, use `cargo add windows` to add it to your `Cargo.toml`
[INFO] [stdout] 
[INFO] [stdout] 
[INFO] [stdout] error[E0433]: cannot find module or crate `windows` in this scope
[INFO] [stdout]   --> crates/sidgate-agent/src/service/launcher.rs:37:5
[INFO] [stdout]    |
[INFO] [stdout] 37 | use windows::Win32::System::Threading::{
[INFO] [stdout]    |     ^^^^^^^ use of unresolved module or unlinked crate `windows`
[INFO] [stdout]    |
[INFO] [stdout]    = help: if you wanted to use a crate named `windows`, use `cargo add windows` to add it to your `Cargo.toml`
[INFO] [stdout] 
[INFO] [stdout] 
[INFO] [stdout] error[E0433]: cannot find module or crate `windows` in this scope
[INFO] [stdout]   --> crates/sidgate-agent/src/service/manager.rs:16:5
[INFO] [stdout]    |
[INFO] [stdout] 16 | use windows::core::PCWSTR;
[INFO] [stdout]    |     ^^^^^^^ use of unresolved module or unlinked crate `windows`
[INFO] [stdout]    |
[INFO] [stdout]    = help: if you wanted to use a crate named `windows`, use `cargo add windows` to add it to your `Cargo.toml`
[INFO] [stdout] 
[INFO] [stdout] 
[INFO] [stdout] error[E0433]: cannot find module or crate `windows` in this scope
[INFO] [stdout]   --> crates/sidgate-agent/src/service/manager.rs:17:5
[INFO] [stdout]    |
[INFO] [stdout] 17 | use windows::Win32::Foundation::ERROR_ACCESS_DENIED;
[INFO] [stdout]    |     ^^^^^^^ use of unresolved module or unlinked crate `windows`
[INFO] [stdout]    |
[INFO] [stdout]    = help: if you wanted to use a crate named `windows`, use `cargo add windows` to add it to your `Cargo.toml`
[INFO] [stdout] 
[INFO] [stdout] 
[INFO] [stdout] error[E0433]: cannot find module or crate `windows` in this scope
[INFO] [stdout]   --> crates/sidgate-agent/src/service/manager.rs:18:5
[INFO] [stdout]    |
[INFO] [stdout] 18 | use windows::Win32::System::Services::{
[INFO] [stdout]    |     ^^^^^^^ use of unresolved module or unlinked crate `windows`
[INFO] [stdout]    |
[INFO] [stdout]    = help: if you wanted to use a crate named `windows`, use `cargo add windows` to add it to your `Cargo.toml`
[INFO] [stdout] 
[INFO] [stdout] 
[INFO] [stdout] error[E0433]: cannot find module or crate `windows` in this scope
[INFO] [stdout]   --> crates/sidgate-agent/src/service/mod.rs:31:5
[INFO] [stdout]    |
[INFO] [stdout] 31 | use windows::core::PWSTR;
[INFO] [stdout]    |     ^^^^^^^ use of unresolved module or unlinked crate `windows`
[INFO] [stdout]    |
[INFO] [stdout]    = help: if you wanted to use a crate named `windows`, use `cargo add windows` to add it to your `Cargo.toml`
[INFO] [stdout] 
[INFO] [stdout] 
[INFO] [stdout] error[E0433]: cannot find module or crate `windows` in this scope
[INFO] [stdout]   --> crates/sidgate-agent/src/service/mod.rs:32:5
[INFO] [stdout]    |
[INFO] [stdout] 32 | use windows::Win32::System::Services::{
[INFO] [stdout]    |     ^^^^^^^ use of unresolved module or unlinked crate `windows`
[INFO] [stdout]    |
[INFO] [stdout]    = help: if you wanted to use a crate named `windows`, use `cargo add windows` to add it to your `Cargo.toml`
[INFO] [stdout] 
[INFO] [stdout] 
[INFO] [stdout] error[E0432]: unresolved import `sidgate_capture::PointerState`
[INFO] [stdout]   --> crates/sidgate-agent/src/signaling.rs:37:62
[INFO] [stdout]    |
[INFO] [stdout] 37 | use sidgate_capture::{DesktopInfo, OutputInfo, PointerShape, PointerState};
[INFO] [stdout]    |                                                              ^^^^^^^^^^^^ no `PointerState` in the root
[INFO] [stdout]    |
[INFO] [stdout] note: found an item that was configured out
[INFO] [stdout]   --> crates/sidgate-capture/src/lib.rs:27:61
[INFO] [stdout]    |
[INFO] [stdout] 26 | #[cfg(windows)]
[INFO] [stdout]    |       ------- the item is gated here
[INFO] [stdout] 27 | pub use dxgi::{enumerate_outputs, DxgiCapturer as Capturer, PointerState};
[INFO] [stdout]    |                                                             ^^^^^^^^^^^^
[INFO] [stdout] help: a similar name exists in the module
[INFO] [stdout]    |
[INFO] [stdout] 37 - use sidgate_capture::{DesktopInfo, OutputInfo, PointerShape, PointerState};
[INFO] [stdout] 37 + use sidgate_capture::{DesktopInfo, OutputInfo, PointerShape, PointerShape};
[INFO] [stdout]    |
[INFO] [stdout] 
[INFO] [stdout] 
[INFO] [stdout] error[E0432]: unresolved import `sidgate_capture::PointerState`
[INFO] [stdout]   --> crates/sidgate-agent/src/pipeline.rs:19:72
[INFO] [stdout]    |
[INFO] [stdout] 19 |     CaptureError, DesktopInfo, FrameSource, FrameStatus, PointerShape, PointerState,
[INFO] [stdout]    |                                                                        ^^^^^^^^^^^^ no `PointerState` in the root
[INFO] [stdout]    |
[INFO] [stdout] note: found an item that was configured out
[INFO] [stdout]   --> crates/sidgate-capture/src/lib.rs:27:61
[INFO] [stdout]    |
[INFO] [stdout] 26 | #[cfg(windows)]
[INFO] [stdout]    |       ------- the item is gated here
[INFO] [stdout] 27 | pub use dxgi::{enumerate_outputs, DxgiCapturer as Capturer, PointerState};
[INFO] [stdout]    |                                                             ^^^^^^^^^^^^
[INFO] [stdout] help: a similar name exists in the module
[INFO] [stdout]    |
[INFO] [stdout] 19 -     CaptureError, DesktopInfo, FrameSource, FrameStatus, PointerShape, PointerState,
[INFO] [stdout] 19 +     CaptureError, DesktopInfo, FrameSource, FrameStatus, PointerShape, PointerShape,
[INFO] [stdout]    |
[INFO] [stdout] 
[INFO] [stdout] 
[INFO] [stdout] error[E0433]: cannot find `Capturer` in `sidgate_capture`
[INFO] [stdout]    --> crates/sidgate-agent/src/pipeline.rs:569:41
[INFO] [stdout]     |
[INFO] [stdout] 569 |         let capturer = sidgate_capture::Capturer::new(output)?;
[INFO] [stdout]     |                                         ^^^^^^^^ could not find `Capturer` in `sidgate_capture`
[INFO] [stdout]     |
[INFO] [stdout] note: found an item that was configured out
[INFO] [stdout]    --> crates/sidgate-capture/src/lib.rs:27:51
[INFO] [stdout]     |
[INFO] [stdout]  26 | #[cfg(windows)]
[INFO] [stdout]     |       ------- the item is gated here
[INFO] [stdout]  27 | pub use dxgi::{enumerate_outputs, DxgiCapturer as Capturer, PointerState};
[INFO] [stdout]     |                                                   ^^^^^^^^
[INFO] [stdout] 
[INFO] [stdout] 
[INFO] [stdout] error[E0432]: unresolved import `sidgate_encode::Submission`
[INFO] [stdout]   --> crates/sidgate-agent/src/pipeline.rs:21:51
[INFO] [stdout]    |
[INFO] [stdout] 21 | use sidgate_encode::{EncodedFrame, EncoderConfig, Submission};
[INFO] [stdout]    |                                                   ^^^^^^^^^^ no `Submission` in the root
[INFO] [stdout]    |
[INFO] [stdout] note: found an item that was configured out
[INFO] [stdout]   --> crates/sidgate-encode/src/lib.rs:21:78
[INFO] [stdout]    |
[INFO] [stdout] 20 | #[cfg(windows)]
[INFO] [stdout]    |       ------- the item is gated here
[INFO] [stdout] 21 | pub use mediafoundation::{EncoderTimings, MediaFoundationEncoder as Encoder, Submission};
[INFO] [stdout]    |                                                                              ^^^^^^^^^^
[INFO] [stdout] 
[INFO] [stdout] 
[INFO] [stdout] error[E0433]: cannot find module or crate `windows` in this scope
[INFO] [stdout]   --> crates/sidgate-agent/src/service/launcher.rs:29:5
[INFO] [stdout]    |
[INFO] [stdout] 29 | use windows::core::{PCWSTR, PWSTR};
[INFO] [stdout]    |     ^^^^^^^ use of unresolved module or unlinked crate `windows`
[INFO] [stdout]    |
[INFO] [stdout]    = help: if you wanted to use a crate named `windows`, use `cargo add windows` to add it to your `Cargo.toml`
[INFO] [stdout] 
[INFO] [stdout] 
[INFO] [stdout] error[E0433]: cannot find module or crate `windows` in this scope
[INFO] [stdout]   --> crates/sidgate-agent/src/service/launcher.rs:30:5
[INFO] [stdout]    |
[INFO] [stdout] 30 | use windows::Win32::Foundation::{CloseHandle, HANDLE};
[INFO] [stdout]    |     ^^^^^^^ use of unresolved module or unlinked crate `windows`
[INFO] [stdout]    |
[INFO] [stdout]    = help: if you wanted to use a crate named `windows`, use `cargo add windows` to add it to your `Cargo.toml`
[INFO] [stdout] 
[INFO] [stdout] 
[INFO] [stdout] error[E0433]: cannot find module or crate `windows` in this scope
[INFO] [stdout]   --> crates/sidgate-agent/src/service/launcher.rs:31:5
[INFO] [stdout]    |
[INFO] [stdout] 31 | use windows::Win32::Security::{
[INFO] [stdout]    |     ^^^^^^^ use of unresolved module or unlinked crate `windows`
[INFO] [stdout]    |
[INFO] [stdout]    = help: if you wanted to use a crate named `windows`, use `cargo add windows` to add it to your `Cargo.toml`
[INFO] [stdout] 
[INFO] [stdout] 
[INFO] [stdout] error[E0433]: cannot find module or crate `windows` in this scope
[INFO] [stdout]   --> crates/sidgate-agent/src/service/launcher.rs:35:5
[INFO] [stdout]    |
[INFO] [stdout] 35 | use windows::Win32::System::Environment::{CreateEnvironmentBlock, DestroyEnvironmentBlock};
[INFO] [stdout]    |     ^^^^^^^ use of unresolved module or unlinked crate `windows`
[INFO] [stdout]    |
[INFO] [stdout]    = help: if you wanted to use a crate named `windows`, use `cargo add windows` to add it to your `Cargo.toml`
[INFO] [stdout] 
[INFO] [stdout] 
[INFO] [stdout] error[E0433]: cannot find module or crate `windows` in this scope
[INFO] [stdout]   --> crates/sidgate-agent/src/service/launcher.rs:36:5
[INFO] [stdout]    |
[INFO] [stdout] 36 | use windows::Win32::System::RemoteDesktop::{WTSGetActiveConsoleSessionId, WTSQueryUserToken};
[INFO] [stdout]    |     ^^^^^^^ use of unresolved module or unlinked crate `windows`
[INFO] [stdout]    |
[INFO] [stdout]    = help: if you wanted to use a crate named `windows`, use `cargo add windows` to add it to your `Cargo.toml`
[INFO] [stdout] 
[INFO] [stdout] 
[INFO] [stdout] error[E0433]: cannot find module or crate `windows` in this scope
[INFO] [stdout]   --> crates/sidgate-agent/src/service/launcher.rs:37:5
[INFO] [stdout]    |
[INFO] [stdout] 37 | use windows::Win32::System::Threading::{
[INFO] [stdout]    |     ^^^^^^^ use of unresolved module or unlinked crate `windows`
[INFO] [stdout]    |
[INFO] [stdout]    = help: if you wanted to use a crate named `windows`, use `cargo add windows` to add it to your `Cargo.toml`
[INFO] [stdout] 
[INFO] [stdout] 
[INFO] [stdout] error[E0433]: cannot find module or crate `windows` in this scope
[INFO] [stdout]   --> crates/sidgate-agent/src/service/manager.rs:16:5
[INFO] [stdout]    |
[INFO] [stdout] 16 | use windows::core::PCWSTR;
[INFO] [stdout]    |     ^^^^^^^ use of unresolved module or unlinked crate `windows`
[INFO] [stdout]    |
[INFO] [stdout]    = help: if you wanted to use a crate named `windows`, use `cargo add windows` to add it to your `Cargo.toml`
[INFO] [stdout] 
[INFO] [stdout] 
[INFO] [stdout] error[E0433]: cannot find module or crate `windows` in this scope
[INFO] [stdout]   --> crates/sidgate-agent/src/service/manager.rs:17:5
[INFO] [stdout]    |
[INFO] [stdout] 17 | use windows::Win32::Foundation::ERROR_ACCESS_DENIED;
[INFO] [stdout]    |     ^^^^^^^ use of unresolved module or unlinked crate `windows`
[INFO] [stdout]    |
[INFO] [stdout]    = help: if you wanted to use a crate named `windows`, use `cargo add windows` to add it to your `Cargo.toml`
[INFO] [stdout] 
[INFO] [stdout] 
[INFO] [stdout] error[E0433]: cannot find module or crate `windows` in this scope
[INFO] [stdout]   --> crates/sidgate-agent/src/service/manager.rs:18:5
[INFO] [stdout]    |
[INFO] [stdout] 18 | use windows::Win32::System::Services::{
[INFO] [stdout]    |     ^^^^^^^ use of unresolved module or unlinked crate `windows`
[INFO] [stdout]    |
[INFO] [stdout]    = help: if you wanted to use a crate named `windows`, use `cargo add windows` to add it to your `Cargo.toml`
[INFO] [stdout] 
[INFO] [stdout] 
[INFO] [stdout] error[E0433]: cannot find module or crate `windows` in this scope
[INFO] [stdout]   --> crates/sidgate-agent/src/service/mod.rs:31:5
[INFO] [stdout]    |
[INFO] [stdout] 31 | use windows::core::PWSTR;
[INFO] [stdout]    |     ^^^^^^^ use of unresolved module or unlinked crate `windows`
[INFO] [stdout]    |
[INFO] [stdout]    = help: if you wanted to use a crate named `windows`, use `cargo add windows` to add it to your `Cargo.toml`
[INFO] [stdout] 
[INFO] [stdout] 
[INFO] [stdout] error[E0433]: cannot find module or crate `windows` in this scope
[INFO] [stdout]   --> crates/sidgate-agent/src/service/mod.rs:32:5
[INFO] [stdout]    |
[INFO] [stdout] 32 | use windows::Win32::System::Services::{
[INFO] [stdout]    |     ^^^^^^^ use of unresolved module or unlinked crate `windows`
[INFO] [stdout]    |
[INFO] [stdout]    = help: if you wanted to use a crate named `windows`, use `cargo add windows` to add it to your `Cargo.toml`
[INFO] [stdout] 
[INFO] [stdout] 
[INFO] [stdout] error[E0432]: unresolved import `sidgate_capture::PointerState`
[INFO] [stdout]   --> crates/sidgate-agent/src/signaling.rs:37:62
[INFO] [stdout]    |
[INFO] [stdout] 37 | use sidgate_capture::{DesktopInfo, OutputInfo, PointerShape, PointerState};
[INFO] [stdout]    |                                                              ^^^^^^^^^^^^ no `PointerState` in the root
[INFO] [stdout]    |
[INFO] [stdout]    = note: unresolved item `crate::pipeline::tests::PointerState` exists but is inaccessible
[INFO] [stdout] note: found an item that was configured out
[INFO] [stdout]   --> crates/sidgate-capture/src/lib.rs:27:61
[INFO] [stdout]    |
[INFO] [stdout] 26 | #[cfg(windows)]
[INFO] [stdout]    |       ------- the item is gated here
[INFO] [stdout] 27 | pub use dxgi::{enumerate_outputs, DxgiCapturer as Capturer, PointerState};
[INFO] [stdout]    |                                                             ^^^^^^^^^^^^
[INFO] [stdout] help: a similar name exists in the module
[INFO] [stdout]    |
[INFO] [stdout] 37 - use sidgate_capture::{DesktopInfo, OutputInfo, PointerShape, PointerState};
[INFO] [stdout] 37 + use sidgate_capture::{DesktopInfo, OutputInfo, PointerShape, PointerShape};
[INFO] [stdout]    |
[INFO] [stdout] 
[INFO] [stdout] 
[INFO] [stdout] error[E0433]: cannot find module or crate `windows` in this scope
[INFO] [stdout]   --> crates/sidgate-agent/src/service/manager.rs:82:24
[INFO] [stdout]    |
[INFO] [stdout] 82 |         lpDescription: windows::core::PWSTR(description.as_mut_ptr()),
[INFO] [stdout]    |                        ^^^^^^^ use of unresolved module or unlinked crate `windows`
[INFO] [stdout]    |
[INFO] [stdout]    = help: if you wanted to use a crate named `windows`, use `cargo add windows` to add it to your `Cargo.toml`
[INFO] [stdout] 
[INFO] [stdout] 
[INFO] [stdout] error[E0433]: cannot find module or crate `windows` in this scope
[INFO] [stdout]    --> crates/sidgate-agent/src/service/manager.rs:238:19
[INFO] [stdout]     |
[INFO] [stdout] 238 | fn explain(error: windows::core::Error) -> anyhow::Error {
[INFO] [stdout]     |                   ^^^^^^^ use of unresolved module or unlinked crate `windows`
[INFO] [stdout]     |
[INFO] [stdout]     = help: if you wanted to use a crate named `windows`, use `cargo add windows` to add it to your `Cargo.toml`
[INFO] [stdout] 
[INFO] [stdout] 
[INFO] [stdout] error[E0408]: variable `SERVICE_CONTROL_SHUTDOWN` is not bound in all patterns
[INFO] [stdout]    --> crates/sidgate-agent/src/service/mod.rs:132:9
[INFO] [stdout]     |
[INFO] [stdout] 132 |         SERVICE_CONTROL_STOP | SERVICE_CONTROL_SHUTDOWN => Some(ServiceEvent::Stop),
[INFO] [stdout]     |         ^^^^^^^^^^^^^^^^^^^^   ------------------------ variable not in all patterns
[INFO] [stdout]     |         |
[INFO] [stdout]     |         pattern doesn't bind `SERVICE_CONTROL_SHUTDOWN`
[INFO] [stdout]     |
[INFO] [stdout] help: if you meant to match on a unit struct, unit variant or a `const` item, consider making the path in the pattern qualified: `path::to::ModOrType::SERVICE_CONTROL_SHUTDOWN`
[INFO] [stdout]    --> crates/sidgate-agent/src/service/mod.rs:132:32
[INFO] [stdout]     |
[INFO] [stdout] 132 |         SERVICE_CONTROL_STOP | SERVICE_CONTROL_SHUTDOWN => Some(ServiceEvent::Stop),
[INFO] [stdout]     |                                ^^^^^^^^^^^^^^^^^^^^^^^^
[INFO] [stdout] 
[INFO] [stdout] 
[INFO] [stdout] error[E0408]: variable `SERVICE_CONTROL_STOP` is not bound in all patterns
[INFO] [stdout]    --> crates/sidgate-agent/src/service/mod.rs:132:32
[INFO] [stdout]     |
[INFO] [stdout] 132 |         SERVICE_CONTROL_STOP | SERVICE_CONTROL_SHUTDOWN => Some(ServiceEvent::Stop),
[INFO] [stdout]     |         --------------------   ^^^^^^^^^^^^^^^^^^^^^^^^ pattern doesn't bind `SERVICE_CONTROL_STOP`
[INFO] [stdout]     |         |
[INFO] [stdout]     |         variable not in all patterns
[INFO] [stdout]     |
[INFO] [stdout] help: if you meant to match on a unit struct, unit variant or a `const` item, consider making the path in the pattern qualified: `path::to::ModOrType::SERVICE_CONTROL_STOP`
[INFO] [stdout]    --> crates/sidgate-agent/src/service/mod.rs:132:9
[INFO] [stdout]     |
[INFO] [stdout] 132 |         SERVICE_CONTROL_STOP | SERVICE_CONTROL_SHUTDOWN => Some(ServiceEvent::Stop),
[INFO] [stdout]     |         ^^^^^^^^^^^^^^^^^^^^
[INFO] [stdout] 
[INFO] [stdout] 
[INFO] [stdout] error[E0433]: cannot find `Capturer` in `sidgate_capture`
[INFO] [stdout]    --> crates/sidgate-agent/src/pipeline.rs:569:41
[INFO] [stdout]     |
[INFO] [stdout] 569 |         let capturer = sidgate_capture::Capturer::new(output)?;
[INFO] [stdout]     |                                         ^^^^^^^^ could not find `Capturer` in `sidgate_capture`
[INFO] [stdout]     |
[INFO] [stdout] note: found an item that was configured out
[INFO] [stdout]    --> crates/sidgate-capture/src/lib.rs:27:51
[INFO] [stdout]     |
[INFO] [stdout]  26 | #[cfg(windows)]
[INFO] [stdout]     |       ------- the item is gated here
[INFO] [stdout]  27 | pub use dxgi::{enumerate_outputs, DxgiCapturer as Capturer, PointerState};
[INFO] [stdout]     |                                                   ^^^^^^^^
[INFO] [stdout] 
[INFO] [stdout] 
[INFO] [stdout] error[E0433]: cannot find `system` in `sidgate_input`
[INFO] [stdout]    --> crates/sidgate-agent/src/signaling.rs:741:40
[INFO] [stdout]     |
[INFO] [stdout] 741 |                 let _ = sidgate_input::system::lock_session();
[INFO] [stdout]     |                                        ^^^^^^ could not find `system` in `sidgate_input`
[INFO] [stdout]     |
[INFO] [stdout] note: found an item that was configured out
[INFO] [stdout]    --> crates/sidgate-input/src/lib.rs:23:9
[INFO] [stdout]     |
[INFO] [stdout]  22 | #[cfg(windows)]
[INFO] [stdout]     |       ------- the item is gated here
[INFO] [stdout]  23 | pub mod system;
[INFO] [stdout]     |         ^^^^^^
[INFO] [stdout] 
[INFO] [stdout] 
[INFO] [stdout] error[E0433]: cannot find module or crate `windows` in this scope
[INFO] [stdout]   --> crates/sidgate-agent/src/service/manager.rs:82:24
[INFO] [stdout]    |
[INFO] [stdout] 82 |         lpDescription: windows::core::PWSTR(description.as_mut_ptr()),
[INFO] [stdout]    |                        ^^^^^^^ use of unresolved module or unlinked crate `windows`
[INFO] [stdout]    |
[INFO] [stdout]    = help: if you wanted to use a crate named `windows`, use `cargo add windows` to add it to your `Cargo.toml`
[INFO] [stdout] 
[INFO] [stdout] 
[INFO] [stdout] error[E0433]: cannot find `system` in `sidgate_input`
[INFO] [stdout]     --> crates/sidgate-agent/src/signaling.rs:1347:30
[INFO] [stdout]      |
[INFO] [stdout] 1347 |         match sidgate_input::system::lock_session() {
[INFO] [stdout]      |                              ^^^^^^ could not find `system` in `sidgate_input`
[INFO] [stdout]      |
[INFO] [stdout] note: found an item that was configured out
[INFO] [stdout]     --> crates/sidgate-input/src/lib.rs:23:9
[INFO] [stdout]      |
[INFO] [stdout]   22 | #[cfg(windows)]
[INFO] [stdout]      |       ------- the item is gated here
[INFO] [stdout]   23 | pub mod system;
[INFO] [stdout]      |         ^^^^^^
[INFO] [stdout] 
[INFO] [stdout] 
[INFO] [stdout] error[E0433]: cannot find module or crate `windows` in this scope
[INFO] [stdout]    --> crates/sidgate-agent/src/service/manager.rs:238:19
[INFO] [stdout]     |
[INFO] [stdout] 238 | fn explain(error: windows::core::Error) -> anyhow::Error {
[INFO] [stdout]     |                   ^^^^^^^ use of unresolved module or unlinked crate `windows`
[INFO] [stdout]     |
[INFO] [stdout]     = help: if you wanted to use a crate named `windows`, use `cargo add windows` to add it to your `Cargo.toml`
[INFO] [stdout] 
[INFO] [stdout] 
[INFO] [stdout] error[E0433]: cannot find `clipboard` in `sidgate_input`
[INFO] [stdout]     --> crates/sidgate-agent/src/signaling.rs:1505:32
[INFO] [stdout]      |
[INFO] [stdout] 1505 |                 sidgate_input::clipboard::read_text(MAX_CLIPBOARD_BYTES)
[INFO] [stdout]      |                                ^^^^^^^^^ could not find `clipboard` in `sidgate_input`
[INFO] [stdout]      |
[INFO] [stdout] note: found an item that was configured out
[INFO] [stdout]     --> crates/sidgate-input/src/lib.rs:19:9
[INFO] [stdout]      |
[INFO] [stdout]   18 | #[cfg(windows)]
[INFO] [stdout]      |       ------- the item is gated here
[INFO] [stdout]   19 | pub mod clipboard;
[INFO] [stdout]      |         ^^^^^^^^^
[INFO] [stdout] 
[INFO] [stdout] 
[INFO] [stdout] error[E0433]: cannot find `system` in `sidgate_input`
[INFO] [stdout]     --> crates/sidgate-agent/src/signaling.rs:1519:40
[INFO] [stdout]      |
[INFO] [stdout] 1519 |         Effect::Lock => sidgate_input::system::lock_session().map_err(|_| RejectReason::Failed)?,
[INFO] [stdout]      |                                        ^^^^^^ could not find `system` in `sidgate_input`
[INFO] [stdout]      |
[INFO] [stdout] note: found an item that was configured out
[INFO] [stdout]     --> crates/sidgate-input/src/lib.rs:23:9
[INFO] [stdout]      |
[INFO] [stdout]   22 | #[cfg(windows)]
[INFO] [stdout]      |       ------- the item is gated here
[INFO] [stdout]   23 | pub mod system;
[INFO] [stdout]      |         ^^^^^^
[INFO] [stdout] 
[INFO] [stdout] 
[INFO] [stdout] error[E0433]: cannot find module or crate `windows` in this scope
[INFO] [stdout]    --> crates/sidgate-agent/src/service/manager.rs:277:48
[INFO] [stdout]     |
[INFO] [stdout] 277 |         let error = windows::core::Error::from(windows::Win32::Foundation::ERROR_FILE_NOT_FOUND);
[INFO] [stdout]     |                                                ^^^^^^^ use of unresolved module or unlinked crate `windows`
[INFO] [stdout]     |
[INFO] [stdout]     = help: if you wanted to use a crate named `windows`, use `cargo add windows` to add it to your `Cargo.toml`
[INFO] [stdout] 
[INFO] [stdout] 
[INFO] [stdout] error[E0408]: variable `SERVICE_CONTROL_SHUTDOWN` is not bound in all patterns
[INFO] [stdout]    --> crates/sidgate-agent/src/service/mod.rs:132:9
[INFO] [stdout]     |
[INFO] [stdout] 132 |         SERVICE_CONTROL_STOP | SERVICE_CONTROL_SHUTDOWN => Some(ServiceEvent::Stop),
[INFO] [stdout]     |         ^^^^^^^^^^^^^^^^^^^^   ------------------------ variable not in all patterns
[INFO] [stdout]     |         |
[INFO] [stdout]     |         pattern doesn't bind `SERVICE_CONTROL_SHUTDOWN`
[INFO] [stdout]     |
[INFO] [stdout] help: if you meant to match on a unit struct, unit variant or a `const` item, consider making the path in the pattern qualified: `path::to::ModOrType::SERVICE_CONTROL_SHUTDOWN`
[INFO] [stdout]    --> crates/sidgate-agent/src/service/mod.rs:132:32
[INFO] [stdout]     |
[INFO] [stdout] 132 |         SERVICE_CONTROL_STOP | SERVICE_CONTROL_SHUTDOWN => Some(ServiceEvent::Stop),
[INFO] [stdout]     |                                ^^^^^^^^^^^^^^^^^^^^^^^^
[INFO] [stdout] 
[INFO] [stdout] 
[INFO] [stdout] error[E0408]: variable `SERVICE_CONTROL_STOP` is not bound in all patterns
[INFO] [stdout]    --> crates/sidgate-agent/src/service/mod.rs:132:32
[INFO] [stdout]     |
[INFO] [stdout] 132 |         SERVICE_CONTROL_STOP | SERVICE_CONTROL_SHUTDOWN => Some(ServiceEvent::Stop),
[INFO] [stdout]     |         --------------------   ^^^^^^^^^^^^^^^^^^^^^^^^ pattern doesn't bind `SERVICE_CONTROL_STOP`
[INFO] [stdout]     |         |
[INFO] [stdout]     |         variable not in all patterns
[INFO] [stdout]     |
[INFO] [stdout] help: if you meant to match on a unit struct, unit variant or a `const` item, consider making the path in the pattern qualified: `path::to::ModOrType::SERVICE_CONTROL_STOP`
[INFO] [stdout]    --> crates/sidgate-agent/src/service/mod.rs:132:9
[INFO] [stdout]     |
[INFO] [stdout] 132 |         SERVICE_CONTROL_STOP | SERVICE_CONTROL_SHUTDOWN => Some(ServiceEvent::Stop),
[INFO] [stdout]     |         ^^^^^^^^^^^^^^^^^^^^
[INFO] [stdout] 
[INFO] [stdout] 
[INFO] [stdout] error[E0433]: cannot find `system` in `sidgate_input`
[INFO] [stdout]     --> crates/sidgate-agent/src/signaling.rs:1520:41
[INFO] [stdout]      |
[INFO] [stdout] 1520 |         Effect::Sleep => sidgate_input::system::sleep().map_err(|_| RejectReason::Failed)?,
[INFO] [stdout]      |                                         ^^^^^^ could not find `system` in `sidgate_input`
[INFO] [stdout]      |
[INFO] [stdout] note: found an item that was configured out
[INFO] [stdout]     --> crates/sidgate-input/src/lib.rs:23:9
[INFO] [stdout]      |
[INFO] [stdout]   22 | #[cfg(windows)]
[INFO] [stdout]      |       ------- the item is gated here
[INFO] [stdout]   23 | pub mod system;
[INFO] [stdout]      |         ^^^^^^
[INFO] [stdout] 
[INFO] [stdout] 
[INFO] [stdout] error[E0433]: cannot find `system` in `sidgate_input`
[INFO] [stdout]     --> crates/sidgate-agent/src/signaling.rs:1521:42
[INFO] [stdout]      |
[INFO] [stdout] 1521 |         Effect::Reboot => sidgate_input::system::reboot().map_err(|_| RejectReason::Failed)?,
[INFO] [stdout]      |                                          ^^^^^^ could not find `system` in `sidgate_input`
[INFO] [stdout]      |
[INFO] [stdout] note: found an item that was configured out
[INFO] [stdout]     --> crates/sidgate-input/src/lib.rs:23:9
[INFO] [stdout]      |
[INFO] [stdout]   22 | #[cfg(windows)]
[INFO] [stdout]      |       ------- the item is gated here
[INFO] [stdout]   23 | pub mod system;
[INFO] [stdout]      |         ^^^^^^
[INFO] [stdout] 
[INFO] [stdout] 
[INFO] [stdout] error[E0433]: cannot find `system` in `sidgate_input`
[INFO] [stdout]     --> crates/sidgate-agent/src/signaling.rs:1522:44
[INFO] [stdout]      |
[INFO] [stdout] 1522 |         Effect::Shutdown => sidgate_input::system::shutdown().map_err(|_| RejectReason::Failed)?,
[INFO] [stdout]      |                                            ^^^^^^ could not find `system` in `sidgate_input`
[INFO] [stdout]      |
[INFO] [stdout] note: found an item that was configured out
[INFO] [stdout]     --> crates/sidgate-input/src/lib.rs:23:9
[INFO] [stdout]      |
[INFO] [stdout]   22 | #[cfg(windows)]
[INFO] [stdout]      |       ------- the item is gated here
[INFO] [stdout]   23 | pub mod system;
[INFO] [stdout]      |         ^^^^^^
[INFO] [stdout] 
[INFO] [stdout] 
[INFO] [stdout] error[E0433]: cannot find `system` in `sidgate_input`
[INFO] [stdout]    --> crates/sidgate-agent/src/signaling.rs:741:40
[INFO] [stdout]     |
[INFO] [stdout] 741 |                 let _ = sidgate_input::system::lock_session();
[INFO] [stdout]     |                                        ^^^^^^ could not find `system` in `sidgate_input`
[INFO] [stdout]     |
[INFO] [stdout] note: found an item that was configured out
[INFO] [stdout]    --> crates/sidgate-input/src/lib.rs:23:9
[INFO] [stdout]     |
[INFO] [stdout]  22 | #[cfg(windows)]
[INFO] [stdout]     |       ------- the item is gated here
[INFO] [stdout]  23 | pub mod system;
[INFO] [stdout]     |         ^^^^^^
[INFO] [stdout] 
[INFO] [stdout] 
[INFO] [stdout] error[E0425]: cannot find type `Capturer` in crate `sidgate_capture`
[INFO] [stdout]   --> crates/sidgate-agent/src/pipeline.rs:69:55
[INFO] [stdout]    |
[INFO] [stdout] 69 |     fn publish(&self, capturer: &mut sidgate_capture::Capturer) {
[INFO] [stdout]    |                                                       ^^^^^^^^ not found in `sidgate_capture`
[INFO] [stdout]    |
[INFO] [stdout] note: found an item that was configured out
[INFO] [stdout]   --> crates/sidgate-capture/src/lib.rs:27:51
[INFO] [stdout]    |
[INFO] [stdout] 26 | #[cfg(windows)]
[INFO] [stdout]    |       ------- the item is gated here
[INFO] [stdout] 27 | pub use dxgi::{enumerate_outputs, DxgiCapturer as Capturer, PointerState};
[INFO] [stdout]    |                                                   ^^^^^^^^
[INFO] [stdout] 
[INFO] [stdout] 
[INFO] [stdout] error[E0425]: cannot find type `Capturer` in crate `sidgate_capture`
[INFO] [stdout]    --> crates/sidgate-agent/src/pipeline.rs:563:32
[INFO] [stdout]     |
[INFO] [stdout] 563 |     capturer: sidgate_capture::Capturer,
[INFO] [stdout]     |                                ^^^^^^^^ not found in `sidgate_capture`
[INFO] [stdout]     |
[INFO] [stdout] note: found an item that was configured out
[INFO] [stdout]    --> crates/sidgate-capture/src/lib.rs:27:51
[INFO] [stdout]     |
[INFO] [stdout]  26 | #[cfg(windows)]
[INFO] [stdout]     |       ------- the item is gated here
[INFO] [stdout]  27 | pub use dxgi::{enumerate_outputs, DxgiCapturer as Capturer, PointerState};
[INFO] [stdout]     |                                                   ^^^^^^^^
[INFO] [stdout] 
[INFO] [stdout] 
[INFO] [stdout] error[E0425]: cannot find type `Encoder` in crate `sidgate_encode`
[INFO] [stdout]    --> crates/sidgate-agent/src/pipeline.rs:564:30
[INFO] [stdout]     |
[INFO] [stdout] 564 |     encoder: sidgate_encode::Encoder,
[INFO] [stdout]     |                              ^^^^^^^ not found in `sidgate_encode`
[INFO] [stdout]     |
[INFO] [stdout] note: found an item that was configured out
[INFO] [stdout]    --> crates/sidgate-encode/src/lib.rs:21:69
[INFO] [stdout]     |
[INFO] [stdout]  20 | #[cfg(windows)]
[INFO] [stdout]     |       ------- the item is gated here
[INFO] [stdout]  21 | pub use mediafoundation::{EncoderTimings, MediaFoundationEncoder as Encoder, Submission};
[INFO] [stdout]     |                                                                     ^^^^^^^
[INFO] [stdout] help: consider importing this struct
[INFO] [stdout]     |
[INFO] [stdout]  13 + use data_encoding::Encoder;
[INFO] [stdout]     |
[INFO] [stdout] help: if you import `Encoder`, refer to it directly
[INFO] [stdout]     |
[INFO] [stdout] 564 -     encoder: sidgate_encode::Encoder,
[INFO] [stdout] 564 +     encoder: Encoder,
[INFO] [stdout]     |
[INFO] [stdout] 
[INFO] [stdout] 
[INFO] [stdout] error[E0433]: cannot find `Encoder` in `sidgate_encode`
[INFO] [stdout]    --> crates/sidgate-agent/src/pipeline.rs:579:39
[INFO] [stdout]     |
[INFO] [stdout] 579 |         let encoder = sidgate_encode::Encoder::new(
[INFO] [stdout]     |                                       ^^^^^^^ could not find `Encoder` in `sidgate_encode`
[INFO] [stdout]     |
[INFO] [stdout] note: found an item that was configured out
[INFO] [stdout]    --> crates/sidgate-encode/src/lib.rs:21:69
[INFO] [stdout]     |
[INFO] [stdout]  20 | #[cfg(windows)]
[INFO] [stdout]     |       ------- the item is gated here
[INFO] [stdout]  21 | pub use mediafoundation::{EncoderTimings, MediaFoundationEncoder as Encoder, Submission};
[INFO] [stdout]     |                                                                     ^^^^^^^
[INFO] [stdout] help: consider importing this struct
[INFO] [stdout]     |
[INFO] [stdout]  13 + use data_encoding::Encoder;
[INFO] [stdout]     |
[INFO] [stdout] help: if you import `Encoder`, refer to it directly
[INFO] [stdout]     |
[INFO] [stdout] 579 -         let encoder = sidgate_encode::Encoder::new(
[INFO] [stdout] 579 +         let encoder = Encoder::new(
[INFO] [stdout]     |
[INFO] [stdout] 
[INFO] [stdout] 
[INFO] [stdout] error[E0425]: cannot find type `Sink` in crate `sidgate_input`
[INFO] [stdout]    --> crates/sidgate-agent/src/signaling.rs:590:32
[INFO] [stdout]     |
[INFO] [stdout] 590 |     sink: Mutex<sidgate_input::Sink>,
[INFO] [stdout]     |                                ^^^^ not found in `sidgate_input`
[INFO] [stdout]     |
[INFO] [stdout] note: found an item that was configured out
[INFO] [stdout]    --> crates/sidgate-input/src/lib.rs:26:38
[INFO] [stdout]     |
[INFO] [stdout]  25 | #[cfg(windows)]
[INFO] [stdout]     |       ------- the item is gated here
[INFO] [stdout]  26 | pub use send_input::SendInputSink as Sink;
[INFO] [stdout]     |                                      ^^^^
[INFO] [stdout] help: consider importing one of these items
[INFO] [stdout]     |
[INFO] [stdout]  18 + use std::io::Sink;
[INFO] [stdout]     |
[INFO] [stdout]  18 + use futures_util::Sink;
[INFO] [stdout]     |
[INFO] [stdout]  18 + use futures_util::io::Sink;
[INFO] [stdout]     |
[INFO] [stdout]  18 + use tokio::io::Sink;
[INFO] [stdout]     |
[INFO] [stdout] help: if you import `Sink`, refer to it directly
[INFO] [stdout]     |
[INFO] [stdout] 590 -     sink: Mutex<sidgate_input::Sink>,
[INFO] [stdout] 590 +     sink: Mutex<Sink>,
[INFO] [stdout]     |
[INFO] [stdout] 
[INFO] [stdout] 
[INFO] [stdout] error[E0433]: cannot find `Sink` in `sidgate_input`
[INFO] [stdout]    --> crates/sidgate-agent/src/signaling.rs:621:45
[INFO] [stdout]     |
[INFO] [stdout] 621 |             sink: Mutex::new(sidgate_input::Sink::new()),
[INFO] [stdout]     |                                             ^^^^ could not find `Sink` in `sidgate_input`
[INFO] [stdout]     |
[INFO] [stdout] note: found an item that was configured out
[INFO] [stdout]    --> crates/sidgate-input/src/lib.rs:26:38
[INFO] [stdout]     |
[INFO] [stdout]  25 | #[cfg(windows)]
[INFO] [stdout]     |       ------- the item is gated here
[INFO] [stdout]  26 | pub use send_input::SendInputSink as Sink;
[INFO] [stdout]     |                                      ^^^^
[INFO] [stdout] help: consider importing one of these items
[INFO] [stdout]     |
[INFO] [stdout]  18 + use std::io::Sink;
[INFO] [stdout]     |
[INFO] [stdout]  18 + use futures_util::Sink;
[INFO] [stdout]     |
[INFO] [stdout]  18 + use futures_util::io::Sink;
[INFO] [stdout]     |
[INFO] [stdout]  18 + use tokio::io::Sink;
[INFO] [stdout]     |
[INFO] [stdout] help: if you import `Sink`, refer to it directly
[INFO] [stdout]     |
[INFO] [stdout] 621 -             sink: Mutex::new(sidgate_input::Sink::new()),
[INFO] [stdout] 621 +             sink: Mutex::new(Sink::new()),
[INFO] [stdout]     |
[INFO] [stdout] 
[INFO] [stdout] 
[INFO] [stdout] error[E0425]: cannot find value `enumerate_outputs` in crate `sidgate_capture`
[INFO] [stdout]     --> crates/sidgate-agent/src/signaling.rs:1064:50
[INFO] [stdout]      |
[INFO] [stdout] 1064 |     tokio::task::block_in_place(sidgate_capture::enumerate_outputs).unwrap_or_else(|e| {
[INFO] [stdout]      |                                                  ^^^^^^^^^^^^^^^^^ not found in `sidgate_capture`
[INFO] [stdout]      |
[INFO] [stdout] note: found an item that was configured out
[INFO] [stdout]     --> crates/sidgate-capture/src/lib.rs:27:16
[INFO] [stdout]      |
[INFO] [stdout]   26 | #[cfg(windows)]
[INFO] [stdout]      |       ------- the item is gated here
[INFO] [stdout]   27 | pub use dxgi::{enumerate_outputs, DxgiCapturer as Capturer, PointerState};
[INFO] [stdout]      |                ^^^^^^^^^^^^^^^^^
[INFO] [stdout] 
[INFO] [stdout] 
[INFO] [stdout] error[E0433]: cannot find `system` in `sidgate_input`
[INFO] [stdout]     --> crates/sidgate-agent/src/signaling.rs:1347:30
[INFO] [stdout]      |
[INFO] [stdout] 1347 |         match sidgate_input::system::lock_session() {
[INFO] [stdout]      |                              ^^^^^^ could not find `system` in `sidgate_input`
[INFO] [stdout]      |
[INFO] [stdout] note: found an item that was configured out
[INFO] [stdout]     --> crates/sidgate-input/src/lib.rs:23:9
[INFO] [stdout]      |
[INFO] [stdout]   22 | #[cfg(windows)]
[INFO] [stdout]      |       ------- the item is gated here
[INFO] [stdout]   23 | pub mod system;
[INFO] [stdout]      |         ^^^^^^
[INFO] [stdout] 
[INFO] [stdout] 
[INFO] [stdout] error[E0433]: cannot find `clipboard` in `sidgate_input`
[INFO] [stdout]     --> crates/sidgate-agent/src/signaling.rs:1505:32
[INFO] [stdout]      |
[INFO] [stdout] 1505 |                 sidgate_input::clipboard::read_text(MAX_CLIPBOARD_BYTES)
[INFO] [stdout]      |                                ^^^^^^^^^ could not find `clipboard` in `sidgate_input`
[INFO] [stdout]      |
[INFO] [stdout] note: found an item that was configured out
[INFO] [stdout]     --> crates/sidgate-input/src/lib.rs:19:9
[INFO] [stdout]      |
[INFO] [stdout]   18 | #[cfg(windows)]
[INFO] [stdout]      |       ------- the item is gated here
[INFO] [stdout]   19 | pub mod clipboard;
[INFO] [stdout]      |         ^^^^^^^^^
[INFO] [stdout] 
[INFO] [stdout] 
[INFO] [stdout] error[E0433]: cannot find `system` in `sidgate_input`
[INFO] [stdout]     --> crates/sidgate-agent/src/signaling.rs:1519:40
[INFO] [stdout]      |
[INFO] [stdout] 1519 |         Effect::Lock => sidgate_input::system::lock_session().map_err(|_| RejectReason::Failed)?,
[INFO] [stdout]      |                                        ^^^^^^ could not find `system` in `sidgate_input`
[INFO] [stdout]      |
[INFO] [stdout] note: found an item that was configured out
[INFO] [stdout]     --> crates/sidgate-input/src/lib.rs:23:9
[INFO] [stdout]      |
[INFO] [stdout]   22 | #[cfg(windows)]
[INFO] [stdout]      |       ------- the item is gated here
[INFO] [stdout]   23 | pub mod system;
[INFO] [stdout]      |         ^^^^^^
[INFO] [stdout] 
[INFO] [stdout] 
[INFO] [stdout] error[E0433]: cannot find `system` in `sidgate_input`
[INFO] [stdout]     --> crates/sidgate-agent/src/signaling.rs:1520:41
[INFO] [stdout]      |
[INFO] [stdout] 1520 |         Effect::Sleep => sidgate_input::system::sleep().map_err(|_| RejectReason::Failed)?,
[INFO] [stdout]      |                                         ^^^^^^ could not find `system` in `sidgate_input`
[INFO] [stdout]      |
[INFO] [stdout] note: found an item that was configured out
[INFO] [stdout]     --> crates/sidgate-input/src/lib.rs:23:9
[INFO] [stdout]      |
[INFO] [stdout]   22 | #[cfg(windows)]
[INFO] [stdout]      |       ------- the item is gated here
[INFO] [stdout]   23 | pub mod system;
[INFO] [stdout]      |         ^^^^^^
[INFO] [stdout] 
[INFO] [stdout] 
[INFO] [stdout] error[E0433]: cannot find `system` in `sidgate_input`
[INFO] [stdout]     --> crates/sidgate-agent/src/signaling.rs:1521:42
[INFO] [stdout]      |
[INFO] [stdout] 1521 |         Effect::Reboot => sidgate_input::system::reboot().map_err(|_| RejectReason::Failed)?,
[INFO] [stdout]      |                                          ^^^^^^ could not find `system` in `sidgate_input`
[INFO] [stdout]      |
[INFO] [stdout] note: found an item that was configured out
[INFO] [stdout]     --> crates/sidgate-input/src/lib.rs:23:9
[INFO] [stdout]      |
[INFO] [stdout]   22 | #[cfg(windows)]
[INFO] [stdout]      |       ------- the item is gated here
[INFO] [stdout]   23 | pub mod system;
[INFO] [stdout]      |         ^^^^^^
[INFO] [stdout] 
[INFO] [stdout] 
[INFO] [stdout] error[E0433]: cannot find `system` in `sidgate_input`
[INFO] [stdout]     --> crates/sidgate-agent/src/signaling.rs:1522:44
[INFO] [stdout]      |
[INFO] [stdout] 1522 |         Effect::Shutdown => sidgate_input::system::shutdown().map_err(|_| RejectReason::Failed)?,
[INFO] [stdout]      |                                            ^^^^^^ could not find `system` in `sidgate_input`
[INFO] [stdout]      |
[INFO] [stdout] note: found an item that was configured out
[INFO] [stdout]     --> crates/sidgate-input/src/lib.rs:23:9
[INFO] [stdout]      |
[INFO] [stdout]   22 | #[cfg(windows)]
[INFO] [stdout]      |       ------- the item is gated here
[INFO] [stdout]   23 | pub mod system;
[INFO] [stdout]      |         ^^^^^^
[INFO] [stdout] 
[INFO] [stdout] 
[INFO] [stdout] error[E0425]: cannot find type `Capturer` in crate `sidgate_capture`
[INFO] [stdout]   --> crates/sidgate-agent/src/pipeline.rs:69:55
[INFO] [stdout]    |
[INFO] [stdout] 69 |     fn publish(&self, capturer: &mut sidgate_capture::Capturer) {
[INFO] [stdout]    |                                                       ^^^^^^^^ not found in `sidgate_capture`
[INFO] [stdout]    |
[INFO] [stdout] note: found an item that was configured out
[INFO] [stdout]   --> crates/sidgate-capture/src/lib.rs:27:51
[INFO] [stdout]    |
[INFO] [stdout] 26 | #[cfg(windows)]
[INFO] [stdout]    |       ------- the item is gated here
[INFO] [stdout] 27 | pub use dxgi::{enumerate_outputs, DxgiCapturer as Capturer, PointerState};
[INFO] [stdout]    |                                                   ^^^^^^^^
[INFO] [stdout] 
[INFO] [stdout] 
[INFO] [stdout] error[E0425]: cannot find type `Capturer` in crate `sidgate_capture`
[INFO] [stdout]    --> crates/sidgate-agent/src/pipeline.rs:563:32
[INFO] [stdout]     |
[INFO] [stdout] 563 |     capturer: sidgate_capture::Capturer,
[INFO] [stdout]     |                                ^^^^^^^^ not found in `sidgate_capture`
[INFO] [stdout]     |
[INFO] [stdout] note: found an item that was configured out
[INFO] [stdout]    --> crates/sidgate-capture/src/lib.rs:27:51
[INFO] [stdout]     |
[INFO] [stdout]  26 | #[cfg(windows)]
[INFO] [stdout]     |       ------- the item is gated here
[INFO] [stdout]  27 | pub use dxgi::{enumerate_outputs, DxgiCapturer as Capturer, PointerState};
[INFO] [stdout]     |                                                   ^^^^^^^^
[INFO] [stdout] 
[INFO] [stdout] 
[INFO] [stdout] error[E0425]: cannot find type `Encoder` in crate `sidgate_encode`
[INFO] [stdout]    --> crates/sidgate-agent/src/pipeline.rs:564:30
[INFO] [stdout]     |
[INFO] [stdout] 564 |     encoder: sidgate_encode::Encoder,
[INFO] [stdout]     |                              ^^^^^^^ not found in `sidgate_encode`
[INFO] [stdout]     |
[INFO] [stdout] note: found an item that was configured out
[INFO] [stdout]    --> crates/sidgate-encode/src/lib.rs:21:69
[INFO] [stdout]     |
[INFO] [stdout]  20 | #[cfg(windows)]
[INFO] [stdout]     |       ------- the item is gated here
[INFO] [stdout]  21 | pub use mediafoundation::{EncoderTimings, MediaFoundationEncoder as Encoder, Submission};
[INFO] [stdout]     |                                                                     ^^^^^^^
[INFO] [stdout] help: consider importing this struct
[INFO] [stdout]     |
[INFO] [stdout]  13 + use data_encoding::Encoder;
[INFO] [stdout]     |
[INFO] [stdout] help: if you import `Encoder`, refer to it directly
[INFO] [stdout]     |
[INFO] [stdout] 564 -     encoder: sidgate_encode::Encoder,
[INFO] [stdout] 564 +     encoder: Encoder,
[INFO] [stdout]     |
[INFO] [stdout] 
[INFO] [stdout] 
[INFO] [stdout] error[E0433]: cannot find `Encoder` in `sidgate_encode`
[INFO] [stdout]    --> crates/sidgate-agent/src/pipeline.rs:579:39
[INFO] [stdout]     |
[INFO] [stdout] 579 |         let encoder = sidgate_encode::Encoder::new(
[INFO] [stdout]     |                                       ^^^^^^^ could not find `Encoder` in `sidgate_encode`
[INFO] [stdout]     |
[INFO] [stdout] note: found an item that was configured out
[INFO] [stdout]    --> crates/sidgate-encode/src/lib.rs:21:69
[INFO] [stdout]     |
[INFO] [stdout]  20 | #[cfg(windows)]
[INFO] [stdout]     |       ------- the item is gated here
[INFO] [stdout]  21 | pub use mediafoundation::{EncoderTimings, MediaFoundationEncoder as Encoder, Submission};
[INFO] [stdout]     |                                                                     ^^^^^^^
[INFO] [stdout] help: consider importing this struct
[INFO] [stdout]     |
[INFO] [stdout]  13 + use data_encoding::Encoder;
[INFO] [stdout]     |
[INFO] [stdout] help: if you import `Encoder`, refer to it directly
[INFO] [stdout]     |
[INFO] [stdout] 579 -         let encoder = sidgate_encode::Encoder::new(
[INFO] [stdout] 579 +         let encoder = Encoder::new(
[INFO] [stdout]     |
[INFO] [stdout] 
[INFO] [stdout] 
[INFO] [stdout] error[E0433]: cannot find module or crate `windows` in this scope
[INFO] [stdout]    --> crates/sidgate-agent/src/service/manager.rs:267:21
[INFO] [stdout]     |
[INFO] [stdout] 267 |         let error = windows::core::Error::from(ERROR_ACCESS_DENIED);
[INFO] [stdout]     |                     ^^^^^^^ use of unresolved module or unlinked crate `windows`
[INFO] [stdout]     |
[INFO] [stdout]     = help: if you wanted to use a crate named `windows`, use `cargo add windows` to add it to your `Cargo.toml`
[INFO] [stdout]     = note: enum `crate::rtcp_forward::tests::Error` exists but is inaccessible
[INFO] [stdout] help: consider importing one of these items
[INFO] [stdout]     |
[INFO] [stdout] 253 +     use std::error::Error;
[INFO] [stdout]     |
[INFO] [stdout] 253 +     use std::fmt::Error;
[INFO] [stdout]     |
[INFO] [stdout] 253 +     use std::io::Error;
[INFO] [stdout]     |
[INFO] [stdout] 253 +     use anyhow::Error;
[INFO] [stdout]     |
[INFO] [stdout]     = and 22 other candidates
[INFO] [stdout] help: if you import `Error`, refer to it directly
[INFO] [stdout]     |
[INFO] [stdout] 267 -         let error = windows::core::Error::from(ERROR_ACCESS_DENIED);
[INFO] [stdout] 267 +         let error = Error::from(ERROR_ACCESS_DENIED);
[INFO] [stdout]     |
[INFO] [stdout] 
[INFO] [stdout] 
[INFO] [stdout] error[E0433]: cannot find module or crate `windows` in this scope
[INFO] [stdout]    --> crates/sidgate-agent/src/service/manager.rs:277:21
[INFO] [stdout]     |
[INFO] [stdout] 277 |         let error = windows::core::Error::from(windows::Win32::Foundation::ERROR_FILE_NOT_FOUND);
[INFO] [stdout]     |                     ^^^^^^^ use of unresolved module or unlinked crate `windows`
[INFO] [stdout]     |
[INFO] [stdout]     = help: if you wanted to use a crate named `windows`, use `cargo add windows` to add it to your `Cargo.toml`
[INFO] [stdout]     = note: enum `crate::rtcp_forward::tests::Error` exists but is inaccessible
[INFO] [stdout] help: consider importing one of these items
[INFO] [stdout]     |
[INFO] [stdout] 253 +     use std::error::Error;
[INFO] [stdout]     |
[INFO] [stdout] 253 +     use std::fmt::Error;
[INFO] [stdout]     |
[INFO] [stdout] 253 +     use std::io::Error;
[INFO] [stdout]     |
[INFO] [stdout] 253 +     use anyhow::Error;
[INFO] [stdout]     |
[INFO] [stdout]     = and 22 other candidates
[INFO] [stdout] help: if you import `Error`, refer to it directly
[INFO] [stdout]     |
[INFO] [stdout] 277 -         let error = windows::core::Error::from(windows::Win32::Foundation::ERROR_FILE_NOT_FOUND);
[INFO] [stdout] 277 +         let error = Error::from(windows::Win32::Foundation::ERROR_FILE_NOT_FOUND);
[INFO] [stdout]     |
[INFO] [stdout] 
[INFO] [stdout] 
[INFO] [stdout] error[E0425]: cannot find type `Sink` in crate `sidgate_input`
[INFO] [stdout]    --> crates/sidgate-agent/src/signaling.rs:590:32
[INFO] [stdout]     |
[INFO] [stdout] 590 |     sink: Mutex<sidgate_input::Sink>,
[INFO] [stdout]     |                                ^^^^ not found in `sidgate_input`
[INFO] [stdout]     |
[INFO] [stdout] note: found an item that was configured out
[INFO] [stdout]    --> crates/sidgate-input/src/lib.rs:26:38
[INFO] [stdout]     |
[INFO] [stdout]  25 | #[cfg(windows)]
[INFO] [stdout]     |       ------- the item is gated here
[INFO] [stdout]  26 | pub use send_input::SendInputSink as Sink;
[INFO] [stdout]     |                                      ^^^^
[INFO] [stdout] help: consider importing one of these items
[INFO] [stdout]     |
[INFO] [stdout]  18 + use std::io::Sink;
[INFO] [stdout]     |
[INFO] [stdout]  18 + use futures_util::Sink;
[INFO] [stdout]     |
[INFO] [stdout]  18 + use futures_util::io::Sink;
[INFO] [stdout]     |
[INFO] [stdout]  18 + use tokio::io::Sink;
[INFO] [stdout]     |
[INFO] [stdout] help: if you import `Sink`, refer to it directly
[INFO] [stdout]     |
[INFO] [stdout] 590 -     sink: Mutex<sidgate_input::Sink>,
[INFO] [stdout] 590 +     sink: Mutex<Sink>,
[INFO] [stdout]     |
[INFO] [stdout] 
[INFO] [stdout] 
[INFO] [stdout] error[E0433]: cannot find `Sink` in `sidgate_input`
[INFO] [stdout]    --> crates/sidgate-agent/src/signaling.rs:621:45
[INFO] [stdout]     |
[INFO] [stdout] 621 |             sink: Mutex::new(sidgate_input::Sink::new()),
[INFO] [stdout]     |                                             ^^^^ could not find `Sink` in `sidgate_input`
[INFO] [stdout]     |
[INFO] [stdout] note: found an item that was configured out
[INFO] [stdout]    --> crates/sidgate-input/src/lib.rs:26:38
[INFO] [stdout]     |
[INFO] [stdout]  25 | #[cfg(windows)]
[INFO] [stdout]     |       ------- the item is gated here
[INFO] [stdout]  26 | pub use send_input::SendInputSink as Sink;
[INFO] [stdout]     |                                      ^^^^
[INFO] [stdout] help: consider importing one of these items
[INFO] [stdout]     |
[INFO] [stdout]  18 + use std::io::Sink;
[INFO] [stdout]     |
[INFO] [stdout]  18 + use futures_util::Sink;
[INFO] [stdout]     |
[INFO] [stdout]  18 + use futures_util::io::Sink;
[INFO] [stdout]     |
[INFO] [stdout]  18 + use tokio::io::Sink;
[INFO] [stdout]     |
[INFO] [stdout] help: if you import `Sink`, refer to it directly
[INFO] [stdout]     |
[INFO] [stdout] 621 -             sink: Mutex::new(sidgate_input::Sink::new()),
[INFO] [stdout] 621 +             sink: Mutex::new(Sink::new()),
[INFO] [stdout]     |
[INFO] [stdout] 
[INFO] [stdout] 
[INFO] [stdout] error[E0425]: cannot find value `enumerate_outputs` in crate `sidgate_capture`
[INFO] [stdout]     --> crates/sidgate-agent/src/signaling.rs:1064:50
[INFO] [stdout]      |
[INFO] [stdout] 1064 |     tokio::task::block_in_place(sidgate_capture::enumerate_outputs).unwrap_or_else(|e| {
[INFO] [stdout]      |                                                  ^^^^^^^^^^^^^^^^^ not found in `sidgate_capture`
[INFO] [stdout]      |
[INFO] [stdout] note: found an item that was configured out
[INFO] [stdout]     --> crates/sidgate-capture/src/lib.rs:27:16
[INFO] [stdout]      |
[INFO] [stdout]   26 | #[cfg(windows)]
[INFO] [stdout]      |       ------- the item is gated here
[INFO] [stdout]   27 | pub use dxgi::{enumerate_outputs, DxgiCapturer as Capturer, PointerState};
[INFO] [stdout]      |                ^^^^^^^^^^^^^^^^^
[INFO] [stdout] 
[INFO] [stdout] 
[INFO] [stdout] warning: method call on a diverging inference variable
[INFO] [stdout]     --> crates/sidgate-agent/src/signaling.rs:1234:32
[INFO] [stdout]      |
[INFO] [stdout] 1234 |                     if changed.is_err() { break }
[INFO] [stdout]      |                                ^^^^^^
[INFO] [stdout]      |
[INFO] [stdout]      = help: consider providing a type annotation
[INFO] [stdout]      = warning: this was previously accepted by the compiler but is being phased out; it will become a hard error in a future release!
[INFO] [stdout]      = note: for more information, see issue #156047 <https://github.com/rust-lang/rust/issues/156047>
[INFO] [stdout]      = note: `#[warn(method_call_on_diverging_infer_var)]` (part of `#[warn(future_incompatible)]`) on by default
[INFO] [stdout] 
[INFO] [stdout] 
[INFO] [stdout] error[E0599]: no method named `is_err` found for type `!` in the current scope
[INFO] [stdout]     --> crates/sidgate-agent/src/signaling.rs:1234:32
[INFO] [stdout]      |
[INFO] [stdout] 1234 |                     if changed.is_err() { break }
[INFO] [stdout]      |                                ^^^^^^ method not found in `!`
[INFO] [stdout] 
[INFO] [stdout] 
[INFO] [stdout] warning: method call on a diverging inference variable
[INFO] [stdout]     --> crates/sidgate-agent/src/signaling.rs:1242:32
[INFO] [stdout]      |
[INFO] [stdout] 1242 |                     if changed.is_err() { break }
[INFO] [stdout]      |                                ^^^^^^
[INFO] [stdout]      |
[INFO] [stdout]      = help: consider providing a type annotation
[INFO] [stdout]      = warning: this was previously accepted by the compiler but is being phased out; it will become a hard error in a future release!
[INFO] [stdout]      = note: for more information, see issue #156047 <https://github.com/rust-lang/rust/issues/156047>
[INFO] [stdout] 
[INFO] [stdout] 
[INFO] [stdout] error[E0599]: no method named `is_err` found for type `!` in the current scope
[INFO] [stdout]     --> crates/sidgate-agent/src/signaling.rs:1242:32
[INFO] [stdout]      |
[INFO] [stdout] 1242 |                     if changed.is_err() { break }
[INFO] [stdout]      |                                ^^^^^^ method not found in `!`
[INFO] [stdout] 
[INFO] [stdout] 
[INFO] [stdout] warning: method call on a diverging inference variable
[INFO] [stdout]     --> crates/sidgate-agent/src/signaling.rs:1249:32
[INFO] [stdout]      |
[INFO] [stdout] 1249 |                     if changed.is_err() { break }
[INFO] [stdout]      |                                ^^^^^^
[INFO] [stdout]      |
[INFO] [stdout]      = help: consider providing a type annotation
[INFO] [stdout]      = warning: this was previously accepted by the compiler but is being phased out; it will become a hard error in a future release!
[INFO] [stdout]      = note: for more information, see issue #156047 <https://github.com/rust-lang/rust/issues/156047>
[INFO] [stdout] 
[INFO] [stdout] 
[INFO] [stdout] error[E0599]: no method named `is_err` found for type `!` in the current scope
[INFO] [stdout]     --> crates/sidgate-agent/src/signaling.rs:1249:32
[INFO] [stdout]      |
[INFO] [stdout] 1249 |                     if changed.is_err() { break }
[INFO] [stdout]      |                                ^^^^^^ method not found in `!`
[INFO] [stdout] 
[INFO] [stdout] 
[INFO] [stdout] warning: method call on a diverging inference variable
[INFO] [stdout]     --> crates/sidgate-agent/src/signaling.rs:1234:32
[INFO] [stdout]      |
[INFO] [stdout] 1234 |                     if changed.is_err() { break }
[INFO] [stdout]      |                                ^^^^^^
[INFO] [stdout]      |
[INFO] [stdout]      = help: consider providing a type annotation
[INFO] [stdout]      = warning: this was previously accepted by the compiler but is being phased out; it will become a hard error in a future release!
[INFO] [stdout]      = note: for more information, see issue #156047 <https://github.com/rust-lang/rust/issues/156047>
[INFO] [stdout]      = note: `#[warn(method_call_on_diverging_infer_var)]` (part of `#[warn(future_incompatible)]`) on by default
[INFO] [stdout] 
[INFO] [stdout] 
[INFO] [stdout] error[E0599]: no method named `is_err` found for type `!` in the current scope
[INFO] [stdout]     --> crates/sidgate-agent/src/signaling.rs:1234:32
[INFO] [stdout]      |
[INFO] [stdout] 1234 |                     if changed.is_err() { break }
[INFO] [stdout]      |                                ^^^^^^ method not found in `!`
[INFO] [stdout] 
[INFO] [stdout] 
[INFO] [stdout] warning: method call on a diverging inference variable
[INFO] [stdout]     --> crates/sidgate-agent/src/signaling.rs:1242:32
[INFO] [stdout]      |
[INFO] [stdout] 1242 |                     if changed.is_err() { break }
[INFO] [stdout]      |                                ^^^^^^
[INFO] [stdout]      |
[INFO] [stdout]      = help: consider providing a type annotation
[INFO] [stdout]      = warning: this was previously accepted by the compiler but is being phased out; it will become a hard error in a future release!
[INFO] [stdout]      = note: for more information, see issue #156047 <https://github.com/rust-lang/rust/issues/156047>
[INFO] [stdout] 
[INFO] [stdout] 
[INFO] [stdout] error[E0599]: no method named `is_err` found for type `!` in the current scope
[INFO] [stdout]     --> crates/sidgate-agent/src/signaling.rs:1242:32
[INFO] [stdout]      |
[INFO] [stdout] 1242 |                     if changed.is_err() { break }
[INFO] [stdout]      |                                ^^^^^^ method not found in `!`
[INFO] [stdout] 
[INFO] [stdout] 
[INFO] [stdout] warning: method call on a diverging inference variable
[INFO] [stdout]     --> crates/sidgate-agent/src/signaling.rs:1249:32
[INFO] [stdout]      |
[INFO] [stdout] 1249 |                     if changed.is_err() { break }
[INFO] [stdout]      |                                ^^^^^^
[INFO] [stdout]      |
[INFO] [stdout]      = help: consider providing a type annotation
[INFO] [stdout]      = warning: this was previously accepted by the compiler but is being phased out; it will become a hard error in a future release!
[INFO] [stdout]      = note: for more information, see issue #156047 <https://github.com/rust-lang/rust/issues/156047>
[INFO] [stdout] 
[INFO] [stdout] 
[INFO] [stdout] error[E0599]: no method named `is_err` found for type `!` in the current scope
[INFO] [stdout]     --> crates/sidgate-agent/src/signaling.rs:1249:32
[INFO] [stdout]      |
[INFO] [stdout] 1249 |                     if changed.is_err() { break }
[INFO] [stdout]      |                                ^^^^^^ method not found in `!`
[INFO] [stdout] 
[INFO] [stdout] 
[INFO] [stdout] Some errors have detailed explanations: E0408, E0425, E0432, E0433, E0599.
[INFO] [stdout] 
[INFO] [stdout] For more information about an error, try `rustc --explain E0408`.
[INFO] [stdout] 
[INFO] [stderr] error: could not compile `sidgate-agent` (bin "sidgate") due to 36 previous errors; 6 warnings emitted
[INFO] [stderr] warning: build failed, waiting for other jobs to finish...
[INFO] [stdout] Some errors have detailed explanations: E0408, E0425, E0432, E0433, E0599.
[INFO] [stdout] 
[INFO] [stdout] For more information about an error, try `rustc --explain E0408`.
[INFO] [stdout] 
[INFO] [stderr] error: could not compile `sidgate-agent` (bin "sidgate" test) due to 39 previous errors; 6 warnings emitted
[INFO] [stderr] warning: unused dependency `tracing`
[INFO] [stderr]   --> crates/sidgate-capture/Cargo.toml:15:1
[INFO] [stderr]    |
[INFO] [stderr] 15 | tracing = "0.1.44"
[INFO] [stderr]    | ^^^^^^^^^^^^^^^^^^
[INFO] [stderr]    |
[INFO] [stderr]    = note: `cargo::unused_dependencies` is set to `warn` by default
[INFO] [stderr] help: consider removing the dependency on `tracing`
[INFO] [stderr] warning: `sidgate-capture` (manifest) generated 1 warning
[INFO] [stderr] warning: unused dependency `tracing`
[INFO] [stderr]   --> crates/sidgate-input/Cargo.toml:16:1
[INFO] [stderr]    |
[INFO] [stderr] 16 | tracing = "0.1.44"
[INFO] [stderr]    | ^^^^^^^^^^^^^^^^^^
[INFO] [stderr]    |
[INFO] [stderr]    = note: `cargo::unused_dependencies` is set to `warn` by default
[INFO] [stderr] help: consider removing the dependency on `tracing`
[INFO] [stderr] warning: `sidgate-input` (manifest) generated 1 warning
[INFO] running `Command { std: "docker" "inspect" "58289294a013d8ec6d31c48b0ef7a9e16f0406713c2a16e1513921f8ff06b67b", kill_on_drop: false }`
[INFO] running `Command { std: "docker" "rm" "-f" "58289294a013d8ec6d31c48b0ef7a9e16f0406713c2a16e1513921f8ff06b67b", kill_on_drop: false }`
[INFO] [stdout] 58289294a013d8ec6d31c48b0ef7a9e16f0406713c2a16e1513921f8ff06b67b
