[INFO] cloning repository https://github.com/zodd95x/kraken-player
[INFO] running `Command { std: "git" "-c" "credential.helper=" "-c" "credential.helper=/workspace/cargo-home/bin/git-credential-null" "clone" "--bare" "https://github.com/zodd95x/kraken-player" "/workspace/cache/git-repos/https%3A%2F%2Fgithub.com%2Fzodd95x%2Fkraken-player", kill_on_drop: false }`
[INFO] [stderr] Cloning into bare repository '/workspace/cache/git-repos/https%3A%2F%2Fgithub.com%2Fzodd95x%2Fkraken-player'...
[INFO] running `Command { std: "git" "rev-parse" "HEAD", kill_on_drop: false }`
[INFO] [stdout] 4f3beb9302c8519a92cc2683435890baab60bac4
[INFO] checking zodd95x/kraken-player against 3154cc1a3e6424e44f438a95007d043ed5ceaaf6+rustflags=-Znext-solver=coherence for pr-133502-30
[INFO] running `Command { std: "git" "clone" "/workspace/cache/git-repos/https%3A%2F%2Fgithub.com%2Fzodd95x%2Fkraken-player" "/workspace/builds/worker-6-tc1/source", kill_on_drop: false }`
[INFO] [stderr] Cloning into '/workspace/builds/worker-6-tc1/source'...
[INFO] [stderr] done.
[INFO] started tweaking git repo https://github.com/zodd95x/kraken-player
[INFO] finished tweaking git repo https://github.com/zodd95x/kraken-player
[INFO] tweaked toml for git repo https://github.com/zodd95x/kraken-player written to /workspace/builds/worker-6-tc1/source/Cargo.toml
[INFO] validating manifest of git repo https://github.com/zodd95x/kraken-player on toolchain 3154cc1a3e6424e44f438a95007d043ed5ceaaf6
[INFO] running `Command { std: CARGO_HOME="/workspace/cargo-home" RUSTUP_HOME="/workspace/rustup-home" "/workspace/cargo-home/bin/cargo" "+3154cc1a3e6424e44f438a95007d043ed5ceaaf6" "metadata" "--manifest-path" "Cargo.toml" "--no-deps", kill_on_drop: false }`
[INFO] crate git repo https://github.com/zodd95x/kraken-player already has a lockfile, it will not be regenerated
[INFO] running `Command { std: CARGO_HOME="/workspace/cargo-home" RUSTUP_HOME="/workspace/rustup-home" "/workspace/cargo-home/bin/cargo" "+3154cc1a3e6424e44f438a95007d043ed5ceaaf6" "fetch" "--manifest-path" "Cargo.toml", kill_on_drop: false }`
[INFO] [stderr]     Updating crates.io index
[INFO] [stderr]  Downloading crates ...
[INFO] [stderr]   Downloaded zmij v1.0.19
[INFO] [stderr]   Downloaded rusqlite v0.38.0
[INFO] [stderr]   Downloaded napi-build v2.3.1
[INFO] [stderr]   Downloaded napi-sys v3.2.1
[INFO] [stderr]   Downloaded ogg_pager v0.7.0
[INFO] [stderr]   Downloaded napi-derive v3.5.1
[INFO] [stderr]   Downloaded napi-derive-backend v5.0.1
[INFO] [stderr]   Downloaded napi v3.8.2
[INFO] [stderr]   Downloaded lofty_attr v0.11.1
[INFO] [stderr]   Downloaded jwalk v0.8.1
[INFO] [stderr]   Downloaded lofty v0.22.4
[INFO] [stderr]   Downloaded libsqlite3-sys v0.36.0
[INFO] [stderr]   Downloaded sqlite-wasm-rs v0.5.2
[INFO] [stderr]   Downloaded ferrous-opencc-compiler v0.3.0
[INFO] [stderr]   Downloaded clap_lex v0.7.7
[INFO] [stderr]   Downloaded clap v4.5.57
[INFO] [stderr]   Downloaded clap_builder v4.5.57
[INFO] [stderr]   Downloaded ferrous-opencc v0.3.1
[INFO] [stderr]   Downloaded cbindgen v0.29.2
[INFO] [stderr]   Downloaded fst v0.4.7
[INFO] [stderr]   Downloaded time-macros v0.2.26
[INFO] [stderr]   Downloaded time v0.3.46
[INFO] [stderr]   Downloaded objc2-media-player v0.3.2
[INFO] [stderr]   Downloaded aws-lc-sys v0.37.0
[INFO] [stderr]   Downloaded mpris-server v0.9.0
[INFO] [stderr]   Downloaded uuid v1.20.0
[INFO] [stderr]   Downloaded trait-variant v0.1.2
[INFO] [stderr]   Downloaded lofty_attr v0.10.0
[INFO] [stderr]   Downloaded lofty v0.19.2
[INFO] [stderr]   Downloaded ogg_pager v0.6.1
[INFO] running `Command { std: "docker" "create" "-v" "/var/lib/crater-agent-workspace/builds/worker-6-tc1/source:/opt/rustwide/workdir:ro,Z" "-v" "/var/lib/crater-agent-workspace/builds/worker-6-tc1/target:/opt/rustwide/target:rw,Z" "-v" "/var/lib/crater-agent-workspace/cargo-home:/opt/rustwide/cargo-home:ro,Z" "-v" "/var/lib/crater-agent-workspace/rustup-home:/opt/rustwide/rustup-home:ro,Z" "-m" "1610612736" "--network" "none" "ghcr.io/rust-lang/crates-build-env/linux@sha256:77db811e55d90add9212f6832c23229e3de5f1c1f9905e8cb07319ea15df73ac" "sleep" "infinity", kill_on_drop: false }`
[INFO] [stdout] ed3a1b85e930c74bd52cff4fc30fd88bb11c9d5c269b87cf251e6adefdc19f8b
[INFO] running `Command { std: "docker" "start" "ed3a1b85e930c74bd52cff4fc30fd88bb11c9d5c269b87cf251e6adefdc19f8b", kill_on_drop: false }`
[INFO] running `Command { std: "docker" "inspect" "ed3a1b85e930c74bd52cff4fc30fd88bb11c9d5c269b87cf251e6adefdc19f8b", kill_on_drop: false }`
[INFO] running `Command { std: "docker" "exec" "-e" "SOURCE_DIR=/opt/rustwide/workdir" "-e" "CARGO_HOME=/opt/rustwide/cargo-home" "-e" "RUSTUP_HOME=/opt/rustwide/rustup-home" "-e" "CARGO_TARGET_DIR=/opt/rustwide/target" "-w" "/opt/rustwide/workdir" "--user" "0:0" "ed3a1b85e930c74bd52cff4fc30fd88bb11c9d5c269b87cf251e6adefdc19f8b" "/opt/rustwide/cargo-home/bin/cargo" "+3154cc1a3e6424e44f438a95007d043ed5ceaaf6" "metadata" "--no-deps" "--format-version=1", kill_on_drop: false }`
[INFO] running `Command { std: "docker" "inspect" "ed3a1b85e930c74bd52cff4fc30fd88bb11c9d5c269b87cf251e6adefdc19f8b", kill_on_drop: false }`
[INFO] running `Command { std: "docker" "exec" "-e" "SOURCE_DIR=/opt/rustwide/workdir" "-e" "CARGO_HOME=/opt/rustwide/cargo-home" "-e" "RUSTUP_HOME=/opt/rustwide/rustup-home" "-e" "CARGO_TARGET_DIR=/opt/rustwide/target" "-e" "CARGO_INCREMENTAL=0" "-e" "RUST_BACKTRACE=full" "-e" "RUSTFLAGS=--cap-lints=forbid -Znext-solver=coherence" "-e" "RUSTDOCFLAGS=--cap-lints=forbid" "-w" "/opt/rustwide/workdir" "--user" "0:0" "ed3a1b85e930c74bd52cff4fc30fd88bb11c9d5c269b87cf251e6adefdc19f8b" "/opt/rustwide/cargo-home/bin/cargo" "+3154cc1a3e6424e44f438a95007d043ed5ceaaf6" "check" "--frozen" "--all" "--all-targets" "--message-format=json", kill_on_drop: false }`
[INFO] [stderr]    Compiling proc-macro2 v1.0.106
[INFO] [stderr]    Compiling quote v1.0.44
[INFO] [stderr]     Checking arrayvec v0.7.6
[INFO] [stderr]    Compiling libc v0.2.180
[INFO] [stderr]    Compiling serde_core v1.0.228
[INFO] [stderr]     Checking parking_lot_core v0.9.12
[INFO] [stderr]     Checking futures-channel v0.3.31
[INFO] [stderr]    Compiling zmij v1.0.19
[INFO] [stderr]     Checking unicode-ident v1.0.22
[INFO] [stderr]    Compiling napi-build v2.3.1
[INFO] [stderr]    Compiling zstd-safe v7.2.4
[INFO] [stderr]     Checking writeable v0.6.2
[INFO] [stderr]     Checking litemap v0.8.1
[INFO] [stderr]    Compiling rustix v1.1.3
[INFO] [stderr]    Compiling aws-lc-rs v1.15.4
[INFO] [stderr]    Compiling icu_normalizer_data v2.1.1
[INFO] [stderr]    Compiling icu_properties_data v2.1.2
[INFO] [stderr]     Checking parking_lot v0.12.5
[INFO] [stderr]     Checking event-listener v5.4.1
[INFO] [stderr]     Checking windows-link v0.2.1
[INFO] [stderr]     Checking linux-raw-sys v0.11.0
[INFO] [stderr]    Compiling utf8parse v0.2.2
[INFO] [stderr]    Compiling wasm-bindgen-shared v0.2.108
[INFO] [stderr]     Checking symphonia-core v0.5.5
[INFO] [stderr]    Compiling fst v0.4.7
[INFO] [stderr]    Compiling virtue v0.0.18
[INFO] [stderr]    Compiling anstyle-parse v0.2.7
[INFO] [stderr]     Checking futures-lite v2.6.1
[INFO] [stderr]    Compiling anstyle v1.0.13
[INFO] [stderr]    Compiling is_terminal_polyfill v1.70.2
[INFO] [stderr]     Checking event-listener-strategy v0.5.4
[INFO] [stderr]    Compiling colorchoice v1.0.4
[INFO] [stderr]    Compiling unicode-segmentation v1.12.0
[INFO] [stderr]    Compiling anstyle-query v1.1.5
[INFO] [stderr]    Compiling phf_generator v0.13.1
[INFO] [stderr]    Compiling napi v3.8.2
[INFO] [stderr]    Compiling anstream v0.6.21
[INFO] [stderr]     Checking serde_json v1.0.149
[INFO] [stderr]     Checking http-body v1.0.1
[INFO] [stderr]    Compiling dtor v0.1.1
[INFO] [stderr]     Checking num-bigint v0.4.6
[INFO] [stderr]    Compiling syn v2.0.114
[INFO] [stderr]     Checking libloading v0.9.0
[INFO] [stderr]    Compiling async-io v2.6.0
[INFO] [stderr]    Compiling rustls v0.23.36
[INFO] [stderr]    Compiling clap_lex v0.7.7
[INFO] [stderr]    Compiling bitflags v2.10.0
[INFO] [stderr]     Checking napi-sys v3.2.1
[INFO] [stderr]    Compiling convert_case v0.10.0
[INFO] [stderr]    Compiling clap_builder v4.5.57
[INFO] [stderr]     Checking indexmap v2.13.0
[INFO] [stderr]     Checking ctor v0.6.3
[INFO] [stderr]    Compiling bincode_derive v2.0.1
[INFO] [stderr]     Checking windows-strings v0.5.1
[INFO] [stderr]     Checking windows-result v0.4.1
[INFO] [stderr]     Checking as-slice v0.2.1
[INFO] [stderr]    Compiling memchr v2.7.6
[INFO] [stderr]    Compiling cbindgen v0.29.2
[INFO] [stderr]     Checking rustc-hash v2.1.1
[INFO] [stderr]    Compiling jobserver v0.1.34
[INFO] [stderr]    Compiling getrandom v0.3.4
[INFO] [stderr]    Compiling built v0.8.0
[INFO] [stderr]    Compiling av-scenechange v0.14.1
[INFO] [stderr]    Compiling cc v1.2.55
[INFO] [stderr]     Checking symphonia-metadata v0.5.5
[INFO] [stderr]    Compiling once_cell v1.21.3
[INFO] [stderr]    Compiling unty v0.0.4
[INFO] [stderr]     Checking aligned v0.4.3
[INFO] [stderr]     Checking async-channel v2.5.0
[INFO] [stderr]    Compiling bincode v2.0.1
[INFO] [stderr]     Checking core2 v0.4.0
[INFO] [stderr]    Compiling rav1e v0.8.1
[INFO] [stderr]     Checking nom v8.0.0
[INFO] [stderr]     Checking symphonia-utils-xiph v0.5.5
[INFO] [stderr]     Checking data-encoding v2.10.0
[INFO] [stderr]     Checking y4m v0.8.0
[INFO] [stderr]     Checking num-rational v0.4.2
[INFO] [stderr]    Compiling pastey v0.1.1
[INFO] [stderr]    Compiling bumpalo v3.19.1
[INFO] [stderr]    Compiling time-macros v0.2.26
[INFO] [stderr]     Checking deranged v0.5.5
[INFO] [stderr]     Checking bitstream-io v4.9.0
[INFO] [stderr]    Compiling wasm-bindgen v0.2.108
[INFO] [stderr]    Compiling simd_helpers v0.1.0
[INFO] [stderr]    Compiling phf_codegen v0.13.1
[INFO] [stderr]     Checking async-lock v3.4.2
[INFO] [stderr]     Checking maybe-rayon v0.1.1
[INFO] [stderr]     Checking piper v0.2.4
[INFO] [stderr]     Checking itertools v0.14.0
[INFO] [stderr]     Checking sync_wrapper v1.0.2
[INFO] [stderr]     Checking ipnet v2.11.0
[INFO] [stderr]     Checking num-conv v0.2.0
[INFO] [stderr]     Checking imgref v1.12.0
[INFO] [stderr]    Compiling noop_proc_macro v0.3.0
[INFO] [stderr]     Checking loop9 v0.1.5
[INFO] [stderr]     Checking rustls-native-certs v0.8.3
[INFO] [stderr]     Checking blocking v1.6.2
[INFO] [stderr]     Checking async-executor v1.13.3
[INFO] [stderr]     Checking async-broadcast v0.7.2
[INFO] [stderr]    Compiling cmake v0.1.57
[INFO] [stderr]    Compiling toml_datetime v0.7.5+spec-1.1.0
[INFO] [stderr]    Compiling serde_spanned v1.0.4
[INFO] [stderr]     Checking avif-serialize v0.8.6
[INFO] [stderr]     Checking windows-threading v0.2.1
[INFO] [stderr]     Checking zune-inflate v0.2.54
[INFO] [stderr]    Compiling toml_edit v0.23.10+spec-1.0.0
[INFO] [stderr]    Compiling toml v0.9.11+spec-1.1.0
[INFO] [stderr]     Checking time v0.3.46
[INFO] [stderr]     Checking pxfm v0.1.27
[INFO] [stderr]     Checking uuid v1.20.0
[INFO] [stderr]     Checking crossbeam-queue v0.3.12
[INFO] [stderr]     Checking ordered-stream v0.2.0
[INFO] [stderr]     Checking bit_field v0.10.3
[INFO] [stderr]    Compiling zstd-sys v2.0.16+zstd.1.5.7
[INFO] [stderr]    Compiling aws-lc-sys v0.37.0
[INFO] [stderr]    Compiling clap v4.5.57
[INFO] [stderr]    Compiling synstructure v0.13.2
[INFO] [stderr]    Compiling napi-derive-backend v5.0.1
[INFO] [stderr]    Compiling tempfile v3.24.0
[INFO] [stderr]    Compiling proc-macro-crate v3.4.0
[INFO] [stderr]    Compiling wasm-bindgen-macro-support v0.2.108
[INFO] [stderr]    Compiling libsqlite3-sys v0.36.0
[INFO] [stderr]     Checking rgb v0.8.52
[INFO] [stderr]     Checking extended v0.1.0
[INFO] [stderr]     Checking lebe v0.5.3
[INFO] [stderr]     Checking iri-string v0.7.10
[INFO] [stderr]     Checking symphonia-format-riff v0.5.5
[INFO] [stderr]     Checking transpose v0.2.3
[INFO] [stderr]     Checking crossbeam v0.8.4
[INFO] [stderr]     Checking windows-sys v0.59.0
[INFO] [stderr]     Checking symphonia-format-mkv v0.5.5
[INFO] [stderr]     Checking symphonia-codec-vorbis v0.5.5
[INFO] [stderr]     Checking symphonia-format-isomp4 v0.5.5
[INFO] [stderr]     Checking symphonia-format-ogg v0.5.5
[INFO] [stderr]     Checking symphonia-bundle-flac v0.5.5
[INFO] [stderr]     Checking symphonia-bundle-mp3 v0.5.5
[INFO] [stderr]     Checking symphonia-codec-aac v0.5.5
[INFO] [stderr]     Checking symphonia-codec-adpcm v0.5.5
[INFO] [stderr]     Checking symphonia-codec-alac v0.5.5
[INFO] [stderr]     Checking symphonia-codec-pcm v0.5.5
[INFO] [stderr]     Checking ogg_pager v0.6.1
[INFO] [stderr]     Checking ogg_pager v0.7.0
[INFO] [stderr]     Checking http-body-util v0.1.3
[INFO] [stderr]    Compiling tools v0.1.0 (/opt/rustwide/workdir/native/tools)
[INFO] [stderr]    Compiling taskbar-lyric v0.1.0 (/opt/rustwide/workdir/native/taskbar-lyric)
[INFO] [stderr]    Compiling external-media-integration v0.1.0 (/opt/rustwide/workdir/native/external-media-integration)
[INFO] [stderr]     Checking hashlink v0.11.0
[INFO] [stderr]     Checking primal-check v0.3.4
[INFO] [stderr]     Checking num-complex v0.4.6
[INFO] [stderr]     Checking qoi v0.4.1
[INFO] [stderr]     Checking hashbrown v0.14.5
[INFO] [stderr]     Checking sdd v3.0.10
[INFO] [stderr]     Checking symphonia v0.5.5
[INFO] [stderr]     Checking jwalk v0.8.1
[INFO] [stderr]     Checking md5 v0.8.0
[INFO] [stderr]     Checking scc v2.4.0
[INFO] [stderr]    Compiling serde_derive v1.0.228
[INFO] [stderr]    Compiling zerofrom-derive v0.1.6
[INFO] [stderr]    Compiling yoke-derive v0.8.1
[INFO] [stderr]    Compiling tokio-macros v2.6.0
[INFO] [stderr]    Compiling zerovec-derive v0.11.2
[INFO] [stderr]    Compiling futures-macro v0.3.31
[INFO] [stderr]    Compiling displaydoc v0.2.5
[INFO] [stderr]    Compiling tracing-attributes v0.1.31
[INFO] [stderr]    Compiling thiserror-impl v2.0.18
[INFO] [stderr]     Checking tokio v1.49.0
[INFO] [stderr]    Compiling enumflags2_derive v0.7.12
[INFO] [stderr]     Checking futures-util v0.3.31
[INFO] [stderr]    Compiling equator-macro v0.4.2
[INFO] [stderr]     Checking polling v3.11.0
[INFO] [stderr]    Compiling windows-interface v0.59.3
[INFO] [stderr]     Checking zerofrom v0.1.6
[INFO] [stderr]    Compiling windows-implement v0.60.2
[INFO] [stderr]    Compiling zerocopy-derive v0.8.38
[INFO] [stderr]     Checking yoke v0.8.1
[INFO] [stderr]     Checking zerovec v0.11.5
[INFO] [stderr]     Checking zerotrie v0.2.3
[INFO] [stderr]     Checking equator v0.4.2
[INFO] [stderr]    Compiling napi-derive v3.5.1
[INFO] [stderr]     Checking aligned-vec v0.6.4
[INFO] [stderr]    Compiling profiling-procmacros v1.0.17
[INFO] [stderr]     Checking v_frame v0.3.9
[INFO] [stderr]     Checking tracing v0.1.44
[INFO] [stderr]     Checking windows-core v0.62.2
[INFO] [stderr]    Compiling arg_enum_proc_macro v0.3.4
[INFO] [stderr]     Checking av1-grain v0.2.5
[INFO] [stderr]     Checking async-signal v0.2.13
[INFO] [stderr]     Checking profiling v1.0.17
[INFO] [stderr]    Compiling num-derive v0.4.2
[INFO] [stderr]    Compiling fax_derive v0.2.0
[INFO] [stderr]     Checking async-process v2.5.0
[INFO] [stderr]     Checking thiserror v2.0.18
[INFO] [stderr]    Compiling wasm-bindgen-macro v0.2.108
[INFO] [stderr]    Compiling serde_repr v0.1.20
[INFO] [stderr]     Checking tinystr v0.8.2
[INFO] [stderr]     Checking potential_utf v0.1.4
[INFO] [stderr]     Checking fax v0.2.6
[INFO] [stderr]    Compiling async-trait v0.1.89
[INFO] [stderr]     Checking icu_collections v2.1.1
[INFO] [stderr]     Checking icu_locale_core v2.1.1
[INFO] [stderr]    Compiling phf_macros v0.13.1
[INFO] [stderr]     Checking tracing-subscriber v0.3.22
[INFO] [stderr]     Checking windows-future v0.3.2
[INFO] [stderr]     Checking windows-collections v0.3.2
[INFO] [stderr]     Checking zerocopy v0.8.38
[INFO] [stdout] error[E0425]: cannot find type `IMarshal` in module `windows_core::imp`
[INFO] [stdout]   --> /opt/rustwide/cargo-home/registry/src/index.crates.io-1949cf8c6b5b557f/windows-future-0.3.2/src/bindings.rs:87:51
[INFO] [stdout]    |
[INFO] [stdout] 87 |             } else if *iid == <windows_core::imp::IMarshal as windows_core::Interface>::IID {
[INFO] [stdout]    |                                                   ^^^^^^^^ not found in `windows_core::imp`
[INFO] [stdout] 
[INFO] [stdout] 
[INFO] [stdout] error[E0425]: cannot find function `marshaler` in module `windows_core::imp`
[INFO] [stdout]   --> /opt/rustwide/cargo-home/registry/src/index.crates.io-1949cf8c6b5b557f/windows-future-0.3.2/src/bindings.rs:89:43
[INFO] [stdout]    |
[INFO] [stdout] 89 |                 return windows_core::imp::marshaler(
[INFO] [stdout]    |                                           ^^^^^^^^^ not found in `windows_core::imp`
[INFO] [stdout] 
[INFO] [stdout] 
[INFO] [stdout] error[E0425]: cannot find type `IMarshal` in module `windows_core::imp`
[INFO] [stdout]    --> /opt/rustwide/cargo-home/registry/src/index.crates.io-1949cf8c6b5b557f/windows-future-0.3.2/src/bindings.rs:255:51
[INFO] [stdout]     |
[INFO] [stdout] 255 |             } else if *iid == <windows_core::imp::IMarshal as windows_core::Interface>::IID {
[INFO] [stdout]     |                                                   ^^^^^^^^ not found in `windows_core::imp`
[INFO] [stdout] 
[INFO] [stdout] 
[INFO] [stdout] error[E0425]: cannot find function `marshaler` in module `windows_core::imp`
[INFO] [stdout]    --> /opt/rustwide/cargo-home/registry/src/index.crates.io-1949cf8c6b5b557f/windows-future-0.3.2/src/bindings.rs:257:43
[INFO] [stdout]     |
[INFO] [stdout] 257 |                 return windows_core::imp::marshaler(
[INFO] [stdout]     |                                           ^^^^^^^^^ not found in `windows_core::imp`
[INFO] [stdout] 
[INFO] [stdout] 
[INFO] [stdout] error[E0425]: cannot find type `IMarshal` in module `windows_core::imp`
[INFO] [stdout]    --> /opt/rustwide/cargo-home/registry/src/index.crates.io-1949cf8c6b5b557f/windows-future-0.3.2/src/bindings.rs:422:364
[INFO] [stdout]     |
[INFO] [stdout] 422 | ... _ } else if * iid == < windows_core::imp::IMarshal as windows_core::Interface >::IID { ( * this ) . count . add_ref ( ) ; retur...
[INFO] [stdout]     |                                               ^^^^^^^^ not found in `windows_core::imp`
[INFO] [stdout] 
[INFO] [stdout] 
[INFO] [stdout] error[E0425]: cannot find function `marshaler` in module `windows_core::imp`
[INFO] [stdout]    --> /opt/rustwide/cargo-home/registry/src/index.crates.io-1949cf8c6b5b557f/windows-future-0.3.2/src/bindings.rs:422:470
[INFO] [stdout]     |
[INFO] [stdout] 422 | ... . add_ref ( ) ; return windows_core::imp::marshaler ( core::mem::transmute ( & mut ( * this ) . vtable as * mut _ as * mut core...
[INFO] [stdout]     |                                               ^^^^^^^^^ not found in `windows_core::imp`
[INFO] [stdout] 
[INFO] [stdout] 
[INFO] [stdout] error[E0425]: cannot find type `IMarshal` in module `windows_core::imp`
[INFO] [stdout]    --> /opt/rustwide/cargo-home/registry/src/index.crates.io-1949cf8c6b5b557f/windows-future-0.3.2/src/bindings.rs:572:51
[INFO] [stdout]     |
[INFO] [stdout] 572 |             } else if *iid == <windows_core::imp::IMarshal as windows_core::Interface>::IID {
[INFO] [stdout]     |                                                   ^^^^^^^^ not found in `windows_core::imp`
[INFO] [stdout] 
[INFO] [stdout] 
[INFO] [stdout] error[E0425]: cannot find function `marshaler` in module `windows_core::imp`
[INFO] [stdout]    --> /opt/rustwide/cargo-home/registry/src/index.crates.io-1949cf8c6b5b557f/windows-future-0.3.2/src/bindings.rs:574:43
[INFO] [stdout]     |
[INFO] [stdout] 574 |                 return windows_core::imp::marshaler(
[INFO] [stdout]     |                                           ^^^^^^^^^ not found in `windows_core::imp`
[INFO] [stdout] 
[INFO] [stdout] 
[INFO] [stdout] error[E0425]: cannot find type `IMarshal` in module `windows_core::imp`
[INFO] [stdout]    --> /opt/rustwide/cargo-home/registry/src/index.crates.io-1949cf8c6b5b557f/windows-future-0.3.2/src/bindings.rs:752:364
[INFO] [stdout]     |
[INFO] [stdout] 752 | ... _ } else if * iid == < windows_core::imp::IMarshal as windows_core::Interface >::IID { ( * this ) . count . add_ref ( ) ; retur...
[INFO] [stdout]     |                                               ^^^^^^^^ not found in `windows_core::imp`
[INFO] [stdout] 
[INFO] [stdout] 
[INFO] [stdout] error[E0425]: cannot find function `marshaler` in module `windows_core::imp`
[INFO] [stdout]    --> /opt/rustwide/cargo-home/registry/src/index.crates.io-1949cf8c6b5b557f/windows-future-0.3.2/src/bindings.rs:752:470
[INFO] [stdout]     |
[INFO] [stdout] 752 | ... . add_ref ( ) ; return windows_core::imp::marshaler ( core::mem::transmute ( & mut ( * this ) . vtable as * mut _ as * mut core...
[INFO] [stdout]     |                                               ^^^^^^^^^ not found in `windows_core::imp`
[INFO] [stdout] 
[INFO] [stdout] 
[INFO] [stdout] error[E0425]: cannot find type `IMarshal` in module `windows_core::imp`
[INFO] [stdout]    --> /opt/rustwide/cargo-home/registry/src/index.crates.io-1949cf8c6b5b557f/windows-future-0.3.2/src/bindings.rs:927:377
[INFO] [stdout]     |
[INFO] [stdout] 927 | ... _ } else if * iid == < windows_core::imp::IMarshal as windows_core::Interface >::IID { ( * this ) . count . add_ref ( ) ; retur...
[INFO] [stdout]     |                                               ^^^^^^^^ not found in `windows_core::imp`
[INFO] [stdout] 
[INFO] [stdout] 
[INFO] [stdout] error[E0425]: cannot find function `marshaler` in module `windows_core::imp`
[INFO] [stdout]    --> /opt/rustwide/cargo-home/registry/src/index.crates.io-1949cf8c6b5b557f/windows-future-0.3.2/src/bindings.rs:927:483
[INFO] [stdout]     |
[INFO] [stdout] 927 | ... . add_ref ( ) ; return windows_core::imp::marshaler ( core::mem::transmute ( & mut ( * this ) . vtable as * mut _ as * mut core...
[INFO] [stdout]     |                                               ^^^^^^^^^ not found in `windows_core::imp`
[INFO] [stdout] 
[INFO] [stdout] 
[INFO] [stdout] error[E0425]: cannot find function `submit` in crate `windows_threading`
[INFO] [stdout]    --> /opt/rustwide/cargo-home/registry/src/index.crates.io-1949cf8c6b5b557f/windows-future-0.3.2/src/async_spawn.rs:264:28
[INFO] [stdout]     |
[INFO] [stdout] 264 |         windows_threading::submit(move || {
[INFO] [stdout]     |                            ^^^^^^ not found in `windows_threading`
[INFO] [stdout] 
[INFO] [stdout] 
[INFO] [stdout] error[E0425]: cannot find function `submit` in crate `windows_threading`
[INFO] [stdout]    --> /opt/rustwide/cargo-home/registry/src/index.crates.io-1949cf8c6b5b557f/windows-future-0.3.2/src/async_spawn.rs:281:28
[INFO] [stdout]     |
[INFO] [stdout] 281 |         windows_threading::submit(move || {
[INFO] [stdout]     |                            ^^^^^^ not found in `windows_threading`
[INFO] [stdout] 
[INFO] [stdout] 
[INFO] [stdout] error[E0425]: cannot find function `submit` in crate `windows_threading`
[INFO] [stdout]    --> /opt/rustwide/cargo-home/registry/src/index.crates.io-1949cf8c6b5b557f/windows-future-0.3.2/src/async_spawn.rs:298:28
[INFO] [stdout]     |
[INFO] [stdout] 298 |         windows_threading::submit(move || {
[INFO] [stdout]     |                            ^^^^^^ not found in `windows_threading`
[INFO] [stdout] 
[INFO] [stdout] 
[INFO] [stdout] error[E0425]: cannot find function `submit` in crate `windows_threading`
[INFO] [stdout]    --> /opt/rustwide/cargo-home/registry/src/index.crates.io-1949cf8c6b5b557f/windows-future-0.3.2/src/async_spawn.rs:315:28
[INFO] [stdout]     |
[INFO] [stdout] 315 |         windows_threading::submit(move || {
[INFO] [stdout]     |                            ^^^^^^ not found in `windows_threading`
[INFO] [stdout] 
[INFO] [stdout] 
[INFO] [stderr]     Checking windows-numerics v0.3.1
[INFO] [stderr]     Checking phf v0.13.1
[INFO] [stderr]     Checking moxcms v0.7.11
[INFO] [stderr]    Compiling trait-variant v0.1.2
[INFO] [stderr]     Checking icu_provider v2.1.1
[INFO] [stderr]    Compiling lofty_attr v0.11.1
[INFO] [stderr]    Compiling lofty_attr v0.10.0
[INFO] [stderr]     Checking winreg v0.55.0
[INFO] [stdout] error: OS not supported. if your application is multi-platform, use `[target.'cfg(windows)'.dependencies] winreg = "..."`
[INFO] [stdout]    --> /opt/rustwide/cargo-home/registry/src/index.crates.io-1949cf8c6b5b557f/winreg-0.55.0/src/lib.rs:115:9
[INFO] [stdout]     |
[INFO] [stdout] 115 | ...   compile_error!("OS not supported. if your application is multi-platform, use `[target.'cfg(windows)'.dependencies] winreg = \"...\"`");
[INFO] [stdout]     |       ^^^^^^^^^^^^^^^^^^^^^^^^^^^^^^^^^^^^^^^^^^^^^^^^^^^^^^^^^^^^^^^^^^^^^^^^^^^^^^^^^^^^^^^^^^^^^^^^^^^^^^^^^^^^^^^^^^^^^^^^^^^^^^^^^^^^^^
[INFO] [stdout] 
[INFO] [stdout] 
[INFO] [stderr] error: could not compile `winreg` (lib) due to 1 previous error
[INFO] [stderr] warning: build failed, waiting for other jobs to finish...
[INFO] [stdout] For more information about this error, try `rustc --explain E0425`.
[INFO] [stdout] 
[INFO] [stderr] error: could not compile `windows-future` (lib) due to 16 previous errors
[INFO] running `Command { std: "docker" "inspect" "ed3a1b85e930c74bd52cff4fc30fd88bb11c9d5c269b87cf251e6adefdc19f8b", kill_on_drop: false }`
[INFO] running `Command { std: "docker" "rm" "-f" "ed3a1b85e930c74bd52cff4fc30fd88bb11c9d5c269b87cf251e6adefdc19f8b", kill_on_drop: false }`
[INFO] [stdout] ed3a1b85e930c74bd52cff4fc30fd88bb11c9d5c269b87cf251e6adefdc19f8b
