[INFO] cloning repository https://github.com/zly2006/space-logger
[INFO] running `Command { std: "git" "-c" "credential.helper=" "-c" "credential.helper=/workspace/cargo-home/bin/git-credential-null" "clone" "--bare" "https://github.com/zly2006/space-logger" "/workspace/cache/git-repos/https%3A%2F%2Fgithub.com%2Fzly2006%2Fspace-logger", kill_on_drop: false }`
[INFO] [stderr] Cloning into bare repository '/workspace/cache/git-repos/https%3A%2F%2Fgithub.com%2Fzly2006%2Fspace-logger'...
[INFO] running `Command { std: "git" "rev-parse" "HEAD", kill_on_drop: false }`
[INFO] [stdout] 96aa300cf422e47b8b72c4f4ca8c1b27092ca7d6
[INFO] checking zly2006/space-logger against 3154cc1a3e6424e44f438a95007d043ed5ceaaf6 for pr-133502-30
[INFO] running `Command { std: "git" "clone" "/workspace/cache/git-repos/https%3A%2F%2Fgithub.com%2Fzly2006%2Fspace-logger" "/workspace/builds/worker-4-tc2/source", kill_on_drop: false }`
[INFO] [stderr] Cloning into '/workspace/builds/worker-4-tc2/source'...
[INFO] [stderr] done.
[INFO] started tweaking git repo https://github.com/zly2006/space-logger
[INFO] finished tweaking git repo https://github.com/zly2006/space-logger
[INFO] tweaked toml for git repo https://github.com/zly2006/space-logger written to /workspace/builds/worker-4-tc2/source/Cargo.toml
[INFO] validating manifest of git repo https://github.com/zly2006/space-logger on toolchain 3154cc1a3e6424e44f438a95007d043ed5ceaaf6
[INFO] running `Command { std: CARGO_HOME="/workspace/cargo-home" RUSTUP_HOME="/workspace/rustup-home" "/workspace/cargo-home/bin/cargo" "+3154cc1a3e6424e44f438a95007d043ed5ceaaf6" "metadata" "--manifest-path" "Cargo.toml" "--no-deps", kill_on_drop: false }`
[INFO] crate git repo https://github.com/zly2006/space-logger already has a lockfile, it will not be regenerated
[INFO] running `Command { std: CARGO_HOME="/workspace/cargo-home" RUSTUP_HOME="/workspace/rustup-home" "/workspace/cargo-home/bin/cargo" "+3154cc1a3e6424e44f438a95007d043ed5ceaaf6" "fetch" "--manifest-path" "Cargo.toml", kill_on_drop: false }`
[INFO] [stderr]     Blocking waiting for file lock on package cache
[INFO] [stderr]     Blocking waiting for file lock on package cache
[INFO] running `Command { std: "docker" "create" "-v" "/var/lib/crater-agent-workspace/builds/worker-4-tc2/source:/opt/rustwide/workdir:ro,Z" "-v" "/var/lib/crater-agent-workspace/builds/worker-4-tc2/target:/opt/rustwide/target:rw,Z" "-v" "/var/lib/crater-agent-workspace/cargo-home:/opt/rustwide/cargo-home:ro,Z" "-v" "/var/lib/crater-agent-workspace/rustup-home:/opt/rustwide/rustup-home:ro,Z" "-m" "1610612736" "--network" "none" "ghcr.io/rust-lang/crates-build-env/linux@sha256:77db811e55d90add9212f6832c23229e3de5f1c1f9905e8cb07319ea15df73ac" "sleep" "infinity", kill_on_drop: false }`
[INFO] [stdout] abfbafaf0fa91364c3a4c256e010fed032cf45f6cebe6ff789ef79b253125851
[INFO] running `Command { std: "docker" "start" "abfbafaf0fa91364c3a4c256e010fed032cf45f6cebe6ff789ef79b253125851", kill_on_drop: false }`
[INFO] running `Command { std: "docker" "inspect" "abfbafaf0fa91364c3a4c256e010fed032cf45f6cebe6ff789ef79b253125851", kill_on_drop: false }`
[INFO] running `Command { std: "docker" "exec" "-e" "SOURCE_DIR=/opt/rustwide/workdir" "-e" "CARGO_HOME=/opt/rustwide/cargo-home" "-e" "RUSTUP_HOME=/opt/rustwide/rustup-home" "-e" "CARGO_TARGET_DIR=/opt/rustwide/target" "-w" "/opt/rustwide/workdir" "--user" "0:0" "abfbafaf0fa91364c3a4c256e010fed032cf45f6cebe6ff789ef79b253125851" "/opt/rustwide/cargo-home/bin/cargo" "+3154cc1a3e6424e44f438a95007d043ed5ceaaf6" "metadata" "--no-deps" "--format-version=1", kill_on_drop: false }`
[INFO] running `Command { std: "docker" "inspect" "abfbafaf0fa91364c3a4c256e010fed032cf45f6cebe6ff789ef79b253125851", kill_on_drop: false }`
[INFO] running `Command { std: "docker" "exec" "-e" "SOURCE_DIR=/opt/rustwide/workdir" "-e" "CARGO_HOME=/opt/rustwide/cargo-home" "-e" "RUSTUP_HOME=/opt/rustwide/rustup-home" "-e" "CARGO_TARGET_DIR=/opt/rustwide/target" "-e" "CARGO_INCREMENTAL=0" "-e" "RUST_BACKTRACE=full" "-e" "RUSTFLAGS=--cap-lints=forbid" "-e" "RUSTDOCFLAGS=--cap-lints=forbid" "-w" "/opt/rustwide/workdir" "--user" "0:0" "abfbafaf0fa91364c3a4c256e010fed032cf45f6cebe6ff789ef79b253125851" "/opt/rustwide/cargo-home/bin/cargo" "+3154cc1a3e6424e44f438a95007d043ed5ceaaf6" "check" "--frozen" "--all" "--all-targets" "--message-format=json", kill_on_drop: false }`
[INFO] [stderr]    Compiling serde_derive v1.0.228
[INFO] [stderr]    Compiling zerocopy v0.8.47
[INFO] [stderr]    Compiling zerocopy-derive v0.8.47
[INFO] [stderr]    Compiling num-traits v0.2.19
[INFO] [stderr]    Compiling clap_derive v4.6.0
[INFO] [stderr]    Compiling serde_json v1.0.149
[INFO] [stderr]    Compiling alloca v0.4.0
[INFO] [stderr]     Checking regex-syntax v0.8.10
[INFO] [stderr]     Checking memchr v2.8.0
[INFO] [stderr]     Checking ciborium-io v0.2.2
[INFO] [stderr]     Checking plotters-svg v0.3.7
[INFO] [stderr]     Checking itertools v0.13.0
[INFO] [stderr]     Checking cast v0.3.0
[INFO] [stderr]     Checking page_size v0.6.0
[INFO] [stderr]     Checking oorandom v11.1.5
[INFO] [stderr]     Checking anes v0.1.6
[INFO] [stderr]     Checking regex-automata v0.4.14
[INFO] [stderr]     Checking plotters v0.3.7
[INFO] [stderr]     Checking clap v4.6.0
[INFO] [stderr]     Checking criterion-plot v0.8.2
[INFO] [stderr]     Checking regex v1.12.3
[INFO] [stderr]     Checking serde v1.0.228
[INFO] [stderr]     Checking bincode v1.3.3
[INFO] [stderr]     Checking tinytemplate v1.2.1
[INFO] [stderr]     Checking space-logger v0.1.0 (/opt/rustwide/workdir)
[INFO] [stderr]     Checking half v2.7.1
[INFO] [stderr]     Checking ciborium-ll v0.2.2
[INFO] [stderr]     Checking ciborium v0.2.2
[INFO] [stderr]     Checking criterion v0.8.2
[INFO] [stdout] error[E0063]: missing field `dimension` in initializer of `Row`
[INFO] [stdout]   --> benches/query_perf_bench.rs:20:5
[INFO] [stdout]    |
[INFO] [stdout] 20 |     Row {
[INFO] [stdout]    |     ^^^ missing `dimension`
[INFO] [stdout] 
[INFO] [stdout] 
[INFO] [stdout] error[E0063]: missing field `dimension` in initializer of `Query`
[INFO] [stdout]    --> benches/query_perf_bench.rs:105:5
[INFO] [stdout]     |
[INFO] [stdout] 105 |     Query {
[INFO] [stdout]     |     ^^^^^ missing `dimension`
[INFO] [stdout] 
[INFO] [stdout] 
[INFO] [stdout] error[E0063]: missing field `dimension` in initializer of `Row`
[INFO] [stdout]   --> benches/olap_bench.rs:12:5
[INFO] [stdout]    |
[INFO] [stdout] 12 |     Row {
[INFO] [stdout]    |     ^^^ missing `dimension`
[INFO] [stdout] 
[INFO] [stdout] 
[INFO] [stdout] For more information about this error, try `rustc --explain E0063`.
[INFO] [stdout] 
[INFO] [stdout] For more information about this error, try `rustc --explain E0063`.
[INFO] [stdout] 
[INFO] [stderr] error: could not compile `space-logger` (bench "query_perf_bench") due to 2 previous errors
[INFO] [stderr] warning: build failed, waiting for other jobs to finish...
[INFO] [stderr] error: could not compile `space-logger` (bench "olap_bench") due to 1 previous error
[INFO] running `Command { std: "docker" "inspect" "abfbafaf0fa91364c3a4c256e010fed032cf45f6cebe6ff789ef79b253125851", kill_on_drop: false }`
[INFO] running `Command { std: "docker" "rm" "-f" "abfbafaf0fa91364c3a4c256e010fed032cf45f6cebe6ff789ef79b253125851", kill_on_drop: false }`
[INFO] [stdout] abfbafaf0fa91364c3a4c256e010fed032cf45f6cebe6ff789ef79b253125851
