[INFO] cloning repository https://github.com/zizem/Stalzone-Server-Blocker-V2
[INFO] running `Command { std: "git" "-c" "credential.helper=" "-c" "credential.helper=/workspace/cargo-home/bin/git-credential-null" "clone" "--bare" "https://github.com/zizem/Stalzone-Server-Blocker-V2" "/workspace/cache/git-repos/https%3A%2F%2Fgithub.com%2Fzizem%2FStalzone-Server-Blocker-V2", kill_on_drop: false }`
[INFO] [stderr] Cloning into bare repository '/workspace/cache/git-repos/https%3A%2F%2Fgithub.com%2Fzizem%2FStalzone-Server-Blocker-V2'...
[INFO] running `Command { std: "git" "rev-parse" "HEAD", kill_on_drop: false }`
[INFO] [stdout] 4c12e074a7061d051f079d11e0de0d42d3cae49b
[INFO] checking zizem/Stalzone-Server-Blocker-V2 against 3154cc1a3e6424e44f438a95007d043ed5ceaaf6+rustflags=-Znext-solver=coherence for pr-133502-30
[INFO] running `Command { std: "git" "clone" "/workspace/cache/git-repos/https%3A%2F%2Fgithub.com%2Fzizem%2FStalzone-Server-Blocker-V2" "/workspace/builds/worker-5-tc1/source", kill_on_drop: false }`
[INFO] [stderr] Cloning into '/workspace/builds/worker-5-tc1/source'...
[INFO] [stderr] done.
[INFO] started tweaking git repo https://github.com/zizem/Stalzone-Server-Blocker-V2
[INFO] finished tweaking git repo https://github.com/zizem/Stalzone-Server-Blocker-V2
[INFO] tweaked toml for git repo https://github.com/zizem/Stalzone-Server-Blocker-V2 written to /workspace/builds/worker-5-tc1/source/Cargo.toml
[INFO] validating manifest of git repo https://github.com/zizem/Stalzone-Server-Blocker-V2 on toolchain 3154cc1a3e6424e44f438a95007d043ed5ceaaf6
[INFO] running `Command { std: CARGO_HOME="/workspace/cargo-home" RUSTUP_HOME="/workspace/rustup-home" "/workspace/cargo-home/bin/cargo" "+3154cc1a3e6424e44f438a95007d043ed5ceaaf6" "metadata" "--manifest-path" "Cargo.toml" "--no-deps", kill_on_drop: false }`
[INFO] crate git repo https://github.com/zizem/Stalzone-Server-Blocker-V2 already has a lockfile, it will not be regenerated
[INFO] running `Command { std: CARGO_HOME="/workspace/cargo-home" RUSTUP_HOME="/workspace/rustup-home" "/workspace/cargo-home/bin/cargo" "+3154cc1a3e6424e44f438a95007d043ed5ceaaf6" "fetch" "--manifest-path" "Cargo.toml", kill_on_drop: false }`
[INFO] [stderr]     Blocking waiting for file lock on package cache
[INFO] [stderr]     Updating crates.io index
[INFO] [stderr]  Downloading crates ...
[INFO] [stderr]   Downloaded winping v0.10.1
[INFO] [stderr]   Downloaded winapi_forked_icmpapi v0.3.7
[INFO] [stderr]   Downloaded eyre v0.6.14
[INFO] running `Command { std: "docker" "create" "-v" "/var/lib/crater-agent-workspace/builds/worker-5-tc1/source:/opt/rustwide/workdir:ro,Z" "-v" "/var/lib/crater-agent-workspace/builds/worker-5-tc1/target:/opt/rustwide/target:rw,Z" "-v" "/var/lib/crater-agent-workspace/cargo-home:/opt/rustwide/cargo-home:ro,Z" "-v" "/var/lib/crater-agent-workspace/rustup-home:/opt/rustwide/rustup-home:ro,Z" "-m" "1610612736" "--network" "none" "ghcr.io/rust-lang/crates-build-env/linux@sha256:77db811e55d90add9212f6832c23229e3de5f1c1f9905e8cb07319ea15df73ac" "sleep" "infinity", kill_on_drop: false }`
[INFO] [stdout] a1c6ec5dc1398597086c390fa497f662f5baca33effe0e4c14f686c717815e81
[INFO] running `Command { std: "docker" "start" "a1c6ec5dc1398597086c390fa497f662f5baca33effe0e4c14f686c717815e81", kill_on_drop: false }`
[INFO] running `Command { std: "docker" "inspect" "a1c6ec5dc1398597086c390fa497f662f5baca33effe0e4c14f686c717815e81", kill_on_drop: false }`
[INFO] running `Command { std: "docker" "exec" "-e" "SOURCE_DIR=/opt/rustwide/workdir" "-e" "CARGO_HOME=/opt/rustwide/cargo-home" "-e" "RUSTUP_HOME=/opt/rustwide/rustup-home" "-e" "CARGO_TARGET_DIR=/opt/rustwide/target" "-w" "/opt/rustwide/workdir" "--user" "0:0" "a1c6ec5dc1398597086c390fa497f662f5baca33effe0e4c14f686c717815e81" "/opt/rustwide/cargo-home/bin/cargo" "+3154cc1a3e6424e44f438a95007d043ed5ceaaf6" "metadata" "--no-deps" "--format-version=1", kill_on_drop: false }`
[INFO] running `Command { std: "docker" "inspect" "a1c6ec5dc1398597086c390fa497f662f5baca33effe0e4c14f686c717815e81", kill_on_drop: false }`
[INFO] running `Command { std: "docker" "exec" "-e" "SOURCE_DIR=/opt/rustwide/workdir" "-e" "CARGO_HOME=/opt/rustwide/cargo-home" "-e" "RUSTUP_HOME=/opt/rustwide/rustup-home" "-e" "CARGO_TARGET_DIR=/opt/rustwide/target" "-e" "CARGO_INCREMENTAL=0" "-e" "RUST_BACKTRACE=full" "-e" "RUSTFLAGS=--cap-lints=forbid -Znext-solver=coherence" "-e" "RUSTDOCFLAGS=--cap-lints=forbid" "-w" "/opt/rustwide/workdir" "--user" "0:0" "a1c6ec5dc1398597086c390fa497f662f5baca33effe0e4c14f686c717815e81" "/opt/rustwide/cargo-home/bin/cargo" "+3154cc1a3e6424e44f438a95007d043ed5ceaaf6" "check" "--frozen" "--all" "--all-targets" "--message-format=json", kill_on_drop: false }`
[INFO] [stderr]    Compiling zerovec-derive v0.11.4
[INFO] [stderr]    Compiling displaydoc v0.2.7
[INFO] [stderr]    Compiling cc v1.4.3
[INFO] [stderr]    Compiling tokio-macros v2.7.2
[INFO] [stderr]    Compiling aws-lc-rs v1.18.0
[INFO] [stderr]     Checking tracing v0.1.44
[INFO] [stderr]    Compiling thiserror v2.0.20
[INFO] [stderr]     Checking time v0.3.55
[INFO] [stderr]    Compiling strum_macros v0.28.0
[INFO] [stderr]    Compiling rustls v0.23.43
[INFO] [stderr]     Checking futures-util v0.3.34
[INFO] [stderr]     Checking unicode-truncate v2.0.1
[INFO] [stderr]     Checking tokio v1.53.1
[INFO] [stderr]     Checking kasuari v0.4.12
[INFO] [stderr]     Checking zerotrie v0.2.5
[INFO] [stderr]    Compiling rustix v1.1.4
[INFO] [stderr]    Compiling derive_more-impl v2.1.1
[INFO] [stderr]    Compiling cmake v0.1.58
[INFO] [stderr]     Checking zerovec v0.11.7
[INFO] [stderr]     Checking tracing-subscriber v0.3.23
[INFO] [stderr]     Checking derive_more v2.1.1
[INFO] [stderr]    Compiling toml v0.5.11
[INFO] [stderr]    Compiling eyre v0.6.14
[INFO] [stderr]    Compiling aws-lc-sys v0.44.0
[INFO] [stderr]    Compiling winapi_forked_icmpapi v0.3.7
[INFO] [stderr]    Compiling color-spantrace v0.3.0
[INFO] [stderr]     Checking strum v0.28.0
[INFO] [stderr]     Checking tinystr v0.8.4
[INFO] [stderr]     Checking potential_utf v0.1.6
[INFO] [stderr]     Checking icu_locale_core v2.3.0
[INFO] [stderr]     Checking icu_collections v2.3.0
[INFO] [stderr]     Checking ratatui-core v0.1.2
[INFO] [stderr]     Checking psl-types v2.0.11
[INFO] [stderr]     Checking tracing-error v0.2.1
[INFO] [stderr]     Checking cookie v0.18.2
[INFO] [stderr]    Compiling winres v0.1.12
[INFO] [stderr]     Checking crossterm v0.29.0
[INFO] [stderr]     Checking indenter v0.3.4
[INFO] [stderr]     Checking icu_provider v2.3.0
[INFO] [stderr]    Compiling MyServerBlocker v0.1.0 (/opt/rustwide/workdir)
[INFO] [stderr]     Checking serde_urlencoded v0.7.1
[INFO] [stderr]     Checking icu_properties v2.3.0
[INFO] [stderr]     Checking icu_normalizer v2.3.0
[INFO] [stderr]     Checking windows-link v0.2.1
[INFO] [stderr]     Checking chrono v0.4.45
[INFO] [stderr]     Checking ratatui-widgets v0.3.2
[INFO] [stderr]     Checking ratatui-crossterm v0.1.2
[INFO] [stderr]     Checking windows-sys v0.61.2
[INFO] [stderr]     Checking winping v0.10.1
[INFO] [stderr]     Checking color-eyre v0.6.5
[INFO] [stderr]     Checking sysinfo v0.39.6
[INFO] [stderr]     Checking ratatui-macros v0.7.2
[INFO] [stderr]     Checking idna_adapter v1.2.2
[INFO] [stderr]     Checking ratatui v0.30.2
[INFO] [stderr]     Checking idna v1.1.0
[INFO] [stderr]     Checking tokio-util v0.7.19
[INFO] [stderr]     Checking tower v0.5.3
[INFO] [stderr]     Checking url v2.5.8
[INFO] [stderr]     Checking publicsuffix v2.3.0
[INFO] [stderr]     Checking h2 v0.4.16
[INFO] [stderr]     Checking cookie_store v0.22.1
[INFO] [stderr]     Checking tower-http v0.6.11
[INFO] [stderr]     Checking hyper v1.11.0
[INFO] [stderr]     Checking hyper-util v0.1.20
[INFO] [stderr]     Checking rustls-webpki v0.103.14
[INFO] [stderr]     Checking tokio-rustls v0.26.4
[INFO] [stderr]     Checking rustls-platform-verifier v0.7.0
[INFO] [stderr]     Checking hyper-rustls v0.27.9
[INFO] [stderr]     Checking reqwest v0.13.4
[INFO] [stdout] error[E0433]: cannot find `windows` in `os`
[INFO] [stdout]   --> src/autoprocess/read_certificate.rs:26:14
[INFO] [stdout]    |
[INFO] [stdout] 26 | use std::os::windows::ffi::OsStrExt;
[INFO] [stdout]    |              ^^^^^^^ could not find `windows` in `os`
[INFO] [stdout]    |
[INFO] [stdout] note: found an item that was configured out
[INFO] [stdout]   --> /rustc/3154cc1a3e6424e44f438a95007d043ed5ceaaf6/library/std/src/os/mod.rs:62:4
[INFO] [stdout]    |
[INFO] [stdout]    = note: the item is gated behind the `windows` feature
[INFO] [stdout] 
[INFO] [stdout] 
[INFO] [stdout] error[E0433]: cannot find `windows` in `os`
[INFO] [stdout]   --> src/autostart.rs:12:14
[INFO] [stdout]    |
[INFO] [stdout] 12 | use std::os::windows::process::CommandExt;
[INFO] [stdout]    |              ^^^^^^^ could not find `windows` in `os`
[INFO] [stdout]    |
[INFO] [stdout] note: found an item that was configured out
[INFO] [stdout]   --> /rustc/3154cc1a3e6424e44f438a95007d043ed5ceaaf6/library/std/src/os/mod.rs:62:4
[INFO] [stdout]    |
[INFO] [stdout]    = note: the item is gated behind the `windows` feature
[INFO] [stdout] 
[INFO] [stdout] 
[INFO] [stdout] error[E0433]: cannot find `windows` in `os`
[INFO] [stdout]   --> src/ipc.rs:15:14
[INFO] [stdout]    |
[INFO] [stdout] 15 | use std::os::windows::ffi::OsStrExt;
[INFO] [stdout]    |              ^^^^^^^ could not find `windows` in `os`
[INFO] [stdout]    |
[INFO] [stdout] note: found an item that was configured out
[INFO] [stdout]   --> /rustc/3154cc1a3e6424e44f438a95007d043ed5ceaaf6/library/std/src/os/mod.rs:62:4
[INFO] [stdout]    |
[INFO] [stdout]    = note: the item is gated behind the `windows` feature
[INFO] [stdout] 
[INFO] [stdout] 
[INFO] [stdout] error[E0433]: cannot find `windows` in `os`
[INFO] [stdout]   --> src/runtime.rs:23:14
[INFO] [stdout]    |
[INFO] [stdout] 23 | use std::os::windows::ffi::OsStrExt;
[INFO] [stdout]    |              ^^^^^^^ could not find `windows` in `os`
[INFO] [stdout]    |
[INFO] [stdout] note: found an item that was configured out
[INFO] [stdout]   --> /rustc/3154cc1a3e6424e44f438a95007d043ed5ceaaf6/library/std/src/os/mod.rs:62:4
[INFO] [stdout]    |
[INFO] [stdout]    = note: the item is gated behind the `windows` feature
[INFO] [stdout] 
[INFO] [stdout] 
[INFO] [stdout] error[E0432]: unresolved imports `winping::Buffer`, `winping::Pinger`
[INFO] [stdout]   --> src/ping.rs:10:15
[INFO] [stdout]    |
[INFO] [stdout] 10 | use winping::{Buffer, Pinger};
[INFO] [stdout]    |               ^^^^^^  ^^^^^^ no `Pinger` in the root
[INFO] [stdout]    |               |
[INFO] [stdout]    |               no `Buffer` in the root
[INFO] [stdout]    |
[INFO] [stdout]    = help: consider importing this struct instead:
[INFO] [stdout]            ratatui::buffer::Buffer
[INFO] [stdout] 
[INFO] [stdout] 
[INFO] [stdout] error[E0433]: cannot find `windows` in `os`
[INFO] [stdout]   --> src/autoprocess/read_certificate.rs:26:14
[INFO] [stdout]    |
[INFO] [stdout] 26 | use std::os::windows::ffi::OsStrExt;
[INFO] [stdout]    |              ^^^^^^^ could not find `windows` in `os`
[INFO] [stdout]    |
[INFO] [stdout] note: found an item that was configured out
[INFO] [stdout]   --> /rustc/3154cc1a3e6424e44f438a95007d043ed5ceaaf6/library/std/src/os/mod.rs:62:4
[INFO] [stdout]    |
[INFO] [stdout]    = note: the item is gated behind the `windows` feature
[INFO] [stdout] 
[INFO] [stdout] 
[INFO] [stdout] error[E0433]: cannot find `windows` in `os`
[INFO] [stdout]   --> src/autostart.rs:12:14
[INFO] [stdout]    |
[INFO] [stdout] 12 | use std::os::windows::process::CommandExt;
[INFO] [stdout]    |              ^^^^^^^ could not find `windows` in `os`
[INFO] [stdout]    |
[INFO] [stdout] note: found an item that was configured out
[INFO] [stdout]   --> /rustc/3154cc1a3e6424e44f438a95007d043ed5ceaaf6/library/std/src/os/mod.rs:62:4
[INFO] [stdout]    |
[INFO] [stdout]    = note: the item is gated behind the `windows` feature
[INFO] [stdout] 
[INFO] [stdout] 
[INFO] [stdout] error[E0433]: cannot find `windows` in `os`
[INFO] [stdout]   --> src/ipc.rs:15:14
[INFO] [stdout]    |
[INFO] [stdout] 15 | use std::os::windows::ffi::OsStrExt;
[INFO] [stdout]    |              ^^^^^^^ could not find `windows` in `os`
[INFO] [stdout]    |
[INFO] [stdout] note: found an item that was configured out
[INFO] [stdout]   --> /rustc/3154cc1a3e6424e44f438a95007d043ed5ceaaf6/library/std/src/os/mod.rs:62:4
[INFO] [stdout]    |
[INFO] [stdout]    = note: the item is gated behind the `windows` feature
[INFO] [stdout] 
[INFO] [stdout] 
[INFO] [stdout] error[E0433]: cannot find `windows` in `os`
[INFO] [stdout]   --> src/runtime.rs:23:14
[INFO] [stdout]    |
[INFO] [stdout] 23 | use std::os::windows::ffi::OsStrExt;
[INFO] [stdout]    |              ^^^^^^^ could not find `windows` in `os`
[INFO] [stdout]    |
[INFO] [stdout] note: found an item that was configured out
[INFO] [stdout]   --> /rustc/3154cc1a3e6424e44f438a95007d043ed5ceaaf6/library/std/src/os/mod.rs:62:4
[INFO] [stdout]    |
[INFO] [stdout]    = note: the item is gated behind the `windows` feature
[INFO] [stdout] 
[INFO] [stdout] 
[INFO] [stdout] error[E0432]: unresolved imports `winping::Buffer`, `winping::Pinger`
[INFO] [stdout]   --> src/ping.rs:10:15
[INFO] [stdout]    |
[INFO] [stdout] 10 | use winping::{Buffer, Pinger};
[INFO] [stdout]    |               ^^^^^^  ^^^^^^ no `Pinger` in the root
[INFO] [stdout]    |               |
[INFO] [stdout]    |               no `Buffer` in the root
[INFO] [stdout]    |
[INFO] [stdout]    = help: consider importing this struct instead:
[INFO] [stdout]            ratatui::buffer::Buffer
[INFO] [stdout] 
[INFO] [stdout] 
[INFO] [stdout] error[E0599]: no method named `encode_wide` found for reference `&OsStr` in the current scope
[INFO] [stdout]   --> src/autoprocess/read_certificate.rs:44:19
[INFO] [stdout]    |
[INFO] [stdout] 44 |     OsStr::new(s).encode_wide().chain(std::iter::once(0)).collect()
[INFO] [stdout]    |                   ^^^^^^^^^^^ method not found in `&OsStr`
[INFO] [stdout] 
[INFO] [stdout] 
[INFO] [stdout] error[E0599]: no method named `creation_flags` found for mutable reference `&mut std::process::Command` in the current scope
[INFO] [stdout]   --> src/autostart.rs:47:10
[INFO] [stdout]    |
[INFO] [stdout] 45 |     Command::new("schtasks.exe")
[INFO] [stdout] 46 |         .args(args)
[INFO] [stdout] 47 |         .creation_flags(CREATE_NO_WINDOW)
[INFO] [stdout]    |          ^^^^^^^^^^^^^^ method not found in `&mut std::process::Command`
[INFO] [stdout] 
[INFO] [stdout] 
[INFO] [stdout] error[E0599]: no method named `encode_wide` found for reference `&OsStr` in the current scope
[INFO] [stdout]   --> src/ipc.rs:44:19
[INFO] [stdout]    |
[INFO] [stdout] 44 |     OsStr::new(s).encode_wide().chain(std::iter::once(0)).collect()
[INFO] [stdout]    |                   ^^^^^^^^^^^ method not found in `&OsStr`
[INFO] [stdout] 
[INFO] [stdout] 
[INFO] [stdout] error[E0599]: no method named `encode_wide` found for reference `&OsStr` in the current scope
[INFO] [stdout]   --> src/runtime.rs:88:47
[INFO] [stdout]    |
[INFO] [stdout] 88 |     let wide: Vec<u16> = dll_path.as_os_str().encode_wide().chain(once(0)).collect();
[INFO] [stdout]    |                                               ^^^^^^^^^^^ method not found in `&OsStr`
[INFO] [stdout] 
[INFO] [stdout] 
[INFO] [stdout] error[E0599]: no method named `encode_wide` found for reference `&OsStr` in the current scope
[INFO] [stdout]   --> src/autoprocess/read_certificate.rs:44:19
[INFO] [stdout]    |
[INFO] [stdout] 44 |     OsStr::new(s).encode_wide().chain(std::iter::once(0)).collect()
[INFO] [stdout]    |                   ^^^^^^^^^^^ method not found in `&OsStr`
[INFO] [stdout] 
[INFO] [stdout] 
[INFO] [stdout] error[E0599]: no method named `creation_flags` found for mutable reference `&mut std::process::Command` in the current scope
[INFO] [stdout]   --> src/autostart.rs:47:10
[INFO] [stdout]    |
[INFO] [stdout] 45 |     Command::new("schtasks.exe")
[INFO] [stdout] 46 |         .args(args)
[INFO] [stdout] 47 |         .creation_flags(CREATE_NO_WINDOW)
[INFO] [stdout]    |          ^^^^^^^^^^^^^^ method not found in `&mut std::process::Command`
[INFO] [stdout] 
[INFO] [stdout] 
[INFO] [stdout] error[E0599]: no method named `encode_wide` found for reference `&OsStr` in the current scope
[INFO] [stdout]   --> src/ipc.rs:44:19
[INFO] [stdout]    |
[INFO] [stdout] 44 |     OsStr::new(s).encode_wide().chain(std::iter::once(0)).collect()
[INFO] [stdout]    |                   ^^^^^^^^^^^ method not found in `&OsStr`
[INFO] [stdout] 
[INFO] [stdout] 
[INFO] [stdout] error[E0599]: no method named `encode_wide` found for reference `&OsStr` in the current scope
[INFO] [stdout]   --> src/runtime.rs:88:47
[INFO] [stdout]    |
[INFO] [stdout] 88 |     let wide: Vec<u16> = dll_path.as_os_str().encode_wide().chain(once(0)).collect();
[INFO] [stdout]    |                                               ^^^^^^^^^^^ method not found in `&OsStr`
[INFO] [stdout] 
[INFO] [stdout] 
[INFO] [stdout] Some errors have detailed explanations: E0432, E0433, E0599.
[INFO] [stdout] 
[INFO] [stdout] For more information about an error, try `rustc --explain E0432`.
[INFO] [stdout] 
[INFO] [stderr] error: could not compile `MyServerBlocker` (lib) due to 9 previous errors
[INFO] [stderr] warning: build failed, waiting for other jobs to finish...
[INFO] [stdout] Some errors have detailed explanations: E0432, E0433, E0599.
[INFO] [stdout] 
[INFO] [stdout] For more information about an error, try `rustc --explain E0432`.
[INFO] [stdout] 
[INFO] [stderr] error: could not compile `MyServerBlocker` (lib test) due to 9 previous errors
[INFO] running `Command { std: "docker" "inspect" "a1c6ec5dc1398597086c390fa497f662f5baca33effe0e4c14f686c717815e81", kill_on_drop: false }`
[INFO] running `Command { std: "docker" "rm" "-f" "a1c6ec5dc1398597086c390fa497f662f5baca33effe0e4c14f686c717815e81", kill_on_drop: false }`
[INFO] [stdout] a1c6ec5dc1398597086c390fa497f662f5baca33effe0e4c14f686c717815e81
