[INFO] cloning repository https://github.com/ziweiwu/personal-knowledge-base-webapp
[INFO] running `Command { std: "git" "-c" "credential.helper=" "-c" "credential.helper=/workspace/cargo-home/bin/git-credential-null" "clone" "--bare" "https://github.com/ziweiwu/personal-knowledge-base-webapp" "/workspace/cache/git-repos/https%3A%2F%2Fgithub.com%2Fziweiwu%2Fpersonal-knowledge-base-webapp", kill_on_drop: false }`
[INFO] [stderr] Cloning into bare repository '/workspace/cache/git-repos/https%3A%2F%2Fgithub.com%2Fziweiwu%2Fpersonal-knowledge-base-webapp'...
[INFO] running `Command { std: "git" "rev-parse" "HEAD", kill_on_drop: false }`
[INFO] [stdout] 23618d975e5da2ddbc04c6e2d163a94b14e7786f
[INFO] checking ziweiwu/personal-knowledge-base-webapp against 3154cc1a3e6424e44f438a95007d043ed5ceaaf6+rustflags=-Znext-solver=coherence for pr-133502-30
[INFO] running `Command { std: "git" "clone" "/workspace/cache/git-repos/https%3A%2F%2Fgithub.com%2Fziweiwu%2Fpersonal-knowledge-base-webapp" "/workspace/builds/worker-1-tc1/source", kill_on_drop: false }`
[INFO] [stderr] Cloning into '/workspace/builds/worker-1-tc1/source'...
[INFO] [stderr] done.
[INFO] removed /workspace/builds/worker-1-tc1/source/.cargo/config.toml
[INFO] started tweaking git repo https://github.com/ziweiwu/personal-knowledge-base-webapp
[INFO] finished tweaking git repo https://github.com/ziweiwu/personal-knowledge-base-webapp
[INFO] tweaked toml for git repo https://github.com/ziweiwu/personal-knowledge-base-webapp written to /workspace/builds/worker-1-tc1/source/Cargo.toml
[INFO] validating manifest of git repo https://github.com/ziweiwu/personal-knowledge-base-webapp on toolchain 3154cc1a3e6424e44f438a95007d043ed5ceaaf6
[INFO] running `Command { std: CARGO_HOME="/workspace/cargo-home" RUSTUP_HOME="/workspace/rustup-home" "/workspace/cargo-home/bin/cargo" "+3154cc1a3e6424e44f438a95007d043ed5ceaaf6" "metadata" "--manifest-path" "Cargo.toml" "--no-deps", kill_on_drop: false }`
[INFO] crate git repo https://github.com/ziweiwu/personal-knowledge-base-webapp already has a lockfile, it will not be regenerated
[INFO] running `Command { std: CARGO_HOME="/workspace/cargo-home" RUSTUP_HOME="/workspace/rustup-home" "/workspace/cargo-home/bin/cargo" "+3154cc1a3e6424e44f438a95007d043ed5ceaaf6" "fetch" "--manifest-path" "Cargo.toml", kill_on_drop: false }`
[INFO] [stderr]     Updating crates.io index
[INFO] [stderr]  Downloading crates ...
[INFO] [stderr]   Downloaded rtoolbox v0.0.6
[INFO] [stderr]   Downloaded latex2mathml v0.2.3
[INFO] [stderr]   Downloaded fmt2io v1.0.0
[INFO] [stderr]   Downloaded tower-http v0.7.1
[INFO] [stderr]   Downloaded ppmd-rust v1.5.0
[INFO] [stderr]   Downloaded jetscii v0.5.3
[INFO] [stderr]   Downloaded entities v1.0.1
[INFO] [stderr]   Downloaded caseless v0.2.2
[INFO] [stderr]   Downloaded zip v8.6.0
[INFO] [stderr]   Downloaded emojis v0.8.2
[INFO] [stderr]   Downloaded lzma-rust2 v0.16.5
[INFO] [stderr]   Downloaded comrak v0.54.0
[INFO] running `Command { std: "docker" "create" "-v" "/var/lib/crater-agent-workspace/builds/worker-1-tc1/source:/opt/rustwide/workdir:ro,Z" "-v" "/var/lib/crater-agent-workspace/builds/worker-1-tc1/target:/opt/rustwide/target:rw,Z" "-v" "/var/lib/crater-agent-workspace/cargo-home:/opt/rustwide/cargo-home:ro,Z" "-v" "/var/lib/crater-agent-workspace/rustup-home:/opt/rustwide/rustup-home:ro,Z" "-m" "1610612736" "--network" "none" "ghcr.io/rust-lang/crates-build-env/linux@sha256:77db811e55d90add9212f6832c23229e3de5f1c1f9905e8cb07319ea15df73ac" "sleep" "infinity", kill_on_drop: false }`
[INFO] [stdout] 9b3f43a92b266bba4e566464949adcb69396fe8d5ddbd0a0423a236f22c55b3a
[INFO] running `Command { std: "docker" "start" "9b3f43a92b266bba4e566464949adcb69396fe8d5ddbd0a0423a236f22c55b3a", kill_on_drop: false }`
[INFO] running `Command { std: "docker" "inspect" "9b3f43a92b266bba4e566464949adcb69396fe8d5ddbd0a0423a236f22c55b3a", kill_on_drop: false }`
[INFO] running `Command { std: "docker" "exec" "-e" "SOURCE_DIR=/opt/rustwide/workdir" "-e" "CARGO_HOME=/opt/rustwide/cargo-home" "-e" "RUSTUP_HOME=/opt/rustwide/rustup-home" "-e" "CARGO_TARGET_DIR=/opt/rustwide/target" "-w" "/opt/rustwide/workdir" "--user" "0:0" "9b3f43a92b266bba4e566464949adcb69396fe8d5ddbd0a0423a236f22c55b3a" "/opt/rustwide/cargo-home/bin/cargo" "+3154cc1a3e6424e44f438a95007d043ed5ceaaf6" "metadata" "--no-deps" "--format-version=1", kill_on_drop: false }`
[INFO] running `Command { std: "docker" "inspect" "9b3f43a92b266bba4e566464949adcb69396fe8d5ddbd0a0423a236f22c55b3a", kill_on_drop: false }`
[INFO] running `Command { std: "docker" "exec" "-e" "SOURCE_DIR=/opt/rustwide/workdir" "-e" "CARGO_HOME=/opt/rustwide/cargo-home" "-e" "RUSTUP_HOME=/opt/rustwide/rustup-home" "-e" "CARGO_TARGET_DIR=/opt/rustwide/target" "-e" "CARGO_INCREMENTAL=0" "-e" "RUST_BACKTRACE=full" "-e" "RUSTFLAGS=--cap-lints=forbid -Znext-solver=coherence" "-e" "RUSTDOCFLAGS=--cap-lints=forbid" "-w" "/opt/rustwide/workdir" "--user" "0:0" "9b3f43a92b266bba4e566464949adcb69396fe8d5ddbd0a0423a236f22c55b3a" "/opt/rustwide/cargo-home/bin/cargo" "+3154cc1a3e6424e44f438a95007d043ed5ceaaf6" "check" "--frozen" "--all" "--all-targets" "--message-format=json", kill_on_drop: false }`
[INFO] [stderr]    Compiling libc v0.2.190
[INFO] [stderr]    Compiling crc32fast v1.5.2
[INFO] [stderr]     Checking zlib-rs v0.6.8
[INFO] [stderr]     Checking block-buffer v0.12.1
[INFO] [stderr]     Checking miniz_oxide v0.9.1
[INFO] [stderr]    Compiling syn v3.0.6
[INFO] [stderr]    Compiling syn v2.0.119
[INFO] [stderr]    Compiling getrandom v0.4.3
[INFO] [stderr]    Compiling zstd-safe v7.3.0
[INFO] [stderr]    Compiling rustix v1.1.5
[INFO] [stderr]     Checking inout v0.2.2
[INFO] [stderr]     Checking quick-xml v0.42.0
[INFO] [stderr]     Checking linux-raw-sys v0.12.1
[INFO] [stderr]    Compiling siphasher v1.0.4
[INFO] [stderr]     Checking cpubits v0.1.1
[INFO] [stderr]    Compiling prettyplease v0.3.0
[INFO] [stderr]     Checking libbz2-rs-sys v0.2.5
[INFO] [stderr]    Compiling mime_guess v2.0.5
[INFO] [stderr]     Checking digest v0.11.3
[INFO] [stderr]     Checking cipher v0.5.2
[INFO] [stderr]     Checking constant_time_eq v0.4.2
[INFO] [stderr]    Compiling phf_shared v0.13.1
[INFO] [stderr]     Checking sha2 v0.11.0
[INFO] [stderr]     Checking hmac v0.13.0
[INFO] [stderr]     Checking aes v0.9.3
[INFO] [stderr]     Checking zopfli v0.8.3
[INFO] [stderr]     Checking pbkdf2 v0.13.0
[INFO] [stderr]     Checking sha1 v0.11.0
[INFO] [stderr]     Checking typed-path v0.12.3
[INFO] [stderr]     Checking ppmd-rust v1.5.0
[INFO] [stderr]     Checking deflate64 v0.1.12
[INFO] [stderr]    Compiling phf_generator v0.13.1
[INFO] [stderr]     Checking generic-array v0.14.7
[INFO] [stderr]    Compiling num-traits v0.2.19
[INFO] [stderr]    Compiling encoding_rs v0.8.42
[INFO] [stderr]    Compiling entities v1.0.1
[INFO] [stderr]    Compiling phf_codegen v0.13.1
[INFO] [stderr]    Compiling jetscii v0.5.3
[INFO] [stderr]     Checking tinyvec v1.13.3
[INFO] [stderr]     Checking phf v0.13.1
[INFO] [stderr]     Checking bzip2 v0.6.1
[INFO] [stderr]     Checking yaml-rust v0.4.5
[INFO] [stderr]     Checking unicode-normalization v0.1.25
[INFO] [stderr]    Compiling comrak v0.54.0
[INFO] [stderr]     Checking futures-channel v0.3.34
[INFO] [stderr]    Compiling multer v3.1.0
[INFO] [stderr]     Checking simdutf8 v0.1.5
[INFO] [stderr]    Compiling multiversion_no_op v1.0.0
[INFO] [stderr]     Checking core_detect v1.0.0
[INFO] [stderr]    Compiling termcolor v1.4.1
[INFO] [stderr]     Checking lzma-rust2 v0.16.5
[INFO] [stderr]     Checking block-buffer v0.10.4
[INFO] [stderr]     Checking crypto-common v0.1.7
[INFO] [stderr]     Checking emojis v0.8.2
[INFO] [stderr]    Compiling cookie v0.18.2
[INFO] [stderr]     Checking fmt2io v1.0.0
[INFO] [stderr]    Compiling mime v0.3.17
[INFO] [stderr]     Checking spin v0.9.9
[INFO] [stderr]     Checking caseless v0.2.2
[INFO] [stderr]     Checking typed-arena v2.0.2
[INFO] [stderr]     Checking shell-words v1.1.1
[INFO] [stderr]     Checking finl_unicode v1.5.0
[INFO] [stderr]     Checking flate2 v1.1.10
[INFO] [stderr]     Checking compression-core v0.4.33
[INFO] [stderr]     Checking bytemuck v1.25.2
[INFO] [stderr]    Compiling crossbeam-utils v0.8.23
[INFO] [stderr]     Checking moxcms v0.8.1
[INFO] [stderr]     Checking digest v0.10.7
[INFO] [stderr]     Checking regex-automata v0.4.18
[INFO] [stderr]     Checking notify-types v2.1.0
[INFO] [stderr]     Checking unicase v2.9.0
[INFO] [stderr]     Checking rand_core v0.6.4
[INFO] [stderr]     Checking lazy_static v1.5.1
[INFO] [stderr]    Compiling jobserver v0.1.35
[INFO] [stderr]     Checking mio v1.2.4
[INFO] [stderr]     Checking parking_lot_core v0.9.12
[INFO] [stderr]     Checking errno v0.3.14
[INFO] [stderr]     Checking socket2 v0.6.5
[INFO] [stderr]     Checking png v0.18.1
[INFO] [stderr]     Checking signal-hook-registry v1.4.8
[INFO] [stderr]     Checking parking_lot v0.12.5
[INFO] [stderr]     Checking inotify-sys v0.1.8
[INFO] [stderr]    Compiling cc v1.6.0
[INFO] [stderr]     Checking inotify v0.11.5
[INFO] [stderr]     Checking compression-codecs v0.4.45
[INFO] [stderr]     Checking password-hash v0.5.0
[INFO] [stderr]     Checking rtoolbox v0.0.6
[INFO] [stderr]     Checking sharded-slab v0.1.7
[INFO] [stderr]     Checking notify v8.2.0
[INFO] [stderr]     Checking blake2 v0.10.6
[INFO] [stderr]     Checking terminal_size v0.4.4
[INFO] [stderr]    Compiling rust-embed-utils v8.12.0
[INFO] [stderr]     Checking clap_builder v4.6.7
[INFO] [stderr]     Checking http-range-header v0.4.2
[INFO] [stderr]     Checking file-id v0.2.3
[INFO] [stderr]     Checking argon2 v0.5.3
[INFO] [stderr]     Checking tempfile v3.27.0
[INFO] [stderr]     Checking rpassword v7.5.4
[INFO] [stderr]     Checking latex2mathml v0.2.3
[INFO] [stderr]     Checking notify-debouncer-full v0.7.0
[INFO] [stderr]     Checking dashmap v6.2.1
[INFO] [stderr]     Checking matchers v0.2.0
[INFO] [stderr]    Compiling zstd-sys v2.1.0+zstd.1.5.7
[INFO] [stderr]    Compiling onig_sys v69.9.3
[INFO] [stderr]    Compiling darling_core v0.24.1
[INFO] [stderr]    Compiling tracing-attributes v0.1.31
[INFO] [stderr]    Compiling ts-rs-macros v12.0.1
[INFO] [stderr]    Compiling rust-embed-impl v8.12.0
[INFO] [stderr]     Checking image v0.25.10
[INFO] [stderr]    Compiling serde_derive v1.0.229
[INFO] [stderr]    Compiling tokio-macros v2.7.2
[INFO] [stderr]    Compiling thiserror-impl v2.0.21
[INFO] [stderr]    Compiling futures-macro v0.3.34
[INFO] [stderr]    Compiling clap_derive v4.6.7
[INFO] [stderr]     Checking rust-embed v8.12.0
[INFO] [stderr]     Checking tokio v1.53.2
[INFO] [stderr]     Checking onig v6.5.3
[INFO] [stderr]     Checking tracing v0.1.44
[INFO] [stderr]     Checking axum-core v0.5.6
[INFO] [stderr]     Checking tracing-subscriber v0.3.23
[INFO] [stderr]     Checking futures-util v0.3.34
[INFO] [stderr]     Checking thiserror v2.0.21
[INFO] [stderr]     Checking ts-rs v12.0.1
[INFO] [stderr]    Compiling darling_macro v0.24.1
[INFO] [stderr]     Checking clap v4.6.7
[INFO] [stderr]    Compiling darling v0.24.1
[INFO] [stderr]    Compiling bon-macros v3.10.2
[INFO] [stderr]     Checking serde v1.0.229
[INFO] [stderr]     Checking plist v1.10.1
[INFO] [stderr]     Checking bincode v1.3.3
[INFO] [stderr]     Checking serde_urlencoded v0.7.1
[INFO] [stderr]     Checking zstd v0.13.3
[INFO] [stderr]     Checking syntect v5.3.0
[INFO] [stderr]     Checking zip v8.6.0
[INFO] [stderr]     Checking hyper v1.11.1
[INFO] [stderr]     Checking tower v0.5.3
[INFO] [stderr]     Checking tokio-util v0.7.19
[INFO] [stderr]     Checking async-compression v0.4.50
[INFO] [stderr]     Checking tokio-stream v0.1.19
[INFO] [stderr]     Checking tower-http v0.7.1
[INFO] [stderr]     Checking kbviewer-docx v0.1.1 (/opt/rustwide/workdir/crates/kbviewer-docx)
[INFO] [stderr]     Checking hyper-util v0.1.21
[INFO] [stderr]     Checking axum v0.8.9
[INFO] [stderr]     Checking bon v3.10.2
[INFO] [stderr]     Checking kbviewer-core v0.1.1 (/opt/rustwide/workdir/crates/kbviewer-core)
[INFO] [stderr]     Checking axum-extra v0.12.6
[INFO] [stderr]     Checking kbviewer-server v0.1.1 (/opt/rustwide/workdir/crates/kbviewer-server)
[INFO] [stdout] error: #[derive(RustEmbed)] folder '/opt/rustwide/workdir/crates/kbviewer-server/../../web/dist' does not exist. cwd: '/opt/rustwide/workdir'
[INFO] [stdout]   --> crates/kbviewer-server/src/assets.rs:11:1
[INFO] [stdout]    |
[INFO] [stdout] 11 | / #[folder = "../../web/dist"]
[INFO] [stdout] 12 | | struct Frontend;
[INFO] [stdout]    | |________________^
[INFO] [stdout] 
[INFO] [stdout] 
[INFO] [stdout] error: #[derive(RustEmbed)] folder '/opt/rustwide/workdir/crates/kbviewer-server/../../web/dist' does not exist. cwd: '/opt/rustwide/workdir'
[INFO] [stdout]   --> crates/kbviewer-server/src/assets.rs:11:1
[INFO] [stdout]    |
[INFO] [stdout] 11 | / #[folder = "../../web/dist"]
[INFO] [stdout] 12 | | struct Frontend;
[INFO] [stdout]    | |________________^
[INFO] [stdout] 
[INFO] [stdout] 
[INFO] [stdout] error[E0599]: no associated function or constant named `get` found for struct `Frontend` in the current scope
[INFO] [stdout]   --> crates/kbviewer-server/src/assets.rs:18:35
[INFO] [stdout]    |
[INFO] [stdout] 12 | struct Frontend;
[INFO] [stdout]    | --------------- associated function or constant `get` not found for this struct
[INFO] [stdout] ...
[INFO] [stdout] 18 |     if let Some(file) = Frontend::get(candidate) {
[INFO] [stdout]    |                                   ^^^ associated function or constant not found in `Frontend`
[INFO] [stdout]    |
[INFO] [stdout]    = help: items from traits can only be used if the trait is implemented and in scope
[INFO] [stdout]    = note: the following traits define an item `get`, perhaps you need to implement one of them:
[INFO] [stdout]            candidate #1: `Embed`
[INFO] [stdout]            candidate #2: `SliceIndex`
[INFO] [stdout] 
[INFO] [stdout] 
[INFO] [stdout] error[E0599]: no associated function or constant named `get` found for struct `Frontend` in the current scope
[INFO] [stdout]   --> crates/kbviewer-server/src/assets.rs:18:35
[INFO] [stdout]    |
[INFO] [stdout] 12 | struct Frontend;
[INFO] [stdout]    | --------------- associated function or constant `get` not found for this struct
[INFO] [stdout] ...
[INFO] [stdout] 18 |     if let Some(file) = Frontend::get(candidate) {
[INFO] [stdout]    |                                   ^^^ associated function or constant not found in `Frontend`
[INFO] [stdout]    |
[INFO] [stdout]    = help: items from traits can only be used if the trait is implemented and in scope
[INFO] [stdout]    = note: the following traits define an item `get`, perhaps you need to implement one of them:
[INFO] [stdout]            candidate #1: `Embed`
[INFO] [stdout]            candidate #2: `SliceIndex`
[INFO] [stdout] 
[INFO] [stdout] 
[INFO] [stdout] error[E0599]: no associated function or constant named `get` found for struct `Frontend` in the current scope
[INFO] [stdout]   --> crates/kbviewer-server/src/assets.rs:31:21
[INFO] [stdout]    |
[INFO] [stdout] 12 | struct Frontend;
[INFO] [stdout]    | --------------- associated function or constant `get` not found for this struct
[INFO] [stdout] ...
[INFO] [stdout] 31 |     match Frontend::get("index.html") {
[INFO] [stdout]    |                     ^^^ associated function or constant not found in `Frontend`
[INFO] [stdout]    |
[INFO] [stdout]    = help: items from traits can only be used if the trait is implemented and in scope
[INFO] [stdout]    = note: the following traits define an item `get`, perhaps you need to implement one of them:
[INFO] [stdout]            candidate #1: `Embed`
[INFO] [stdout]            candidate #2: `SliceIndex`
[INFO] [stdout] 
[INFO] [stdout] 
[INFO] [stdout] error[E0599]: no associated function or constant named `get` found for struct `Frontend` in the current scope
[INFO] [stdout]   --> crates/kbviewer-server/src/assets.rs:31:21
[INFO] [stdout]    |
[INFO] [stdout] 12 | struct Frontend;
[INFO] [stdout]    | --------------- associated function or constant `get` not found for this struct
[INFO] [stdout] ...
[INFO] [stdout] 31 |     match Frontend::get("index.html") {
[INFO] [stdout]    |                     ^^^ associated function or constant not found in `Frontend`
[INFO] [stdout]    |
[INFO] [stdout]    = help: items from traits can only be used if the trait is implemented and in scope
[INFO] [stdout]    = note: the following traits define an item `get`, perhaps you need to implement one of them:
[INFO] [stdout]            candidate #1: `Embed`
[INFO] [stdout]            candidate #2: `SliceIndex`
[INFO] [stdout] 
[INFO] [stdout] 
[INFO] [stdout] For more information about this error, try `rustc --explain E0599`.
[INFO] [stdout] 
[INFO] [stderr] error: could not compile `kbviewer-server` (lib) due to 3 previous errors
[INFO] [stderr] warning: build failed, waiting for other jobs to finish...
[INFO] [stdout] For more information about this error, try `rustc --explain E0599`.
[INFO] [stdout] 
[INFO] [stderr] error: could not compile `kbviewer-server` (lib test) due to 3 previous errors
[INFO] running `Command { std: "docker" "inspect" "9b3f43a92b266bba4e566464949adcb69396fe8d5ddbd0a0423a236f22c55b3a", kill_on_drop: false }`
[INFO] running `Command { std: "docker" "rm" "-f" "9b3f43a92b266bba4e566464949adcb69396fe8d5ddbd0a0423a236f22c55b3a", kill_on_drop: false }`
[INFO] [stdout] 9b3f43a92b266bba4e566464949adcb69396fe8d5ddbd0a0423a236f22c55b3a
