[INFO] cloning repository https://github.com/zhufucdev/ledoxide
[INFO] running `Command { std: "git" "-c" "credential.helper=" "-c" "credential.helper=/workspace/cargo-home/bin/git-credential-null" "clone" "--bare" "https://github.com/zhufucdev/ledoxide" "/workspace/cache/git-repos/https%3A%2F%2Fgithub.com%2Fzhufucdev%2Fledoxide", kill_on_drop: false }`
[INFO] [stderr] Cloning into bare repository '/workspace/cache/git-repos/https%3A%2F%2Fgithub.com%2Fzhufucdev%2Fledoxide'...
[INFO] running `Command { std: "git" "rev-parse" "HEAD", kill_on_drop: false }`
[INFO] [stdout] e35f2f126fbc74efa5554d6495ace2d555d6536c
[INFO] checking zhufucdev/ledoxide against 3154cc1a3e6424e44f438a95007d043ed5ceaaf6 for pr-133502-30
[INFO] running `Command { std: "git" "clone" "/workspace/cache/git-repos/https%3A%2F%2Fgithub.com%2Fzhufucdev%2Fledoxide" "/workspace/builds/worker-2-tc2/source", kill_on_drop: false }`
[INFO] [stderr] Cloning into '/workspace/builds/worker-2-tc2/source'...
[INFO] [stderr] done.
[INFO] started tweaking git repo https://github.com/zhufucdev/ledoxide
[INFO] finished tweaking git repo https://github.com/zhufucdev/ledoxide
[INFO] tweaked toml for git repo https://github.com/zhufucdev/ledoxide written to /workspace/builds/worker-2-tc2/source/Cargo.toml
[INFO] validating manifest of git repo https://github.com/zhufucdev/ledoxide on toolchain 3154cc1a3e6424e44f438a95007d043ed5ceaaf6
[INFO] running `Command { std: CARGO_HOME="/workspace/cargo-home" RUSTUP_HOME="/workspace/rustup-home" "/workspace/cargo-home/bin/cargo" "+3154cc1a3e6424e44f438a95007d043ed5ceaaf6" "metadata" "--manifest-path" "Cargo.toml" "--no-deps", kill_on_drop: false }`
[INFO] crate git repo https://github.com/zhufucdev/ledoxide already has a lockfile, it will not be regenerated
[INFO] running `Command { std: CARGO_HOME="/workspace/cargo-home" RUSTUP_HOME="/workspace/rustup-home" "/workspace/cargo-home/bin/cargo" "+3154cc1a3e6424e44f438a95007d043ed5ceaaf6" "fetch" "--manifest-path" "Cargo.toml", kill_on_drop: false }`
[INFO] running `Command { std: "docker" "create" "-v" "/var/lib/crater-agent-workspace/builds/worker-2-tc2/source:/opt/rustwide/workdir:ro,Z" "-v" "/var/lib/crater-agent-workspace/builds/worker-2-tc2/target:/opt/rustwide/target:rw,Z" "-v" "/var/lib/crater-agent-workspace/cargo-home:/opt/rustwide/cargo-home:ro,Z" "-v" "/var/lib/crater-agent-workspace/rustup-home:/opt/rustwide/rustup-home:ro,Z" "-m" "1610612736" "--network" "none" "ghcr.io/rust-lang/crates-build-env/linux@sha256:77db811e55d90add9212f6832c23229e3de5f1c1f9905e8cb07319ea15df73ac" "sleep" "infinity", kill_on_drop: false }`
[INFO] [stdout] 2726237edee66de39a6f4a88c8a663e6b6b95d9af4547418c03213553dc11b6d
[INFO] running `Command { std: "docker" "start" "2726237edee66de39a6f4a88c8a663e6b6b95d9af4547418c03213553dc11b6d", kill_on_drop: false }`
[INFO] running `Command { std: "docker" "inspect" "2726237edee66de39a6f4a88c8a663e6b6b95d9af4547418c03213553dc11b6d", kill_on_drop: false }`
[INFO] running `Command { std: "docker" "exec" "-e" "SOURCE_DIR=/opt/rustwide/workdir" "-e" "CARGO_HOME=/opt/rustwide/cargo-home" "-e" "RUSTUP_HOME=/opt/rustwide/rustup-home" "-e" "CARGO_TARGET_DIR=/opt/rustwide/target" "-w" "/opt/rustwide/workdir" "--user" "0:0" "2726237edee66de39a6f4a88c8a663e6b6b95d9af4547418c03213553dc11b6d" "/opt/rustwide/cargo-home/bin/cargo" "+3154cc1a3e6424e44f438a95007d043ed5ceaaf6" "metadata" "--no-deps" "--format-version=1", kill_on_drop: false }`
[INFO] running `Command { std: "docker" "inspect" "2726237edee66de39a6f4a88c8a663e6b6b95d9af4547418c03213553dc11b6d", kill_on_drop: false }`
[INFO] running `Command { std: "docker" "exec" "-e" "SOURCE_DIR=/opt/rustwide/workdir" "-e" "CARGO_HOME=/opt/rustwide/cargo-home" "-e" "RUSTUP_HOME=/opt/rustwide/rustup-home" "-e" "CARGO_TARGET_DIR=/opt/rustwide/target" "-e" "CARGO_INCREMENTAL=0" "-e" "RUST_BACKTRACE=full" "-e" "RUSTFLAGS=--cap-lints=forbid" "-e" "RUSTDOCFLAGS=--cap-lints=forbid" "-w" "/opt/rustwide/workdir" "--user" "0:0" "2726237edee66de39a6f4a88c8a663e6b6b95d9af4547418c03213553dc11b6d" "/opt/rustwide/cargo-home/bin/cargo" "+3154cc1a3e6424e44f438a95007d043ed5ceaaf6" "check" "--frozen" "--all" "--all-targets" "--message-format=json", kill_on_drop: false }`
[INFO] [stderr]    Compiling unicode-ident v1.0.23
[INFO] [stderr]    Compiling libc v0.2.181
[INFO] [stderr]    Compiling crossbeam-utils v0.8.21
[INFO] [stderr]     Checking futures-channel v0.3.31
[INFO] [stderr]     Checking simd-adler32 v0.3.8
[INFO] [stderr]    Compiling aws-lc-rs v1.16.0
[INFO] [stderr]     Checking litemap v0.8.1
[INFO] [stderr]     Checking writeable v0.6.2
[INFO] [stderr]     Checking num-integer v0.1.46
[INFO] [stderr]     Checking digest v0.10.7
[INFO] [stderr]    Compiling icu_normalizer_data v2.1.1
[INFO] [stderr]    Compiling anyhow v1.0.101
[INFO] [stderr]    Compiling icu_properties_data v2.1.2
[INFO] [stderr]     Checking either v1.15.0
[INFO] [stderr]    Compiling proc-macro2 v1.0.106
[INFO] [stderr]     Checking sync_wrapper v1.0.2
[INFO] [stderr]    Compiling rustls v0.23.37
[INFO] [stderr]     Checking arrayvec v0.7.6
[INFO] [stderr]     Checking spin v0.9.8
[INFO] [stderr]     Checking aho-corasick v1.1.4
[INFO] [stderr]     Checking regex-syntax v0.8.9
[INFO] [stderr]    Compiling semver v1.0.27
[INFO] [stderr]     Checking rand_core v0.10.0
[INFO] [stderr]     Checking ipnet v2.11.0
[INFO] [stderr]     Checking miniz_oxide v0.8.9
[INFO] [stderr]    Compiling getrandom v0.4.1
[INFO] [stderr]    Compiling serde_json v1.0.149
[INFO] [stderr]     Checking zlib-rs v0.6.3
[INFO] [stderr]    Compiling quote v1.0.44
[INFO] [stderr]    Compiling built v0.8.0
[INFO] [stderr]     Checking http-body-util v0.1.3
[INFO] [stderr]     Checking encoding_rs v0.8.35
[INFO] [stderr]    Compiling syn v2.0.115
[INFO] [stderr]     Checking num-bigint v0.4.6
[INFO] [stderr]    Compiling rustc_version v0.4.1
[INFO] [stderr]     Checking crossbeam-epoch v0.9.18
[INFO] [stderr]     Checking core2 v0.4.0
[INFO] [stderr]     Checking nom v8.0.0
[INFO] [stderr]    Compiling multer v3.1.0
[INFO] [stderr]    Compiling zstd-safe v7.2.4
[INFO] [stderr]     Checking bitstream-io v4.9.0
[INFO] [stderr]    Compiling simd_helpers v0.1.0
[INFO] [stderr]     Checking itertools v0.14.0
[INFO] [stderr]    Compiling heapless v0.7.17
[INFO] [stderr]    Compiling rav1e v0.8.1
[INFO] [stderr]     Checking sha1 v0.10.6
[INFO] [stderr]     Checking inout v0.1.4
[INFO] [stderr]    Compiling rustix v1.1.3
[INFO] [stderr]     Checking new_debug_unreachable v1.0.6
[INFO] [stderr]     Checking weezl v0.1.12
[INFO] [stderr]     Checking crossbeam-deque v0.8.6
[INFO] [stderr]     Checking zune-core v0.5.1
[INFO] [stderr]    Compiling noop_proc_macro v0.3.0
[INFO] [stderr]     Checking rayon-core v1.13.0
[INFO] [stderr]    Compiling ref-cast v1.0.25
[INFO] [stderr]     Checking mio v1.1.1
[INFO] [stderr]     Checking socket2 v0.6.2
[INFO] [stderr]     Checking imgref v1.12.0
[INFO] [stderr]     Checking zune-jpeg v0.5.12
[INFO] [stderr]     Checking hash32 v0.2.1
[INFO] [stderr]     Checking cipher v0.4.4
[INFO] [stderr]     Checking avif-serialize v0.8.8
[INFO] [stderr]     Checking zune-inflate v0.2.54
[INFO] [stderr]     Checking rayon v1.11.0
[INFO] [stderr]     Checking fdeflate v0.3.7
[INFO] [stderr]     Checking sha2 v0.10.9
[INFO] [stderr]     Checking loop9 v0.1.5
[INFO] [stderr]     Checking hmac v0.12.1
[INFO] [stderr]     Checking pxfm v0.1.27
[INFO] [stderr]     Checking serde_path_to_error v0.1.20
[INFO] [stderr]     Checking headers-core v0.3.0
[INFO] [stderr]     Checking bumpalo v3.19.1
[INFO] [stderr]    Compiling jobserver v0.1.34
[INFO] [stderr]     Checking matchit v0.8.4
[INFO] [stderr]     Checking bytemuck v1.25.0
[INFO] [stderr]     Checking rgb v0.8.52
[INFO] [stderr]    Compiling cc v1.2.60
[INFO] [stderr]     Checking byteorder-lite v0.1.0
[INFO] [stderr]     Checking lebe v0.5.3
[INFO] [stderr]     Checking bit_field v0.10.3
[INFO] [stderr]     Checking color_quant v1.1.0
[INFO] [stderr]     Checking linux-raw-sys v0.11.0
[INFO] [stderr]     Checking libbz2-rs-sys v0.2.2
[INFO] [stderr]     Checking num-rational v0.4.2
[INFO] [stderr]     Checking iri-string v0.7.10
[INFO] [stderr]     Checking clap_builder v4.5.58
[INFO] [stderr]     Checking image-webp v0.2.4
[INFO] [stderr]     Checking qoi v0.4.1
[INFO] [stderr]     Checking bzip2 v0.6.1
[INFO] [stderr]     Checking gif v0.14.1
[INFO] [stderr]     Checking time v0.3.47
[INFO] [stderr]     Checking chacha20 v0.10.0
[INFO] [stderr]     Checking zopfli v0.8.3
[INFO] [stderr]     Checking flate2 v1.1.9
[INFO] [stderr]     Checking pbkdf2 v0.12.2
[INFO] [stderr]     Checking headers v0.4.1
[INFO] [stderr]     Checking lzma-rust2 v0.16.2
[INFO] [stderr]     Checking aes v0.8.4
[INFO] [stderr]     Checking png v0.18.0
[INFO] [stderr]     Checking ppmd-rust v1.4.0
[INFO] [stderr]     Checking constant_time_eq v0.4.2
[INFO] [stderr]     Checking deflate64 v0.1.11
[INFO] [stderr]     Checking regex-automata v0.4.14
[INFO] [stderr]     Checking rand v0.10.0
[INFO] [stderr]    Compiling cmake v0.1.57
[INFO] [stderr]     Checking smol_str v0.3.6
[INFO] [stderr]    Compiling aws-lc-sys v0.37.1
[INFO] [stderr]    Compiling zstd-sys v2.0.16+zstd.1.5.7
[INFO] [stderr]     Checking tempfile v3.25.0
[INFO] [stderr]     Checking moxcms v0.8.1
[INFO] [stderr]     Checking maybe-rayon v0.1.1
[INFO] [stderr]     Checking matchers v0.2.0
[INFO] [stderr]     Checking regex v1.12.3
[INFO] [stderr]    Compiling synstructure v0.13.2
[INFO] [stderr]    Compiling serde_derive_internals v0.29.1
[INFO] [stderr]     Checking zstd v0.13.3
[INFO] [stderr]    Compiling zerofrom-derive v0.1.6
[INFO] [stderr]    Compiling yoke-derive v0.8.1
[INFO] [stderr]    Compiling tracing-attributes v0.1.31
[INFO] [stderr]    Compiling tokio-macros v2.6.0
[INFO] [stderr]    Compiling zerovec-derive v0.11.2
[INFO] [stderr]    Compiling futures-macro v0.3.31
[INFO] [stderr]    Compiling displaydoc v0.2.5
[INFO] [stderr]    Compiling zeroize_derive v1.4.3
[INFO] [stderr]    Compiling equator-macro v0.4.2
[INFO] [stderr]    Compiling serde_derive v1.0.228
[INFO] [stderr]    Compiling thiserror-impl v2.0.18
[INFO] [stderr]    Compiling zerocopy-derive v0.8.39
[INFO] [stderr]    Compiling arg_enum_proc_macro v0.3.4
[INFO] [stderr]    Compiling profiling-procmacros v1.0.17
[INFO] [stderr]     Checking tokio v1.50.0
[INFO] [stderr]     Checking zeroize v1.8.2
[INFO] [stderr]     Checking equator v0.4.2
[INFO] [stderr]     Checking rustls-pki-types v1.14.0
[INFO] [stderr]     Checking profiling v1.0.17
[INFO] [stderr]    Compiling num-derive v0.4.2
[INFO] [stderr]    Compiling fax_derive v0.2.0
[INFO] [stderr]    Compiling ref-cast-impl v1.0.25
[INFO] [stderr]     Checking futures-util v0.3.31
[INFO] [stderr]     Checking zerofrom v0.1.6
[INFO] [stderr]     Checking yoke v0.8.1
[INFO] [stderr]     Checking aligned-vec v0.6.4
[INFO] [stderr]    Compiling axum-macros v0.5.0
[INFO] [stderr]     Checking rustls-native-certs v0.8.3
[INFO] [stderr]     Checking v_frame v0.3.9
[INFO] [stderr]     Checking zerotrie v0.2.3
[INFO] [stderr]     Checking av1-grain v0.2.5
[INFO] [stderr]    Compiling strum_macros v0.27.2
[INFO] [stderr]    Compiling clap_derive v4.5.55
[INFO] [stderr]     Checking zerovec v0.11.5
[INFO] [stderr]     Checking fax v0.2.6
[INFO] [stderr]    Compiling async-stream-impl v0.3.6
[INFO] [stderr]     Checking tracing v0.1.44
[INFO] [stderr]     Checking axum-core v0.5.6
[INFO] [stderr]     Checking tracing-subscriber v0.3.23
[INFO] [stderr]    Compiling tracing-test-macro v0.2.6
[INFO] [stderr]     Checking thiserror v2.0.18
[INFO] [stderr]     Checking zerocopy v0.8.39
[INFO] [stderr]     Checking av-scenechange v0.14.1
[INFO] [stderr]     Checking cobs v0.3.0
[INFO] [stderr]    Compiling schemars_derive v1.2.1
[INFO] [stderr]     Checking async-stream v0.3.6
[INFO] [stderr]     Checking zip v8.2.0
[INFO] [stderr]    Compiling trait-variant v0.1.2
[INFO] [stderr]     Checking tinystr v0.8.2
[INFO] [stderr]     Checking potential_utf v0.1.4
[INFO] [stderr]     Checking icu_collections v2.1.1
[INFO] [stderr]     Checking icu_locale_core v2.1.1
[INFO] [stderr]     Checking serde v1.0.228
[INFO] [stderr]     Checking tracing-test v0.2.6
[INFO] [stderr]     Checking serde_urlencoded v0.7.1
[INFO] [stderr]     Checking clap v4.5.58
[INFO] [stderr]     Checking serde_plain v1.0.2
[INFO] [stderr]     Checking icu_provider v2.1.1
[INFO] [stderr]     Checking schemars v1.2.1
[INFO] [stderr]     Checking icu_properties v2.1.2
[INFO] [stderr]     Checking icu_normalizer v2.1.1
[INFO] [stderr]     Checking strum v0.27.2
[INFO] [stderr]     Checking postcard v1.1.3
[INFO] [stderr]     Checking idna_adapter v1.2.1
[INFO] [stderr]     Checking idna v1.1.0
[INFO] [stderr]     Checking url v2.5.8
[INFO] [stderr]     Checking futures-executor v0.3.31
[INFO] [stderr]     Checking futures v0.3.31
[INFO] [stderr]     Checking tokio-util v0.7.18
[INFO] [stderr]     Checking tower v0.5.3
[INFO] [stderr]     Checking tower-http v0.6.8
[INFO] [stderr]     Checking h2 v0.4.13
[INFO] [stderr]     Checking half v2.7.1
[INFO] [stderr]     Checking exr v1.74.0
[INFO] [stderr]     Checking tiff v0.11.3
[INFO] [stderr]     Checking ravif v0.13.0
[INFO] [stderr]     Checking rustls-webpki v0.103.9
[INFO] [stderr]     Checking image v0.25.10
[INFO] [stderr]     Checking hyper v1.8.1
[INFO] [stderr]     Checking hyper-util v0.1.20
[INFO] [stderr]     Checking tokio-rustls v0.26.4
[INFO] [stderr]     Checking rustls-platform-verifier v0.6.2
[INFO] [stderr]     Checking axum v0.8.8
[INFO] [stderr]     Checking hyper-rustls v0.27.7
[INFO] [stderr]     Checking reqwest v0.13.2
[INFO] [stderr]     Checking axum-extra v0.12.5
[INFO] [stderr]     Checking ledoxide v0.0.0 (/opt/rustwide/workdir)
[INFO] [stdout] error[E0425]: cannot find value `DEFAULT_VISION_MODEL` in this scope
[INFO] [stdout]   --> src/args.rs:37:33
[INFO] [stdout]    |
[INFO] [stdout] 23 | #[derive(Debug, Parser)]
[INFO] [stdout]    |                 ------ in this derive macro
[INFO] [stdout] ...
[INFO] [stdout] 37 |     #[arg(long, default_value = DEFAULT_VISION_MODEL)]
[INFO] [stdout]    |                                 ^^^^^^^^^^^^^^^^^^^^ not found in this scope
[INFO] [stdout] 
[INFO] [stdout] 
[INFO] [stdout] error[E0425]: cannot find value `DEFAULT_TEXT_MODEL` in this scope
[INFO] [stdout]   --> src/args.rs:40:33
[INFO] [stdout]    |
[INFO] [stdout] 23 | #[derive(Debug, Parser)]
[INFO] [stdout]    |                 ------ in this derive macro
[INFO] [stdout] ...
[INFO] [stdout] 40 |     #[arg(long, default_value = DEFAULT_TEXT_MODEL)]
[INFO] [stdout]    |                                 ^^^^^^^^^^^^^^^^^^ not found in this scope
[INFO] [stdout] 
[INFO] [stdout] 
[INFO] [stdout] error[E0425]: cannot find value `DEFAULT_VISION_MODEL` in this scope
[INFO] [stdout]   --> src/args.rs:71:28
[INFO] [stdout]    |
[INFO] [stdout] 71 |             caption_model: DEFAULT_VISION_MODEL.into(),
[INFO] [stdout]    |                            ^^^^^^^^^^^^^^^^^^^^ not found in this scope
[INFO] [stdout] 
[INFO] [stdout] 
[INFO] [stdout] error[E0425]: cannot find value `DEFAULT_TEXT_MODEL` in this scope
[INFO] [stdout]   --> src/args.rs:72:28
[INFO] [stdout]    |
[INFO] [stdout] 72 |             extract_model: DEFAULT_TEXT_MODEL.into(),
[INFO] [stdout]    |                            ^^^^^^^^^^^^^^^^^^ not found in this scope
[INFO] [stdout] 
[INFO] [stdout] 
[INFO] [stdout] error[E0425]: cannot find type `OpenAIRunTask` in this scope
[INFO] [stdout]   --> src/main.rs:35:15
[INFO] [stdout]    |
[INFO] [stdout] 35 | type Runner = OpenAIRunTask;
[INFO] [stdout]    |               ^^^^^^^^^^^^^ not found in this scope
[INFO] [stdout]    |
[INFO] [stdout] note: found an item that was configured out
[INFO] [stdout]   --> src/main.rs:29:27
[INFO] [stdout]    |
[INFO] [stdout] 28 | #[cfg(feature = "openai")]
[INFO] [stdout]    |       ------------------ the item is gated behind the `openai` feature
[INFO] [stdout] 29 | use crate::task::openai::{OpenAIRunTask, OpenAITaskDescriptor};
[INFO] [stdout]    |                           ^^^^^^^^^^^^^
[INFO] [stdout] 
[INFO] [stdout] 
[INFO] [stdout] error[E0425]: cannot find type `OpenAITaskDescriptor` in this scope
[INFO] [stdout]   --> src/main.rs:41:17
[INFO] [stdout]    |
[INFO] [stdout] 41 | type TaskDesc = OpenAITaskDescriptor;
[INFO] [stdout]    |                 ^^^^^^^^^^^^^^^^^^^^ not found in this scope
[INFO] [stdout]    |
[INFO] [stdout] note: found an item that was configured out
[INFO] [stdout]   --> src/main.rs:29:42
[INFO] [stdout]    |
[INFO] [stdout] 28 | #[cfg(feature = "openai")]
[INFO] [stdout]    |       ------------------ the item is gated behind the `openai` feature
[INFO] [stdout] 29 | use crate::task::openai::{OpenAIRunTask, OpenAITaskDescriptor};
[INFO] [stdout]    |                                          ^^^^^^^^^^^^^^^^^^^^
[INFO] [stdout] 
[INFO] [stdout] 
[INFO] [stdout] error[E0425]: cannot find value `DEFAULT_VISION_MODEL` in this scope
[INFO] [stdout]   --> src/args.rs:37:33
[INFO] [stdout]    |
[INFO] [stdout] 23 | #[derive(Debug, Parser)]
[INFO] [stdout]    |                 ------ in this derive macro
[INFO] [stdout] ...
[INFO] [stdout] 37 |     #[arg(long, default_value = DEFAULT_VISION_MODEL)]
[INFO] [stdout]    |                                 ^^^^^^^^^^^^^^^^^^^^ not found in this scope
[INFO] [stdout] 
[INFO] [stdout] 
[INFO] [stdout] error[E0425]: cannot find value `DEFAULT_TEXT_MODEL` in this scope
[INFO] [stdout]   --> src/args.rs:40:33
[INFO] [stdout]    |
[INFO] [stdout] 23 | #[derive(Debug, Parser)]
[INFO] [stdout]    |                 ------ in this derive macro
[INFO] [stdout] ...
[INFO] [stdout] 40 |     #[arg(long, default_value = DEFAULT_TEXT_MODEL)]
[INFO] [stdout]    |                                 ^^^^^^^^^^^^^^^^^^ not found in this scope
[INFO] [stdout] 
[INFO] [stdout] 
[INFO] [stdout] error[E0425]: cannot find value `DEFAULT_VISION_MODEL` in this scope
[INFO] [stdout]   --> src/args.rs:71:28
[INFO] [stdout]    |
[INFO] [stdout] 71 |             caption_model: DEFAULT_VISION_MODEL.into(),
[INFO] [stdout]    |                            ^^^^^^^^^^^^^^^^^^^^ not found in this scope
[INFO] [stdout] 
[INFO] [stdout] 
[INFO] [stdout] warning: unused import: `postcard::from_bytes`
[INFO] [stdout]   --> src/ext.rs:13:5
[INFO] [stdout]    |
[INFO] [stdout] 13 | use postcard::from_bytes;
[INFO] [stdout]    |     ^^^^^^^^^^^^^^^^^^^^
[INFO] [stdout]    |
[INFO] [stdout]    = note: `#[warn(unused_imports)]` (part of `#[warn(unused)]`) on by default
[INFO] [stdout] 
[INFO] [stdout] 
[INFO] [stdout] error[E0425]: cannot find value `DEFAULT_TEXT_MODEL` in this scope
[INFO] [stdout]   --> src/args.rs:72:28
[INFO] [stdout]    |
[INFO] [stdout] 72 |             extract_model: DEFAULT_TEXT_MODEL.into(),
[INFO] [stdout]    |                            ^^^^^^^^^^^^^^^^^^ not found in this scope
[INFO] [stdout] 
[INFO] [stdout] 
[INFO] [stdout] error[E0425]: cannot find type `OpenAIRunTask` in this scope
[INFO] [stdout]   --> src/main.rs:35:15
[INFO] [stdout]    |
[INFO] [stdout] 35 | type Runner = OpenAIRunTask;
[INFO] [stdout]    |               ^^^^^^^^^^^^^ not found in this scope
[INFO] [stdout]    |
[INFO] [stdout] note: found an item that was configured out
[INFO] [stdout]   --> src/main.rs:29:27
[INFO] [stdout]    |
[INFO] [stdout] 28 | #[cfg(feature = "openai")]
[INFO] [stdout]    |       ------------------ the item is gated behind the `openai` feature
[INFO] [stdout] 29 | use crate::task::openai::{OpenAIRunTask, OpenAITaskDescriptor};
[INFO] [stdout]    |                           ^^^^^^^^^^^^^
[INFO] [stdout] 
[INFO] [stdout] 
[INFO] [stdout] error[E0425]: cannot find type `OpenAITaskDescriptor` in this scope
[INFO] [stdout]   --> src/main.rs:41:17
[INFO] [stdout]    |
[INFO] [stdout] 41 | type TaskDesc = OpenAITaskDescriptor;
[INFO] [stdout]    |                 ^^^^^^^^^^^^^^^^^^^^ not found in this scope
[INFO] [stdout]    |
[INFO] [stdout] note: found an item that was configured out
[INFO] [stdout]   --> src/main.rs:29:42
[INFO] [stdout]    |
[INFO] [stdout] 28 | #[cfg(feature = "openai")]
[INFO] [stdout]    |       ------------------ the item is gated behind the `openai` feature
[INFO] [stdout] 29 | use crate::task::openai::{OpenAIRunTask, OpenAITaskDescriptor};
[INFO] [stdout]    |                                          ^^^^^^^^^^^^^^^^^^^^
[INFO] [stdout] 
[INFO] [stdout] 
[INFO] [stdout] warning: unused import: `std::iter`
[INFO] [stdout]    --> src/schedule.rs:242:9
[INFO] [stdout]     |
[INFO] [stdout] 242 |     use std::iter;
[INFO] [stdout]     |         ^^^^^^^^^
[INFO] [stdout] 
[INFO] [stdout] 
[INFO] [stdout] warning: unused import: `postcard::from_bytes`
[INFO] [stdout]   --> src/ext.rs:13:5
[INFO] [stdout]    |
[INFO] [stdout] 13 | use postcard::from_bytes;
[INFO] [stdout]    |     ^^^^^^^^^^^^^^^^^^^^
[INFO] [stdout]    |
[INFO] [stdout]    = note: `#[warn(unused_imports)]` (part of `#[warn(unused)]`) on by default
[INFO] [stdout] 
[INFO] [stdout] 
[INFO] [stdout] warning: unused import: `TaskDescriptor`
[INFO] [stdout]   --> src/task/mod.rs:11:56
[INFO] [stdout]    |
[INFO] [stdout] 11 | pub use descriptor::{State, Success, TaskControlBlock, TaskDescriptor};
[INFO] [stdout]    |                                                        ^^^^^^^^^^^^^^
[INFO] [stdout] 
[INFO] [stdout] 
[INFO] [stdout] warning: method call on a diverging inference variable
[INFO] [stdout]    --> src/main.rs:120:10
[INFO] [stdout]     |
[INFO] [stdout] 120 |         .ok_or(GetTaskError::NotFound)
[INFO] [stdout]     |          ^^^^^
[INFO] [stdout]     |
[INFO] [stdout]     = help: consider providing a type annotation
[INFO] [stdout]     = warning: this was previously accepted by the compiler but is being phased out; it will become a hard error in a future release!
[INFO] [stdout]     = note: for more information, see issue #156047 <https://github.com/rust-lang/rust/issues/156047>
[INFO] [stdout]     = note: `#[warn(method_call_on_diverging_infer_var)]` (part of `#[warn(future_incompatible)]`) on by default
[INFO] [stdout] 
[INFO] [stdout] 
[INFO] [stdout] warning: method call on a diverging inference variable
[INFO] [stdout]    --> src/main.rs:120:10
[INFO] [stdout]     |
[INFO] [stdout] 120 |         .ok_or(GetTaskError::NotFound)
[INFO] [stdout]     |          ^^^^^
[INFO] [stdout]     |
[INFO] [stdout]     = help: consider providing a type annotation
[INFO] [stdout]     = warning: this was previously accepted by the compiler but is being phased out; it will become a hard error in a future release!
[INFO] [stdout]     = note: for more information, see issue #156047 <https://github.com/rust-lang/rust/issues/156047>
[INFO] [stdout]     = note: `#[warn(method_call_on_diverging_infer_var)]` (part of `#[warn(future_incompatible)]`) on by default
[INFO] [stdout] 
[INFO] [stdout] 
[INFO] [stdout] error[E0599]: no method named `ok_or` found for type `!` in the current scope
[INFO] [stdout]    --> src/main.rs:120:10
[INFO] [stdout]     |
[INFO] [stdout] 116 |     state
[INFO] [stdout] 117 |         .scheduler()
[INFO] [stdout] 118 |         .get_task(task_id)
[INFO] [stdout] 119 |         .await?
[INFO] [stdout] 120 |         .ok_or(GetTaskError::NotFound)
[INFO] [stdout]     |          ^^^^^ method not found in `!`
[INFO] [stdout] 
[INFO] [stdout] 
[INFO] [stdout] error[E0599]: no method named `ok_or` found for type `!` in the current scope
[INFO] [stdout]    --> src/main.rs:120:10
[INFO] [stdout]     |
[INFO] [stdout] 116 |     state
[INFO] [stdout] 117 |         .scheduler()
[INFO] [stdout] 118 |         .get_task(task_id)
[INFO] [stdout] 119 |         .await?
[INFO] [stdout] 120 |         .ok_or(GetTaskError::NotFound)
[INFO] [stdout]     |          ^^^^^ method not found in `!`
[INFO] [stdout] 
[INFO] [stdout] 
[INFO] [stdout] Some errors have detailed explanations: E0425, E0599.
[INFO] [stdout] 
[INFO] [stdout] For more information about an error, try `rustc --explain E0425`.
[INFO] [stdout] 
[INFO] [stderr] error: could not compile `ledoxide` (bin "ledoxide") due to 7 previous errors; 4 warnings emitted
[INFO] [stderr] warning: build failed, waiting for other jobs to finish...
[INFO] [stdout] Some errors have detailed explanations: E0425, E0599.
[INFO] [stdout] 
[INFO] [stdout] For more information about an error, try `rustc --explain E0425`.
[INFO] [stdout] 
[INFO] [stderr] error: could not compile `ledoxide` (bin "ledoxide" test) due to 7 previous errors; 4 warnings emitted
[INFO] [stderr] warning: unused dependency `regex`
[INFO] [stderr]  --> Cargo.toml:9:1
[INFO] [stderr]   |
[INFO] [stderr] 9 | regex = "1.12.3"
[INFO] [stderr]   | ^^^^^^^^^^^^^^^^
[INFO] [stderr]   |
[INFO] [stderr]   = note: `cargo::unused_dependencies` is set to `warn` by default
[INFO] [stderr] help: consider removing the dependency on `regex`
[INFO] [stderr] warning: unused dependency `schemars`
[INFO] [stderr]   --> Cargo.toml:11:1
[INFO] [stderr]    |
[INFO] [stderr] 11 | schemars = "1.2.1"
[INFO] [stderr]    | ^^^^^^^^^^^^^^^^^^
[INFO] [stderr]    |
[INFO] [stderr] help: consider removing the dependency on `schemars`
[INFO] [stderr] warning: unused dependency `serde_plain`
[INFO] [stderr]   --> Cargo.toml:13:1
[INFO] [stderr]    |
[INFO] [stderr] 13 | serde_plain = "1.0.2"
[INFO] [stderr]    | ^^^^^^^^^^^^^^^^^^^^^
[INFO] [stderr]    |
[INFO] [stderr] help: consider removing the dependency on `serde_plain`
[INFO] [stderr] warning: `ledoxide` (manifest) generated 3 warnings
[INFO] running `Command { std: "docker" "inspect" "2726237edee66de39a6f4a88c8a663e6b6b95d9af4547418c03213553dc11b6d", kill_on_drop: false }`
[INFO] running `Command { std: "docker" "rm" "-f" "2726237edee66de39a6f4a88c8a663e6b6b95d9af4547418c03213553dc11b6d", kill_on_drop: false }`
[INFO] [stdout] 2726237edee66de39a6f4a88c8a663e6b6b95d9af4547418c03213553dc11b6d
